Jun 08 10:38:56.845433 np0000002294 devstack@g-api.service[101925]: DEBUG glance_store.capabilities [-] Store glance_store._drivers.swift.store.SingleTenantStore doesn't support updating dynamic storage capabilities. Please overwrite 'update_capabilities' method of the store to implement updating logics if needed. {{(pid=101925) update_capabilities /opt/stack/data/venv/lib/python3.12/site-packages/glance_store/capabilities.py:91}}
Jun 08 10:38:56.845525 np0000002294 devstack@g-api.service[101925]: DEBUG glance_store.backend [-] Registering store swift with schemes ('swift+https', 'swift', 'swift+http', 'swift+config') {{(pid=101925) create_stores /opt/stack/data/venv/lib/python3.12/site-packages/glance_store/backend.py:261}}
Jun 08 10:38:56.845594 np0000002294 devstack@g-api.service[101925]: DEBUG glance_store.driver [-] Late loading location class glance_store._drivers.swift.store.StoreLocation {{(pid=101925) get_store_location_class /opt/stack/data/venv/lib/python3.12/site-packages/glance_store/driver.py:134}}
Jun 08 10:38:56.845681 np0000002294 devstack@g-api.service[101925]: DEBUG glance_store.location [-] Registering scheme swift+https with {'store': , 'location_class': , 'store_entry': 'swift'} {{(pid=101925) register_scheme_map /opt/stack/data/venv/lib/python3.12/site-packages/glance_store/location.py:146}}
Jun 08 10:38:56.846106 np0000002294 devstack@g-api.service[101925]: DEBUG glance_store.location [-] Registering scheme swift with {'store': , 'location_class': , 'store_entry': 'swift'} {{(pid=101925) register_scheme_map /opt/stack/data/venv/lib/python3.12/site-packages/glance_store/location.py:146}}
Jun 08 10:38:56.846106 np0000002294 devstack@g-api.service[101925]: DEBUG glance_store.location [-] Registering scheme swift+http with {'store': , 'location_class': , 'store_entry': 'swift'} {{(pid=101925) register_scheme_map /opt/stack/data/venv/lib/python3.12/site-packages/glance_store/location.py:146}}
Jun 08 10:38:56.846106 np0000002294 devstack@g-api.service[101925]: DEBUG glance_store.location [-] Registering scheme swift+config with {'store': , 'location_class': , 'store_entry': 'swift'} {{(pid=101925) register_scheme_map /opt/stack/data/venv/lib/python3.12/site-packages/glance_store/location.py:146}}
Jun 08 10:38:56.846106 np0000002294 devstack@g-api.service[101925]: DEBUG glance_store.backend [-] Attempting to import store http {{(pid=101925) _load_store /opt/stack/data/venv/lib/python3.12/site-packages/glance_store/backend.py:215}}
Jun 08 10:38:56.846106 np0000002294 devstack@g-api.service[101925]: DEBUG glance_store.capabilities [-] Store glance_store._drivers.http.Store doesn't support updating dynamic storage capabilities. Please overwrite 'update_capabilities' method of the store to implement updating logics if needed. {{(pid=101925) update_capabilities /opt/stack/data/venv/lib/python3.12/site-packages/glance_store/capabilities.py:91}}
Jun 08 10:38:56.846106 np0000002294 devstack@g-api.service[101925]: DEBUG glance_store.backend [-] Registering store http with schemes ('http', 'https') {{(pid=101925) create_stores /opt/stack/data/venv/lib/python3.12/site-packages/glance_store/backend.py:261}}
Jun 08 10:38:56.846243 np0000002294 devstack@g-api.service[101925]: DEBUG glance_store.driver [-] Late loading location class glance_store._drivers.http.StoreLocation {{(pid=101925) get_store_location_class /opt/stack/data/venv/lib/python3.12/site-packages/glance_store/driver.py:134}}
Jun 08 10:38:56.846243 np0000002294 devstack@g-api.service[101925]: DEBUG glance_store.location [-] Registering scheme http with {'store': , 'location_class': , 'store_entry': 'http'} {{(pid=101925) register_scheme_map /opt/stack/data/venv/lib/python3.12/site-packages/glance_store/location.py:146}}
Jun 08 10:38:56.846297 np0000002294 devstack@g-api.service[101925]: DEBUG glance_store.location [-] Registering scheme https with {'store': , 'location_class': , 'store_entry': 'http'} {{(pid=101925) register_scheme_map /opt/stack/data/venv/lib/python3.12/site-packages/glance_store/location.py:146}}
Jun 08 10:38:56.846392 np0000002294 devstack@g-api.service[101925]: DEBUG glance_store.backend [-] Attempting to import store swift {{(pid=101925) _load_store /opt/stack/data/venv/lib/python3.12/site-packages/glance_store/backend.py:215}}
Jun 08 10:38:56.847587 np0000002294 devstack@g-api.service[101925]: DEBUG glance_store.capabilities [-] Store glance_store._drivers.swift.store.SingleTenantStore doesn't support updating dynamic storage capabilities. Please overwrite 'update_capabilities' method of the store to implement updating logics if needed. {{(pid=101925) update_capabilities /opt/stack/data/venv/lib/python3.12/site-packages/glance_store/capabilities.py:91}}
Jun 08 10:38:56.847656 np0000002294 devstack@g-api.service[101925]: DEBUG glance_store.driver [-] Late loading location class glance_store._drivers.swift.store.StoreLocation {{(pid=101925) get_store_location_class /opt/stack/data/venv/lib/python3.12/site-packages/glance_store/driver.py:134}}
Jun 08 10:38:56.847782 np0000002294 devstack@g-api.service[101925]: DEBUG glance_store.location [-] Registering scheme swift+https with {'store': , 'location_class': , 'store_entry': 'swift'} {{(pid=101925) register_scheme_map /opt/stack/data/venv/lib/python3.12/site-packages/glance_store/location.py:146}}
Jun 08 10:38:56.847856 np0000002294 devstack@g-api.service[101925]: DEBUG glance_store.location [-] Registering scheme swift+https with {'store': , 'location_class': , 'store_entry': 'swift'} {{(pid=101925) register_scheme_map /opt/stack/data/venv/lib/python3.12/site-packages/glance_store/location.py:146}}
Jun 08 10:38:56.847907 np0000002294 devstack@g-api.service[101925]: DEBUG glance_store.location [-] Registering scheme swift with {'store': , 'location_class': , 'store_entry': 'swift'} {{(pid=101925) register_scheme_map /opt/stack/data/venv/lib/python3.12/site-packages/glance_store/location.py:146}}
Jun 08 10:38:56.847961 np0000002294 devstack@g-api.service[101925]: DEBUG glance_store.location [-] Registering scheme swift+https with {'store': , 'location_class': , 'store_entry': 'swift'} {{(pid=101925) register_scheme_map /opt/stack/data/venv/lib/python3.12/site-packages/glance_store/location.py:146}}
Jun 08 10:38:56.848009 np0000002294 devstack@g-api.service[101925]: DEBUG glance_store.location [-] Registering scheme swift with {'store': , 'location_class': , 'store_entry': 'swift'} {{(pid=101925) register_scheme_map /opt/stack/data/venv/lib/python3.12/site-packages/glance_store/location.py:146}}
Jun 08 10:38:56.848055 np0000002294 devstack@g-api.service[101925]: DEBUG glance_store.location [-] Registering scheme swift+http with {'store': , 'location_class': , 'store_entry': 'swift'} {{(pid=101925) register_scheme_map /opt/stack/data/venv/lib/python3.12/site-packages/glance_store/location.py:146}}
Jun 08 10:38:56.848102 np0000002294 devstack@g-api.service[101925]: DEBUG glance_store.location [-] Registering scheme swift+https with {'store': , 'location_class': , 'store_entry': 'swift'} {{(pid=101925) register_scheme_map /opt/stack/data/venv/lib/python3.12/site-packages/glance_store/location.py:146}}
Jun 08 10:38:56.848148 np0000002294 devstack@g-api.service[101925]: DEBUG glance_store.location [-] Registering scheme swift with {'store': , 'location_class': , 'store_entry': 'swift'} {{(pid=101925) register_scheme_map /opt/stack/data/venv/lib/python3.12/site-packages/glance_store/location.py:146}}
Jun 08 10:38:56.848198 np0000002294 devstack@g-api.service[101925]: DEBUG glance_store.location [-] Registering scheme swift+http with {'store': , 'location_class': , 'store_entry': 'swift'} {{(pid=101925) register_scheme_map /opt/stack/data/venv/lib/python3.12/site-packages/glance_store/location.py:146}}
Jun 08 10:38:56.848270 np0000002294 devstack@g-api.service[101925]: DEBUG glance_store.location [-] Registering scheme swift+config with {'store': , 'location_class': , 'store_entry': 'swift'} {{(pid=101925) register_scheme_map /opt/stack/data/venv/lib/python3.12/site-packages/glance_store/location.py:146}}
Jun 08 10:38:56.848602 np0000002294 devstack@g-api.service[101925]: DEBUG glance.sqlite_migration [-] SQLite caching database not located, skipping migration {{(pid=101925) get_db_path /opt/stack/glance/glance/sqlite_migration.py:68}}
Jun 08 10:38:56.848823 np0000002294 devstack@g-api.service[101925]: WARNING glance.common.wsgi_app [-] Import methods are enabled but staging directory /tmp/staging/ does not exist; Imports will fail!
Jun 08 10:38:57.074366 np0000002294 devstack@g-api.service[101924]: DEBUG glance.common.config [None req-89331ef0-f2c4-4a8c-b70b-fbeaff7d87d0 None None] Loading glance-api-keystone+cachemanagement from /etc/glance/glance-api-paste.ini {{(pid=101924) load_paste_app /opt/stack/glance/glance/common/config.py:758}}
Jun 08 10:38:57.088795 np0000002294 devstack@g-api.service[101923]: DEBUG glance.common.config [None req-56764932-13b7-4a35-a01f-7b1f7c75ac0a None None] Loading glance-api-keystone+cachemanagement from /etc/glance/glance-api-paste.ini {{(pid=101923) load_paste_app /opt/stack/glance/glance/common/config.py:758}}
Jun 08 10:38:57.093595 np0000002294 devstack@g-api.service[101925]: DEBUG glance.common.config [None req-b6feda98-6697-4565-bdf4-1ea9bae63cf9 None None] Loading glance-api-keystone+cachemanagement from /etc/glance/glance-api-paste.ini {{(pid=101925) load_paste_app /opt/stack/glance/glance/common/config.py:758}}
Jun 08 10:38:57.655632 np0000002294 devstack@g-api.service[101923]: INFO glance.image_cache [None req-56764932-13b7-4a35-a01f-7b1f7c75ac0a None None] Image cache loaded driver 'centralized_db'.
Jun 08 10:38:57.657681 np0000002294 devstack@g-api.service[101925]: INFO glance.image_cache [None req-b6feda98-6697-4565-bdf4-1ea9bae63cf9 None None] Image cache loaded driver 'centralized_db'.
Jun 08 10:38:57.661598 np0000002294 devstack@g-api.service[101924]: INFO glance.image_cache [None req-89331ef0-f2c4-4a8c-b70b-fbeaff7d87d0 None None] Image cache loaded driver 'centralized_db'.
Jun 08 10:38:57.700413 np0000002294 devstack@g-api.service[101925]: INFO dbcounter [None req-b6feda98-6697-4565-bdf4-1ea9bae63cf9 None None] Registered counter for database glance
Jun 08 10:38:57.701103 np0000002294 devstack@g-api.service[101923]: INFO dbcounter [None req-56764932-13b7-4a35-a01f-7b1f7c75ac0a None None] Registered counter for database glance
Jun 08 10:38:57.705403 np0000002294 devstack@g-api.service[101924]: INFO dbcounter [None req-89331ef0-f2c4-4a8c-b70b-fbeaff7d87d0 None None] Registered counter for database glance
Jun 08 10:38:57.741900 np0000002294 devstack@g-api.service[101923]: DEBUG oslo_db.sqlalchemy.engines [None req-56764932-13b7-4a35-a01f-7b1f7c75ac0a None None] MySQL server mode set to STRICT_TRANS_TABLES,STRICT_ALL_TABLES,NO_ZERO_IN_DATE,NO_ZERO_DATE,ERROR_FOR_DIVISION_BY_ZERO,TRADITIONAL,NO_ENGINE_SUBSTITUTION {{(pid=101923) _check_effective_sql_mode /opt/stack/data/venv/lib/python3.12/site-packages/oslo_db/sqlalchemy/engines.py:325}}
Jun 08 10:38:57.744471 np0000002294 devstack@g-api.service[101925]: DEBUG oslo_db.sqlalchemy.engines [None req-b6feda98-6697-4565-bdf4-1ea9bae63cf9 None None] MySQL server mode set to STRICT_TRANS_TABLES,STRICT_ALL_TABLES,NO_ZERO_IN_DATE,NO_ZERO_DATE,ERROR_FOR_DIVISION_BY_ZERO,TRADITIONAL,NO_ENGINE_SUBSTITUTION {{(pid=101925) _check_effective_sql_mode /opt/stack/data/venv/lib/python3.12/site-packages/oslo_db/sqlalchemy/engines.py:325}}
Jun 08 10:38:57.747091 np0000002294 devstack@g-api.service[101924]: DEBUG oslo_db.sqlalchemy.engines [None req-89331ef0-f2c4-4a8c-b70b-fbeaff7d87d0 None None] MySQL server mode set to STRICT_TRANS_TABLES,STRICT_ALL_TABLES,NO_ZERO_IN_DATE,NO_ZERO_DATE,ERROR_FOR_DIVISION_BY_ZERO,TRADITIONAL,NO_ENGINE_SUBSTITUTION {{(pid=101924) _check_effective_sql_mode /opt/stack/data/venv/lib/python3.12/site-packages/oslo_db/sqlalchemy/engines.py:325}}
Jun 08 10:38:57.768166 np0000002294 devstack@g-api.service[101924]: DEBUG dbcounter [-] [101924] Writer thread running {{(pid=101924) stat_writer /opt/stack/data/venv/lib/python3.12/site-packages/dbcounter.py:102}}
Jun 08 10:38:57.769894 np0000002294 devstack@g-api.service[101923]: DEBUG dbcounter [-] [101923] Writer thread running {{(pid=101923) stat_writer /opt/stack/data/venv/lib/python3.12/site-packages/dbcounter.py:102}}
Jun 08 10:38:57.773116 np0000002294 devstack@g-api.service[101925]: DEBUG dbcounter [-] [101925] Writer thread running {{(pid=101925) stat_writer /opt/stack/data/venv/lib/python3.12/site-packages/dbcounter.py:102}}
Jun 08 10:38:57.774895 np0000002294 devstack@g-api.service[101923]: DEBUG glance.image_cache.drivers.centralized_db [None req-56764932-13b7-4a35-a01f-7b1f7c75ac0a None None] Node reference is already recorded, ignoring it {{(pid=101923) configure /opt/stack/glance/glance/image_cache/drivers/centralized_db.py:71}}
Jun 08 10:38:57.775418 np0000002294 devstack@g-api.service[101925]: DEBUG glance.image_cache.drivers.centralized_db [None req-b6feda98-6697-4565-bdf4-1ea9bae63cf9 None None] Node reference is already recorded, ignoring it {{(pid=101925) configure /opt/stack/glance/glance/image_cache/drivers/centralized_db.py:71}}
Jun 08 10:38:57.778817 np0000002294 devstack@g-api.service[101924]: INFO glance.image_cache [None req-89331ef0-f2c4-4a8c-b70b-fbeaff7d87d0 None None] Image cache loaded driver 'centralized_db'.
Jun 08 10:38:57.782536 np0000002294 devstack@g-api.service[101925]: INFO glance.image_cache [None req-b6feda98-6697-4565-bdf4-1ea9bae63cf9 None None] Image cache loaded driver 'centralized_db'.
Jun 08 10:38:57.783648 np0000002294 devstack@g-api.service[101923]: INFO glance.image_cache [None req-56764932-13b7-4a35-a01f-7b1f7c75ac0a None None] Image cache loaded driver 'centralized_db'.
Jun 08 10:38:57.785510 np0000002294 devstack@g-api.service[101924]: DEBUG glance.image_cache.drivers.centralized_db [None req-89331ef0-f2c4-4a8c-b70b-fbeaff7d87d0 None None] Node reference is already recorded, ignoring it {{(pid=101924) configure /opt/stack/glance/glance/image_cache/drivers/centralized_db.py:71}}
Jun 08 10:38:57.789983 np0000002294 devstack@g-api.service[101924]: DEBUG glance.api.v2.cached_images [None req-89331ef0-f2c4-4a8c-b70b-fbeaff7d87d0 None None] Started cache worker thread {{(pid=101924) __init__ /opt/stack/glance/glance/api/v2/cached_images.py:69}}
Jun 08 10:38:57.790578 np0000002294 devstack@g-api.service[101924]: INFO glance.image_cache [None req-89331ef0-f2c4-4a8c-b70b-fbeaff7d87d0 None None] Image cache loaded driver 'centralized_db'.
Jun 08 10:38:57.793622 np0000002294 devstack@g-api.service[101925]: DEBUG glance.image_cache.drivers.centralized_db [None req-b6feda98-6697-4565-bdf4-1ea9bae63cf9 None None] Node reference is already recorded, ignoring it {{(pid=101925) configure /opt/stack/glance/glance/image_cache/drivers/centralized_db.py:71}}
Jun 08 10:38:57.793794 np0000002294 devstack@g-api.service[101923]: DEBUG glance.image_cache.drivers.centralized_db [None req-56764932-13b7-4a35-a01f-7b1f7c75ac0a None None] Node reference is already recorded, ignoring it {{(pid=101923) configure /opt/stack/glance/glance/image_cache/drivers/centralized_db.py:71}}
Jun 08 10:38:57.796365 np0000002294 devstack@g-api.service[101924]: DEBUG glance.image_cache.drivers.centralized_db [None req-89331ef0-f2c4-4a8c-b70b-fbeaff7d87d0 None None] Node reference is already recorded, ignoring it {{(pid=101924) configure /opt/stack/glance/glance/image_cache/drivers/centralized_db.py:71}}
Jun 08 10:38:57.799005 np0000002294 devstack@g-api.service[101925]: DEBUG glance.api.v2.cached_images [None req-b6feda98-6697-4565-bdf4-1ea9bae63cf9 None None] Started cache worker thread {{(pid=101925) __init__ /opt/stack/glance/glance/api/v2/cached_images.py:69}}
Jun 08 10:38:57.799122 np0000002294 devstack@g-api.service[101923]: DEBUG glance.api.v2.cached_images [None req-56764932-13b7-4a35-a01f-7b1f7c75ac0a None None] Started cache worker thread {{(pid=101923) __init__ /opt/stack/glance/glance/api/v2/cached_images.py:69}}
Jun 08 10:38:57.799503 np0000002294 devstack@g-api.service[101925]: INFO glance.image_cache [None req-b6feda98-6697-4565-bdf4-1ea9bae63cf9 None None] Image cache loaded driver 'centralized_db'.
Jun 08 10:38:57.799777 np0000002294 devstack@g-api.service[101923]: INFO glance.image_cache [None req-56764932-13b7-4a35-a01f-7b1f7c75ac0a None None] Image cache loaded driver 'centralized_db'.
Jun 08 10:38:57.800509 np0000002294 devstack@g-api.service[101924]: INFO glance.api.middleware.cache_manage [None req-89331ef0-f2c4-4a8c-b70b-fbeaff7d87d0 None None] Initialized image cache management middleware
Jun 08 10:38:57.800653 np0000002294 devstack@g-api.service[101924]: INFO glance.image_cache [None req-89331ef0-f2c4-4a8c-b70b-fbeaff7d87d0 None None] Image cache loaded driver 'centralized_db'.
Jun 08 10:38:57.805689 np0000002294 devstack@g-api.service[101925]: DEBUG glance.image_cache.drivers.centralized_db [None req-b6feda98-6697-4565-bdf4-1ea9bae63cf9 None None] Node reference is already recorded, ignoring it {{(pid=101925) configure /opt/stack/glance/glance/image_cache/drivers/centralized_db.py:71}}
Jun 08 10:38:57.805866 np0000002294 devstack@g-api.service[101923]: DEBUG glance.image_cache.drivers.centralized_db [None req-56764932-13b7-4a35-a01f-7b1f7c75ac0a None None] Node reference is already recorded, ignoring it {{(pid=101923) configure /opt/stack/glance/glance/image_cache/drivers/centralized_db.py:71}}
Jun 08 10:38:57.806172 np0000002294 devstack@g-api.service[101924]: DEBUG glance.image_cache.drivers.centralized_db [None req-89331ef0-f2c4-4a8c-b70b-fbeaff7d87d0 None None] Node reference is already recorded, ignoring it {{(pid=101924) configure /opt/stack/glance/glance/image_cache/drivers/centralized_db.py:71}}
Jun 08 10:38:57.809354 np0000002294 devstack@g-api.service[101924]: INFO glance.api.middleware.cache [None req-89331ef0-f2c4-4a8c-b70b-fbeaff7d87d0 None None] Initialized image cache middleware
Jun 08 10:38:57.810068 np0000002294 devstack@g-api.service[101925]: INFO glance.api.middleware.cache_manage [None req-b6feda98-6697-4565-bdf4-1ea9bae63cf9 None None] Initialized image cache management middleware
Jun 08 10:38:57.810202 np0000002294 devstack@g-api.service[101925]: INFO glance.image_cache [None req-b6feda98-6697-4565-bdf4-1ea9bae63cf9 None None] Image cache loaded driver 'centralized_db'.
Jun 08 10:38:57.810417 np0000002294 devstack@g-api.service[101923]: INFO glance.api.middleware.cache_manage [None req-56764932-13b7-4a35-a01f-7b1f7c75ac0a None None] Initialized image cache management middleware
Jun 08 10:38:57.810615 np0000002294 devstack@g-api.service[101923]: INFO glance.image_cache [None req-56764932-13b7-4a35-a01f-7b1f7c75ac0a None None] Image cache loaded driver 'centralized_db'.
Jun 08 10:38:57.816523 np0000002294 devstack@g-api.service[101925]: DEBUG glance.image_cache.drivers.centralized_db [None req-b6feda98-6697-4565-bdf4-1ea9bae63cf9 None None] Node reference is already recorded, ignoring it {{(pid=101925) configure /opt/stack/glance/glance/image_cache/drivers/centralized_db.py:71}}
Jun 08 10:38:57.816675 np0000002294 devstack@g-api.service[101923]: DEBUG glance.image_cache.drivers.centralized_db [None req-56764932-13b7-4a35-a01f-7b1f7c75ac0a None None] Node reference is already recorded, ignoring it {{(pid=101923) configure /opt/stack/glance/glance/image_cache/drivers/centralized_db.py:71}}
Jun 08 10:38:57.819889 np0000002294 devstack@g-api.service[101923]: INFO glance.api.middleware.cache [None req-56764932-13b7-4a35-a01f-7b1f7c75ac0a None None] Initialized image cache middleware
Jun 08 10:38:57.820003 np0000002294 devstack@g-api.service[101925]: INFO glance.api.middleware.cache [None req-b6feda98-6697-4565-bdf4-1ea9bae63cf9 None None] Initialized image cache middleware
Jun 08 10:38:57.831229 np0000002294 devstack@g-api.service[101923]: DEBUG glance.common.config [None req-56764932-13b7-4a35-a01f-7b1f7c75ac0a None None] ******************************************************************************** {{(pid=101923) log_opt_values /opt/stack/data/venv/lib/python3.12/site-packages/oslo_config/cfg.py:3229}}
Jun 08 10:38:57.831352 np0000002294 devstack@g-api.service[101923]: DEBUG glance.common.config [None req-56764932-13b7-4a35-a01f-7b1f7c75ac0a None None] Configuration options gathered from: {{(pid=101923) log_opt_values /opt/stack/data/venv/lib/python3.12/site-packages/oslo_config/cfg.py:3230}}
Jun 08 10:38:57.831732 np0000002294 devstack@g-api.service[101923]: DEBUG glance.common.config [None req-56764932-13b7-4a35-a01f-7b1f7c75ac0a None None] command line args: [] {{(pid=101923) log_opt_values /opt/stack/data/venv/lib/python3.12/site-packages/oslo_config/cfg.py:3231}}
Jun 08 10:38:57.831927 np0000002294 devstack@g-api.service[101923]: DEBUG glance.common.config [None req-56764932-13b7-4a35-a01f-7b1f7c75ac0a None None] config files: ['/etc/glance/glance-image-import.conf', '/etc/glance/glance-api.conf'] {{(pid=101923) log_opt_values /opt/stack/data/venv/lib/python3.12/site-packages/oslo_config/cfg.py:3232}}
Jun 08 10:38:57.832050 np0000002294 devstack@g-api.service[101923]: DEBUG glance.common.config [None req-56764932-13b7-4a35-a01f-7b1f7c75ac0a None None] ================================================================================ {{(pid=101923) log_opt_values /opt/stack/data/venv/lib/python3.12/site-packages/oslo_config/cfg.py:3237}}
Jun 08 10:38:57.832234 np0000002294 devstack@g-api.service[101923]: DEBUG glance.common.config [None req-56764932-13b7-4a35-a01f-7b1f7c75ac0a None None] allow_anonymous_access = False {{(pid=101923) log_opt_values /opt/stack/data/venv/lib/python3.12/site-packages/oslo_config/cfg.py:3245}}
Jun 08 10:38:57.832401 np0000002294 devstack@g-api.service[101923]: DEBUG glance.common.config [None req-56764932-13b7-4a35-a01f-7b1f7c75ac0a None None] api_limit_max = 1000 {{(pid=101923) log_opt_values /opt/stack/data/venv/lib/python3.12/site-packages/oslo_config/cfg.py:3245}}
Jun 08 10:38:57.832558 np0000002294 devstack@g-api.service[101923]: DEBUG glance.common.config [None req-56764932-13b7-4a35-a01f-7b1f7c75ac0a None None] backlog = 4096 {{(pid=101923) log_opt_values /opt/stack/data/venv/lib/python3.12/site-packages/oslo_config/cfg.py:3245}}
Jun 08 10:38:57.832762 np0000002294 devstack@g-api.service[101923]: DEBUG glance.common.config [None req-56764932-13b7-4a35-a01f-7b1f7c75ac0a None None] bind_host = 0.0.0.0 {{(pid=101923) log_opt_values /opt/stack/data/venv/lib/python3.12/site-packages/oslo_config/cfg.py:3245}}
Jun 08 10:38:57.832940 np0000002294 devstack@g-api.service[101923]: DEBUG glance.common.config [None req-56764932-13b7-4a35-a01f-7b1f7c75ac0a None None] bind_port = 19292 {{(pid=101923) log_opt_values /opt/stack/data/venv/lib/python3.12/site-packages/oslo_config/cfg.py:3245}}
Jun 08 10:38:57.833095 np0000002294 devstack@g-api.service[101923]: DEBUG glance.common.config [None req-56764932-13b7-4a35-a01f-7b1f7c75ac0a None None] client_socket_timeout = 900 {{(pid=101923) log_opt_values /opt/stack/data/venv/lib/python3.12/site-packages/oslo_config/cfg.py:3245}}
Jun 08 10:38:57.833253 np0000002294 devstack@g-api.service[101923]: DEBUG glance.common.config [None req-56764932-13b7-4a35-a01f-7b1f7c75ac0a None None] config_dir = [] {{(pid=101923) log_opt_values /opt/stack/data/venv/lib/python3.12/site-packages/oslo_config/cfg.py:3245}}
Jun 08 10:38:57.833374 np0000002294 devstack@g-api.service[101923]: DEBUG glance.common.config [None req-56764932-13b7-4a35-a01f-7b1f7c75ac0a None None] config_file = ['/etc/glance/glance-image-import.conf', '/etc/glance/glance-api.conf'] {{(pid=101923) log_opt_values /opt/stack/data/venv/lib/python3.12/site-packages/oslo_config/cfg.py:3245}}
Jun 08 10:38:57.833526 np0000002294 devstack@g-api.service[101923]: DEBUG glance.common.config [None req-56764932-13b7-4a35-a01f-7b1f7c75ac0a None None] config_source = [] {{(pid=101923) log_opt_values /opt/stack/data/venv/lib/python3.12/site-packages/oslo_config/cfg.py:3245}}
Jun 08 10:38:57.833686 np0000002294 devstack@g-api.service[101923]: DEBUG glance.common.config [None req-56764932-13b7-4a35-a01f-7b1f7c75ac0a None None] control_exchange = glance {{(pid=101923) log_opt_values /opt/stack/data/venv/lib/python3.12/site-packages/oslo_config/cfg.py:3245}}
Jun 08 10:38:57.833829 np0000002294 devstack@g-api.service[101923]: DEBUG glance.common.config [None req-56764932-13b7-4a35-a01f-7b1f7c75ac0a None None] debug = True {{(pid=101923) log_opt_values /opt/stack/data/venv/lib/python3.12/site-packages/oslo_config/cfg.py:3245}}
Jun 08 10:38:57.834092 np0000002294 devstack@g-api.service[101923]: DEBUG glance.common.config [None req-56764932-13b7-4a35-a01f-7b1f7c75ac0a None None] default_log_levels = ['amqp=WARN', 'boto=WARN', 'sqlalchemy=WARN', 'suds=INFO', 'oslo.messaging=INFO', 'oslo_messaging=INFO', 'iso8601=WARN', 'requests.packages.urllib3.connectionpool=WARN', 'urllib3.connectionpool=WARN', 'websocket=WARN', 'requests.packages.urllib3.util.retry=WARN', 'urllib3.util.retry=WARN', 'keystonemiddleware=WARN', 'routes.middleware=WARN', 'stevedore=WARN', 'taskflow=WARN', 'keystoneauth=WARN', 'oslo.cache=INFO', 'oslo_policy=INFO', 'dogpile.core.dogpile=INFO'] {{(pid=101923) log_opt_values /opt/stack/data/venv/lib/python3.12/site-packages/oslo_config/cfg.py:3245}}
Jun 08 10:38:57.834256 np0000002294 devstack@g-api.service[101923]: DEBUG glance.common.config [None req-56764932-13b7-4a35-a01f-7b1f7c75ac0a None None] default_publisher_id = image.localhost {{(pid=101923) log_opt_values /opt/stack/data/venv/lib/python3.12/site-packages/oslo_config/cfg.py:3245}}
Jun 08 10:38:57.834391 np0000002294 devstack@g-api.service[101923]: DEBUG glance.common.config [None req-56764932-13b7-4a35-a01f-7b1f7c75ac0a None None] delayed_delete = False {{(pid=101923) log_opt_values /opt/stack/data/venv/lib/python3.12/site-packages/oslo_config/cfg.py:3245}}
Jun 08 10:38:57.834552 np0000002294 devstack@g-api.service[101923]: DEBUG glance.common.config [None req-56764932-13b7-4a35-a01f-7b1f7c75ac0a None None] digest_algorithm = sha256 {{(pid=101923) log_opt_values /opt/stack/data/venv/lib/python3.12/site-packages/oslo_config/cfg.py:3245}}
Jun 08 10:38:57.834705 np0000002294 devstack@g-api.service[101923]: DEBUG glance.common.config [None req-56764932-13b7-4a35-a01f-7b1f7c75ac0a None None] disabled_notifications = [] {{(pid=101923) log_opt_values /opt/stack/data/venv/lib/python3.12/site-packages/oslo_config/cfg.py:3245}}
Jun 08 10:38:57.834887 np0000002294 devstack@g-api.service[101923]: DEBUG glance.common.config [None req-56764932-13b7-4a35-a01f-7b1f7c75ac0a None None] do_secure_hash = True {{(pid=101923) log_opt_values /opt/stack/data/venv/lib/python3.12/site-packages/oslo_config/cfg.py:3245}}
Jun 08 10:38:57.835038 np0000002294 devstack@g-api.service[101923]: DEBUG glance.common.config [None req-56764932-13b7-4a35-a01f-7b1f7c75ac0a None None] enabled_backends = None {{(pid=101923) log_opt_values /opt/stack/data/venv/lib/python3.12/site-packages/oslo_config/cfg.py:3245}}
Jun 08 10:38:57.835213 np0000002294 devstack@g-api.service[101923]: DEBUG glance.common.config [None req-56764932-13b7-4a35-a01f-7b1f7c75ac0a None None] enabled_import_methods = ['glance-direct', 'web-download', 'copy-image'] {{(pid=101923) log_opt_values /opt/stack/data/venv/lib/python3.12/site-packages/oslo_config/cfg.py:3245}}
Jun 08 10:38:57.835364 np0000002294 devstack@g-api.service[101923]: DEBUG glance.common.config [None req-56764932-13b7-4a35-a01f-7b1f7c75ac0a None None] fatal_deprecations = False {{(pid=101923) log_opt_values /opt/stack/data/venv/lib/python3.12/site-packages/oslo_config/cfg.py:3245}}
Jun 08 10:38:57.835517 np0000002294 devstack@g-api.service[101923]: DEBUG glance.common.config [None req-56764932-13b7-4a35-a01f-7b1f7c75ac0a None None] hashing_algorithm = sha512 {{(pid=101923) log_opt_values /opt/stack/data/venv/lib/python3.12/site-packages/oslo_config/cfg.py:3245}}
Jun 08 10:38:57.835666 np0000002294 devstack@g-api.service[101923]: DEBUG glance.common.config [None req-56764932-13b7-4a35-a01f-7b1f7c75ac0a None None] http_keepalive = True {{(pid=101923) log_opt_values /opt/stack/data/venv/lib/python3.12/site-packages/oslo_config/cfg.py:3245}}
Jun 08 10:38:57.835839 np0000002294 devstack@g-api.service[101923]: DEBUG glance.common.config [None req-56764932-13b7-4a35-a01f-7b1f7c75ac0a None None] http_retries = 3 {{(pid=101923) log_opt_values /opt/stack/data/venv/lib/python3.12/site-packages/oslo_config/cfg.py:3245}}
Jun 08 10:38:57.835995 np0000002294 devstack@g-api.service[101923]: DEBUG glance.common.config [None req-56764932-13b7-4a35-a01f-7b1f7c75ac0a None None] image_cache_dir = /opt/stack/data/glance/cache/ {{(pid=101923) log_opt_values /opt/stack/data/venv/lib/python3.12/site-packages/oslo_config/cfg.py:3245}}
Jun 08 10:38:57.836149 np0000002294 devstack@g-api.service[101923]: DEBUG glance.common.config [None req-56764932-13b7-4a35-a01f-7b1f7c75ac0a None None] image_cache_driver = centralized_db {{(pid=101923) log_opt_values /opt/stack/data/venv/lib/python3.12/site-packages/oslo_config/cfg.py:3245}}
Jun 08 10:38:57.836301 np0000002294 devstack@g-api.service[101923]: DEBUG glance.common.config [None req-56764932-13b7-4a35-a01f-7b1f7c75ac0a None None] image_cache_max_size = 10737418240 {{(pid=101923) log_opt_values /opt/stack/data/venv/lib/python3.12/site-packages/oslo_config/cfg.py:3245}}
Jun 08 10:38:57.836456 np0000002294 devstack@g-api.service[101923]: DEBUG glance.common.config [None req-56764932-13b7-4a35-a01f-7b1f7c75ac0a None None] image_cache_sqlite_db = cache.db {{(pid=101923) log_opt_values /opt/stack/data/venv/lib/python3.12/site-packages/oslo_config/cfg.py:3245}}
Jun 08 10:38:57.836607 np0000002294 devstack@g-api.service[101923]: DEBUG glance.common.config [None req-56764932-13b7-4a35-a01f-7b1f7c75ac0a None None] image_cache_stall_time = 86400 {{(pid=101923) log_opt_values /opt/stack/data/venv/lib/python3.12/site-packages/oslo_config/cfg.py:3245}}
Jun 08 10:38:57.836769 np0000002294 devstack@g-api.service[101923]: DEBUG glance.common.config [None req-56764932-13b7-4a35-a01f-7b1f7c75ac0a None None] image_location_quota = 10 {{(pid=101923) log_opt_values /opt/stack/data/venv/lib/python3.12/site-packages/oslo_config/cfg.py:3245}}
Jun 08 10:38:57.836929 np0000002294 devstack@g-api.service[101923]: DEBUG glance.common.config [None req-56764932-13b7-4a35-a01f-7b1f7c75ac0a None None] image_member_quota = 128 {{(pid=101923) log_opt_values /opt/stack/data/venv/lib/python3.12/site-packages/oslo_config/cfg.py:3245}}
Jun 08 10:38:57.837079 np0000002294 devstack@g-api.service[101923]: DEBUG glance.common.config [None req-56764932-13b7-4a35-a01f-7b1f7c75ac0a None None] image_property_quota = 128 {{(pid=101923) log_opt_values /opt/stack/data/venv/lib/python3.12/site-packages/oslo_config/cfg.py:3245}}
Jun 08 10:38:57.837230 np0000002294 devstack@g-api.service[101923]: DEBUG glance.common.config [None req-56764932-13b7-4a35-a01f-7b1f7c75ac0a None None] image_size_cap = 1099511627776 {{(pid=101923) log_opt_values /opt/stack/data/venv/lib/python3.12/site-packages/oslo_config/cfg.py:3245}}
Jun 08 10:38:57.837375 np0000002294 devstack@g-api.service[101923]: DEBUG glance.common.config [None req-56764932-13b7-4a35-a01f-7b1f7c75ac0a None None] image_tag_quota = 128 {{(pid=101923) log_opt_values /opt/stack/data/venv/lib/python3.12/site-packages/oslo_config/cfg.py:3245}}
Jun 08 10:38:57.837529 np0000002294 devstack@g-api.service[101923]: DEBUG glance.common.config [None req-56764932-13b7-4a35-a01f-7b1f7c75ac0a None None] instance_format = [instance: %(uuid)s] {{(pid=101923) log_opt_values /opt/stack/data/venv/lib/python3.12/site-packages/oslo_config/cfg.py:3245}}
Jun 08 10:38:57.837681 np0000002294 devstack@g-api.service[101923]: DEBUG glance.common.config [None req-56764932-13b7-4a35-a01f-7b1f7c75ac0a None None] instance_uuid_format = [instance: %(uuid)s] {{(pid=101923) log_opt_values /opt/stack/data/venv/lib/python3.12/site-packages/oslo_config/cfg.py:3245}}
Jun 08 10:38:57.837856 np0000002294 devstack@g-api.service[101923]: DEBUG glance.common.config [None req-56764932-13b7-4a35-a01f-7b1f7c75ac0a None None] limit_param_default = 25 {{(pid=101923) log_opt_values /opt/stack/data/venv/lib/python3.12/site-packages/oslo_config/cfg.py:3245}}
Jun 08 10:38:57.838017 np0000002294 devstack@g-api.service[101923]: DEBUG glance.common.config [None req-56764932-13b7-4a35-a01f-7b1f7c75ac0a None None] log_color = False {{(pid=101923) log_opt_values /opt/stack/data/venv/lib/python3.12/site-packages/oslo_config/cfg.py:3245}}
Jun 08 10:38:57.838169 np0000002294 devstack@g-api.service[101923]: DEBUG glance.common.config [None req-56764932-13b7-4a35-a01f-7b1f7c75ac0a None None] log_config_append = None {{(pid=101923) log_opt_values /opt/stack/data/venv/lib/python3.12/site-packages/oslo_config/cfg.py:3245}}
Jun 08 10:38:57.838324 np0000002294 devstack@g-api.service[101923]: DEBUG glance.common.config [None req-56764932-13b7-4a35-a01f-7b1f7c75ac0a None None] log_date_format = %Y-%m-%d %H:%M:%S {{(pid=101923) log_opt_values /opt/stack/data/venv/lib/python3.12/site-packages/oslo_config/cfg.py:3245}}
Jun 08 10:38:57.838473 np0000002294 devstack@g-api.service[101923]: DEBUG glance.common.config [None req-56764932-13b7-4a35-a01f-7b1f7c75ac0a None None] log_dir = None {{(pid=101923) log_opt_values /opt/stack/data/venv/lib/python3.12/site-packages/oslo_config/cfg.py:3245}}
Jun 08 10:38:57.838620 np0000002294 devstack@g-api.service[101923]: DEBUG glance.common.config [None req-56764932-13b7-4a35-a01f-7b1f7c75ac0a None None] log_file = None {{(pid=101923) log_opt_values /opt/stack/data/venv/lib/python3.12/site-packages/oslo_config/cfg.py:3245}}
Jun 08 10:38:57.838786 np0000002294 devstack@g-api.service[101923]: DEBUG glance.common.config [None req-56764932-13b7-4a35-a01f-7b1f7c75ac0a None None] log_rotate_interval = 1 {{(pid=101923) log_opt_values /opt/stack/data/venv/lib/python3.12/site-packages/oslo_config/cfg.py:3245}}
Jun 08 10:38:57.838958 np0000002294 devstack@g-api.service[101923]: DEBUG glance.common.config [None req-56764932-13b7-4a35-a01f-7b1f7c75ac0a None None] log_rotate_interval_type = days {{(pid=101923) log_opt_values /opt/stack/data/venv/lib/python3.12/site-packages/oslo_config/cfg.py:3245}}
Jun 08 10:38:57.839118 np0000002294 devstack@g-api.service[101923]: DEBUG glance.common.config [None req-56764932-13b7-4a35-a01f-7b1f7c75ac0a None None] log_rotation_type = none {{(pid=101923) log_opt_values /opt/stack/data/venv/lib/python3.12/site-packages/oslo_config/cfg.py:3245}}
Jun 08 10:38:57.839232 np0000002294 devstack@g-api.service[101923]: DEBUG glance.common.config [None req-56764932-13b7-4a35-a01f-7b1f7c75ac0a None None] logging_context_format_string = %(color)s%(levelname)s %(name)s [%(global_request_id)s %(request_id)s %(project_name)s %(user_name)s%(color)s] %(instance)s%(color)s%(message)s {{(pid=101923) log_opt_values /opt/stack/data/venv/lib/python3.12/site-packages/oslo_config/cfg.py:3245}}
Jun 08 10:38:57.839349 np0000002294 devstack@g-api.service[101923]: DEBUG glance.common.config [None req-56764932-13b7-4a35-a01f-7b1f7c75ac0a None None] logging_debug_format_suffix = {{(pid=%(process)d) %(funcName)s %(pathname)s:%(lineno)d}} {{(pid=101923) log_opt_values /opt/stack/data/venv/lib/python3.12/site-packages/oslo_config/cfg.py:3245}}
Jun 08 10:38:57.839505 np0000002294 devstack@g-api.service[101923]: DEBUG glance.common.config [None req-56764932-13b7-4a35-a01f-7b1f7c75ac0a None None] logging_default_format_string = %(color)s%(levelname)s %(name)s [-%(color)s] %(instance)s%(color)s%(message)s {{(pid=101923) log_opt_values /opt/stack/data/venv/lib/python3.12/site-packages/oslo_config/cfg.py:3245}}
Jun 08 10:38:57.839657 np0000002294 devstack@g-api.service[101923]: DEBUG glance.common.config [None req-56764932-13b7-4a35-a01f-7b1f7c75ac0a None None] logging_exception_prefix = ERROR %(name)s %(instance)s {{(pid=101923) log_opt_values /opt/stack/data/venv/lib/python3.12/site-packages/oslo_config/cfg.py:3245}}
Jun 08 10:38:57.839785 np0000002294 devstack@g-api.service[101923]: DEBUG glance.common.config [None req-56764932-13b7-4a35-a01f-7b1f7c75ac0a None None] logging_user_identity_format = %(user)s %(project)s %(domain)s %(system_scope)s %(user_domain)s %(project_domain)s {{(pid=101923) log_opt_values /opt/stack/data/venv/lib/python3.12/site-packages/oslo_config/cfg.py:3245}}
Jun 08 10:38:57.839954 np0000002294 devstack@g-api.service[101923]: DEBUG glance.common.config [None req-56764932-13b7-4a35-a01f-7b1f7c75ac0a None None] max_header_line = 16384 {{(pid=101923) log_opt_values /opt/stack/data/venv/lib/python3.12/site-packages/oslo_config/cfg.py:3245}}
Jun 08 10:38:57.840101 np0000002294 devstack@g-api.service[101923]: DEBUG glance.common.config [None req-56764932-13b7-4a35-a01f-7b1f7c75ac0a None None] max_logfile_count = 30 {{(pid=101923) log_opt_values /opt/stack/data/venv/lib/python3.12/site-packages/oslo_config/cfg.py:3245}}
Jun 08 10:38:57.840249 np0000002294 devstack@g-api.service[101923]: DEBUG glance.common.config [None req-56764932-13b7-4a35-a01f-7b1f7c75ac0a None None] max_logfile_size_mb = 200 {{(pid=101923) log_opt_values /opt/stack/data/venv/lib/python3.12/site-packages/oslo_config/cfg.py:3245}}
Jun 08 10:38:57.840400 np0000002294 devstack@g-api.service[101923]: DEBUG glance.common.config [None req-56764932-13b7-4a35-a01f-7b1f7c75ac0a None None] max_request_id_length = 64 {{(pid=101923) log_opt_values /opt/stack/data/venv/lib/python3.12/site-packages/oslo_config/cfg.py:3245}}
Jun 08 10:38:57.840533 np0000002294 devstack@g-api.service[101923]: DEBUG glance.common.config [None req-56764932-13b7-4a35-a01f-7b1f7c75ac0a None None] metadata_encryption_key = **** {{(pid=101923) log_opt_values /opt/stack/data/venv/lib/python3.12/site-packages/oslo_config/cfg.py:3245}}
Jun 08 10:38:57.840696 np0000002294 devstack@g-api.service[101923]: DEBUG glance.common.config [None req-56764932-13b7-4a35-a01f-7b1f7c75ac0a None None] node_staging_uri = file:///tmp/staging/ {{(pid=101923) log_opt_values /opt/stack/data/venv/lib/python3.12/site-packages/oslo_config/cfg.py:3245}}
Jun 08 10:38:57.840868 np0000002294 devstack@g-api.service[101923]: DEBUG glance.common.config [None req-56764932-13b7-4a35-a01f-7b1f7c75ac0a None None] property_protection_file = None {{(pid=101923) log_opt_values /opt/stack/data/venv/lib/python3.12/site-packages/oslo_config/cfg.py:3245}}
Jun 08 10:38:57.841024 np0000002294 devstack@g-api.service[101923]: DEBUG glance.common.config [None req-56764932-13b7-4a35-a01f-7b1f7c75ac0a None None] property_protection_rule_format = roles {{(pid=101923) log_opt_values /opt/stack/data/venv/lib/python3.12/site-packages/oslo_config/cfg.py:3245}}
Jun 08 10:38:57.841182 np0000002294 devstack@g-api.service[101923]: DEBUG glance.common.config [None req-56764932-13b7-4a35-a01f-7b1f7c75ac0a None None] public_endpoint = https://10.4.3.135/image {{(pid=101923) log_opt_values /opt/stack/data/venv/lib/python3.12/site-packages/oslo_config/cfg.py:3245}}
Jun 08 10:38:57.841330 np0000002294 devstack@g-api.service[101923]: DEBUG glance.common.config [None req-56764932-13b7-4a35-a01f-7b1f7c75ac0a None None] publish_errors = False {{(pid=101923) log_opt_values /opt/stack/data/venv/lib/python3.12/site-packages/oslo_config/cfg.py:3245}}
Jun 08 10:38:57.841476 np0000002294 devstack@g-api.service[101923]: DEBUG glance.common.config [None req-56764932-13b7-4a35-a01f-7b1f7c75ac0a None None] pydev_worker_debug_host = None {{(pid=101923) log_opt_values /opt/stack/data/venv/lib/python3.12/site-packages/oslo_config/cfg.py:3245}}
Jun 08 10:38:57.841627 np0000002294 devstack@g-api.service[101923]: DEBUG glance.common.config [None req-56764932-13b7-4a35-a01f-7b1f7c75ac0a None None] pydev_worker_debug_port = 5678 {{(pid=101923) log_opt_values /opt/stack/data/venv/lib/python3.12/site-packages/oslo_config/cfg.py:3245}}
Jun 08 10:38:57.841792 np0000002294 devstack@g-api.service[101923]: DEBUG glance.common.config [None req-56764932-13b7-4a35-a01f-7b1f7c75ac0a None None] rate_limit_burst = 0 {{(pid=101923) log_opt_values /opt/stack/data/venv/lib/python3.12/site-packages/oslo_config/cfg.py:3245}}
Jun 08 10:38:57.841960 np0000002294 devstack@g-api.service[101923]: DEBUG glance.common.config [None req-56764932-13b7-4a35-a01f-7b1f7c75ac0a None None] rate_limit_except_level = CRITICAL {{(pid=101923) log_opt_values /opt/stack/data/venv/lib/python3.12/site-packages/oslo_config/cfg.py:3245}}
Jun 08 10:38:57.842109 np0000002294 devstack@g-api.service[101923]: DEBUG glance.common.config [None req-56764932-13b7-4a35-a01f-7b1f7c75ac0a None None] rate_limit_interval = 0 {{(pid=101923) log_opt_values /opt/stack/data/venv/lib/python3.12/site-packages/oslo_config/cfg.py:3245}}
Jun 08 10:38:57.842254 np0000002294 devstack@g-api.service[101923]: DEBUG glance.common.config [None req-56764932-13b7-4a35-a01f-7b1f7c75ac0a None None] scrub_pool_size = 1 {{(pid=101923) log_opt_values /opt/stack/data/venv/lib/python3.12/site-packages/oslo_config/cfg.py:3245}}
Jun 08 10:38:57.842403 np0000002294 devstack@g-api.service[101923]: DEBUG glance.common.config [None req-56764932-13b7-4a35-a01f-7b1f7c75ac0a None None] scrub_time = 0 {{(pid=101923) log_opt_values /opt/stack/data/venv/lib/python3.12/site-packages/oslo_config/cfg.py:3245}}
Jun 08 10:38:57.842548 np0000002294 devstack@g-api.service[101923]: DEBUG glance.common.config [None req-56764932-13b7-4a35-a01f-7b1f7c75ac0a None None] shell_completion = None {{(pid=101923) log_opt_values /opt/stack/data/venv/lib/python3.12/site-packages/oslo_config/cfg.py:3245}}
Jun 08 10:38:57.842705 np0000002294 devstack@g-api.service[101923]: DEBUG glance.common.config [None req-56764932-13b7-4a35-a01f-7b1f7c75ac0a None None] show_image_direct_url = False {{(pid=101923) log_opt_values /opt/stack/data/venv/lib/python3.12/site-packages/oslo_config/cfg.py:3245}}
Jun 08 10:38:57.843044 np0000002294 devstack@g-api.service[101923]: WARNING oslo_config.cfg [None req-56764932-13b7-4a35-a01f-7b1f7c75ac0a None None] Deprecated: Option "show_multiple_locations" from group "DEFAULT" is deprecated for removal (Use of this option, deprecated since Newton, is a security risk and will be removed once we figure out a way to satisfy those use cases that currently require it. An earlier announcement that the same functionality can be achieved with greater granularity by using policies is incorrect. You cannot work around this option via policy configuration at the present time, though that is the direction we believe the fix will take. Please keep an eye on the Glance release notes to stay up to date on progress in addressing this issue.). Its value may be silently ignored in the future.
Jun 08 10:38:57.843213 np0000002294 devstack@g-api.service[101923]: DEBUG glance.common.config [None req-56764932-13b7-4a35-a01f-7b1f7c75ac0a None None] show_multiple_locations = False {{(pid=101923) log_opt_values /opt/stack/data/venv/lib/python3.12/site-packages/oslo_config/cfg.py:3245}}
Jun 08 10:38:57.843371 np0000002294 devstack@g-api.service[101923]: DEBUG glance.common.config [None req-56764932-13b7-4a35-a01f-7b1f7c75ac0a None None] syslog_log_facility = LOG_USER {{(pid=101923) log_opt_values /opt/stack/data/venv/lib/python3.12/site-packages/oslo_config/cfg.py:3245}}
Jun 08 10:38:57.843527 np0000002294 devstack@g-api.service[101923]: DEBUG glance.common.config [None req-56764932-13b7-4a35-a01f-7b1f7c75ac0a None None] tcp_keepidle = 600 {{(pid=101923) log_opt_values /opt/stack/data/venv/lib/python3.12/site-packages/oslo_config/cfg.py:3245}}
Jun 08 10:38:57.843681 np0000002294 devstack@g-api.service[101923]: DEBUG glance.common.config [None req-56764932-13b7-4a35-a01f-7b1f7c75ac0a None None] transport_url = **** {{(pid=101923) log_opt_values /opt/stack/data/venv/lib/python3.12/site-packages/oslo_config/cfg.py:3245}}
Jun 08 10:38:57.843870 np0000002294 devstack@g-api.service[101923]: DEBUG glance.common.config [None req-56764932-13b7-4a35-a01f-7b1f7c75ac0a None None] use_journal = False {{(pid=101923) log_opt_values /opt/stack/data/venv/lib/python3.12/site-packages/oslo_config/cfg.py:3245}}
Jun 08 10:38:57.844016 np0000002294 devstack@g-api.service[101923]: DEBUG glance.common.config [None req-56764932-13b7-4a35-a01f-7b1f7c75ac0a None None] use_json = False {{(pid=101923) log_opt_values /opt/stack/data/venv/lib/python3.12/site-packages/oslo_config/cfg.py:3245}}
Jun 08 10:38:57.844177 np0000002294 devstack@g-api.service[101923]: DEBUG glance.common.config [None req-56764932-13b7-4a35-a01f-7b1f7c75ac0a None None] use_keystone_limits = True {{(pid=101923) log_opt_values /opt/stack/data/venv/lib/python3.12/site-packages/oslo_config/cfg.py:3245}}
Jun 08 10:38:57.844327 np0000002294 devstack@g-api.service[101923]: DEBUG glance.common.config [None req-56764932-13b7-4a35-a01f-7b1f7c75ac0a None None] use_stderr = False {{(pid=101923) log_opt_values /opt/stack/data/venv/lib/python3.12/site-packages/oslo_config/cfg.py:3245}}
Jun 08 10:38:57.844486 np0000002294 devstack@g-api.service[101923]: DEBUG glance.common.config [None req-56764932-13b7-4a35-a01f-7b1f7c75ac0a None None] use_syslog = False {{(pid=101923) log_opt_values /opt/stack/data/venv/lib/python3.12/site-packages/oslo_config/cfg.py:3245}}
Jun 08 10:38:57.844637 np0000002294 devstack@g-api.service[101923]: DEBUG glance.common.config [None req-56764932-13b7-4a35-a01f-7b1f7c75ac0a None None] user_storage_quota = 0 {{(pid=101923) log_opt_values /opt/stack/data/venv/lib/python3.12/site-packages/oslo_config/cfg.py:3245}}
Jun 08 10:38:57.844833 np0000002294 devstack@g-api.service[101923]: DEBUG glance.common.config [None req-56764932-13b7-4a35-a01f-7b1f7c75ac0a None None] worker_self_reference_url = http://127.0.0.1:60999 {{(pid=101923) log_opt_values /opt/stack/data/venv/lib/python3.12/site-packages/oslo_config/cfg.py:3245}}
Jun 08 10:38:57.844976 np0000002294 devstack@g-api.service[101923]: DEBUG glance.common.config [None req-56764932-13b7-4a35-a01f-7b1f7c75ac0a None None] workers = None {{(pid=101923) log_opt_values /opt/stack/data/venv/lib/python3.12/site-packages/oslo_config/cfg.py:3245}}
Jun 08 10:38:57.845153 np0000002294 devstack@g-api.service[101923]: DEBUG glance.common.config [None req-56764932-13b7-4a35-a01f-7b1f7c75ac0a None None] oslo_concurrency.disable_process_locking = False {{(pid=101923) log_opt_values /opt/stack/data/venv/lib/python3.12/site-packages/oslo_config/cfg.py:3256}}
Jun 08 10:38:57.845312 np0000002294 devstack@g-api.service[101923]: DEBUG glance.common.config [None req-56764932-13b7-4a35-a01f-7b1f7c75ac0a None None] oslo_concurrency.lock_path = /opt/stack/data/glance/locks {{(pid=101923) log_opt_values /opt/stack/data/venv/lib/python3.12/site-packages/oslo_config/cfg.py:3256}}
Jun 08 10:38:57.845473 np0000002294 devstack@g-api.service[101923]: DEBUG glance.common.config [None req-56764932-13b7-4a35-a01f-7b1f7c75ac0a None None] oslo_middleware.enable_proxy_headers_parsing = False {{(pid=101923) log_opt_values /opt/stack/data/venv/lib/python3.12/site-packages/oslo_config/cfg.py:3256}}
Jun 08 10:38:57.845627 np0000002294 devstack@g-api.service[101923]: DEBUG glance.common.config [None req-56764932-13b7-4a35-a01f-7b1f7c75ac0a None None] oslo_middleware.http_basic_auth_user_file = /etc/htpasswd {{(pid=101923) log_opt_values /opt/stack/data/venv/lib/python3.12/site-packages/oslo_config/cfg.py:3256}}
Jun 08 10:38:57.845798 np0000002294 devstack@g-api.service[101923]: DEBUG glance.common.config [None req-56764932-13b7-4a35-a01f-7b1f7c75ac0a None None] paste_deploy.config_file = None {{(pid=101923) log_opt_values /opt/stack/data/venv/lib/python3.12/site-packages/oslo_config/cfg.py:3256}}
Jun 08 10:38:57.845969 np0000002294 devstack@g-api.service[101923]: DEBUG glance.common.config [None req-56764932-13b7-4a35-a01f-7b1f7c75ac0a None None] paste_deploy.flavor = keystone+cachemanagement {{(pid=101923) log_opt_values /opt/stack/data/venv/lib/python3.12/site-packages/oslo_config/cfg.py:3256}}
Jun 08 10:38:57.846188 np0000002294 devstack@g-api.service[101923]: DEBUG glance.common.config [None req-56764932-13b7-4a35-a01f-7b1f7c75ac0a None None] image_format.container_formats = ['ami', 'ari', 'aki', 'bare', 'ovf', 'ova', 'docker', 'compressed'] {{(pid=101923) log_opt_values /opt/stack/data/venv/lib/python3.12/site-packages/oslo_config/cfg.py:3256}}
Jun 08 10:38:57.846395 np0000002294 devstack@g-api.service[101923]: DEBUG glance.common.config [None req-56764932-13b7-4a35-a01f-7b1f7c75ac0a None None] image_format.disk_formats = ['ami', 'ari', 'aki', 'vhd', 'vhdx', 'vmdk', 'raw', 'qcow2', 'vdi', 'iso', 'ploop'] {{(pid=101923) log_opt_values /opt/stack/data/venv/lib/python3.12/site-packages/oslo_config/cfg.py:3256}}
Jun 08 10:38:57.846555 np0000002294 devstack@g-api.service[101923]: DEBUG glance.common.config [None req-56764932-13b7-4a35-a01f-7b1f7c75ac0a None None] image_format.gpt_safety_checks_nonfatal = [] {{(pid=101923) log_opt_values /opt/stack/data/venv/lib/python3.12/site-packages/oslo_config/cfg.py:3256}}
Jun 08 10:38:57.846728 np0000002294 devstack@g-api.service[101923]: DEBUG glance.common.config [None req-56764932-13b7-4a35-a01f-7b1f7c75ac0a None None] image_format.require_image_format_match = True {{(pid=101923) log_opt_values /opt/stack/data/venv/lib/python3.12/site-packages/oslo_config/cfg.py:3256}}
Jun 08 10:38:57.846908 np0000002294 devstack@g-api.service[101923]: DEBUG glance.common.config [None req-56764932-13b7-4a35-a01f-7b1f7c75ac0a None None] image_format.vmdk_allowed_types = ['streamOptimized', 'monolithicSparse'] {{(pid=101923) log_opt_values /opt/stack/data/venv/lib/python3.12/site-packages/oslo_config/cfg.py:3256}}
Jun 08 10:38:57.847074 np0000002294 devstack@g-api.service[101923]: DEBUG glance.common.config [None req-56764932-13b7-4a35-a01f-7b1f7c75ac0a None None] task.task_executor = taskflow {{(pid=101923) log_opt_values /opt/stack/data/venv/lib/python3.12/site-packages/oslo_config/cfg.py:3256}}
