Jun 08 10:38:35.803790 np0000002294 nova-scheduler[95615]: DEBUG cotyledon.oslo_config_glue [-] oslo_limit.collect_timing = False {{(pid=95615) log_opt_values /opt/stack/data/venv/lib/python3.12/site-packages/oslo_config/cfg.py:3256}}
Jun 08 10:38:35.803838 np0000002294 nova-scheduler[95615]: DEBUG cotyledon.oslo_config_glue [-] oslo_limit.connect_retries = None {{(pid=95615) log_opt_values /opt/stack/data/venv/lib/python3.12/site-packages/oslo_config/cfg.py:3256}}
Jun 08 10:38:35.803874 np0000002294 nova-scheduler[95615]: DEBUG cotyledon.oslo_config_glue [-] oslo_limit.connect_retry_delay = None {{(pid=95615) log_opt_values /opt/stack/data/venv/lib/python3.12/site-packages/oslo_config/cfg.py:3256}}
Jun 08 10:38:35.803921 np0000002294 nova-scheduler[95615]: DEBUG cotyledon.oslo_config_glue [-] oslo_limit.endpoint_id = None {{(pid=95615) log_opt_values /opt/stack/data/venv/lib/python3.12/site-packages/oslo_config/cfg.py:3256}}
Jun 08 10:38:35.803959 np0000002294 nova-scheduler[95615]: DEBUG cotyledon.oslo_config_glue [-] oslo_limit.endpoint_interface = public {{(pid=95615) log_opt_values /opt/stack/data/venv/lib/python3.12/site-packages/oslo_config/cfg.py:3256}}
Jun 08 10:38:35.804008 np0000002294 nova-scheduler[95615]: DEBUG cotyledon.oslo_config_glue [-] oslo_limit.endpoint_override = None {{(pid=95615) log_opt_values /opt/stack/data/venv/lib/python3.12/site-packages/oslo_config/cfg.py:3256}}
Jun 08 10:38:35.804047 np0000002294 nova-scheduler[95615]: DEBUG cotyledon.oslo_config_glue [-] oslo_limit.endpoint_region_name = None {{(pid=95615) log_opt_values /opt/stack/data/venv/lib/python3.12/site-packages/oslo_config/cfg.py:3256}}
Jun 08 10:38:35.804087 np0000002294 nova-scheduler[95615]: DEBUG cotyledon.oslo_config_glue [-] oslo_limit.endpoint_service_name = None {{(pid=95615) log_opt_values /opt/stack/data/venv/lib/python3.12/site-packages/oslo_config/cfg.py:3256}}
Jun 08 10:38:35.804135 np0000002294 nova-scheduler[95615]: DEBUG cotyledon.oslo_config_glue [-] oslo_limit.endpoint_service_type = None {{(pid=95615) log_opt_values /opt/stack/data/venv/lib/python3.12/site-packages/oslo_config/cfg.py:3256}}
Jun 08 10:38:35.804168 np0000002294 nova-scheduler[95615]: DEBUG cotyledon.oslo_config_glue [-] oslo_limit.insecure = False {{(pid=95615) log_opt_values /opt/stack/data/venv/lib/python3.12/site-packages/oslo_config/cfg.py:3256}}
Jun 08 10:38:35.804215 np0000002294 nova-scheduler[95615]: DEBUG cotyledon.oslo_config_glue [-] oslo_limit.keyfile = None {{(pid=95615) log_opt_values /opt/stack/data/venv/lib/python3.12/site-packages/oslo_config/cfg.py:3256}}
Jun 08 10:38:35.804259 np0000002294 nova-scheduler[95615]: DEBUG cotyledon.oslo_config_glue [-] oslo_limit.max_version = None {{(pid=95615) log_opt_values /opt/stack/data/venv/lib/python3.12/site-packages/oslo_config/cfg.py:3256}}
Jun 08 10:38:35.804295 np0000002294 nova-scheduler[95615]: DEBUG cotyledon.oslo_config_glue [-] oslo_limit.min_version = None {{(pid=95615) log_opt_values /opt/stack/data/venv/lib/python3.12/site-packages/oslo_config/cfg.py:3256}}
Jun 08 10:38:35.804339 np0000002294 nova-scheduler[95615]: DEBUG cotyledon.oslo_config_glue [-] oslo_limit.region_name = None {{(pid=95615) log_opt_values /opt/stack/data/venv/lib/python3.12/site-packages/oslo_config/cfg.py:3256}}
Jun 08 10:38:35.804371 np0000002294 nova-scheduler[95615]: DEBUG cotyledon.oslo_config_glue [-] oslo_limit.retriable_status_codes = None {{(pid=95615) log_opt_values /opt/stack/data/venv/lib/python3.12/site-packages/oslo_config/cfg.py:3256}}
Jun 08 10:38:35.804654 np0000002294 nova-scheduler[95615]: DEBUG cotyledon.oslo_config_glue [-] oslo_limit.service_name = None {{(pid=95615) log_opt_values /opt/stack/data/venv/lib/python3.12/site-packages/oslo_config/cfg.py:3256}}
Jun 08 10:38:35.804689 np0000002294 nova-scheduler[95615]: DEBUG cotyledon.oslo_config_glue [-] oslo_limit.service_type = None {{(pid=95615) log_opt_values /opt/stack/data/venv/lib/python3.12/site-packages/oslo_config/cfg.py:3256}}
Jun 08 10:38:35.804730 np0000002294 nova-scheduler[95615]: DEBUG cotyledon.oslo_config_glue [-] oslo_limit.split_loggers = False {{(pid=95615) log_opt_values /opt/stack/data/venv/lib/python3.12/site-packages/oslo_config/cfg.py:3256}}
Jun 08 10:38:35.804779 np0000002294 nova-scheduler[95615]: DEBUG cotyledon.oslo_config_glue [-] oslo_limit.status_code_retries = None {{(pid=95615) log_opt_values /opt/stack/data/venv/lib/python3.12/site-packages/oslo_config/cfg.py:3256}}
Jun 08 10:38:35.804818 np0000002294 nova-scheduler[95615]: DEBUG cotyledon.oslo_config_glue [-] oslo_limit.status_code_retry_delay = None {{(pid=95615) log_opt_values /opt/stack/data/venv/lib/python3.12/site-packages/oslo_config/cfg.py:3256}}
Jun 08 10:38:35.804872 np0000002294 nova-scheduler[95615]: DEBUG cotyledon.oslo_config_glue [-] oslo_limit.timeout = None {{(pid=95615) log_opt_values /opt/stack/data/venv/lib/python3.12/site-packages/oslo_config/cfg.py:3256}}
Jun 08 10:38:35.804902 np0000002294 nova-scheduler[95615]: DEBUG cotyledon.oslo_config_glue [-] oslo_limit.valid_interfaces = None {{(pid=95615) log_opt_values /opt/stack/data/venv/lib/python3.12/site-packages/oslo_config/cfg.py:3256}}
Jun 08 10:38:35.804945 np0000002294 nova-scheduler[95615]: DEBUG cotyledon.oslo_config_glue [-] oslo_limit.version = None {{(pid=95615) log_opt_values /opt/stack/data/venv/lib/python3.12/site-packages/oslo_config/cfg.py:3256}}
Jun 08 10:38:35.805030 np0000002294 nova-scheduler[95615]: DEBUG cotyledon.oslo_config_glue [-] oslo_reports.file_event_handler = None {{(pid=95615) log_opt_values /opt/stack/data/venv/lib/python3.12/site-packages/oslo_config/cfg.py:3256}}
Jun 08 10:38:35.805078 np0000002294 nova-scheduler[95615]: DEBUG cotyledon.oslo_config_glue [-] oslo_reports.file_event_handler_interval = 1 {{(pid=95615) log_opt_values /opt/stack/data/venv/lib/python3.12/site-packages/oslo_config/cfg.py:3256}}
Jun 08 10:38:35.805121 np0000002294 nova-scheduler[95615]: DEBUG cotyledon.oslo_config_glue [-] oslo_reports.log_dir = None {{(pid=95615) log_opt_values /opt/stack/data/venv/lib/python3.12/site-packages/oslo_config/cfg.py:3256}}
Jun 08 10:38:35.805153 np0000002294 nova-scheduler[95615]: DEBUG cotyledon.oslo_config_glue [-] ******************************************************************************** {{(pid=95615) log_opt_values /opt/stack/data/venv/lib/python3.12/site-packages/oslo_config/cfg.py:3263}}
Jun 08 10:38:35.805281 np0000002294 nova-scheduler[95615]: DEBUG cotyledon._service_worker [-] Run service ServiceWrapper(2) [95615] {{(pid=95615) wait_forever /opt/stack/data/venv/lib/python3.12/site-packages/cotyledon/_service_worker.py:218}}
Jun 08 10:38:35.806422 np0000002294 nova-scheduler[95615]: INFO nova.service [-] Starting scheduler node (version 33.1.0)
Jun 08 10:38:35.809104 np0000002294 nova-scheduler[95589]: DEBUG dbcounter [-] [95589] Writer thread running {{(pid=95589) stat_writer /opt/stack/data/venv/lib/python3.12/site-packages/dbcounter.py:102}}
Jun 08 10:38:35.810969 np0000002294 nova-scheduler[95615]: INFO dbcounter [None req-eeb4e708-c8b9-460f-8bed-5c6320718b8c None None] Registered counter for database nova_cell0
Jun 08 10:38:35.821057 np0000002294 nova-scheduler[95589]: DEBUG nova.service [None req-a9c7aa68-3b7b-488a-8336-a52d3a7828f7 None None] Creating RPC server for service: nova-scheduler on topic: scheduler {{(pid=95589) start /opt/stack/nova/nova/service.py:195}}
Jun 08 10:38:35.853020 np0000002294 nova-scheduler[95612]: DEBUG oslo_db.sqlalchemy.engines [None req-1b7ddeec-9f2b-4c43-86fd-96daf68fc540 None None] MySQL server mode set to STRICT_TRANS_TABLES,STRICT_ALL_TABLES,NO_ZERO_IN_DATE,NO_ZERO_DATE,ERROR_FOR_DIVISION_BY_ZERO,TRADITIONAL,NO_ENGINE_SUBSTITUTION {{(pid=95612) _check_effective_sql_mode /opt/stack/data/venv/lib/python3.12/site-packages/oslo_db/sqlalchemy/engines.py:325}}
Jun 08 10:38:35.856588 np0000002294 nova-scheduler[95615]: DEBUG oslo_db.sqlalchemy.engines [None req-eeb4e708-c8b9-460f-8bed-5c6320718b8c None None] MySQL server mode set to STRICT_TRANS_TABLES,STRICT_ALL_TABLES,NO_ZERO_IN_DATE,NO_ZERO_DATE,ERROR_FOR_DIVISION_BY_ZERO,TRADITIONAL,NO_ENGINE_SUBSTITUTION {{(pid=95615) _check_effective_sql_mode /opt/stack/data/venv/lib/python3.12/site-packages/oslo_db/sqlalchemy/engines.py:325}}
Jun 08 10:38:35.858157 np0000002294 nova-scheduler[95589]: DEBUG nova.service [None req-a9c7aa68-3b7b-488a-8336-a52d3a7828f7 None None] Join ServiceGroup membership for this service scheduler {{(pid=95589) start /opt/stack/nova/nova/service.py:221}}
Jun 08 10:38:35.858442 np0000002294 nova-scheduler[95589]: DEBUG nova.servicegroup.drivers.db [None req-a9c7aa68-3b7b-488a-8336-a52d3a7828f7 None None] DB_Driver: join new ServiceGroup member np0000002294 to the scheduler group, service = {{(pid=95589) join /opt/stack/nova/nova/servicegroup/drivers/db.py:44}}
Jun 08 10:38:35.862601 np0000002294 nova-scheduler[95612]: DEBUG dbcounter [-] [95612] Writer thread running {{(pid=95612) stat_writer /opt/stack/data/venv/lib/python3.12/site-packages/dbcounter.py:102}}
Jun 08 10:38:35.865056 np0000002294 nova-scheduler[95612]: DEBUG nova.service [None req-1b7ddeec-9f2b-4c43-86fd-96daf68fc540 None None] Creating RPC server for service: nova-scheduler on topic: scheduler {{(pid=95612) start /opt/stack/nova/nova/service.py:195}}
Jun 08 10:38:35.865192 np0000002294 nova-scheduler[95615]: DEBUG dbcounter [-] [95615] Writer thread running {{(pid=95615) stat_writer /opt/stack/data/venv/lib/python3.12/site-packages/dbcounter.py:102}}
Jun 08 10:38:35.867973 np0000002294 nova-scheduler[95615]: DEBUG nova.service [None req-eeb4e708-c8b9-460f-8bed-5c6320718b8c None None] Creating RPC server for service: nova-scheduler on topic: scheduler {{(pid=95615) start /opt/stack/nova/nova/service.py:195}}
Jun 08 10:38:35.881610 np0000002294 nova-scheduler[95612]: DEBUG nova.service [None req-1b7ddeec-9f2b-4c43-86fd-96daf68fc540 None None] Join ServiceGroup membership for this service scheduler {{(pid=95612) start /opt/stack/nova/nova/service.py:221}}
Jun 08 10:38:35.881782 np0000002294 nova-scheduler[95612]: DEBUG nova.servicegroup.drivers.db [None req-1b7ddeec-9f2b-4c43-86fd-96daf68fc540 None None] DB_Driver: join new ServiceGroup member np0000002294 to the scheduler group, service = {{(pid=95612) join /opt/stack/nova/nova/servicegroup/drivers/db.py:44}}
Jun 08 10:38:35.887000 np0000002294 nova-scheduler[95615]: DEBUG nova.service [None req-eeb4e708-c8b9-460f-8bed-5c6320718b8c None None] Join ServiceGroup membership for this service scheduler {{(pid=95615) start /opt/stack/nova/nova/service.py:221}}
Jun 08 10:38:35.887270 np0000002294 nova-scheduler[95615]: DEBUG nova.servicegroup.drivers.db [None req-eeb4e708-c8b9-460f-8bed-5c6320718b8c None None] DB_Driver: join new ServiceGroup member np0000002294 to the scheduler group, service = {{(pid=95615) join /opt/stack/nova/nova/servicegroup/drivers/db.py:44}}
Jun 08 10:38:40.869779 np0000002294 nova-scheduler[95589]: DEBUG oslo.service.backend._threading.loopingcall [-] Fixed interval looping call 'nova.servicegroup.drivers.db.DbDriver._report_state' sleeping for 119.99 seconds {{(pid=95589) _run_loop /opt/stack/data/venv/lib/python3.12/site-packages/oslo_service/backend/_threading/loopingcall.py:125}}
Jun 08 10:38:40.900779 np0000002294 nova-scheduler[95612]: DEBUG oslo.service.backend._threading.loopingcall [-] Fixed interval looping call 'nova.servicegroup.drivers.db.DbDriver._report_state' sleeping for 119.99 seconds {{(pid=95612) _run_loop /opt/stack/data/venv/lib/python3.12/site-packages/oslo_service/backend/_threading/loopingcall.py:125}}
Jun 08 10:38:40.903855 np0000002294 nova-scheduler[95615]: DEBUG oslo.service.backend._threading.loopingcall [-] Fixed interval looping call 'nova.servicegroup.drivers.db.DbDriver._report_state' sleeping for 119.99 seconds {{(pid=95615) _run_loop /opt/stack/data/venv/lib/python3.12/site-packages/oslo_service/backend/_threading/loopingcall.py:125}}
Jun 08 10:38:44.440613 np0000002294 nova-scheduler[94355]: DEBUG dbcounter [-] [94355] Writing DB stats nova_api:SELECT=3 {{(pid=94355) stat_writer /opt/stack/data/venv/lib/python3.12/site-packages/dbcounter.py:115}}
Jun 08 10:38:44.559563 np0000002294 nova-scheduler[94355]: DEBUG dbcounter [-] [94355] Writing DB stats nova_cell0:SELECT=1 {{(pid=94355) stat_writer /opt/stack/data/venv/lib/python3.12/site-packages/dbcounter.py:115}}
Jun 08 10:38:44.566488 np0000002294 nova-scheduler[94355]: DEBUG dbcounter [-] [94355] Writing DB stats nova_cell1:SELECT=1 {{(pid=94355) stat_writer /opt/stack/data/venv/lib/python3.12/site-packages/dbcounter.py:115}}
Jun 08 10:38:50.867000 np0000002294 nova-scheduler[95589]: DEBUG dbcounter [-] [95589] Writing DB stats nova_cell0:SELECT=4,nova_cell0:INSERT=1,nova_cell0:UPDATE=1 {{(pid=95589) stat_writer /opt/stack/data/venv/lib/python3.12/site-packages/dbcounter.py:115}}
Jun 08 10:38:50.899735 np0000002294 nova-scheduler[95612]: DEBUG dbcounter [-] [95612] Writing DB stats nova_cell0:SELECT=3 {{(pid=95612) stat_writer /opt/stack/data/venv/lib/python3.12/site-packages/dbcounter.py:115}}
Jun 08 10:38:50.901168 np0000002294 nova-scheduler[95615]: DEBUG dbcounter [-] [95615] Writing DB stats nova_cell0:SELECT=3 {{(pid=95615) stat_writer /opt/stack/data/venv/lib/python3.12/site-packages/dbcounter.py:115}}
Jun 08 10:39:08.860489 np0000002294 nova-scheduler[95589]: DEBUG oslo.service.backend._threading.loopingcall [None req-00ca3218-7cdf-47b9-b03c-5c59482177b4 None None] Dynamic interval looping call 'nova.service.Service.periodic_tasks' sleeping for 60.00 seconds {{(pid=95589) _run_loop /opt/stack/data/venv/lib/python3.12/site-packages/oslo_service/backend/_threading/loopingcall.py:125}}
Jun 08 10:39:13.893646 np0000002294 nova-scheduler[95615]: DEBUG oslo.service.backend._threading.loopingcall [None req-00102602-7a08-4687-b69c-7a9f8e2c44e8 None None] Dynamic interval looping call 'nova.service.Service.periodic_tasks' sleeping for 60.00 seconds {{(pid=95615) _run_loop /opt/stack/data/venv/lib/python3.12/site-packages/oslo_service/backend/_threading/loopingcall.py:125}}
Jun 08 10:39:16.886387 np0000002294 nova-scheduler[95612]: DEBUG oslo.service.backend._threading.loopingcall [None req-c2624f94-2483-46ca-a1ca-35c352668237 None None] Dynamic interval looping call 'nova.service.Service.periodic_tasks' sleeping for 60.00 seconds {{(pid=95612) _run_loop /opt/stack/data/venv/lib/python3.12/site-packages/oslo_service/backend/_threading/loopingcall.py:125}}
Jun 08 10:40:08.861055 np0000002294 nova-scheduler[95589]: DEBUG oslo.service.backend._threading.loopingcall [None req-00ca3218-7cdf-47b9-b03c-5c59482177b4 None None] Dynamic interval looping call 'nova.service.Service.periodic_tasks' sleeping for 60.00 seconds {{(pid=95589) _run_loop /opt/stack/data/venv/lib/python3.12/site-packages/oslo_service/backend/_threading/loopingcall.py:125}}
Jun 08 10:40:13.894188 np0000002294 nova-scheduler[95615]: DEBUG oslo.service.backend._threading.loopingcall [None req-00102602-7a08-4687-b69c-7a9f8e2c44e8 None None] Dynamic interval looping call 'nova.service.Service.periodic_tasks' sleeping for 60.00 seconds {{(pid=95615) _run_loop /opt/stack/data/venv/lib/python3.12/site-packages/oslo_service/backend/_threading/loopingcall.py:125}}
Jun 08 10:40:16.886899 np0000002294 nova-scheduler[95612]: DEBUG oslo.service.backend._threading.loopingcall [None req-c2624f94-2483-46ca-a1ca-35c352668237 None None] Dynamic interval looping call 'nova.service.Service.periodic_tasks' sleeping for 60.00 seconds {{(pid=95612) _run_loop /opt/stack/data/venv/lib/python3.12/site-packages/oslo_service/backend/_threading/loopingcall.py:125}}
Jun 08 10:40:40.872269 np0000002294 nova-scheduler[95589]: DEBUG oslo.service.backend._threading.loopingcall [-] Fixed interval looping call 'nova.servicegroup.drivers.db.DbDriver._report_state' sleeping for 119.99 seconds {{(pid=95589) _run_loop /opt/stack/data/venv/lib/python3.12/site-packages/oslo_service/backend/_threading/loopingcall.py:125}}
Jun 08 10:40:40.895251 np0000002294 nova-scheduler[95612]: DEBUG oslo.service.backend._threading.loopingcall [-] Fixed interval looping call 'nova.servicegroup.drivers.db.DbDriver._report_state' sleeping for 120.00 seconds {{(pid=95612) _run_loop /opt/stack/data/venv/lib/python3.12/site-packages/oslo_service/backend/_threading/loopingcall.py:125}}
Jun 08 10:40:40.897789 np0000002294 nova-scheduler[95615]: DEBUG oslo.service.backend._threading.loopingcall [-] Fixed interval looping call 'nova.servicegroup.drivers.db.DbDriver._report_state' sleeping for 120.00 seconds {{(pid=95615) _run_loop /opt/stack/data/venv/lib/python3.12/site-packages/oslo_service/backend/_threading/loopingcall.py:125}}
Jun 08 10:40:50.863320 np0000002294 nova-scheduler[95589]: DEBUG dbcounter [-] [95589] Writing DB stats nova_cell0:SELECT=1,nova_cell0:UPDATE=1 {{(pid=95589) stat_writer /opt/stack/data/venv/lib/python3.12/site-packages/dbcounter.py:115}}
Jun 08 10:40:50.893491 np0000002294 nova-scheduler[95612]: DEBUG dbcounter [-] [95612] Writing DB stats nova_cell0:SELECT=1 {{(pid=95612) stat_writer /opt/stack/data/venv/lib/python3.12/site-packages/dbcounter.py:115}}
Jun 08 10:40:50.896091 np0000002294 nova-scheduler[95615]: DEBUG dbcounter [-] [95615] Writing DB stats nova_cell0:SELECT=1 {{(pid=95615) stat_writer /opt/stack/data/venv/lib/python3.12/site-packages/dbcounter.py:115}}
Jun 08 10:41:08.861614 np0000002294 nova-scheduler[95589]: DEBUG oslo.service.backend._threading.loopingcall [None req-00ca3218-7cdf-47b9-b03c-5c59482177b4 None None] Dynamic interval looping call 'nova.service.Service.periodic_tasks' sleeping for 60.00 seconds {{(pid=95589) _run_loop /opt/stack/data/venv/lib/python3.12/site-packages/oslo_service/backend/_threading/loopingcall.py:125}}
Jun 08 10:41:13.894684 np0000002294 nova-scheduler[95615]: DEBUG oslo.service.backend._threading.loopingcall [None req-00102602-7a08-4687-b69c-7a9f8e2c44e8 None None] Dynamic interval looping call 'nova.service.Service.periodic_tasks' sleeping for 60.00 seconds {{(pid=95615) _run_loop /opt/stack/data/venv/lib/python3.12/site-packages/oslo_service/backend/_threading/loopingcall.py:125}}
Jun 08 10:41:15.320704 np0000002294 nova-scheduler[95589]: DEBUG nova.scheduler.manager [None req-a4f03236-fb14-4ae2-8ba3-391dc8c669da tempest-DeleteServersTestJSON-1027520847 tempest-DeleteServersTestJSON-1027520847-project-member] Starting to schedule for instances: ['ef70a5cd-e1d9-41bc-8897-05a3b3fc1296'] {{(pid=95589) select_destinations /opt/stack/nova/nova/scheduler/manager.py:210}}
Jun 08 10:41:15.321790 np0000002294 nova-scheduler[95589]: DEBUG nova.scheduler.request_filter [None req-a4f03236-fb14-4ae2-8ba3-391dc8c669da tempest-DeleteServersTestJSON-1027520847 tempest-DeleteServersTestJSON-1027520847-project-member] compute_status_filter request filter added forbidden trait COMPUTE_STATUS_DISABLED {{(pid=95589) compute_status_filter /opt/stack/nova/nova/scheduler/request_filter.py:253}}
Jun 08 10:41:15.321790 np0000002294 nova-scheduler[95589]: DEBUG nova.scheduler.request_filter [None req-a4f03236-fb14-4ae2-8ba3-391dc8c669da tempest-DeleteServersTestJSON-1027520847 tempest-DeleteServersTestJSON-1027520847-project-member] Request filter 'compute_status_filter' took 0.0 seconds {{(pid=95589) wrapper /opt/stack/nova/nova/scheduler/request_filter.py:46}}
Jun 08 10:41:15.321790 np0000002294 nova-scheduler[95589]: DEBUG nova.scheduler.request_filter [None req-a4f03236-fb14-4ae2-8ba3-391dc8c669da tempest-DeleteServersTestJSON-1027520847 tempest-DeleteServersTestJSON-1027520847-project-member] Request filter 'accelerators_filter' took 0.0 seconds {{(pid=95589) wrapper /opt/stack/nova/nova/scheduler/request_filter.py:46}}
Jun 08 10:41:15.322030 np0000002294 nova-scheduler[95589]: DEBUG nova.scheduler.request_filter [None req-a4f03236-fb14-4ae2-8ba3-391dc8c669da tempest-DeleteServersTestJSON-1027520847 tempest-DeleteServersTestJSON-1027520847-project-member] Request filter 'packed_virtqueue_filter' took 0.0 seconds {{(pid=95589) wrapper /opt/stack/nova/nova/scheduler/request_filter.py:46}}
Jun 08 10:41:15.322384 np0000002294 nova-scheduler[95589]: DEBUG nova.scheduler.request_filter [None req-a4f03236-fb14-4ae2-8ba3-391dc8c669da tempest-DeleteServersTestJSON-1027520847 tempest-DeleteServersTestJSON-1027520847-project-member] Request filter 'remote_managed_ports_filter' took 0.0 seconds {{(pid=95589) wrapper /opt/stack/nova/nova/scheduler/request_filter.py:46}}
Jun 08 10:41:15.322520 np0000002294 nova-scheduler[95589]: DEBUG nova.scheduler.request_filter [None req-a4f03236-fb14-4ae2-8ba3-391dc8c669da tempest-DeleteServersTestJSON-1027520847 tempest-DeleteServersTestJSON-1027520847-project-member] ephemeral_encryption_filter skipped {{(pid=95589) ephemeral_encryption_filter /opt/stack/nova/nova/scheduler/request_filter.py:426}}
Jun 08 10:41:15.323140 np0000002294 nova-scheduler[95589]: DEBUG nova.scheduler.request_filter [None req-a4f03236-fb14-4ae2-8ba3-391dc8c669da tempest-DeleteServersTestJSON-1027520847 tempest-DeleteServersTestJSON-1027520847-project-member] virtio_sound_filter skipped {{(pid=95589) virtio_sound_filter /opt/stack/nova/nova/scheduler/request_filter.py:460}}
Jun 08 10:41:15.323339 np0000002294 nova-scheduler[95589]: DEBUG nova.scheduler.request_filter [None req-a4f03236-fb14-4ae2-8ba3-391dc8c669da tempest-DeleteServersTestJSON-1027520847 tempest-DeleteServersTestJSON-1027520847-project-member] tpm_secret_security_filter skipped {{(pid=95589) tpm_secret_security_filter /opt/stack/nova/nova/scheduler/request_filter.py:477}}
Jun 08 10:41:16.002397 np0000002294 nova-scheduler[95589]: INFO nova.utils [None req-a4f03236-fb14-4ae2-8ba3-391dc8c669da tempest-DeleteServersTestJSON-1027520847 tempest-DeleteServersTestJSON-1027520847-project-member] The cell worker thread pool ForkProcess-1.cell_worker is initialized
Jun 08 10:41:16.002538 np0000002294 nova-scheduler[95589]: DEBUG oslo_concurrency.lockutils [None req-a4f03236-fb14-4ae2-8ba3-391dc8c669da tempest-DeleteServersTestJSON-1027520847 tempest-DeleteServersTestJSON-1027520847-project-member] Acquiring lock "d53baef5-4640-46a7-a061-72f83f96f734" by "nova.context.set_target_cell..get_or_set_cached_cell_and_set_connections" {{(pid=95589) inner /opt/stack/data/venv/lib/python3.12/site-packages/oslo_concurrency/lockutils.py:511}}
Jun 08 10:41:16.002767 np0000002294 nova-scheduler[95589]: DEBUG oslo_concurrency.lockutils [None req-a4f03236-fb14-4ae2-8ba3-391dc8c669da tempest-DeleteServersTestJSON-1027520847 tempest-DeleteServersTestJSON-1027520847-project-member] Lock "d53baef5-4640-46a7-a061-72f83f96f734" acquired by "nova.context.set_target_cell..get_or_set_cached_cell_and_set_connections" :: waited 0.000s {{(pid=95589) inner /opt/stack/data/venv/lib/python3.12/site-packages/oslo_concurrency/lockutils.py:524}}
Jun 08 10:41:16.004343 np0000002294 nova-scheduler[95589]: DEBUG oslo_concurrency.lockutils [None req-a4f03236-fb14-4ae2-8ba3-391dc8c669da tempest-DeleteServersTestJSON-1027520847 tempest-DeleteServersTestJSON-1027520847-project-member] Lock "d53baef5-4640-46a7-a061-72f83f96f734" "released" by "nova.context.set_target_cell..get_or_set_cached_cell_and_set_connections" :: held 0.001s {{(pid=95589) inner /opt/stack/data/venv/lib/python3.12/site-packages/oslo_concurrency/lockutils.py:543}}
Jun 08 10:41:16.006125 np0000002294 nova-scheduler[95589]: INFO dbcounter [None req-a4f03236-fb14-4ae2-8ba3-391dc8c669da tempest-DeleteServersTestJSON-1027520847 tempest-DeleteServersTestJSON-1027520847-project-member] Registered counter for database nova_cell1
Jun 08 10:41:16.026241 np0000002294 nova-scheduler[95612]: DEBUG nova.scheduler.manager [None req-5ea770f9-4d1b-4cd6-b0c1-d63d3b1541c5 tempest-ImageDependencyTests-1675447065 tempest-ImageDependencyTests-1675447065-project-member] Starting to schedule for instances: ['0164a459-f8ee-4caf-96d4-aa2e32505cb4'] {{(pid=95612) select_destinations /opt/stack/nova/nova/scheduler/manager.py:210}}
Jun 08 10:41:16.027136 np0000002294 nova-scheduler[95612]: DEBUG nova.scheduler.request_filter [None req-5ea770f9-4d1b-4cd6-b0c1-d63d3b1541c5 tempest-ImageDependencyTests-1675447065 tempest-ImageDependencyTests-1675447065-project-member] compute_status_filter request filter added forbidden trait COMPUTE_STATUS_DISABLED {{(pid=95612) compute_status_filter /opt/stack/nova/nova/scheduler/request_filter.py:253}}
Jun 08 10:41:16.027272 np0000002294 nova-scheduler[95612]: DEBUG nova.scheduler.request_filter [None req-5ea770f9-4d1b-4cd6-b0c1-d63d3b1541c5 tempest-ImageDependencyTests-1675447065 tempest-ImageDependencyTests-1675447065-project-member] Request filter 'compute_status_filter' took 0.0 seconds {{(pid=95612) wrapper /opt/stack/nova/nova/scheduler/request_filter.py:46}}
Jun 08 10:41:16.027587 np0000002294 nova-scheduler[95612]: DEBUG nova.scheduler.request_filter [None req-5ea770f9-4d1b-4cd6-b0c1-d63d3b1541c5 tempest-ImageDependencyTests-1675447065 tempest-ImageDependencyTests-1675447065-project-member] Request filter 'accelerators_filter' took 0.0 seconds {{(pid=95612) wrapper /opt/stack/nova/nova/scheduler/request_filter.py:46}}
Jun 08 10:41:16.028084 np0000002294 nova-scheduler[95612]: DEBUG nova.scheduler.request_filter [None req-5ea770f9-4d1b-4cd6-b0c1-d63d3b1541c5 tempest-ImageDependencyTests-1675447065 tempest-ImageDependencyTests-1675447065-project-member] Request filter 'packed_virtqueue_filter' took 0.0 seconds {{(pid=95612) wrapper /opt/stack/nova/nova/scheduler/request_filter.py:46}}
Jun 08 10:41:16.028417 np0000002294 nova-scheduler[95612]: DEBUG nova.scheduler.request_filter [None req-5ea770f9-4d1b-4cd6-b0c1-d63d3b1541c5 tempest-ImageDependencyTests-1675447065 tempest-ImageDependencyTests-1675447065-project-member] Request filter 'remote_managed_ports_filter' took 0.0 seconds {{(pid=95612) wrapper /opt/stack/nova/nova/scheduler/request_filter.py:46}}
Jun 08 10:41:16.028578 np0000002294 nova-scheduler[95612]: DEBUG nova.scheduler.request_filter [None req-5ea770f9-4d1b-4cd6-b0c1-d63d3b1541c5 tempest-ImageDependencyTests-1675447065 tempest-ImageDependencyTests-1675447065-project-member] ephemeral_encryption_filter skipped {{(pid=95612) ephemeral_encryption_filter /opt/stack/nova/nova/scheduler/request_filter.py:426}}
Jun 08 10:41:16.028775 np0000002294 nova-scheduler[95612]: DEBUG nova.scheduler.request_filter [None req-5ea770f9-4d1b-4cd6-b0c1-d63d3b1541c5 tempest-ImageDependencyTests-1675447065 tempest-ImageDependencyTests-1675447065-project-member] virtio_sound_filter skipped {{(pid=95612) virtio_sound_filter /opt/stack/nova/nova/scheduler/request_filter.py:460}}
Jun 08 10:41:16.028967 np0000002294 nova-scheduler[95612]: DEBUG nova.scheduler.request_filter [None req-5ea770f9-4d1b-4cd6-b0c1-d63d3b1541c5 tempest-ImageDependencyTests-1675447065 tempest-ImageDependencyTests-1675447065-project-member] tpm_secret_security_filter skipped {{(pid=95612) tpm_secret_security_filter /opt/stack/nova/nova/scheduler/request_filter.py:477}}
Jun 08 10:41:16.052848 np0000002294 nova-scheduler[95589]: DEBUG oslo_db.sqlalchemy.engines [None req-a4f03236-fb14-4ae2-8ba3-391dc8c669da tempest-DeleteServersTestJSON-1027520847 tempest-DeleteServersTestJSON-1027520847-project-member] MySQL server mode set to STRICT_TRANS_TABLES,STRICT_ALL_TABLES,NO_ZERO_IN_DATE,NO_ZERO_DATE,ERROR_FOR_DIVISION_BY_ZERO,TRADITIONAL,NO_ENGINE_SUBSTITUTION {{(pid=95589) _check_effective_sql_mode /opt/stack/data/venv/lib/python3.12/site-packages/oslo_db/sqlalchemy/engines.py:325}}
Jun 08 10:41:16.063763 np0000002294 nova-scheduler[95589]: DEBUG dbcounter [-] [95589] Writer thread running {{(pid=95589) stat_writer /opt/stack/data/venv/lib/python3.12/site-packages/dbcounter.py:102}}
Jun 08 10:41:16.079133 np0000002294 nova-scheduler[95589]: DEBUG oslo_db.sqlalchemy.engines [None req-a4f03236-fb14-4ae2-8ba3-391dc8c669da tempest-DeleteServersTestJSON-1027520847 tempest-DeleteServersTestJSON-1027520847-project-member] Parent process 94355 forked (95589) with an open database connection, which is being discarded and recreated. {{(pid=95589) checkout /opt/stack/data/venv/lib/python3.12/site-packages/oslo_db/sqlalchemy/engines.py:402}}
Jun 08 10:41:16.129398 np0000002294 nova-scheduler[95589]: DEBUG dbcounter [-] [95589] Writer thread running {{(pid=95589) stat_writer /opt/stack/data/venv/lib/python3.12/site-packages/dbcounter.py:102}}
Jun 08 10:41:16.132106 np0000002294 nova-scheduler[95589]: DEBUG oslo_concurrency.lockutils [None req-a4f03236-fb14-4ae2-8ba3-391dc8c669da tempest-DeleteServersTestJSON-1027520847 tempest-DeleteServersTestJSON-1027520847-project-member] Acquiring lock "d53baef5-4640-46a7-a061-72f83f96f734" by "nova.context.set_target_cell..get_or_set_cached_cell_and_set_connections" {{(pid=95589) inner /opt/stack/data/venv/lib/python3.12/site-packages/oslo_concurrency/lockutils.py:511}}
Jun 08 10:41:16.132345 np0000002294 nova-scheduler[95589]: DEBUG oslo_concurrency.lockutils [None req-a4f03236-fb14-4ae2-8ba3-391dc8c669da tempest-DeleteServersTestJSON-1027520847 tempest-DeleteServersTestJSON-1027520847-project-member] Lock "d53baef5-4640-46a7-a061-72f83f96f734" acquired by "nova.context.set_target_cell..get_or_set_cached_cell_and_set_connections" :: waited 0.000s {{(pid=95589) inner /opt/stack/data/venv/lib/python3.12/site-packages/oslo_concurrency/lockutils.py:524}}
Jun 08 10:41:16.132484 np0000002294 nova-scheduler[95589]: DEBUG oslo_concurrency.lockutils [None req-a4f03236-fb14-4ae2-8ba3-391dc8c669da tempest-DeleteServersTestJSON-1027520847 tempest-DeleteServersTestJSON-1027520847-project-member] Lock "d53baef5-4640-46a7-a061-72f83f96f734" "released" by "nova.context.set_target_cell..get_or_set_cached_cell_and_set_connections" :: held 0.000s {{(pid=95589) inner /opt/stack/data/venv/lib/python3.12/site-packages/oslo_concurrency/lockutils.py:543}}
Jun 08 10:41:16.136743 np0000002294 nova-scheduler[95589]: DEBUG oslo_concurrency.lockutils [None req-a4f03236-fb14-4ae2-8ba3-391dc8c669da tempest-DeleteServersTestJSON-1027520847 tempest-DeleteServersTestJSON-1027520847-project-member] Acquiring lock "('np0000002294', 'np0000002294')" by "nova.scheduler.host_manager.HostState.update.._locked_update" {{(pid=95589) inner /opt/stack/data/venv/lib/python3.12/site-packages/oslo_concurrency/lockutils.py:511}}
Jun 08 10:41:16.136743 np0000002294 nova-scheduler[95589]: DEBUG oslo_concurrency.lockutils [None req-a4f03236-fb14-4ae2-8ba3-391dc8c669da tempest-DeleteServersTestJSON-1027520847 tempest-DeleteServersTestJSON-1027520847-project-member] Lock "('np0000002294', 'np0000002294')" acquired by "nova.scheduler.host_manager.HostState.update.._locked_update" :: waited 0.000s {{(pid=95589) inner /opt/stack/data/venv/lib/python3.12/site-packages/oslo_concurrency/lockutils.py:524}}
Jun 08 10:41:16.137790 np0000002294 nova-scheduler[95589]: DEBUG nova.scheduler.host_manager [None req-a4f03236-fb14-4ae2-8ba3-391dc8c669da tempest-DeleteServersTestJSON-1027520847 tempest-DeleteServersTestJSON-1027520847-project-member] Update host state from compute node: ComputeNode(cpu_allocation_ratio=4.0,cpu_info='{"arch": "x86_64", "model": "EPYC-Milan", "vendor": "AMD", "topology": {"cells": 1, "sockets": 12, "cores": 1, "threads": 1}, "maxphysaddr": {"mode": "emulate", "bits": 40}, "features": ["sep", "pschange-mc-no", "erms", "nx", "avx", "stibp-always-on", "adx", "f16c", "amd-psfd", "tsc-deadline", "rdctl-no", "avx2", "pni", "mmx", "rdtscp", "sse4.1", "tsc_adjust", "arat", "stibp", "bmi2", "topoext", "3dnowprefetch", "arch-capabilities", "smep", "pse36", "cx8", "de", "spec-ctrl", "ssbd", "pclmuldq", "clflush", "npt", "syscall", "xsaveopt", "abm", "vgif", "clwb", "ssse3", "fpu", "tsc-scale", "xsave", "fma", "mmxext", "umip", "vaes", "xgetbv1", "mce", "lbrv", "mds-no", "svm", "sse", "skip-l1dfl-vmentry", "bmi1", "v-vmsave-vmload", "flushbyasid", "nrip-save", "msr", "pcid", "lahf_lm", "perfctr_core", "x2apic", "lm", "invpcid", "pge", "rdpid", "cmov", "virt-ssbd", "gds-no", "hypervisor", "clzero", "cx16", "osvw", "fxsr_opt", "amd-stibp", "sse4.2", "vmcb-clean", "sha-ni", "sse2", "fsrm", "vpclmulqdq", "null-sel-clr-base", "cr8legacy", "aes", "no-nested-data-bp", "pku", "svme-addr-chk", "xsaveerptr", "ibpb", "misalignsse", "tsc", "pse", "lfence-always-serializing", "pdpe1gb", "movbe", "cmp_legacy", "ibrs", "pae", "xsavec", "amd-ssbd", "apic", "mtrr", "pat", "rdseed", "fxsr", "xsaves", "smap", "vme", "clflushopt", "wbnoinvd", "pause-filter", "rdrand", "fsgsbase", "sse4a", "pfthreshold", "popcnt", "mca"]}',created_at=2026-06-08T10:39:00Z,current_workload=0,deleted=False,deleted_at=None,disk_allocation_ratio=1.0,disk_available_least=74,free_disk_gb=95,free_ram_mb=23518,host='np0000002294',host_ip=10.4.3.135,hypervisor_hostname='np0000002294',hypervisor_type='QEMU',hypervisor_version=8002002,id=1,local_gb=95,local_gb_used=0,mapped=1,memory_mb=24030,memory_mb_used=512,metrics='[]',numa_topology='{"nova_object.name": "NUMATopology", "nova_object.namespace": "nova", "nova_object.version": "1.2", "nova_object.data": {"cells": [{"nova_object.name": "NUMACell", "nova_object.namespace": "nova", "nova_object.version": "1.5", "nova_object.data": {"id": 0, "cpuset": [0, 1, 2, 3, 4, 5, 6, 7, 8, 9, 10, 11], "pcpuset": [0, 1, 2, 3, 4, 5, 6, 7, 8, 9, 10, 11], "memory": 24030, "cpu_usage": 0, "memory_usage": 0, "pinned_cpus": [], "siblings": [[6], [2], [5], [11], [8], [4], [1], [7], [10], [0], [3], [9]], "mempages": [{"nova_object.name": "NUMAPagesTopology", "nova_object.namespace": "nova", "nova_object.version": "1.1", "nova_object.data": {"size_kb": 4, "total": 6151797, "used": 0, "reserved": 0}, "nova_object.changes": ["total", "reserved", "size_kb", "used"]}, {"nova_object.name": "NUMAPagesTopology", "nova_object.namespace": "nova", "nova_object.version": "1.1", "nova_object.data": {"size_kb": 2048, "total": 0, "used": 0, "reserved": 0}, "nova_object.changes": ["total", "reserved", "size_kb", "used"]}, {"nova_object.name": "NUMAPagesTopology", "nova_object.namespace": "nova", "nova_object.version": "1.1", "nova_object.data": {"size_kb": 1048576, "total": 0, "used": 0, "reserved": 0}, "nova_object.changes": ["total", "reserved", "size_kb", "used"]}], "network_metadata": {"nova_object.name": "NetworkMetadata", "nova_object.namespace": "nova", "nova_object.version": "1.0", "nova_object.data": {"physnets": [], "tunneled": false}, "nova_object.changes": ["physnets", "tunneled"]}, "socket": null}, "nova_object.changes": ["memory", "socket", "id", "cpuset", "memory_usage", "mempages", "pinned_cpus", "pcpuset", "cpu_usage", "siblings", "network_metadata"]}]}, "nova_object.changes": ["cells"]}',pci_device_pools=PciDevicePoolList,ram_allocation_ratio=1.0,running_vms=0,service_id=3,stats={failed_builds='0',uptime=' 10:40:46 up 26 min, 2 users, load average: 1.40, 1.51, 0.85
Jun 08 10:41:16.137790 np0000002294 nova-scheduler[95589]: '},supported_hv_specs=[HVSpec,HVSpec,HVSpec,HVSpec,HVSpec,HVSpec,HVSpec,HVSpec,HVSpec,HVSpec,HVSpec,HVSpec,HVSpec,HVSpec,HVSpec,HVSpec,HVSpec,HVSpec,HVSpec,HVSpec,HVSpec,HVSpec,HVSpec,HVSpec,HVSpec],updated_at=2026-06-08T10:40:48Z,uuid=98989d64-8215-4650-a605-28c5267ca652,vcpus=12,vcpus_used=0) {{(pid=95589) _locked_update /opt/stack/nova/nova/scheduler/host_manager.py:168}}
Jun 08 10:41:16.138771 np0000002294 nova-scheduler[95589]: DEBUG nova.scheduler.host_manager [None req-a4f03236-fb14-4ae2-8ba3-391dc8c669da tempest-DeleteServersTestJSON-1027520847 tempest-DeleteServersTestJSON-1027520847-project-member] Update host state with aggregates: [] {{(pid=95589) _locked_update /opt/stack/nova/nova/scheduler/host_manager.py:171}}
Jun 08 10:41:16.139104 np0000002294 nova-scheduler[95589]: DEBUG nova.scheduler.host_manager [None req-a4f03236-fb14-4ae2-8ba3-391dc8c669da tempest-DeleteServersTestJSON-1027520847 tempest-DeleteServersTestJSON-1027520847-project-member] Update host state with service dict: {'id': 3, 'uuid': '499606db-b8f2-4e4b-9fbb-eef3e2e89be9', 'host': 'np0000002294', 'binary': 'nova-compute', 'topic': 'compute', 'report_count': 2, 'disabled': False, 'disabled_reason': None, 'last_seen_up': datetime.datetime(2026, 6, 8, 10, 41, 9, tzinfo=datetime.timezone.utc), 'forced_down': False, 'version': 72, 'created_at': datetime.datetime(2026, 6, 8, 10, 38, 58, tzinfo=datetime.timezone.utc), 'updated_at': datetime.datetime(2026, 6, 8, 10, 41, 9, tzinfo=datetime.timezone.utc), 'deleted_at': None, 'deleted': False} {{(pid=95589) _locked_update /opt/stack/nova/nova/scheduler/host_manager.py:174}}
Jun 08 10:41:16.139759 np0000002294 nova-scheduler[95589]: DEBUG nova.scheduler.host_manager [None req-a4f03236-fb14-4ae2-8ba3-391dc8c669da tempest-DeleteServersTestJSON-1027520847 tempest-DeleteServersTestJSON-1027520847-project-member] Update host state with instances: [] {{(pid=95589) _locked_update /opt/stack/nova/nova/scheduler/host_manager.py:177}}
Jun 08 10:41:16.139759 np0000002294 nova-scheduler[95589]: DEBUG oslo_concurrency.lockutils [None req-a4f03236-fb14-4ae2-8ba3-391dc8c669da tempest-DeleteServersTestJSON-1027520847 tempest-DeleteServersTestJSON-1027520847-project-member] Lock "('np0000002294', 'np0000002294')" "released" by "nova.scheduler.host_manager.HostState.update.._locked_update" :: held 0.003s {{(pid=95589) inner /opt/stack/data/venv/lib/python3.12/site-packages/oslo_concurrency/lockutils.py:543}}
Jun 08 10:41:16.140204 np0000002294 nova-scheduler[95589]: DEBUG nova.filters [None req-a4f03236-fb14-4ae2-8ba3-391dc8c669da tempest-DeleteServersTestJSON-1027520847 tempest-DeleteServersTestJSON-1027520847-project-member] Starting with 1 host(s) {{(pid=95589) get_filtered_objects /opt/stack/nova/nova/filters.py:70}}
Jun 08 10:41:16.140321 np0000002294 nova-scheduler[95589]: DEBUG nova.filters [None req-a4f03236-fb14-4ae2-8ba3-391dc8c669da tempest-DeleteServersTestJSON-1027520847 tempest-DeleteServersTestJSON-1027520847-project-member] Filter ComputeFilter returned 1 host(s) {{(pid=95589) get_filtered_objects /opt/stack/nova/nova/filters.py:102}}
Jun 08 10:41:16.140525 np0000002294 nova-scheduler[95589]: DEBUG nova.filters [None req-a4f03236-fb14-4ae2-8ba3-391dc8c669da tempest-DeleteServersTestJSON-1027520847 tempest-DeleteServersTestJSON-1027520847-project-member] Filter ComputeCapabilitiesFilter returned 1 host(s) {{(pid=95589) get_filtered_objects /opt/stack/nova/nova/filters.py:102}}
Jun 08 10:41:16.140780 np0000002294 nova-scheduler[95589]: DEBUG nova.filters [None req-a4f03236-fb14-4ae2-8ba3-391dc8c669da tempest-DeleteServersTestJSON-1027520847 tempest-DeleteServersTestJSON-1027520847-project-member] Filter ImagePropertiesFilter returned 1 host(s) {{(pid=95589) get_filtered_objects /opt/stack/nova/nova/filters.py:102}}
Jun 08 10:41:16.140940 np0000002294 nova-scheduler[95589]: DEBUG nova.filters [None req-a4f03236-fb14-4ae2-8ba3-391dc8c669da tempest-DeleteServersTestJSON-1027520847 tempest-DeleteServersTestJSON-1027520847-project-member] Filter ServerGroupAntiAffinityFilter returned 1 host(s) {{(pid=95589) get_filtered_objects /opt/stack/nova/nova/filters.py:102}}
Jun 08 10:41:16.141086 np0000002294 nova-scheduler[95589]: DEBUG nova.filters [None req-a4f03236-fb14-4ae2-8ba3-391dc8c669da tempest-DeleteServersTestJSON-1027520847 tempest-DeleteServersTestJSON-1027520847-project-member] Filter ServerGroupAffinityFilter returned 1 host(s) {{(pid=95589) get_filtered_objects /opt/stack/nova/nova/filters.py:102}}
Jun 08 10:41:16.141228 np0000002294 nova-scheduler[95589]: DEBUG nova.filters [None req-a4f03236-fb14-4ae2-8ba3-391dc8c669da tempest-DeleteServersTestJSON-1027520847 tempest-DeleteServersTestJSON-1027520847-project-member] Filter SameHostFilter returned 1 host(s) {{(pid=95589) get_filtered_objects /opt/stack/nova/nova/filters.py:102}}
Jun 08 10:41:16.141383 np0000002294 nova-scheduler[95589]: DEBUG nova.filters [None req-a4f03236-fb14-4ae2-8ba3-391dc8c669da tempest-DeleteServersTestJSON-1027520847 tempest-DeleteServersTestJSON-1027520847-project-member] Filter DifferentHostFilter returned 1 host(s) {{(pid=95589) get_filtered_objects /opt/stack/nova/nova/filters.py:102}}
Jun 08 10:41:16.141619 np0000002294 nova-scheduler[95589]: DEBUG nova.scheduler.manager [None req-a4f03236-fb14-4ae2-8ba3-391dc8c669da tempest-DeleteServersTestJSON-1027520847 tempest-DeleteServersTestJSON-1027520847-project-member] Filtered [(np0000002294, np0000002294) ram: 23518MB disk: 75776MB io_ops: 0 instances: 0, allocation_candidates: 1] {{(pid=95589) _get_sorted_hosts /opt/stack/nova/nova/scheduler/manager.py:743}}
Jun 08 10:41:16.144527 np0000002294 nova-scheduler[95589]: DEBUG nova.scheduler.manager [None req-a4f03236-fb14-4ae2-8ba3-391dc8c669da tempest-DeleteServersTestJSON-1027520847 tempest-DeleteServersTestJSON-1027520847-project-member] Weighed [WeighedHost [host: (np0000002294, np0000002294) ram: 23518MB disk: 75776MB io_ops: 0 instances: 0, allocation_candidates: 1, weight: 0.0]] {{(pid=95589) _get_sorted_hosts /opt/stack/nova/nova/scheduler/manager.py:765}}
Jun 08 10:41:16.144527 np0000002294 nova-scheduler[95589]: DEBUG nova.scheduler.utils [None req-a4f03236-fb14-4ae2-8ba3-391dc8c669da tempest-DeleteServersTestJSON-1027520847 tempest-DeleteServersTestJSON-1027520847-project-member] Attempting to claim resources in the placement API for instance ef70a5cd-e1d9-41bc-8897-05a3b3fc1296 {{(pid=95589) claim_resources /opt/stack/nova/nova/scheduler/utils.py:1345}}
Jun 08 10:41:16.184072 np0000002294 nova-scheduler[95612]: INFO nova.utils [None req-5ea770f9-4d1b-4cd6-b0c1-d63d3b1541c5 tempest-ImageDependencyTests-1675447065 tempest-ImageDependencyTests-1675447065-project-member] The cell worker thread pool ForkProcess-2.cell_worker is initialized
Jun 08 10:41:16.184072 np0000002294 nova-scheduler[95612]: DEBUG oslo_concurrency.lockutils [None req-5ea770f9-4d1b-4cd6-b0c1-d63d3b1541c5 tempest-ImageDependencyTests-1675447065 tempest-ImageDependencyTests-1675447065-project-member] Acquiring lock "d53baef5-4640-46a7-a061-72f83f96f734" by "nova.context.set_target_cell..get_or_set_cached_cell_and_set_connections" {{(pid=95612) inner /opt/stack/data/venv/lib/python3.12/site-packages/oslo_concurrency/lockutils.py:511}}
Jun 08 10:41:16.184072 np0000002294 nova-scheduler[95612]: DEBUG oslo_concurrency.lockutils [None req-5ea770f9-4d1b-4cd6-b0c1-d63d3b1541c5 tempest-ImageDependencyTests-1675447065 tempest-ImageDependencyTests-1675447065-project-member] Lock "d53baef5-4640-46a7-a061-72f83f96f734" acquired by "nova.context.set_target_cell..get_or_set_cached_cell_and_set_connections" :: waited 0.000s {{(pid=95612) inner /opt/stack/data/venv/lib/python3.12/site-packages/oslo_concurrency/lockutils.py:524}}
Jun 08 10:41:16.185875 np0000002294 nova-scheduler[95612]: DEBUG oslo_concurrency.lockutils [None req-5ea770f9-4d1b-4cd6-b0c1-d63d3b1541c5 tempest-ImageDependencyTests-1675447065 tempest-ImageDependencyTests-1675447065-project-member] Lock "d53baef5-4640-46a7-a061-72f83f96f734" "released" by "nova.context.set_target_cell..get_or_set_cached_cell_and_set_connections" :: held 0.002s {{(pid=95612) inner /opt/stack/data/venv/lib/python3.12/site-packages/oslo_concurrency/lockutils.py:543}}
Jun 08 10:41:16.188291 np0000002294 nova-scheduler[95612]: INFO dbcounter [None req-5ea770f9-4d1b-4cd6-b0c1-d63d3b1541c5 tempest-ImageDependencyTests-1675447065 tempest-ImageDependencyTests-1675447065-project-member] Registered counter for database nova_cell1
Jun 08 10:41:16.239888 np0000002294 nova-scheduler[95612]: DEBUG oslo_db.sqlalchemy.engines [None req-5ea770f9-4d1b-4cd6-b0c1-d63d3b1541c5 tempest-ImageDependencyTests-1675447065 tempest-ImageDependencyTests-1675447065-project-member] MySQL server mode set to STRICT_TRANS_TABLES,STRICT_ALL_TABLES,NO_ZERO_IN_DATE,NO_ZERO_DATE,ERROR_FOR_DIVISION_BY_ZERO,TRADITIONAL,NO_ENGINE_SUBSTITUTION {{(pid=95612) _check_effective_sql_mode /opt/stack/data/venv/lib/python3.12/site-packages/oslo_db/sqlalchemy/engines.py:325}}
Jun 08 10:41:16.246610 np0000002294 nova-scheduler[95612]: DEBUG dbcounter [-] [95612] Writer thread running {{(pid=95612) stat_writer /opt/stack/data/venv/lib/python3.12/site-packages/dbcounter.py:102}}
Jun 08 10:41:16.309037 np0000002294 nova-scheduler[95612]: DEBUG dbcounter [-] [95612] Writer thread running {{(pid=95612) stat_writer /opt/stack/data/venv/lib/python3.12/site-packages/dbcounter.py:102}}
Jun 08 10:41:16.312264 np0000002294 nova-scheduler[95612]: DEBUG oslo_concurrency.lockutils [None req-5ea770f9-4d1b-4cd6-b0c1-d63d3b1541c5 tempest-ImageDependencyTests-1675447065 tempest-ImageDependencyTests-1675447065-project-member] Acquiring lock "d53baef5-4640-46a7-a061-72f83f96f734" by "nova.context.set_target_cell..get_or_set_cached_cell_and_set_connections" {{(pid=95612) inner /opt/stack/data/venv/lib/python3.12/site-packages/oslo_concurrency/lockutils.py:511}}
Jun 08 10:41:16.312424 np0000002294 nova-scheduler[95612]: DEBUG oslo_concurrency.lockutils [None req-5ea770f9-4d1b-4cd6-b0c1-d63d3b1541c5 tempest-ImageDependencyTests-1675447065 tempest-ImageDependencyTests-1675447065-project-member] Lock "d53baef5-4640-46a7-a061-72f83f96f734" acquired by "nova.context.set_target_cell..get_or_set_cached_cell_and_set_connections" :: waited 0.000s {{(pid=95612) inner /opt/stack/data/venv/lib/python3.12/site-packages/oslo_concurrency/lockutils.py:524}}
Jun 08 10:41:16.312536 np0000002294 nova-scheduler[95612]: DEBUG oslo_concurrency.lockutils [None req-5ea770f9-4d1b-4cd6-b0c1-d63d3b1541c5 tempest-ImageDependencyTests-1675447065 tempest-ImageDependencyTests-1675447065-project-member] Lock "d53baef5-4640-46a7-a061-72f83f96f734" "released" by "nova.context.set_target_cell..get_or_set_cached_cell_and_set_connections" :: held 0.000s {{(pid=95612) inner /opt/stack/data/venv/lib/python3.12/site-packages/oslo_concurrency/lockutils.py:543}}
Jun 08 10:41:16.318010 np0000002294 nova-scheduler[95612]: DEBUG oslo_concurrency.lockutils [None req-5ea770f9-4d1b-4cd6-b0c1-d63d3b1541c5 tempest-ImageDependencyTests-1675447065 tempest-ImageDependencyTests-1675447065-project-member] Acquiring lock "('np0000002294', 'np0000002294')" by "nova.scheduler.host_manager.HostState.update.._locked_update" {{(pid=95612) inner /opt/stack/data/venv/lib/python3.12/site-packages/oslo_concurrency/lockutils.py:511}}
Jun 08 10:41:16.318170 np0000002294 nova-scheduler[95612]: DEBUG oslo_concurrency.lockutils [None req-5ea770f9-4d1b-4cd6-b0c1-d63d3b1541c5 tempest-ImageDependencyTests-1675447065 tempest-ImageDependencyTests-1675447065-project-member] Lock "('np0000002294', 'np0000002294')" acquired by "nova.scheduler.host_manager.HostState.update.._locked_update" :: waited 0.000s {{(pid=95612) inner /opt/stack/data/venv/lib/python3.12/site-packages/oslo_concurrency/lockutils.py:524}}
