Jun 15 08:58:37.828711 np0000002837 devstack@g-api.service[102041]: DEBUG glance.api.middleware.version_negotiation [None req-956b56ca-8b8a-48f6-b71c-49fa4e484032 tempest-ServerBootFromVolumeStableRescueTest-1613801529 tempest-ServerBootFromVolumeStableRescueTest-1613801529-project-member] new path /v2/images/69f4e776-486d-4ca0-aa27-36e1924a0d66 {{(pid=102041) process_request /opt/stack/glance/glance/api/middleware/version_negotiation.py:70}}
Jun 15 08:58:37.837879 np0000002837 devstack@g-api.service[102042]: [pid: 102042|app: 0|req: 90/267] 127.0.0.1 () {40 vars in 834 bytes} [Mon Jun 15 08:58:37 2026] GET /v2/images/69f4e776-486d-4ca0-aa27-36e1924a0d66 => generated 1357 bytes in 20 msecs (HTTP/1.1 200) 4 headers in 158 bytes (1 switches on core 0)
Jun 15 08:58:37.847437 np0000002837 devstack@g-api.service[102041]: [pid: 102041|app: 0|req: 91/268] 127.0.0.1 () {44 vars in 1111 bytes} [Mon Jun 15 08:58:37 2026] GET /v2/images/69f4e776-486d-4ca0-aa27-36e1924a0d66 => generated 1357 bytes in 19 msecs (HTTP/1.1 200) 4 headers in 158 bytes (1 switches on core 0)
Jun 15 08:58:37.907186 np0000002837 devstack@g-api.service[102043]: DEBUG glance.api.middleware.version_negotiation [None req-91316010-e042-4f7a-a637-7a4e34550320 tempest-ServerBootFromVolumeStableRescueTest-1613801529 tempest-ServerBootFromVolumeStableRescueTest-1613801529-project-member] Determining version of request: GET /v2/schemas/image Accept: */* {{(pid=102043) process_request /opt/stack/glance/glance/api/middleware/version_negotiation.py:44}}
Jun 15 08:58:37.909652 np0000002837 devstack@g-api.service[102043]: DEBUG glance.api.middleware.version_negotiation [None req-91316010-e042-4f7a-a637-7a4e34550320 tempest-ServerBootFromVolumeStableRescueTest-1613801529 tempest-ServerBootFromVolumeStableRescueTest-1613801529-project-member] Using url versioning {{(pid=102043) process_request /opt/stack/glance/glance/api/middleware/version_negotiation.py:57}}
Jun 15 08:58:37.909652 np0000002837 devstack@g-api.service[102043]: DEBUG glance.api.middleware.version_negotiation [None req-91316010-e042-4f7a-a637-7a4e34550320 tempest-ServerBootFromVolumeStableRescueTest-1613801529 tempest-ServerBootFromVolumeStableRescueTest-1613801529-project-member] Matched version: v2 {{(pid=102043) process_request /opt/stack/glance/glance/api/middleware/version_negotiation.py:69}}
Jun 15 08:58:37.909652 np0000002837 devstack@g-api.service[102043]: DEBUG glance.api.middleware.version_negotiation [None req-91316010-e042-4f7a-a637-7a4e34550320 tempest-ServerBootFromVolumeStableRescueTest-1613801529 tempest-ServerBootFromVolumeStableRescueTest-1613801529-project-member] new path /v2/schemas/image {{(pid=102043) process_request /opt/stack/glance/glance/api/middleware/version_negotiation.py:70}}
Jun 15 08:58:37.910306 np0000002837 devstack@g-api.service[102043]: [pid: 102043|app: 0|req: 88/269] 127.0.0.1 () {44 vars in 1051 bytes} [Mon Jun 15 08:58:37 2026] GET /v2/schemas/image => generated 6083 bytes in 3 msecs (HTTP/1.1 200) 4 headers in 158 bytes (1 switches on core 0)
Jun 15 08:58:37.963524 np0000002837 devstack@g-api.service[102042]: DEBUG glance.api.middleware.version_negotiation [None req-109dc795-2d3a-4567-bb38-a06bf9a0c0c5 tempest-ServerBootFromVolumeStableRescueTest-1613801529 tempest-ServerBootFromVolumeStableRescueTest-1613801529-project-member] Determining version of request: GET /v2/schemas/image Accept: */* {{(pid=102042) process_request /opt/stack/glance/glance/api/middleware/version_negotiation.py:44}}
Jun 15 08:58:37.963769 np0000002837 devstack@g-api.service[102042]: DEBUG glance.api.middleware.version_negotiation [None req-109dc795-2d3a-4567-bb38-a06bf9a0c0c5 tempest-ServerBootFromVolumeStableRescueTest-1613801529 tempest-ServerBootFromVolumeStableRescueTest-1613801529-project-member] Using url versioning {{(pid=102042) process_request /opt/stack/glance/glance/api/middleware/version_negotiation.py:57}}
Jun 15 08:58:37.963907 np0000002837 devstack@g-api.service[102042]: DEBUG glance.api.middleware.version_negotiation [None req-109dc795-2d3a-4567-bb38-a06bf9a0c0c5 tempest-ServerBootFromVolumeStableRescueTest-1613801529 tempest-ServerBootFromVolumeStableRescueTest-1613801529-project-member] Matched version: v2 {{(pid=102042) process_request /opt/stack/glance/glance/api/middleware/version_negotiation.py:69}}
Jun 15 08:58:37.963987 np0000002837 devstack@g-api.service[102042]: DEBUG glance.api.middleware.version_negotiation [None req-109dc795-2d3a-4567-bb38-a06bf9a0c0c5 tempest-ServerBootFromVolumeStableRescueTest-1613801529 tempest-ServerBootFromVolumeStableRescueTest-1613801529-project-member] new path /v2/schemas/image {{(pid=102042) process_request /opt/stack/glance/glance/api/middleware/version_negotiation.py:70}}
Jun 15 08:58:37.968413 np0000002837 devstack@g-api.service[102042]: [pid: 102042|app: 0|req: 91/270] 127.0.0.1 () {44 vars in 1051 bytes} [Mon Jun 15 08:58:37 2026] GET /v2/schemas/image => generated 6083 bytes in 5 msecs (HTTP/1.1 200) 4 headers in 158 bytes (1 switches on core 0)
Jun 15 08:58:38.038761 np0000002837 devstack@g-api.service[102041]: DEBUG glance.api.middleware.version_negotiation [None req-31d0ed57-8e7b-4cdb-8297-4c8086776a90 tempest-ServerBootFromVolumeStableRescueTest-1613801529 tempest-ServerBootFromVolumeStableRescueTest-1613801529-project-member] Determining version of request: PATCH /v2/images/69f4e776-486d-4ca0-aa27-36e1924a0d66 Accept: */* {{(pid=102041) process_request /opt/stack/glance/glance/api/middleware/version_negotiation.py:44}}
Jun 15 08:58:38.038761 np0000002837 devstack@g-api.service[102041]: DEBUG glance.api.middleware.version_negotiation [None req-31d0ed57-8e7b-4cdb-8297-4c8086776a90 tempest-ServerBootFromVolumeStableRescueTest-1613801529 tempest-ServerBootFromVolumeStableRescueTest-1613801529-project-member] Using url versioning {{(pid=102041) process_request /opt/stack/glance/glance/api/middleware/version_negotiation.py:57}}
Jun 15 08:58:38.038963 np0000002837 devstack@g-api.service[102041]: DEBUG glance.api.middleware.version_negotiation [None req-31d0ed57-8e7b-4cdb-8297-4c8086776a90 tempest-ServerBootFromVolumeStableRescueTest-1613801529 tempest-ServerBootFromVolumeStableRescueTest-1613801529-project-member] Matched version: v2 {{(pid=102041) process_request /opt/stack/glance/glance/api/middleware/version_negotiation.py:69}}
Jun 15 08:58:38.039676 np0000002837 devstack@g-api.service[102041]: DEBUG glance.api.middleware.version_negotiation [None req-31d0ed57-8e7b-4cdb-8297-4c8086776a90 tempest-ServerBootFromVolumeStableRescueTest-1613801529 tempest-ServerBootFromVolumeStableRescueTest-1613801529-project-member] new path /v2/images/69f4e776-486d-4ca0-aa27-36e1924a0d66 {{(pid=102041) process_request /opt/stack/glance/glance/api/middleware/version_negotiation.py:70}}
Jun 15 08:58:38.271638 np0000002837 devstack@g-api.service[102041]: [pid: 102041|app: 0|req: 92/271] 127.0.0.1 () {46 vars in 1154 bytes} [Mon Jun 15 08:58:38 2026] PATCH /v2/images/69f4e776-486d-4ca0-aa27-36e1924a0d66 => generated 1468 bytes in 233 msecs (HTTP/1.1 200) 4 headers in 158 bytes (1 switches on core 0)
Jun 15 08:58:38.316966 np0000002837 devstack@g-api.service[102043]: DEBUG glance.api.middleware.version_negotiation [None req-31d0ed57-8e7b-4cdb-8297-4c8086776a90 tempest-ServerBootFromVolumeStableRescueTest-1613801529 tempest-ServerBootFromVolumeStableRescueTest-1613801529-project-member] Determining version of request: GET /v2/images/69f4e776-486d-4ca0-aa27-36e1924a0d66 Accept: */* {{(pid=102043) process_request /opt/stack/glance/glance/api/middleware/version_negotiation.py:44}}
Jun 15 08:58:38.316966 np0000002837 devstack@g-api.service[102043]: DEBUG glance.api.middleware.version_negotiation [None req-31d0ed57-8e7b-4cdb-8297-4c8086776a90 tempest-ServerBootFromVolumeStableRescueTest-1613801529 tempest-ServerBootFromVolumeStableRescueTest-1613801529-project-member] Using url versioning {{(pid=102043) process_request /opt/stack/glance/glance/api/middleware/version_negotiation.py:57}}
Jun 15 08:58:38.317194 np0000002837 devstack@g-api.service[102043]: DEBUG glance.api.middleware.version_negotiation [None req-31d0ed57-8e7b-4cdb-8297-4c8086776a90 tempest-ServerBootFromVolumeStableRescueTest-1613801529 tempest-ServerBootFromVolumeStableRescueTest-1613801529-project-member] Matched version: v2 {{(pid=102043) process_request /opt/stack/glance/glance/api/middleware/version_negotiation.py:69}}
Jun 15 08:58:38.317631 np0000002837 devstack@g-api.service[102043]: DEBUG glance.api.middleware.version_negotiation [None req-31d0ed57-8e7b-4cdb-8297-4c8086776a90 tempest-ServerBootFromVolumeStableRescueTest-1613801529 tempest-ServerBootFromVolumeStableRescueTest-1613801529-project-member] new path /v2/images/69f4e776-486d-4ca0-aa27-36e1924a0d66 {{(pid=102043) process_request /opt/stack/glance/glance/api/middleware/version_negotiation.py:70}}
Jun 15 08:58:38.341682 np0000002837 devstack@g-api.service[102043]: [pid: 102043|app: 0|req: 89/272] 127.0.0.1 () {44 vars in 1111 bytes} [Mon Jun 15 08:58:38 2026] GET /v2/images/69f4e776-486d-4ca0-aa27-36e1924a0d66 => generated 1468 bytes in 25 msecs (HTTP/1.1 200) 4 headers in 158 bytes (1 switches on core 0)
Jun 15 08:58:38.397655 np0000002837 devstack@g-api.service[102042]: DEBUG glance.api.middleware.version_negotiation [None req-31d0ed57-8e7b-4cdb-8297-4c8086776a90 tempest-ServerBootFromVolumeStableRescueTest-1613801529 tempest-ServerBootFromVolumeStableRescueTest-1613801529-project-member] Determining version of request: PUT /v2/images/69f4e776-486d-4ca0-aa27-36e1924a0d66/file Accept: */* {{(pid=102042) process_request /opt/stack/glance/glance/api/middleware/version_negotiation.py:44}}
Jun 15 08:58:38.397908 np0000002837 devstack@g-api.service[102042]: DEBUG glance.api.middleware.version_negotiation [None req-31d0ed57-8e7b-4cdb-8297-4c8086776a90 tempest-ServerBootFromVolumeStableRescueTest-1613801529 tempest-ServerBootFromVolumeStableRescueTest-1613801529-project-member] Using url versioning {{(pid=102042) process_request /opt/stack/glance/glance/api/middleware/version_negotiation.py:57}}
Jun 15 08:58:38.398120 np0000002837 devstack@g-api.service[102042]: DEBUG glance.api.middleware.version_negotiation [None req-31d0ed57-8e7b-4cdb-8297-4c8086776a90 tempest-ServerBootFromVolumeStableRescueTest-1613801529 tempest-ServerBootFromVolumeStableRescueTest-1613801529-project-member] Matched version: v2 {{(pid=102042) process_request /opt/stack/glance/glance/api/middleware/version_negotiation.py:69}}
Jun 15 08:58:38.398330 np0000002837 devstack@g-api.service[102042]: DEBUG glance.api.middleware.version_negotiation [None req-31d0ed57-8e7b-4cdb-8297-4c8086776a90 tempest-ServerBootFromVolumeStableRescueTest-1613801529 tempest-ServerBootFromVolumeStableRescueTest-1613801529-project-member] new path /v2/images/69f4e776-486d-4ca0-aa27-36e1924a0d66/file {{(pid=102042) process_request /opt/stack/glance/glance/api/middleware/version_negotiation.py:70}}
Jun 15 08:58:38.852667 np0000002837 devstack@g-api.service[102041]: DEBUG glance.api.middleware.version_negotiation [None req-31d0ed57-8e7b-4cdb-8297-4c8086776a90 tempest-ServerBootFromVolumeStableRescueTest-1613801529 tempest-ServerBootFromVolumeStableRescueTest-1613801529-project-member] Determining version of request: GET /v2/images/69f4e776-486d-4ca0-aa27-36e1924a0d66 Accept: application/json {{(pid=102041) process_request /opt/stack/glance/glance/api/middleware/version_negotiation.py:44}}
Jun 15 08:58:38.852667 np0000002837 devstack@g-api.service[102041]: DEBUG glance.api.middleware.version_negotiation [None req-31d0ed57-8e7b-4cdb-8297-4c8086776a90 tempest-ServerBootFromVolumeStableRescueTest-1613801529 tempest-ServerBootFromVolumeStableRescueTest-1613801529-project-member] Using url versioning {{(pid=102041) process_request /opt/stack/glance/glance/api/middleware/version_negotiation.py:57}}
Jun 15 08:58:38.852667 np0000002837 devstack@g-api.service[102041]: DEBUG glance.api.middleware.version_negotiation [None req-31d0ed57-8e7b-4cdb-8297-4c8086776a90 tempest-ServerBootFromVolumeStableRescueTest-1613801529 tempest-ServerBootFromVolumeStableRescueTest-1613801529-project-member] Matched version: v2 {{(pid=102041) process_request /opt/stack/glance/glance/api/middleware/version_negotiation.py:69}}
Jun 15 08:58:38.855484 np0000002837 devstack@g-api.service[102041]: DEBUG glance.api.middleware.version_negotiation [None req-31d0ed57-8e7b-4cdb-8297-4c8086776a90 tempest-ServerBootFromVolumeStableRescueTest-1613801529 tempest-ServerBootFromVolumeStableRescueTest-1613801529-project-member] new path /v2/images/69f4e776-486d-4ca0-aa27-36e1924a0d66 {{(pid=102041) process_request /opt/stack/glance/glance/api/middleware/version_negotiation.py:70}}
Jun 15 08:58:38.868164 np0000002837 devstack@g-api.service[102041]: [pid: 102041|app: 0|req: 93/273] 127.0.0.1 () {40 vars in 834 bytes} [Mon Jun 15 08:58:38 2026] GET /v2/images/69f4e776-486d-4ca0-aa27-36e1924a0d66 => generated 1468 bytes in 16 msecs (HTTP/1.1 200) 4 headers in 158 bytes (1 switches on core 0)
Jun 15 08:58:39.069566 np0000002837 devstack@g-api.service[102042]: INFO glance.api.v2.image_data [None req-31d0ed57-8e7b-4cdb-8297-4c8086776a90 tempest-ServerBootFromVolumeStableRescueTest-1613801529 tempest-ServerBootFromVolumeStableRescueTest-1613801529-project-member] Unable to create trust: no such option collect_timing in group [keystone_authtoken] Use the existing user token.
Jun 15 08:58:39.659385 np0000002837 devstack@g-api.service[102042]: DEBUG glance.location [None req-31d0ed57-8e7b-4cdb-8297-4c8086776a90 tempest-ServerBootFromVolumeStableRescueTest-1613801529 tempest-ServerBootFromVolumeStableRescueTest-1613801529-project-member] Enabling in-flight format inspection for qcow2 {{(pid=102042) set_data /opt/stack/glance/glance/location.py:616}}
Jun 15 08:58:39.660192 np0000002837 devstack@g-api.service[102042]: DEBUG glance_store.backend [None req-31d0ed57-8e7b-4cdb-8297-4c8086776a90 tempest-ServerBootFromVolumeStableRescueTest-1613801529 tempest-ServerBootFromVolumeStableRescueTest-1613801529-project-member] Attempting to import store swift {{(pid=102042) _load_store /opt/stack/data/venv/lib/python3.12/site-packages/glance_store/backend.py:215}}
Jun 15 08:58:39.661774 np0000002837 devstack@g-api.service[102042]: DEBUG glance_store.capabilities [None req-31d0ed57-8e7b-4cdb-8297-4c8086776a90 tempest-ServerBootFromVolumeStableRescueTest-1613801529 tempest-ServerBootFromVolumeStableRescueTest-1613801529-project-member] Store glance_store._drivers.swift.store.SingleTenantStore doesn't support updating dynamic storage capabilities. Please overwrite 'update_capabilities' method of the store to implement updating logics if needed. {{(pid=102042) update_capabilities /opt/stack/data/venv/lib/python3.12/site-packages/glance_store/capabilities.py:91}}
Jun 15 08:58:39.661921 np0000002837 devstack@g-api.service[102042]: DEBUG glance_store.driver [None req-31d0ed57-8e7b-4cdb-8297-4c8086776a90 tempest-ServerBootFromVolumeStableRescueTest-1613801529 tempest-ServerBootFromVolumeStableRescueTest-1613801529-project-member] Late loading location class glance_store._drivers.swift.store.StoreLocation {{(pid=102042) get_store_location_class /opt/stack/data/venv/lib/python3.12/site-packages/glance_store/driver.py:134}}
Jun 15 08:58:39.662091 np0000002837 devstack@g-api.service[102042]: DEBUG glance_store.location [None req-31d0ed57-8e7b-4cdb-8297-4c8086776a90 tempest-ServerBootFromVolumeStableRescueTest-1613801529 tempest-ServerBootFromVolumeStableRescueTest-1613801529-project-member] Registering scheme swift+https with {'store': , 'location_class': , 'store_entry': 'swift'} {{(pid=102042) register_scheme_map /opt/stack/data/venv/lib/python3.12/site-packages/glance_store/location.py:146}}
Jun 15 08:58:39.662175 np0000002837 devstack@g-api.service[102042]: DEBUG glance_store.location [None req-31d0ed57-8e7b-4cdb-8297-4c8086776a90 tempest-ServerBootFromVolumeStableRescueTest-1613801529 tempest-ServerBootFromVolumeStableRescueTest-1613801529-project-member] Registering scheme swift+https with {'store': , 'location_class': , 'store_entry': 'swift'} {{(pid=102042) register_scheme_map /opt/stack/data/venv/lib/python3.12/site-packages/glance_store/location.py:146}}
Jun 15 08:58:39.662253 np0000002837 devstack@g-api.service[102042]: DEBUG glance_store.location [None req-31d0ed57-8e7b-4cdb-8297-4c8086776a90 tempest-ServerBootFromVolumeStableRescueTest-1613801529 tempest-ServerBootFromVolumeStableRescueTest-1613801529-project-member] Registering scheme swift with {'store': , 'location_class': , 'store_entry': 'swift'} {{(pid=102042) register_scheme_map /opt/stack/data/venv/lib/python3.12/site-packages/glance_store/location.py:146}}
Jun 15 08:58:39.662386 np0000002837 devstack@g-api.service[102042]: DEBUG glance_store.location [None req-31d0ed57-8e7b-4cdb-8297-4c8086776a90 tempest-ServerBootFromVolumeStableRescueTest-1613801529 tempest-ServerBootFromVolumeStableRescueTest-1613801529-project-member] Registering scheme swift+https with {'store': , 'location_class': , 'store_entry': 'swift'} {{(pid=102042) register_scheme_map /opt/stack/data/venv/lib/python3.12/site-packages/glance_store/location.py:146}}
Jun 15 08:58:39.662480 np0000002837 devstack@g-api.service[102042]: DEBUG glance_store.location [None req-31d0ed57-8e7b-4cdb-8297-4c8086776a90 tempest-ServerBootFromVolumeStableRescueTest-1613801529 tempest-ServerBootFromVolumeStableRescueTest-1613801529-project-member] Registering scheme swift with {'store': , 'location_class': , 'store_entry': 'swift'} {{(pid=102042) register_scheme_map /opt/stack/data/venv/lib/python3.12/site-packages/glance_store/location.py:146}}
Jun 15 08:58:39.662605 np0000002837 devstack@g-api.service[102042]: DEBUG glance_store.location [None req-31d0ed57-8e7b-4cdb-8297-4c8086776a90 tempest-ServerBootFromVolumeStableRescueTest-1613801529 tempest-ServerBootFromVolumeStableRescueTest-1613801529-project-member] Registering scheme swift+http with {'store': , 'location_class': , 'store_entry': 'swift'} {{(pid=102042) register_scheme_map /opt/stack/data/venv/lib/python3.12/site-packages/glance_store/location.py:146}}
Jun 15 08:58:39.662732 np0000002837 devstack@g-api.service[102042]: DEBUG glance_store.location [None req-31d0ed57-8e7b-4cdb-8297-4c8086776a90 tempest-ServerBootFromVolumeStableRescueTest-1613801529 tempest-ServerBootFromVolumeStableRescueTest-1613801529-project-member] Registering scheme swift+https with {'store': , 'location_class': , 'store_entry': 'swift'} {{(pid=102042) register_scheme_map /opt/stack/data/venv/lib/python3.12/site-packages/glance_store/location.py:146}}
Jun 15 08:58:39.662816 np0000002837 devstack@g-api.service[102042]: DEBUG glance_store.location [None req-31d0ed57-8e7b-4cdb-8297-4c8086776a90 tempest-ServerBootFromVolumeStableRescueTest-1613801529 tempest-ServerBootFromVolumeStableRescueTest-1613801529-project-member] Registering scheme swift with {'store': , 'location_class': , 'store_entry': 'swift'} {{(pid=102042) register_scheme_map /opt/stack/data/venv/lib/python3.12/site-packages/glance_store/location.py:146}}
Jun 15 08:58:39.663008 np0000002837 devstack@g-api.service[102042]: DEBUG glance_store.location [None req-31d0ed57-8e7b-4cdb-8297-4c8086776a90 tempest-ServerBootFromVolumeStableRescueTest-1613801529 tempest-ServerBootFromVolumeStableRescueTest-1613801529-project-member] Registering scheme swift+http with {'store': , 'location_class': , 'store_entry': 'swift'} {{(pid=102042) register_scheme_map /opt/stack/data/venv/lib/python3.12/site-packages/glance_store/location.py:146}}
Jun 15 08:58:39.663159 np0000002837 devstack@g-api.service[102042]: DEBUG glance_store.location [None req-31d0ed57-8e7b-4cdb-8297-4c8086776a90 tempest-ServerBootFromVolumeStableRescueTest-1613801529 tempest-ServerBootFromVolumeStableRescueTest-1613801529-project-member] Registering scheme swift+config with {'store': , 'location_class': , 'store_entry': 'swift'} {{(pid=102042) register_scheme_map /opt/stack/data/venv/lib/python3.12/site-packages/glance_store/location.py:146}}
Jun 15 08:58:39.878503 np0000002837 devstack@g-api.service[102043]: DEBUG glance.api.middleware.version_negotiation [None req-31d0ed57-8e7b-4cdb-8297-4c8086776a90 tempest-ServerBootFromVolumeStableRescueTest-1613801529 tempest-ServerBootFromVolumeStableRescueTest-1613801529-project-member] Determining version of request: GET /v2/images/69f4e776-486d-4ca0-aa27-36e1924a0d66 Accept: application/json {{(pid=102043) process_request /opt/stack/glance/glance/api/middleware/version_negotiation.py:44}}
Jun 15 08:58:39.879558 np0000002837 devstack@g-api.service[102043]: DEBUG glance.api.middleware.version_negotiation [None req-31d0ed57-8e7b-4cdb-8297-4c8086776a90 tempest-ServerBootFromVolumeStableRescueTest-1613801529 tempest-ServerBootFromVolumeStableRescueTest-1613801529-project-member] Using url versioning {{(pid=102043) process_request /opt/stack/glance/glance/api/middleware/version_negotiation.py:57}}
Jun 15 08:58:39.880315 np0000002837 devstack@g-api.service[102043]: DEBUG glance.api.middleware.version_negotiation [None req-31d0ed57-8e7b-4cdb-8297-4c8086776a90 tempest-ServerBootFromVolumeStableRescueTest-1613801529 tempest-ServerBootFromVolumeStableRescueTest-1613801529-project-member] Matched version: v2 {{(pid=102043) process_request /opt/stack/glance/glance/api/middleware/version_negotiation.py:69}}
Jun 15 08:58:39.880315 np0000002837 devstack@g-api.service[102043]: DEBUG glance.api.middleware.version_negotiation [None req-31d0ed57-8e7b-4cdb-8297-4c8086776a90 tempest-ServerBootFromVolumeStableRescueTest-1613801529 tempest-ServerBootFromVolumeStableRescueTest-1613801529-project-member] new path /v2/images/69f4e776-486d-4ca0-aa27-36e1924a0d66 {{(pid=102043) process_request /opt/stack/glance/glance/api/middleware/version_negotiation.py:70}}
Jun 15 08:58:39.919250 np0000002837 devstack@g-api.service[102043]: [pid: 102043|app: 0|req: 90/274] 127.0.0.1 () {40 vars in 834 bytes} [Mon Jun 15 08:58:39 2026] GET /v2/images/69f4e776-486d-4ca0-aa27-36e1924a0d66 => generated 1468 bytes in 41 msecs (HTTP/1.1 200) 4 headers in 158 bytes (1 switches on core 0)
Jun 15 08:58:39.981709 np0000002837 devstack@g-api.service[102042]: DEBUG swiftclient [None req-31d0ed57-8e7b-4cdb-8297-4c8086776a90 tempest-ServerBootFromVolumeStableRescueTest-1613801529 tempest-ServerBootFromVolumeStableRescueTest-1613801529-project-member] REQ: curl -i https://10.4.3.18:8080/v1/AUTH_0588251de1454bf0ac9f1a792742423e/glance -I -H "X-Auth-Token: gAAAAABqL76_YjcG..." {{(pid=102042) http_log /opt/stack/data/venv/lib/python3.12/site-packages/swiftclient/client.py:160}}
Jun 15 08:58:39.981709 np0000002837 devstack@g-api.service[102042]: DEBUG swiftclient [None req-31d0ed57-8e7b-4cdb-8297-4c8086776a90 tempest-ServerBootFromVolumeStableRescueTest-1613801529 tempest-ServerBootFromVolumeStableRescueTest-1613801529-project-member] RESP STATUS: 204 No Content {{(pid=102042) http_log /opt/stack/data/venv/lib/python3.12/site-packages/swiftclient/client.py:161}}
Jun 15 08:58:39.981812 np0000002837 devstack@g-api.service[102042]: DEBUG swiftclient [None req-31d0ed57-8e7b-4cdb-8297-4c8086776a90 tempest-ServerBootFromVolumeStableRescueTest-1613801529 tempest-ServerBootFromVolumeStableRescueTest-1613801529-project-member] RESP HEADERS: {'Date': 'Mon, 15 Jun 2026 08:58:39 GMT', 'Server': 'Apache/2.4.58 (Ubuntu)', 'Content-Type': 'text/plain; charset=utf-8', 'X-Container-Object-Count': '5', 'X-Container-Bytes-Used': '87883776', 'X-Timestamp': '1781513482.42456', 'Last-Modified': 'Mon, 15 Jun 2026 08:51:23 GMT', 'Accept-Ranges': 'bytes', 'X-Storage-Policy': 'Policy-0', 'X-Container-Sharding': 'False', 'Vary': 'Accept', 'X-Trans-Id': 'tx5dca901d4d8749bf9139f-006a2fbebf', 'X-Openstack-Request-Id': 'tx5dca901d4d8749bf9139f-006a2fbebf', 'Connection': 'close'} {{(pid=102042) http_log /opt/stack/data/venv/lib/python3.12/site-packages/swiftclient/client.py:162}}
Jun 15 08:58:39.982098 np0000002837 devstack@g-api.service[102042]: DEBUG glance_store._drivers.swift.store [None req-31d0ed57-8e7b-4cdb-8297-4c8086776a90 tempest-ServerBootFromVolumeStableRescueTest-1613801529 tempest-ServerBootFromVolumeStableRescueTest-1613801529-project-member] Adding image object '69f4e776-486d-4ca0-aa27-36e1924a0d66' to Swift {{(pid=102042) add /opt/stack/data/venv/lib/python3.12/site-packages/glance_store/_drivers/swift/store.py:970}}
Jun 15 08:58:39.982236 np0000002837 devstack@g-api.service[102042]: DEBUG glance_store._drivers.swift.store [None req-31d0ed57-8e7b-4cdb-8297-4c8086776a90 tempest-ServerBootFromVolumeStableRescueTest-1613801529 tempest-ServerBootFromVolumeStableRescueTest-1613801529-project-member] Cannot determine image size because it is either not provided in the request or chunked-transfer encoding is used. Adding image as a segmented object to Swift. {{(pid=102042) add /opt/stack/data/venv/lib/python3.12/site-packages/glance_store/_drivers/swift/store.py:994}}
Jun 15 08:58:39.995594 np0000002837 devstack@g-api.service[102042]: DEBUG oslo_utils.imageutils.format_inspector [None req-31d0ed57-8e7b-4cdb-8297-4c8086776a90 tempest-ServerBootFromVolumeStableRescueTest-1613801529 tempest-ServerBootFromVolumeStableRescueTest-1613801529-project-member] Format inspector for vmdk does not match, excluding from consideration (Signature KDMV not found: b'QFI\xfb') {{(pid=102042) _process_chunk /opt/stack/data/venv/lib/python3.12/site-packages/oslo_utils/imageutils/format_inspector.py:1758}}
Jun 15 08:58:40.000120 np0000002837 devstack@g-api.service[102042]: DEBUG oslo_utils.imageutils.format_inspector [None req-31d0ed57-8e7b-4cdb-8297-4c8086776a90 tempest-ServerBootFromVolumeStableRescueTest-1613801529 tempest-ServerBootFromVolumeStableRescueTest-1613801529-project-member] Format inspector for vhdx does not match, excluding from consideration (Region signature not found at 30000) {{(pid=102042) _process_chunk /opt/stack/data/venv/lib/python3.12/site-packages/oslo_utils/imageutils/format_inspector.py:1758}}
Jun 15 08:58:40.433786 np0000002837 devstack@g-api.service[102042]: DEBUG swiftclient [None req-31d0ed57-8e7b-4cdb-8297-4c8086776a90 tempest-ServerBootFromVolumeStableRescueTest-1613801529 tempest-ServerBootFromVolumeStableRescueTest-1613801529-project-member] REQ: curl -i https://10.4.3.18:8080/v1/AUTH_0588251de1454bf0ac9f1a792742423e/glance/69f4e776-486d-4ca0-aa27-36e1924a0d66-00001 -X PUT -H "X-Auth-Token: gAAAAABqL76_YjcG..." {{(pid=102042) http_log /opt/stack/data/venv/lib/python3.12/site-packages/swiftclient/client.py:160}}
Jun 15 08:58:40.433786 np0000002837 devstack@g-api.service[102042]: DEBUG swiftclient [None req-31d0ed57-8e7b-4cdb-8297-4c8086776a90 tempest-ServerBootFromVolumeStableRescueTest-1613801529 tempest-ServerBootFromVolumeStableRescueTest-1613801529-project-member] RESP STATUS: 201 Created {{(pid=102042) http_log /opt/stack/data/venv/lib/python3.12/site-packages/swiftclient/client.py:161}}
Jun 15 08:58:40.433786 np0000002837 devstack@g-api.service[102042]: DEBUG swiftclient [None req-31d0ed57-8e7b-4cdb-8297-4c8086776a90 tempest-ServerBootFromVolumeStableRescueTest-1613801529 tempest-ServerBootFromVolumeStableRescueTest-1613801529-project-member] RESP HEADERS: {'Date': 'Mon, 15 Jun 2026 08:58:40 GMT', 'Server': 'Apache/2.4.58 (Ubuntu)', 'Content-Type': 'text/html; charset=UTF-8', 'Content-Length': '0', 'Etag': '4fa343ee581d8d2e78533191fd1ac3e1', 'Last-Modified': 'Mon, 15 Jun 2026 08:58:41 GMT', 'X-Trans-Id': 'txccc805184b9441298a23b-006a2fbebf', 'X-Openstack-Request-Id': 'txccc805184b9441298a23b-006a2fbebf', 'Connection': 'close'} {{(pid=102042) http_log /opt/stack/data/venv/lib/python3.12/site-packages/swiftclient/client.py:162}}
Jun 15 08:58:40.434434 np0000002837 devstack@g-api.service[102042]: DEBUG glance_store._drivers.swift.store [None req-31d0ed57-8e7b-4cdb-8297-4c8086776a90 tempest-ServerBootFromVolumeStableRescueTest-1613801529 tempest-ServerBootFromVolumeStableRescueTest-1613801529-project-member] Wrote chunk 69f4e776-486d-4ca0-aa27-36e1924a0d66-00001 (1/?) of length 23527424 to Swift returning MD5 of content: 4fa343ee581d8d2e78533191fd1ac3e1 {{(pid=102042) add /opt/stack/data/venv/lib/python3.12/site-packages/glance_store/_drivers/swift/store.py:1059}}
Jun 15 08:58:40.434434 np0000002837 devstack@g-api.service[102042]: DEBUG glance_store._drivers.swift.store [None req-31d0ed57-8e7b-4cdb-8297-4c8086776a90 tempest-ServerBootFromVolumeStableRescueTest-1613801529 tempest-ServerBootFromVolumeStableRescueTest-1613801529-project-member] Not writing zero-length chunk. {{(pid=102042) add /opt/stack/data/venv/lib/python3.12/site-packages/glance_store/_drivers/swift/store.py:1028}}
Jun 15 08:58:40.492380 np0000002837 devstack@g-api.service[102042]: DEBUG swiftclient [None req-31d0ed57-8e7b-4cdb-8297-4c8086776a90 tempest-ServerBootFromVolumeStableRescueTest-1613801529 tempest-ServerBootFromVolumeStableRescueTest-1613801529-project-member] REQ: curl -i https://10.4.3.18:8080/v1/AUTH_0588251de1454bf0ac9f1a792742423e/glance/69f4e776-486d-4ca0-aa27-36e1924a0d66 -X PUT -H "X-Object-Manifest: glance/69f4e776-486d-4ca0-aa27-36e1924a0d66-" -H "X-Auth-Token: gAAAAABqL76_YjcG..." -H "Content-Length: 0" {{(pid=102042) http_log /opt/stack/data/venv/lib/python3.12/site-packages/swiftclient/client.py:160}}
Jun 15 08:58:40.493187 np0000002837 devstack@g-api.service[102042]: DEBUG swiftclient [None req-31d0ed57-8e7b-4cdb-8297-4c8086776a90 tempest-ServerBootFromVolumeStableRescueTest-1613801529 tempest-ServerBootFromVolumeStableRescueTest-1613801529-project-member] RESP STATUS: 201 Created {{(pid=102042) http_log /opt/stack/data/venv/lib/python3.12/site-packages/swiftclient/client.py:161}}
Jun 15 08:58:40.493931 np0000002837 devstack@g-api.service[102042]: DEBUG swiftclient [None req-31d0ed57-8e7b-4cdb-8297-4c8086776a90 tempest-ServerBootFromVolumeStableRescueTest-1613801529 tempest-ServerBootFromVolumeStableRescueTest-1613801529-project-member] RESP HEADERS: {'Date': 'Mon, 15 Jun 2026 08:58:40 GMT', 'Server': 'Apache/2.4.58 (Ubuntu)', 'Content-Type': 'text/html; charset=UTF-8', 'Content-Length': '0', 'Etag': 'd41d8cd98f00b204e9800998ecf8427e', 'Last-Modified': 'Mon, 15 Jun 2026 08:58:41 GMT', 'X-Trans-Id': 'tx5eb7211f4aae496eb3acc-006a2fbec0', 'X-Openstack-Request-Id': 'tx5eb7211f4aae496eb3acc-006a2fbec0', 'Connection': 'close'} {{(pid=102042) http_log /opt/stack/data/venv/lib/python3.12/site-packages/swiftclient/client.py:162}}
Jun 15 08:58:40.497118 np0000002837 devstack@g-api.service[102042]: INFO glance.location [None req-31d0ed57-8e7b-4cdb-8297-4c8086776a90 tempest-ServerBootFromVolumeStableRescueTest-1613801529 tempest-ServerBootFromVolumeStableRescueTest-1613801529-project-member] Image format matched and virtual size computed: 1073741824
Jun 15 08:58:40.646537 np0000002837 devstack@g-api.service[102042]: DEBUG glance_store.backend [None req-31d0ed57-8e7b-4cdb-8297-4c8086776a90 tempest-ServerBootFromVolumeStableRescueTest-1613801529 tempest-ServerBootFromVolumeStableRescueTest-1613801529-project-member] Attempting to import store swift {{(pid=102042) _load_store /opt/stack/data/venv/lib/python3.12/site-packages/glance_store/backend.py:215}}
Jun 15 08:58:40.652493 np0000002837 devstack@g-api.service[102042]: DEBUG glance_store.capabilities [None req-31d0ed57-8e7b-4cdb-8297-4c8086776a90 tempest-ServerBootFromVolumeStableRescueTest-1613801529 tempest-ServerBootFromVolumeStableRescueTest-1613801529-project-member] Store glance_store._drivers.swift.store.SingleTenantStore doesn't support updating dynamic storage capabilities. Please overwrite 'update_capabilities' method of the store to implement updating logics if needed. {{(pid=102042) update_capabilities /opt/stack/data/venv/lib/python3.12/site-packages/glance_store/capabilities.py:91}}
Jun 15 08:58:40.652493 np0000002837 devstack@g-api.service[102042]: DEBUG glance_store.driver [None req-31d0ed57-8e7b-4cdb-8297-4c8086776a90 tempest-ServerBootFromVolumeStableRescueTest-1613801529 tempest-ServerBootFromVolumeStableRescueTest-1613801529-project-member] Late loading location class glance_store._drivers.swift.store.StoreLocation {{(pid=102042) get_store_location_class /opt/stack/data/venv/lib/python3.12/site-packages/glance_store/driver.py:134}}
Jun 15 08:58:40.652493 np0000002837 devstack@g-api.service[102042]: DEBUG glance_store.location [None req-31d0ed57-8e7b-4cdb-8297-4c8086776a90 tempest-ServerBootFromVolumeStableRescueTest-1613801529 tempest-ServerBootFromVolumeStableRescueTest-1613801529-project-member] Registering scheme swift+https with {'store': , 'location_class': , 'store_entry': 'swift'} {{(pid=102042) register_scheme_map /opt/stack/data/venv/lib/python3.12/site-packages/glance_store/location.py:146}}
Jun 15 08:58:40.652493 np0000002837 devstack@g-api.service[102042]: DEBUG glance_store.location [None req-31d0ed57-8e7b-4cdb-8297-4c8086776a90 tempest-ServerBootFromVolumeStableRescueTest-1613801529 tempest-ServerBootFromVolumeStableRescueTest-1613801529-project-member] Registering scheme swift+https with {'store': , 'location_class': , 'store_entry': 'swift'} {{(pid=102042) register_scheme_map /opt/stack/data/venv/lib/python3.12/site-packages/glance_store/location.py:146}}
Jun 15 08:58:40.652493 np0000002837 devstack@g-api.service[102042]: DEBUG glance_store.location [None req-31d0ed57-8e7b-4cdb-8297-4c8086776a90 tempest-ServerBootFromVolumeStableRescueTest-1613801529 tempest-ServerBootFromVolumeStableRescueTest-1613801529-project-member] Registering scheme swift with {'store': , 'location_class': , 'store_entry': 'swift'} {{(pid=102042) register_scheme_map /opt/stack/data/venv/lib/python3.12/site-packages/glance_store/location.py:146}}
Jun 15 08:58:40.652493 np0000002837 devstack@g-api.service[102042]: DEBUG glance_store.location [None req-31d0ed57-8e7b-4cdb-8297-4c8086776a90 tempest-ServerBootFromVolumeStableRescueTest-1613801529 tempest-ServerBootFromVolumeStableRescueTest-1613801529-project-member] Registering scheme swift+https with {'store': , 'location_class': , 'store_entry': 'swift'} {{(pid=102042) register_scheme_map /opt/stack/data/venv/lib/python3.12/site-packages/glance_store/location.py:146}}
Jun 15 08:58:40.652493 np0000002837 devstack@g-api.service[102042]: DEBUG glance_store.location [None req-31d0ed57-8e7b-4cdb-8297-4c8086776a90 tempest-ServerBootFromVolumeStableRescueTest-1613801529 tempest-ServerBootFromVolumeStableRescueTest-1613801529-project-member] Registering scheme swift with {'store': , 'location_class': , 'store_entry': 'swift'} {{(pid=102042) register_scheme_map /opt/stack/data/venv/lib/python3.12/site-packages/glance_store/location.py:146}}
Jun 15 08:58:40.652962 np0000002837 devstack@g-api.service[102042]: DEBUG glance_store.location [None req-31d0ed57-8e7b-4cdb-8297-4c8086776a90 tempest-ServerBootFromVolumeStableRescueTest-1613801529 tempest-ServerBootFromVolumeStableRescueTest-1613801529-project-member] Registering scheme swift+http with {'store': , 'location_class': , 'store_entry': 'swift'} {{(pid=102042) register_scheme_map /opt/stack/data/venv/lib/python3.12/site-packages/glance_store/location.py:146}}
Jun 15 08:58:40.652962 np0000002837 devstack@g-api.service[102042]: DEBUG glance_store.location [None req-31d0ed57-8e7b-4cdb-8297-4c8086776a90 tempest-ServerBootFromVolumeStableRescueTest-1613801529 tempest-ServerBootFromVolumeStableRescueTest-1613801529-project-member] Registering scheme swift+https with {'store': , 'location_class': , 'store_entry': 'swift'} {{(pid=102042) register_scheme_map /opt/stack/data/venv/lib/python3.12/site-packages/glance_store/location.py:146}}
Jun 15 08:58:40.652962 np0000002837 devstack@g-api.service[102042]: DEBUG glance_store.location [None req-31d0ed57-8e7b-4cdb-8297-4c8086776a90 tempest-ServerBootFromVolumeStableRescueTest-1613801529 tempest-ServerBootFromVolumeStableRescueTest-1613801529-project-member] Registering scheme swift with {'store': , 'location_class': , 'store_entry': 'swift'} {{(pid=102042) register_scheme_map /opt/stack/data/venv/lib/python3.12/site-packages/glance_store/location.py:146}}
Jun 15 08:58:40.652962 np0000002837 devstack@g-api.service[102042]: DEBUG glance_store.location [None req-31d0ed57-8e7b-4cdb-8297-4c8086776a90 tempest-ServerBootFromVolumeStableRescueTest-1613801529 tempest-ServerBootFromVolumeStableRescueTest-1613801529-project-member] Registering scheme swift+http with {'store': , 'location_class': , 'store_entry': 'swift'} {{(pid=102042) register_scheme_map /opt/stack/data/venv/lib/python3.12/site-packages/glance_store/location.py:146}}
Jun 15 08:58:40.653095 np0000002837 devstack@g-api.service[102042]: DEBUG glance_store.location [None req-31d0ed57-8e7b-4cdb-8297-4c8086776a90 tempest-ServerBootFromVolumeStableRescueTest-1613801529 tempest-ServerBootFromVolumeStableRescueTest-1613801529-project-member] Registering scheme swift+config with {'store': , 'location_class': , 'store_entry': 'swift'} {{(pid=102042) register_scheme_map /opt/stack/data/venv/lib/python3.12/site-packages/glance_store/location.py:146}}
Jun 15 08:58:40.653226 np0000002837 devstack@g-api.service[102042]: DEBUG glance_store.backend [None req-31d0ed57-8e7b-4cdb-8297-4c8086776a90 tempest-ServerBootFromVolumeStableRescueTest-1613801529 tempest-ServerBootFromVolumeStableRescueTest-1613801529-project-member] Skipping store.set_acls... not implemented. {{(pid=102042) set_acls /opt/stack/data/venv/lib/python3.12/site-packages/glance_store/backend.py:507}}
Jun 15 08:58:40.659016 np0000002837 devstack@g-api.service[102042]: [pid: 102042|app: 0|req: 92/275] 127.0.0.1 () {46 vars in 1154 bytes} [Mon Jun 15 08:58:38 2026] PUT /v2/images/69f4e776-486d-4ca0-aa27-36e1924a0d66/file => generated 0 bytes in 2260 msecs (HTTP/1.1 204) 4 headers in 171 bytes (1 switches on core 0)
Jun 15 08:58:40.768193 np0000002837 devstack@g-api.service[102041]: DEBUG glance.api.middleware.version_negotiation [None req-c7992c28-49d5-4f57-86bb-c929f00b07b2 tempest-ServerBootFromVolumeStableRescueTest-1613801529 tempest-ServerBootFromVolumeStableRescueTest-1613801529-project-member] Determining version of request: GET /v2/images/69f4e776-486d-4ca0-aa27-36e1924a0d66 Accept: */* {{(pid=102041) process_request /opt/stack/glance/glance/api/middleware/version_negotiation.py:44}}
Jun 15 08:58:40.768671 np0000002837 devstack@g-api.service[102041]: DEBUG glance.api.middleware.version_negotiation [None req-c7992c28-49d5-4f57-86bb-c929f00b07b2 tempest-ServerBootFromVolumeStableRescueTest-1613801529 tempest-ServerBootFromVolumeStableRescueTest-1613801529-project-member] Using url versioning {{(pid=102041) process_request /opt/stack/glance/glance/api/middleware/version_negotiation.py:57}}
Jun 15 08:58:40.768873 np0000002837 devstack@g-api.service[102041]: DEBUG glance.api.middleware.version_negotiation [None req-c7992c28-49d5-4f57-86bb-c929f00b07b2 tempest-ServerBootFromVolumeStableRescueTest-1613801529 tempest-ServerBootFromVolumeStableRescueTest-1613801529-project-member] Matched version: v2 {{(pid=102041) process_request /opt/stack/glance/glance/api/middleware/version_negotiation.py:69}}
Jun 15 08:58:40.768974 np0000002837 devstack@g-api.service[102041]: DEBUG glance.api.middleware.version_negotiation [None req-c7992c28-49d5-4f57-86bb-c929f00b07b2 tempest-ServerBootFromVolumeStableRescueTest-1613801529 tempest-ServerBootFromVolumeStableRescueTest-1613801529-project-member] new path /v2/images/69f4e776-486d-4ca0-aa27-36e1924a0d66 {{(pid=102041) process_request /opt/stack/glance/glance/api/middleware/version_negotiation.py:70}}
Jun 15 08:58:40.805873 np0000002837 devstack@g-api.service[102041]: [pid: 102041|app: 0|req: 94/276] 127.0.0.1 () {44 vars in 1111 bytes} [Mon Jun 15 08:58:40 2026] GET /v2/images/69f4e776-486d-4ca0-aa27-36e1924a0d66 => generated 1638 bytes in 32 msecs (HTTP/1.1 200) 4 headers in 158 bytes (1 switches on core 0)
Jun 15 08:58:40.883590 np0000002837 devstack@g-api.service[102043]: DEBUG glance.api.middleware.version_negotiation [None req-75514be6-1e5d-4dc7-b961-c79aa61fcfd8 tempest-ServerBootFromVolumeStableRescueTest-1613801529 tempest-ServerBootFromVolumeStableRescueTest-1613801529-project-member] Determining version of request: GET /v2/schemas/image Accept: */* {{(pid=102043) process_request /opt/stack/glance/glance/api/middleware/version_negotiation.py:44}}
Jun 15 08:58:40.883590 np0000002837 devstack@g-api.service[102043]: DEBUG glance.api.middleware.version_negotiation [None req-75514be6-1e5d-4dc7-b961-c79aa61fcfd8 tempest-ServerBootFromVolumeStableRescueTest-1613801529 tempest-ServerBootFromVolumeStableRescueTest-1613801529-project-member] Using url versioning {{(pid=102043) process_request /opt/stack/glance/glance/api/middleware/version_negotiation.py:57}}
Jun 15 08:58:40.883590 np0000002837 devstack@g-api.service[102043]: DEBUG glance.api.middleware.version_negotiation [None req-75514be6-1e5d-4dc7-b961-c79aa61fcfd8 tempest-ServerBootFromVolumeStableRescueTest-1613801529 tempest-ServerBootFromVolumeStableRescueTest-1613801529-project-member] Matched version: v2 {{(pid=102043) process_request /opt/stack/glance/glance/api/middleware/version_negotiation.py:69}}
Jun 15 08:58:40.883590 np0000002837 devstack@g-api.service[102043]: DEBUG glance.api.middleware.version_negotiation [None req-75514be6-1e5d-4dc7-b961-c79aa61fcfd8 tempest-ServerBootFromVolumeStableRescueTest-1613801529 tempest-ServerBootFromVolumeStableRescueTest-1613801529-project-member] new path /v2/schemas/image {{(pid=102043) process_request /opt/stack/glance/glance/api/middleware/version_negotiation.py:70}}
Jun 15 08:58:40.889234 np0000002837 devstack@g-api.service[102043]: [pid: 102043|app: 0|req: 91/277] 127.0.0.1 () {44 vars in 1051 bytes} [Mon Jun 15 08:58:40 2026] GET /v2/schemas/image => generated 6083 bytes in 6 msecs (HTTP/1.1 200) 4 headers in 158 bytes (1 switches on core 0)
Jun 15 08:58:40.913600 np0000002837 devstack@g-api.service[102042]: DEBUG glance.api.middleware.version_negotiation [None req-31d0ed57-8e7b-4cdb-8297-4c8086776a90 tempest-ServerBootFromVolumeStableRescueTest-1613801529 tempest-ServerBootFromVolumeStableRescueTest-1613801529-project-member] Determining version of request: GET /v2/images/71d9047a-bcd6-46cc-9868-df8c9f29d87e Accept: */* {{(pid=102042) process_request /opt/stack/glance/glance/api/middleware/version_negotiation.py:44}}
Jun 15 08:58:40.913600 np0000002837 devstack@g-api.service[102042]: DEBUG glance.api.middleware.version_negotiation [None req-31d0ed57-8e7b-4cdb-8297-4c8086776a90 tempest-ServerBootFromVolumeStableRescueTest-1613801529 tempest-ServerBootFromVolumeStableRescueTest-1613801529-project-member] Using url versioning {{(pid=102042) process_request /opt/stack/glance/glance/api/middleware/version_negotiation.py:57}}
Jun 15 08:58:40.913600 np0000002837 devstack@g-api.service[102042]: DEBUG glance.api.middleware.version_negotiation [None req-31d0ed57-8e7b-4cdb-8297-4c8086776a90 tempest-ServerBootFromVolumeStableRescueTest-1613801529 tempest-ServerBootFromVolumeStableRescueTest-1613801529-project-member] Matched version: v2 {{(pid=102042) process_request /opt/stack/glance/glance/api/middleware/version_negotiation.py:69}}
Jun 15 08:58:40.913600 np0000002837 devstack@g-api.service[102042]: DEBUG glance.api.middleware.version_negotiation [None req-31d0ed57-8e7b-4cdb-8297-4c8086776a90 tempest-ServerBootFromVolumeStableRescueTest-1613801529 tempest-ServerBootFromVolumeStableRescueTest-1613801529-project-member] new path /v2/images/71d9047a-bcd6-46cc-9868-df8c9f29d87e {{(pid=102042) process_request /opt/stack/glance/glance/api/middleware/version_negotiation.py:70}}
Jun 15 08:58:40.937762 np0000002837 devstack@g-api.service[102041]: DEBUG glance.api.middleware.version_negotiation [None req-31d0ed57-8e7b-4cdb-8297-4c8086776a90 tempest-ServerBootFromVolumeStableRescueTest-1613801529 tempest-ServerBootFromVolumeStableRescueTest-1613801529-project-member] Determining version of request: GET /v2/images/69f4e776-486d-4ca0-aa27-36e1924a0d66 Accept: application/json {{(pid=102041) process_request /opt/stack/glance/glance/api/middleware/version_negotiation.py:44}}
Jun 15 08:58:40.937919 np0000002837 devstack@g-api.service[102041]: DEBUG glance.api.middleware.version_negotiation [None req-31d0ed57-8e7b-4cdb-8297-4c8086776a90 tempest-ServerBootFromVolumeStableRescueTest-1613801529 tempest-ServerBootFromVolumeStableRescueTest-1613801529-project-member] Using url versioning {{(pid=102041) process_request /opt/stack/glance/glance/api/middleware/version_negotiation.py:57}}
Jun 15 08:58:40.938670 np0000002837 devstack@g-api.service[102041]: DEBUG glance.api.middleware.version_negotiation [None req-31d0ed57-8e7b-4cdb-8297-4c8086776a90 tempest-ServerBootFromVolumeStableRescueTest-1613801529 tempest-ServerBootFromVolumeStableRescueTest-1613801529-project-member] Matched version: v2 {{(pid=102041) process_request /opt/stack/glance/glance/api/middleware/version_negotiation.py:69}}
Jun 15 08:58:40.938670 np0000002837 devstack@g-api.service[102041]: DEBUG glance.api.middleware.version_negotiation [None req-31d0ed57-8e7b-4cdb-8297-4c8086776a90 tempest-ServerBootFromVolumeStableRescueTest-1613801529 tempest-ServerBootFromVolumeStableRescueTest-1613801529-project-member] new path /v2/images/69f4e776-486d-4ca0-aa27-36e1924a0d66 {{(pid=102041) process_request /opt/stack/glance/glance/api/middleware/version_negotiation.py:70}}
Jun 15 08:58:40.950764 np0000002837 devstack@g-api.service[102042]: [pid: 102042|app: 0|req: 93/278] 127.0.0.1 () {44 vars in 1111 bytes} [Mon Jun 15 08:58:40 2026] GET /v2/images/71d9047a-bcd6-46cc-9868-df8c9f29d87e => generated 1044 bytes in 38 msecs (HTTP/1.1 200) 4 headers in 158 bytes (1 switches on core 0)
Jun 15 08:58:40.964719 np0000002837 devstack@g-api.service[102041]: [pid: 102041|app: 0|req: 95/279] 127.0.0.1 () {40 vars in 834 bytes} [Mon Jun 15 08:58:40 2026] GET /v2/images/69f4e776-486d-4ca0-aa27-36e1924a0d66 => generated 1638 bytes in 28 msecs (HTTP/1.1 200) 4 headers in 158 bytes (1 switches on core 0)
Jun 15 08:58:40.979174 np0000002837 devstack@g-api.service[102043]: DEBUG glance.api.middleware.version_negotiation [None req-31d0ed57-8e7b-4cdb-8297-4c8086776a90 tempest-ServerBootFromVolumeStableRescueTest-1613801529 tempest-ServerBootFromVolumeStableRescueTest-1613801529-project-member] Determining version of request: GET /v2/images/69f4e776-486d-4ca0-aa27-36e1924a0d66 Accept: application/json {{(pid=102043) process_request /opt/stack/glance/glance/api/middleware/version_negotiation.py:44}}
Jun 15 08:58:40.979321 np0000002837 devstack@g-api.service[102043]: DEBUG glance.api.middleware.version_negotiation [None req-31d0ed57-8e7b-4cdb-8297-4c8086776a90 tempest-ServerBootFromVolumeStableRescueTest-1613801529 tempest-ServerBootFromVolumeStableRescueTest-1613801529-project-member] Using url versioning {{(pid=102043) process_request /opt/stack/glance/glance/api/middleware/version_negotiation.py:57}}
Jun 15 08:58:40.979425 np0000002837 devstack@g-api.service[102043]: DEBUG glance.api.middleware.version_negotiation [None req-31d0ed57-8e7b-4cdb-8297-4c8086776a90 tempest-ServerBootFromVolumeStableRescueTest-1613801529 tempest-ServerBootFromVolumeStableRescueTest-1613801529-project-member] Matched version: v2 {{(pid=102043) process_request /opt/stack/glance/glance/api/middleware/version_negotiation.py:69}}
Jun 15 08:58:40.979579 np0000002837 devstack@g-api.service[102043]: DEBUG glance.api.middleware.version_negotiation [None req-31d0ed57-8e7b-4cdb-8297-4c8086776a90 tempest-ServerBootFromVolumeStableRescueTest-1613801529 tempest-ServerBootFromVolumeStableRescueTest-1613801529-project-member] new path /v2/images/69f4e776-486d-4ca0-aa27-36e1924a0d66 {{(pid=102043) process_request /opt/stack/glance/glance/api/middleware/version_negotiation.py:70}}
Jun 15 08:58:41.061936 np0000002837 devstack@g-api.service[102042]: DEBUG glance.api.middleware.version_negotiation [None req-afb375c7-bf01-4608-8260-6918539301c1 tempest-AttachVolumeNegativeTest-1194782339 tempest-AttachVolumeNegativeTest-1194782339-project-member] Determining version of request: GET /v2/schemas/image Accept: */* {{(pid=102042) process_request /opt/stack/glance/glance/api/middleware/version_negotiation.py:44}}
Jun 15 08:58:41.061936 np0000002837 devstack@g-api.service[102042]: DEBUG glance.api.middleware.version_negotiation [None req-afb375c7-bf01-4608-8260-6918539301c1 tempest-AttachVolumeNegativeTest-1194782339 tempest-AttachVolumeNegativeTest-1194782339-project-member] Using url versioning {{(pid=102042) process_request /opt/stack/glance/glance/api/middleware/version_negotiation.py:57}}
Jun 15 08:58:41.061936 np0000002837 devstack@g-api.service[102042]: DEBUG glance.api.middleware.version_negotiation [None req-afb375c7-bf01-4608-8260-6918539301c1 tempest-AttachVolumeNegativeTest-1194782339 tempest-AttachVolumeNegativeTest-1194782339-project-member] Matched version: v2 {{(pid=102042) process_request /opt/stack/glance/glance/api/middleware/version_negotiation.py:69}}
Jun 15 08:58:41.062147 np0000002837 devstack@g-api.service[102042]: DEBUG glance.api.middleware.version_negotiation [None req-afb375c7-bf01-4608-8260-6918539301c1 tempest-AttachVolumeNegativeTest-1194782339 tempest-AttachVolumeNegativeTest-1194782339-project-member] new path /v2/schemas/image {{(pid=102042) process_request /opt/stack/glance/glance/api/middleware/version_negotiation.py:70}}
Jun 15 08:58:41.070264 np0000002837 devstack@g-api.service[102042]: [pid: 102042|app: 0|req: 94/280] 127.0.0.1 () {44 vars in 1051 bytes} [Mon Jun 15 08:58:41 2026] GET /v2/schemas/image => generated 6083 bytes in 9 msecs (HTTP/1.1 200) 4 headers in 158 bytes (1 switches on core 0)
Jun 15 08:58:41.175889 np0000002837 devstack@g-api.service[102043]: [pid: 102043|app: 0|req: 92/281] 127.0.0.1 () {40 vars in 834 bytes} [Mon Jun 15 08:58:40 2026] GET /v2/images/69f4e776-486d-4ca0-aa27-36e1924a0d66 => generated 1638 bytes in 196 msecs (HTTP/1.1 200) 4 headers in 158 bytes (1 switches on core 0)
