Jun 30 15:18:11.366817 np0000003998 nova-scheduler[96364]: DEBUG cotyledon.oslo_config_glue [-] profiler.es_scroll_size = 10000 {{(pid=96364) log_opt_values /opt/stack/data/venv/lib/python3.12/site-packages/oslo_config/cfg.py:3253}}
Jun 30 15:18:11.367118 np0000003998 nova-scheduler[96364]: DEBUG cotyledon.oslo_config_glue [-] profiler.es_scroll_time = 2m {{(pid=96364) log_opt_values /opt/stack/data/venv/lib/python3.12/site-packages/oslo_config/cfg.py:3253}}
Jun 30 15:18:11.367118 np0000003998 nova-scheduler[96364]: DEBUG cotyledon.oslo_config_glue [-] profiler.filter_error_trace = False {{(pid=96364) log_opt_values /opt/stack/data/venv/lib/python3.12/site-packages/oslo_config/cfg.py:3253}}
Jun 30 15:18:11.367118 np0000003998 nova-scheduler[96364]: DEBUG cotyledon.oslo_config_glue [-] profiler.hmac_keys = **** {{(pid=96364) log_opt_values /opt/stack/data/venv/lib/python3.12/site-packages/oslo_config/cfg.py:3253}}
Jun 30 15:18:11.367118 np0000003998 nova-scheduler[96364]: DEBUG cotyledon.oslo_config_glue [-] profiler.sentinel_service_name = mymaster {{(pid=96364) log_opt_values /opt/stack/data/venv/lib/python3.12/site-packages/oslo_config/cfg.py:3253}}
Jun 30 15:18:11.367118 np0000003998 nova-scheduler[96364]: DEBUG cotyledon.oslo_config_glue [-] profiler.socket_timeout = 0.1 {{(pid=96364) log_opt_values /opt/stack/data/venv/lib/python3.12/site-packages/oslo_config/cfg.py:3253}}
Jun 30 15:18:11.367118 np0000003998 nova-scheduler[96364]: DEBUG cotyledon.oslo_config_glue [-] profiler.trace_requests = False {{(pid=96364) log_opt_values /opt/stack/data/venv/lib/python3.12/site-packages/oslo_config/cfg.py:3253}}
Jun 30 15:18:11.367118 np0000003998 nova-scheduler[96364]: DEBUG cotyledon.oslo_config_glue [-] profiler.trace_sqlalchemy = False {{(pid=96364) log_opt_values /opt/stack/data/venv/lib/python3.12/site-packages/oslo_config/cfg.py:3253}}
Jun 30 15:18:11.367118 np0000003998 nova-scheduler[96364]: DEBUG cotyledon.oslo_config_glue [-] profiler_jaeger.process_tags = {} {{(pid=96364) log_opt_values /opt/stack/data/venv/lib/python3.12/site-packages/oslo_config/cfg.py:3253}}
Jun 30 15:18:11.367118 np0000003998 nova-scheduler[96364]: DEBUG cotyledon.oslo_config_glue [-] profiler_jaeger.service_name_prefix = None {{(pid=96364) log_opt_values /opt/stack/data/venv/lib/python3.12/site-packages/oslo_config/cfg.py:3253}}
Jun 30 15:18:11.367408 np0000003998 nova-scheduler[96364]: DEBUG cotyledon.oslo_config_glue [-] profiler_otlp.service_name_prefix = None {{(pid=96364) log_opt_values /opt/stack/data/venv/lib/python3.12/site-packages/oslo_config/cfg.py:3253}}
Jun 30 15:18:11.367408 np0000003998 nova-scheduler[96364]: DEBUG cotyledon.oslo_config_glue [-] oslo_messaging_rabbit.amqp_auto_delete = False {{(pid=96364) log_opt_values /opt/stack/data/venv/lib/python3.12/site-packages/oslo_config/cfg.py:3253}}
Jun 30 15:18:11.367408 np0000003998 nova-scheduler[96364]: DEBUG cotyledon.oslo_config_glue [-] oslo_messaging_rabbit.amqp_durable_queues = False {{(pid=96364) log_opt_values /opt/stack/data/venv/lib/python3.12/site-packages/oslo_config/cfg.py:3253}}
Jun 30 15:18:11.367408 np0000003998 nova-scheduler[96364]: DEBUG cotyledon.oslo_config_glue [-] oslo_messaging_rabbit.conn_pool_min_size = 2 {{(pid=96364) log_opt_values /opt/stack/data/venv/lib/python3.12/site-packages/oslo_config/cfg.py:3253}}
Jun 30 15:18:11.367408 np0000003998 nova-scheduler[96364]: DEBUG cotyledon.oslo_config_glue [-] oslo_messaging_rabbit.conn_pool_ttl = 1200 {{(pid=96364) log_opt_values /opt/stack/data/venv/lib/python3.12/site-packages/oslo_config/cfg.py:3253}}
Jun 30 15:18:11.367408 np0000003998 nova-scheduler[96364]: DEBUG cotyledon.oslo_config_glue [-] oslo_messaging_rabbit.direct_mandatory_flag = True {{(pid=96364) log_opt_values /opt/stack/data/venv/lib/python3.12/site-packages/oslo_config/cfg.py:3253}}
Jun 30 15:18:11.367408 np0000003998 nova-scheduler[96364]: DEBUG cotyledon.oslo_config_glue [-] oslo_messaging_rabbit.enable_cancel_on_failover = False {{(pid=96364) log_opt_values /opt/stack/data/venv/lib/python3.12/site-packages/oslo_config/cfg.py:3253}}
Jun 30 15:18:11.367408 np0000003998 nova-scheduler[96364]: DEBUG cotyledon.oslo_config_glue [-] oslo_messaging_rabbit.heartbeat_rate = 3 {{(pid=96364) log_opt_values /opt/stack/data/venv/lib/python3.12/site-packages/oslo_config/cfg.py:3253}}
Jun 30 15:18:11.367408 np0000003998 nova-scheduler[96364]: DEBUG cotyledon.oslo_config_glue [-] oslo_messaging_rabbit.heartbeat_timeout_threshold = 60 {{(pid=96364) log_opt_values /opt/stack/data/venv/lib/python3.12/site-packages/oslo_config/cfg.py:3253}}
Jun 30 15:18:11.367702 np0000003998 nova-scheduler[96364]: DEBUG cotyledon.oslo_config_glue [-] oslo_messaging_rabbit.hostname = np0000003998 {{(pid=96364) log_opt_values /opt/stack/data/venv/lib/python3.12/site-packages/oslo_config/cfg.py:3253}}
Jun 30 15:18:11.367702 np0000003998 nova-scheduler[96364]: DEBUG cotyledon.oslo_config_glue [-] oslo_messaging_rabbit.kombu_compression = None {{(pid=96364) log_opt_values /opt/stack/data/venv/lib/python3.12/site-packages/oslo_config/cfg.py:3253}}
Jun 30 15:18:11.367702 np0000003998 nova-scheduler[96364]: DEBUG cotyledon.oslo_config_glue [-] oslo_messaging_rabbit.kombu_failover_strategy = round-robin {{(pid=96364) log_opt_values /opt/stack/data/venv/lib/python3.12/site-packages/oslo_config/cfg.py:3253}}
Jun 30 15:18:11.367702 np0000003998 nova-scheduler[96364]: DEBUG cotyledon.oslo_config_glue [-] oslo_messaging_rabbit.kombu_missing_consumer_retry_timeout = 60 {{(pid=96364) log_opt_values /opt/stack/data/venv/lib/python3.12/site-packages/oslo_config/cfg.py:3253}}
Jun 30 15:18:11.367702 np0000003998 nova-scheduler[96364]: DEBUG cotyledon.oslo_config_glue [-] oslo_messaging_rabbit.kombu_reconnect_delay = 1.0 {{(pid=96364) log_opt_values /opt/stack/data/venv/lib/python3.12/site-packages/oslo_config/cfg.py:3253}}
Jun 30 15:18:11.367702 np0000003998 nova-scheduler[96364]: DEBUG cotyledon.oslo_config_glue [-] oslo_messaging_rabbit.kombu_reconnect_splay = 0.0 {{(pid=96364) log_opt_values /opt/stack/data/venv/lib/python3.12/site-packages/oslo_config/cfg.py:3253}}
Jun 30 15:18:11.367702 np0000003998 nova-scheduler[96364]: DEBUG cotyledon.oslo_config_glue [-] oslo_messaging_rabbit.processname = nova-scheduler {{(pid=96364) log_opt_values /opt/stack/data/venv/lib/python3.12/site-packages/oslo_config/cfg.py:3253}}
Jun 30 15:18:11.367702 np0000003998 nova-scheduler[96364]: DEBUG cotyledon.oslo_config_glue [-] oslo_messaging_rabbit.rabbit_ha_queues = False {{(pid=96364) log_opt_values /opt/stack/data/venv/lib/python3.12/site-packages/oslo_config/cfg.py:3253}}
Jun 30 15:18:11.367702 np0000003998 nova-scheduler[96364]: DEBUG cotyledon.oslo_config_glue [-] oslo_messaging_rabbit.rabbit_interval_max = 30 {{(pid=96364) log_opt_values /opt/stack/data/venv/lib/python3.12/site-packages/oslo_config/cfg.py:3253}}
Jun 30 15:18:11.367991 np0000003998 nova-scheduler[96364]: DEBUG cotyledon.oslo_config_glue [-] oslo_messaging_rabbit.rabbit_login_method = AMQPLAIN {{(pid=96364) log_opt_values /opt/stack/data/venv/lib/python3.12/site-packages/oslo_config/cfg.py:3253}}
Jun 30 15:18:11.367991 np0000003998 nova-scheduler[96364]: DEBUG cotyledon.oslo_config_glue [-] oslo_messaging_rabbit.rabbit_qos_prefetch_count = 0 {{(pid=96364) log_opt_values /opt/stack/data/venv/lib/python3.12/site-packages/oslo_config/cfg.py:3253}}
Jun 30 15:18:11.367991 np0000003998 nova-scheduler[96364]: DEBUG cotyledon.oslo_config_glue [-] oslo_messaging_rabbit.rabbit_quorum_delivery_limit = 0 {{(pid=96364) log_opt_values /opt/stack/data/venv/lib/python3.12/site-packages/oslo_config/cfg.py:3253}}
Jun 30 15:18:11.367991 np0000003998 nova-scheduler[96364]: DEBUG cotyledon.oslo_config_glue [-] oslo_messaging_rabbit.rabbit_quorum_max_memory_bytes = 0 {{(pid=96364) log_opt_values /opt/stack/data/venv/lib/python3.12/site-packages/oslo_config/cfg.py:3253}}
Jun 30 15:18:11.367991 np0000003998 nova-scheduler[96364]: DEBUG cotyledon.oslo_config_glue [-] oslo_messaging_rabbit.rabbit_quorum_max_memory_length = 0 {{(pid=96364) log_opt_values /opt/stack/data/venv/lib/python3.12/site-packages/oslo_config/cfg.py:3253}}
Jun 30 15:18:11.367991 np0000003998 nova-scheduler[96364]: DEBUG cotyledon.oslo_config_glue [-] oslo_messaging_rabbit.rabbit_quorum_queue = False {{(pid=96364) log_opt_values /opt/stack/data/venv/lib/python3.12/site-packages/oslo_config/cfg.py:3253}}
Jun 30 15:18:11.367991 np0000003998 nova-scheduler[96364]: DEBUG cotyledon.oslo_config_glue [-] oslo_messaging_rabbit.rabbit_retry_backoff = 2 {{(pid=96364) log_opt_values /opt/stack/data/venv/lib/python3.12/site-packages/oslo_config/cfg.py:3253}}
Jun 30 15:18:11.367991 np0000003998 nova-scheduler[96364]: DEBUG cotyledon.oslo_config_glue [-] oslo_messaging_rabbit.rabbit_retry_interval = 1 {{(pid=96364) log_opt_values /opt/stack/data/venv/lib/python3.12/site-packages/oslo_config/cfg.py:3253}}
Jun 30 15:18:11.367991 np0000003998 nova-scheduler[96364]: DEBUG cotyledon.oslo_config_glue [-] oslo_messaging_rabbit.rabbit_stream_fanout = False {{(pid=96364) log_opt_values /opt/stack/data/venv/lib/python3.12/site-packages/oslo_config/cfg.py:3253}}
Jun 30 15:18:11.368355 np0000003998 nova-scheduler[96364]: DEBUG cotyledon.oslo_config_glue [-] oslo_messaging_rabbit.rabbit_transient_queues_ttl = 1800 {{(pid=96364) log_opt_values /opt/stack/data/venv/lib/python3.12/site-packages/oslo_config/cfg.py:3253}}
Jun 30 15:18:11.368355 np0000003998 nova-scheduler[96364]: DEBUG cotyledon.oslo_config_glue [-] oslo_messaging_rabbit.rabbit_transient_quorum_queue = False {{(pid=96364) log_opt_values /opt/stack/data/venv/lib/python3.12/site-packages/oslo_config/cfg.py:3253}}
Jun 30 15:18:11.368355 np0000003998 nova-scheduler[96364]: DEBUG cotyledon.oslo_config_glue [-] oslo_messaging_rabbit.rpc_conn_pool_size = 30 {{(pid=96364) log_opt_values /opt/stack/data/venv/lib/python3.12/site-packages/oslo_config/cfg.py:3253}}
Jun 30 15:18:11.368355 np0000003998 nova-scheduler[96364]: DEBUG cotyledon.oslo_config_glue [-] oslo_messaging_rabbit.ssl = False {{(pid=96364) log_opt_values /opt/stack/data/venv/lib/python3.12/site-packages/oslo_config/cfg.py:3253}}
Jun 30 15:18:11.368355 np0000003998 nova-scheduler[96364]: DEBUG cotyledon.oslo_config_glue [-] oslo_messaging_rabbit.ssl_ca_file = {{(pid=96364) log_opt_values /opt/stack/data/venv/lib/python3.12/site-packages/oslo_config/cfg.py:3253}}
Jun 30 15:18:11.368355 np0000003998 nova-scheduler[96364]: DEBUG cotyledon.oslo_config_glue [-] oslo_messaging_rabbit.ssl_cert_file = {{(pid=96364) log_opt_values /opt/stack/data/venv/lib/python3.12/site-packages/oslo_config/cfg.py:3253}}
Jun 30 15:18:11.368355 np0000003998 nova-scheduler[96364]: DEBUG cotyledon.oslo_config_glue [-] oslo_messaging_rabbit.ssl_enforce_fips_mode = False {{(pid=96364) log_opt_values /opt/stack/data/venv/lib/python3.12/site-packages/oslo_config/cfg.py:3253}}
Jun 30 15:18:11.368355 np0000003998 nova-scheduler[96364]: DEBUG cotyledon.oslo_config_glue [-] oslo_messaging_rabbit.ssl_enforce_hostname_verification = True {{(pid=96364) log_opt_values /opt/stack/data/venv/lib/python3.12/site-packages/oslo_config/cfg.py:3253}}
Jun 30 15:18:11.368355 np0000003998 nova-scheduler[96364]: DEBUG cotyledon.oslo_config_glue [-] oslo_messaging_rabbit.ssl_key_file = {{(pid=96364) log_opt_values /opt/stack/data/venv/lib/python3.12/site-packages/oslo_config/cfg.py:3253}}
Jun 30 15:18:11.368661 np0000003998 nova-scheduler[96364]: DEBUG cotyledon.oslo_config_glue [-] oslo_messaging_rabbit.ssl_version = {{(pid=96364) log_opt_values /opt/stack/data/venv/lib/python3.12/site-packages/oslo_config/cfg.py:3253}}
Jun 30 15:18:11.368661 np0000003998 nova-scheduler[96364]: DEBUG cotyledon.oslo_config_glue [-] oslo_messaging_rabbit.use_queue_manager = False {{(pid=96364) log_opt_values /opt/stack/data/venv/lib/python3.12/site-packages/oslo_config/cfg.py:3253}}
Jun 30 15:18:11.368661 np0000003998 nova-scheduler[96364]: DEBUG cotyledon.oslo_config_glue [-] oslo_messaging_notifications.driver = ['messagingv2'] {{(pid=96364) log_opt_values /opt/stack/data/venv/lib/python3.12/site-packages/oslo_config/cfg.py:3253}}
Jun 30 15:18:11.368661 np0000003998 nova-scheduler[96364]: DEBUG cotyledon.oslo_config_glue [-] oslo_messaging_notifications.retry = -1 {{(pid=96364) log_opt_values /opt/stack/data/venv/lib/python3.12/site-packages/oslo_config/cfg.py:3253}}
Jun 30 15:18:11.368661 np0000003998 nova-scheduler[96364]: DEBUG cotyledon.oslo_config_glue [-] oslo_messaging_notifications.topics = ['notifications'] {{(pid=96364) log_opt_values /opt/stack/data/venv/lib/python3.12/site-packages/oslo_config/cfg.py:3253}}
Jun 30 15:18:11.368661 np0000003998 nova-scheduler[96364]: DEBUG cotyledon.oslo_config_glue [-] oslo_messaging_notifications.transport_url = **** {{(pid=96364) log_opt_values /opt/stack/data/venv/lib/python3.12/site-packages/oslo_config/cfg.py:3253}}
Jun 30 15:18:11.368661 np0000003998 nova-scheduler[96364]: DEBUG cotyledon.oslo_config_glue [-] oslo_limit.auth_section = None {{(pid=96364) log_opt_values /opt/stack/data/venv/lib/python3.12/site-packages/oslo_config/cfg.py:3253}}
Jun 30 15:18:11.368661 np0000003998 nova-scheduler[96364]: DEBUG cotyledon.oslo_config_glue [-] oslo_limit.auth_type = None {{(pid=96364) log_opt_values /opt/stack/data/venv/lib/python3.12/site-packages/oslo_config/cfg.py:3253}}
Jun 30 15:18:11.368661 np0000003998 nova-scheduler[96364]: DEBUG cotyledon.oslo_config_glue [-] oslo_limit.cafile = None {{(pid=96364) log_opt_values /opt/stack/data/venv/lib/python3.12/site-packages/oslo_config/cfg.py:3253}}
Jun 30 15:18:11.368971 np0000003998 nova-scheduler[96364]: DEBUG cotyledon.oslo_config_glue [-] oslo_limit.certfile = None {{(pid=96364) log_opt_values /opt/stack/data/venv/lib/python3.12/site-packages/oslo_config/cfg.py:3253}}
Jun 30 15:18:11.368971 np0000003998 nova-scheduler[96364]: DEBUG cotyledon.oslo_config_glue [-] oslo_limit.collect_timing = False {{(pid=96364) log_opt_values /opt/stack/data/venv/lib/python3.12/site-packages/oslo_config/cfg.py:3253}}
Jun 30 15:18:11.368971 np0000003998 nova-scheduler[96364]: DEBUG cotyledon.oslo_config_glue [-] oslo_limit.connect_retries = None {{(pid=96364) log_opt_values /opt/stack/data/venv/lib/python3.12/site-packages/oslo_config/cfg.py:3253}}
Jun 30 15:18:11.368971 np0000003998 nova-scheduler[96364]: DEBUG cotyledon.oslo_config_glue [-] oslo_limit.connect_retry_delay = None {{(pid=96364) log_opt_values /opt/stack/data/venv/lib/python3.12/site-packages/oslo_config/cfg.py:3253}}
Jun 30 15:18:11.368971 np0000003998 nova-scheduler[96364]: DEBUG cotyledon.oslo_config_glue [-] oslo_limit.endpoint_id = None {{(pid=96364) log_opt_values /opt/stack/data/venv/lib/python3.12/site-packages/oslo_config/cfg.py:3253}}
Jun 30 15:18:11.368971 np0000003998 nova-scheduler[96364]: DEBUG cotyledon.oslo_config_glue [-] oslo_limit.endpoint_interface = public {{(pid=96364) log_opt_values /opt/stack/data/venv/lib/python3.12/site-packages/oslo_config/cfg.py:3253}}
Jun 30 15:18:11.368971 np0000003998 nova-scheduler[96364]: DEBUG cotyledon.oslo_config_glue [-] oslo_limit.endpoint_override = None {{(pid=96364) log_opt_values /opt/stack/data/venv/lib/python3.12/site-packages/oslo_config/cfg.py:3253}}
Jun 30 15:18:11.368971 np0000003998 nova-scheduler[96364]: DEBUG cotyledon.oslo_config_glue [-] oslo_limit.endpoint_region_name = None {{(pid=96364) log_opt_values /opt/stack/data/venv/lib/python3.12/site-packages/oslo_config/cfg.py:3253}}
Jun 30 15:18:11.368971 np0000003998 nova-scheduler[96364]: DEBUG cotyledon.oslo_config_glue [-] oslo_limit.endpoint_service_name = None {{(pid=96364) log_opt_values /opt/stack/data/venv/lib/python3.12/site-packages/oslo_config/cfg.py:3253}}
Jun 30 15:18:11.369261 np0000003998 nova-scheduler[96364]: DEBUG cotyledon.oslo_config_glue [-] oslo_limit.endpoint_service_type = None {{(pid=96364) log_opt_values /opt/stack/data/venv/lib/python3.12/site-packages/oslo_config/cfg.py:3253}}
Jun 30 15:18:11.369261 np0000003998 nova-scheduler[96364]: DEBUG cotyledon.oslo_config_glue [-] oslo_limit.insecure = False {{(pid=96364) log_opt_values /opt/stack/data/venv/lib/python3.12/site-packages/oslo_config/cfg.py:3253}}
Jun 30 15:18:11.369261 np0000003998 nova-scheduler[96364]: DEBUG cotyledon.oslo_config_glue [-] oslo_limit.keyfile = None {{(pid=96364) log_opt_values /opt/stack/data/venv/lib/python3.12/site-packages/oslo_config/cfg.py:3253}}
Jun 30 15:18:11.369261 np0000003998 nova-scheduler[96364]: DEBUG cotyledon.oslo_config_glue [-] oslo_limit.max_version = None {{(pid=96364) log_opt_values /opt/stack/data/venv/lib/python3.12/site-packages/oslo_config/cfg.py:3253}}
Jun 30 15:18:11.369261 np0000003998 nova-scheduler[96364]: DEBUG cotyledon.oslo_config_glue [-] oslo_limit.min_version = None {{(pid=96364) log_opt_values /opt/stack/data/venv/lib/python3.12/site-packages/oslo_config/cfg.py:3253}}
Jun 30 15:18:11.369261 np0000003998 nova-scheduler[96364]: DEBUG cotyledon.oslo_config_glue [-] oslo_limit.region_name = None {{(pid=96364) log_opt_values /opt/stack/data/venv/lib/python3.12/site-packages/oslo_config/cfg.py:3253}}
Jun 30 15:18:11.369261 np0000003998 nova-scheduler[96364]: DEBUG cotyledon.oslo_config_glue [-] oslo_limit.retriable_status_codes = None {{(pid=96364) log_opt_values /opt/stack/data/venv/lib/python3.12/site-packages/oslo_config/cfg.py:3253}}
Jun 30 15:18:11.369261 np0000003998 nova-scheduler[96364]: DEBUG cotyledon.oslo_config_glue [-] oslo_limit.service_name = None {{(pid=96364) log_opt_values /opt/stack/data/venv/lib/python3.12/site-packages/oslo_config/cfg.py:3253}}
Jun 30 15:18:11.369261 np0000003998 nova-scheduler[96364]: DEBUG cotyledon.oslo_config_glue [-] oslo_limit.service_type = None {{(pid=96364) log_opt_values /opt/stack/data/venv/lib/python3.12/site-packages/oslo_config/cfg.py:3253}}
Jun 30 15:18:11.369524 np0000003998 nova-scheduler[96364]: DEBUG cotyledon.oslo_config_glue [-] oslo_limit.split_loggers = False {{(pid=96364) log_opt_values /opt/stack/data/venv/lib/python3.12/site-packages/oslo_config/cfg.py:3253}}
Jun 30 15:18:11.369524 np0000003998 nova-scheduler[96364]: DEBUG cotyledon.oslo_config_glue [-] oslo_limit.status_code_retries = None {{(pid=96364) log_opt_values /opt/stack/data/venv/lib/python3.12/site-packages/oslo_config/cfg.py:3253}}
Jun 30 15:18:11.369524 np0000003998 nova-scheduler[96364]: DEBUG cotyledon.oslo_config_glue [-] oslo_limit.status_code_retry_delay = None {{(pid=96364) log_opt_values /opt/stack/data/venv/lib/python3.12/site-packages/oslo_config/cfg.py:3253}}
Jun 30 15:18:11.369524 np0000003998 nova-scheduler[96364]: DEBUG cotyledon.oslo_config_glue [-] oslo_limit.timeout = None {{(pid=96364) log_opt_values /opt/stack/data/venv/lib/python3.12/site-packages/oslo_config/cfg.py:3253}}
Jun 30 15:18:11.369524 np0000003998 nova-scheduler[96364]: DEBUG cotyledon.oslo_config_glue [-] oslo_limit.valid_interfaces = None {{(pid=96364) log_opt_values /opt/stack/data/venv/lib/python3.12/site-packages/oslo_config/cfg.py:3253}}
Jun 30 15:18:11.369524 np0000003998 nova-scheduler[96364]: DEBUG cotyledon.oslo_config_glue [-] oslo_limit.version = None {{(pid=96364) log_opt_values /opt/stack/data/venv/lib/python3.12/site-packages/oslo_config/cfg.py:3253}}
Jun 30 15:18:11.369524 np0000003998 nova-scheduler[96364]: DEBUG cotyledon.oslo_config_glue [-] oslo_reports.file_event_handler = None {{(pid=96364) log_opt_values /opt/stack/data/venv/lib/python3.12/site-packages/oslo_config/cfg.py:3253}}
Jun 30 15:18:11.369524 np0000003998 nova-scheduler[96364]: DEBUG cotyledon.oslo_config_glue [-] oslo_reports.file_event_handler_interval = 1 {{(pid=96364) log_opt_values /opt/stack/data/venv/lib/python3.12/site-packages/oslo_config/cfg.py:3253}}
Jun 30 15:18:11.369524 np0000003998 nova-scheduler[96364]: DEBUG cotyledon.oslo_config_glue [-] oslo_reports.log_dir = None {{(pid=96364) log_opt_values /opt/stack/data/venv/lib/python3.12/site-packages/oslo_config/cfg.py:3253}}
Jun 30 15:18:11.369813 np0000003998 nova-scheduler[96364]: DEBUG cotyledon.oslo_config_glue [-] ******************************************************************************** {{(pid=96364) log_opt_values /opt/stack/data/venv/lib/python3.12/site-packages/oslo_config/cfg.py:3260}}
Jun 30 15:18:11.369813 np0000003998 nova-scheduler[96364]: DEBUG cotyledon._service_worker [-] Run service ServiceWrapper(3) [96364] {{(pid=96364) wait_forever /opt/stack/data/venv/lib/python3.12/site-packages/cotyledon/_service_worker.py:218}}
Jun 30 15:18:11.369813 np0000003998 nova-scheduler[96364]: INFO nova.service [-] Starting scheduler node (version 33.1.0)
Jun 30 15:18:11.369813 np0000003998 nova-scheduler[96364]: INFO dbcounter [None req-7622e7e8-ca61-4aa4-b8f5-9c63b0b34a78 None None] Registered counter for database nova_cell0
Jun 30 15:18:11.369933 np0000003998 nova-scheduler[96358]: DEBUG oslo_db.sqlalchemy.engines [None req-758d2332-47d2-4690-a52f-a772023808a7 None None] MySQL server mode set to STRICT_TRANS_TABLES,STRICT_ALL_TABLES,NO_ZERO_IN_DATE,NO_ZERO_DATE,ERROR_FOR_DIVISION_BY_ZERO,TRADITIONAL,NO_ENGINE_SUBSTITUTION {{(pid=96358) _check_effective_sql_mode /opt/stack/data/venv/lib/python3.12/site-packages/oslo_db/sqlalchemy/engines.py:325}}
Jun 30 15:18:11.369963 np0000003998 nova-scheduler[96354]: DEBUG nova.service [None req-f8be5b8f-5370-4e1c-a176-7484336140d3 None None] Creating RPC server for service: nova-scheduler on topic: scheduler {{(pid=96354) start /opt/stack/nova/nova/service.py:196}}
Jun 30 15:18:11.370021 np0000003998 nova-scheduler[96358]: DEBUG dbcounter [-] [96358] Writer thread running {{(pid=96358) stat_writer /opt/stack/data/venv/lib/python3.12/site-packages/dbcounter.py:102}}
Jun 30 15:18:11.373252 np0000003998 nova-scheduler[96358]: DEBUG nova.service [None req-758d2332-47d2-4690-a52f-a772023808a7 None None] Creating RPC server for service: nova-scheduler on topic: scheduler {{(pid=96358) start /opt/stack/nova/nova/service.py:196}}
Jun 30 15:18:11.375829 np0000003998 nova-scheduler[96356]: DEBUG oslo_db.sqlalchemy.engines [None req-e719838b-2c7e-4818-bba1-130d04a283cb None None] MySQL server mode set to STRICT_TRANS_TABLES,STRICT_ALL_TABLES,NO_ZERO_IN_DATE,NO_ZERO_DATE,ERROR_FOR_DIVISION_BY_ZERO,TRADITIONAL,NO_ENGINE_SUBSTITUTION {{(pid=96356) _check_effective_sql_mode /opt/stack/data/venv/lib/python3.12/site-packages/oslo_db/sqlalchemy/engines.py:325}}
Jun 30 15:18:11.389881 np0000003998 nova-scheduler[96354]: DEBUG nova.service [None req-f8be5b8f-5370-4e1c-a176-7484336140d3 None None] Join ServiceGroup membership for this service scheduler {{(pid=96354) start /opt/stack/nova/nova/service.py:222}}
Jun 30 15:18:11.390087 np0000003998 nova-scheduler[96354]: DEBUG nova.servicegroup.drivers.db [None req-f8be5b8f-5370-4e1c-a176-7484336140d3 None None] DB_Driver: join new ServiceGroup member np0000003998 to the scheduler group, service = {{(pid=96354) join /opt/stack/nova/nova/servicegroup/drivers/db.py:44}}
Jun 30 15:18:11.390824 np0000003998 nova-scheduler[96358]: DEBUG nova.service [None req-758d2332-47d2-4690-a52f-a772023808a7 None None] Join ServiceGroup membership for this service scheduler {{(pid=96358) start /opt/stack/nova/nova/service.py:222}}
Jun 30 15:18:11.391009 np0000003998 nova-scheduler[96358]: DEBUG nova.servicegroup.drivers.db [None req-758d2332-47d2-4690-a52f-a772023808a7 None None] DB_Driver: join new ServiceGroup member np0000003998 to the scheduler group, service = {{(pid=96358) join /opt/stack/nova/nova/servicegroup/drivers/db.py:44}}
Jun 30 15:18:11.392760 np0000003998 nova-scheduler[96356]: DEBUG dbcounter [-] [96356] Writer thread running {{(pid=96356) stat_writer /opt/stack/data/venv/lib/python3.12/site-packages/dbcounter.py:102}}
Jun 30 15:18:11.395771 np0000003998 nova-scheduler[96356]: DEBUG nova.service [None req-e719838b-2c7e-4818-bba1-130d04a283cb None None] Creating RPC server for service: nova-scheduler on topic: scheduler {{(pid=96356) start /opt/stack/nova/nova/service.py:196}}
Jun 30 15:18:11.412067 np0000003998 nova-scheduler[96364]: DEBUG oslo_db.sqlalchemy.engines [None req-7622e7e8-ca61-4aa4-b8f5-9c63b0b34a78 None None] MySQL server mode set to STRICT_TRANS_TABLES,STRICT_ALL_TABLES,NO_ZERO_IN_DATE,NO_ZERO_DATE,ERROR_FOR_DIVISION_BY_ZERO,TRADITIONAL,NO_ENGINE_SUBSTITUTION {{(pid=96364) _check_effective_sql_mode /opt/stack/data/venv/lib/python3.12/site-packages/oslo_db/sqlalchemy/engines.py:325}}
Jun 30 15:18:11.417089 np0000003998 nova-scheduler[96356]: DEBUG nova.service [None req-e719838b-2c7e-4818-bba1-130d04a283cb None None] Join ServiceGroup membership for this service scheduler {{(pid=96356) start /opt/stack/nova/nova/service.py:222}}
Jun 30 15:18:11.417435 np0000003998 nova-scheduler[96356]: DEBUG nova.servicegroup.drivers.db [None req-e719838b-2c7e-4818-bba1-130d04a283cb None None] DB_Driver: join new ServiceGroup member np0000003998 to the scheduler group, service = {{(pid=96356) join /opt/stack/nova/nova/servicegroup/drivers/db.py:44}}
Jun 30 15:18:11.424322 np0000003998 nova-scheduler[96364]: DEBUG dbcounter [-] [96364] Writer thread running {{(pid=96364) stat_writer /opt/stack/data/venv/lib/python3.12/site-packages/dbcounter.py:102}}
Jun 30 15:18:11.427670 np0000003998 nova-scheduler[96364]: DEBUG nova.service [None req-7622e7e8-ca61-4aa4-b8f5-9c63b0b34a78 None None] Creating RPC server for service: nova-scheduler on topic: scheduler {{(pid=96364) start /opt/stack/nova/nova/service.py:196}}
Jun 30 15:18:11.445943 np0000003998 nova-scheduler[96364]: DEBUG nova.service [None req-7622e7e8-ca61-4aa4-b8f5-9c63b0b34a78 None None] Join ServiceGroup membership for this service scheduler {{(pid=96364) start /opt/stack/nova/nova/service.py:222}}
Jun 30 15:18:11.446114 np0000003998 nova-scheduler[96364]: DEBUG nova.servicegroup.drivers.db [None req-7622e7e8-ca61-4aa4-b8f5-9c63b0b34a78 None None] DB_Driver: join new ServiceGroup member np0000003998 to the scheduler group, service = {{(pid=96364) join /opt/stack/nova/nova/servicegroup/drivers/db.py:44}}
Jun 30 15:18:16.403213 np0000003998 nova-scheduler[96354]: DEBUG oslo.service.backend._threading.loopingcall [-] Fixed interval looping call 'nova.servicegroup.drivers.db.DbDriver._report_state' sleeping for 119.99 seconds {{(pid=96354) _run_loop /opt/stack/data/venv/lib/python3.12/site-packages/oslo_service/backend/_threading/loopingcall.py:125}}
Jun 30 15:18:16.404071 np0000003998 nova-scheduler[96358]: DEBUG oslo.service.backend._threading.loopingcall [-] Fixed interval looping call 'nova.servicegroup.drivers.db.DbDriver._report_state' sleeping for 119.99 seconds {{(pid=96358) _run_loop /opt/stack/data/venv/lib/python3.12/site-packages/oslo_service/backend/_threading/loopingcall.py:125}}
Jun 30 15:18:16.427801 np0000003998 nova-scheduler[96356]: DEBUG oslo.service.backend._threading.loopingcall [-] Fixed interval looping call 'nova.servicegroup.drivers.db.DbDriver._report_state' sleeping for 119.99 seconds {{(pid=96356) _run_loop /opt/stack/data/venv/lib/python3.12/site-packages/oslo_service/backend/_threading/loopingcall.py:125}}
Jun 30 15:18:16.456251 np0000003998 nova-scheduler[96364]: DEBUG oslo.service.backend._threading.loopingcall [-] Fixed interval looping call 'nova.servicegroup.drivers.db.DbDriver._report_state' sleeping for 119.99 seconds {{(pid=96364) _run_loop /opt/stack/data/venv/lib/python3.12/site-packages/oslo_service/backend/_threading/loopingcall.py:125}}
Jun 30 15:18:19.951252 np0000003998 nova-scheduler[95092]: DEBUG dbcounter [-] [95092] Writing DB stats nova_api:SELECT=3 {{(pid=95092) stat_writer /opt/stack/data/venv/lib/python3.12/site-packages/dbcounter.py:115}}
Jun 30 15:18:20.087880 np0000003998 nova-scheduler[95092]: DEBUG dbcounter [-] [95092] Writing DB stats nova_cell0:SELECT=1 {{(pid=95092) stat_writer /opt/stack/data/venv/lib/python3.12/site-packages/dbcounter.py:115}}
Jun 30 15:18:20.092625 np0000003998 nova-scheduler[95092]: DEBUG dbcounter [-] [95092] Writing DB stats nova_cell1:SELECT=1 {{(pid=95092) stat_writer /opt/stack/data/venv/lib/python3.12/site-packages/dbcounter.py:115}}
Jun 30 15:18:26.399811 np0000003998 nova-scheduler[96354]: DEBUG dbcounter [-] [96354] Writing DB stats nova_cell0:SELECT=4,nova_cell0:INSERT=1,nova_cell0:UPDATE=1 {{(pid=96354) stat_writer /opt/stack/data/venv/lib/python3.12/site-packages/dbcounter.py:115}}
Jun 30 15:18:26.402709 np0000003998 nova-scheduler[96358]: DEBUG dbcounter [-] [96358] Writing DB stats nova_cell0:SELECT=3,nova_cell0:UPDATE=1 {{(pid=96358) stat_writer /opt/stack/data/venv/lib/python3.12/site-packages/dbcounter.py:115}}
Jun 30 15:18:26.425635 np0000003998 nova-scheduler[96356]: DEBUG dbcounter [-] [96356] Writing DB stats nova_cell0:SELECT=3 {{(pid=96356) stat_writer /opt/stack/data/venv/lib/python3.12/site-packages/dbcounter.py:115}}
Jun 30 15:18:26.453574 np0000003998 nova-scheduler[96364]: DEBUG dbcounter [-] [96364] Writing DB stats nova_cell0:SELECT=3 {{(pid=96364) stat_writer /opt/stack/data/venv/lib/python3.12/site-packages/dbcounter.py:115}}
Jun 30 15:18:30.419394 np0000003998 nova-scheduler[96356]: DEBUG oslo.service.backend._threading.loopingcall [None req-26919ffc-525f-41ba-84c8-0464727a409a None None] Dynamic interval looping call 'nova.service.Service.periodic_tasks' sleeping for 60.00 seconds {{(pid=96356) _run_loop /opt/stack/data/venv/lib/python3.12/site-packages/oslo_service/backend/_threading/loopingcall.py:125}}
Jun 30 15:18:53.448095 np0000003998 nova-scheduler[96364]: DEBUG oslo.service.backend._threading.loopingcall [None req-b4755601-64a5-4332-b8a6-36c71ee5a232 None None] Dynamic interval looping call 'nova.service.Service.periodic_tasks' sleeping for 60.00 seconds {{(pid=96364) _run_loop /opt/stack/data/venv/lib/python3.12/site-packages/oslo_service/backend/_threading/loopingcall.py:125}}
Jun 30 15:18:56.393008 np0000003998 nova-scheduler[96358]: DEBUG oslo.service.backend._threading.loopingcall [None req-2bb94ff2-e323-455a-a26f-7552c04f88cb None None] Dynamic interval looping call 'nova.service.Service.periodic_tasks' sleeping for 60.00 seconds {{(pid=96358) _run_loop /opt/stack/data/venv/lib/python3.12/site-packages/oslo_service/backend/_threading/loopingcall.py:125}}
Jun 30 15:19:00.392147 np0000003998 nova-scheduler[96354]: DEBUG oslo.service.backend._threading.loopingcall [None req-4a930467-f56d-460e-9699-c8ae2292fb89 None None] Dynamic interval looping call 'nova.service.Service.periodic_tasks' sleeping for 60.00 seconds {{(pid=96354) _run_loop /opt/stack/data/venv/lib/python3.12/site-packages/oslo_service/backend/_threading/loopingcall.py:125}}
Jun 30 15:19:30.419999 np0000003998 nova-scheduler[96356]: DEBUG oslo.service.backend._threading.loopingcall [None req-26919ffc-525f-41ba-84c8-0464727a409a None None] Dynamic interval looping call 'nova.service.Service.periodic_tasks' sleeping for 60.00 seconds {{(pid=96356) _run_loop /opt/stack/data/venv/lib/python3.12/site-packages/oslo_service/backend/_threading/loopingcall.py:125}}
Jun 30 15:19:53.448586 np0000003998 nova-scheduler[96364]: DEBUG oslo.service.backend._threading.loopingcall [None req-b4755601-64a5-4332-b8a6-36c71ee5a232 None None] Dynamic interval looping call 'nova.service.Service.periodic_tasks' sleeping for 60.00 seconds {{(pid=96364) _run_loop /opt/stack/data/venv/lib/python3.12/site-packages/oslo_service/backend/_threading/loopingcall.py:125}}
Jun 30 15:19:56.393539 np0000003998 nova-scheduler[96358]: DEBUG oslo.service.backend._threading.loopingcall [None req-2bb94ff2-e323-455a-a26f-7552c04f88cb None None] Dynamic interval looping call 'nova.service.Service.periodic_tasks' sleeping for 60.00 seconds {{(pid=96358) _run_loop /opt/stack/data/venv/lib/python3.12/site-packages/oslo_service/backend/_threading/loopingcall.py:125}}
Jun 30 15:20:00.392663 np0000003998 nova-scheduler[96354]: DEBUG oslo.service.backend._threading.loopingcall [None req-4a930467-f56d-460e-9699-c8ae2292fb89 None None] Dynamic interval looping call 'nova.service.Service.periodic_tasks' sleeping for 60.00 seconds {{(pid=96354) _run_loop /opt/stack/data/venv/lib/python3.12/site-packages/oslo_service/backend/_threading/loopingcall.py:125}}
Jun 30 15:20:16.400730 np0000003998 nova-scheduler[96354]: DEBUG oslo.service.backend._threading.loopingcall [-] Fixed interval looping call 'nova.servicegroup.drivers.db.DbDriver._report_state' sleeping for 119.99 seconds {{(pid=96354) _run_loop /opt/stack/data/venv/lib/python3.12/site-packages/oslo_service/backend/_threading/loopingcall.py:125}}
Jun 30 15:20:16.401371 np0000003998 nova-scheduler[96358]: DEBUG oslo.service.backend._threading.loopingcall [-] Fixed interval looping call 'nova.servicegroup.drivers.db.DbDriver._report_state' sleeping for 119.99 seconds {{(pid=96358) _run_loop /opt/stack/data/venv/lib/python3.12/site-packages/oslo_service/backend/_threading/loopingcall.py:125}}
Jun 30 15:20:16.421425 np0000003998 nova-scheduler[96356]: DEBUG oslo.service.backend._threading.loopingcall [-] Fixed interval looping call 'nova.servicegroup.drivers.db.DbDriver._report_state' sleeping for 120.00 seconds {{(pid=96356) _run_loop /opt/stack/data/venv/lib/python3.12/site-packages/oslo_service/backend/_threading/loopingcall.py:125}}
Jun 30 15:20:16.449804 np0000003998 nova-scheduler[96364]: DEBUG oslo.service.backend._threading.loopingcall [-] Fixed interval looping call 'nova.servicegroup.drivers.db.DbDriver._report_state' sleeping for 120.00 seconds {{(pid=96364) _run_loop /opt/stack/data/venv/lib/python3.12/site-packages/oslo_service/backend/_threading/loopingcall.py:125}}
Jun 30 15:20:26.396350 np0000003998 nova-scheduler[96354]: DEBUG dbcounter [-] [96354] Writing DB stats nova_cell0:SELECT=1,nova_cell0:UPDATE=1 {{(pid=96354) stat_writer /opt/stack/data/venv/lib/python3.12/site-packages/dbcounter.py:115}}
Jun 30 15:20:26.397932 np0000003998 nova-scheduler[96358]: DEBUG dbcounter [-] [96358] Writing DB stats nova_cell0:SELECT=1,nova_cell0:UPDATE=1 {{(pid=96358) stat_writer /opt/stack/data/venv/lib/python3.12/site-packages/dbcounter.py:115}}
Jun 30 15:20:26.420874 np0000003998 nova-scheduler[96356]: DEBUG dbcounter [-] [96356] Writing DB stats nova_cell0:SELECT=1 {{(pid=96356) stat_writer /opt/stack/data/venv/lib/python3.12/site-packages/dbcounter.py:115}}
Jun 30 15:20:26.449529 np0000003998 nova-scheduler[96364]: DEBUG dbcounter [-] [96364] Writing DB stats nova_cell0:SELECT=1 {{(pid=96364) stat_writer /opt/stack/data/venv/lib/python3.12/site-packages/dbcounter.py:115}}
Jun 30 15:20:30.420741 np0000003998 nova-scheduler[96356]: DEBUG oslo.service.backend._threading.loopingcall [None req-26919ffc-525f-41ba-84c8-0464727a409a None None] Dynamic interval looping call 'nova.service.Service.periodic_tasks' sleeping for 60.00 seconds {{(pid=96356) _run_loop /opt/stack/data/venv/lib/python3.12/site-packages/oslo_service/backend/_threading/loopingcall.py:125}}
Jun 30 15:20:36.389875 np0000003998 nova-scheduler[96354]: DEBUG nova.scheduler.manager [None req-b0d29112-47f7-4cf4-93a5-8d8dded63c87 tempest-ServerStableDeviceRescueTest-1587133683 tempest-ServerStableDeviceRescueTest-1587133683-project-member] Starting to schedule for instances: ['f31136e4-8980-4de7-8ca1-a473e95e9e8d'] {{(pid=96354) select_destinations /opt/stack/nova/nova/scheduler/manager.py:209}}
Jun 30 15:20:36.389875 np0000003998 nova-scheduler[96354]: DEBUG nova.scheduler.request_filter [None req-b0d29112-47f7-4cf4-93a5-8d8dded63c87 tempest-ServerStableDeviceRescueTest-1587133683 tempest-ServerStableDeviceRescueTest-1587133683-project-member] compute_status_filter request filter added forbidden trait COMPUTE_STATUS_DISABLED {{(pid=96354) compute_status_filter /opt/stack/nova/nova/scheduler/request_filter.py:253}}
Jun 30 15:20:36.390490 np0000003998 nova-scheduler[96354]: DEBUG nova.scheduler.request_filter [None req-b0d29112-47f7-4cf4-93a5-8d8dded63c87 tempest-ServerStableDeviceRescueTest-1587133683 tempest-ServerStableDeviceRescueTest-1587133683-project-member] Request filter 'compute_status_filter' took 0.0 seconds {{(pid=96354) wrapper /opt/stack/nova/nova/scheduler/request_filter.py:46}}
Jun 30 15:20:36.390490 np0000003998 nova-scheduler[96354]: DEBUG nova.scheduler.request_filter [None req-b0d29112-47f7-4cf4-93a5-8d8dded63c87 tempest-ServerStableDeviceRescueTest-1587133683 tempest-ServerStableDeviceRescueTest-1587133683-project-member] Request filter 'accelerators_filter' took 0.0 seconds {{(pid=96354) wrapper /opt/stack/nova/nova/scheduler/request_filter.py:46}}
Jun 30 15:20:36.390621 np0000003998 nova-scheduler[96354]: DEBUG nova.scheduler.request_filter [None req-b0d29112-47f7-4cf4-93a5-8d8dded63c87 tempest-ServerStableDeviceRescueTest-1587133683 tempest-ServerStableDeviceRescueTest-1587133683-project-member] Request filter 'packed_virtqueue_filter' took 0.0 seconds {{(pid=96354) wrapper /opt/stack/nova/nova/scheduler/request_filter.py:46}}
Jun 30 15:20:36.391400 np0000003998 nova-scheduler[96354]: DEBUG nova.scheduler.request_filter [None req-b0d29112-47f7-4cf4-93a5-8d8dded63c87 tempest-ServerStableDeviceRescueTest-1587133683 tempest-ServerStableDeviceRescueTest-1587133683-project-member] Request filter 'remote_managed_ports_filter' took 0.0 seconds {{(pid=96354) wrapper /opt/stack/nova/nova/scheduler/request_filter.py:46}}
Jun 30 15:20:36.391880 np0000003998 nova-scheduler[96354]: DEBUG nova.scheduler.request_filter [None req-b0d29112-47f7-4cf4-93a5-8d8dded63c87 tempest-ServerStableDeviceRescueTest-1587133683 tempest-ServerStableDeviceRescueTest-1587133683-project-member] ephemeral_encryption_filter skipped {{(pid=96354) ephemeral_encryption_filter /opt/stack/nova/nova/scheduler/request_filter.py:426}}
Jun 30 15:20:36.391880 np0000003998 nova-scheduler[96354]: DEBUG nova.scheduler.request_filter [None req-b0d29112-47f7-4cf4-93a5-8d8dded63c87 tempest-ServerStableDeviceRescueTest-1587133683 tempest-ServerStableDeviceRescueTest-1587133683-project-member] virtio_sound_filter skipped {{(pid=96354) virtio_sound_filter /opt/stack/nova/nova/scheduler/request_filter.py:460}}
Jun 30 15:20:36.391880 np0000003998 nova-scheduler[96354]: DEBUG nova.scheduler.request_filter [None req-b0d29112-47f7-4cf4-93a5-8d8dded63c87 tempest-ServerStableDeviceRescueTest-1587133683 tempest-ServerStableDeviceRescueTest-1587133683-project-member] tpm_secret_security_filter skipped {{(pid=96354) tpm_secret_security_filter /opt/stack/nova/nova/scheduler/request_filter.py:477}}
Jun 30 15:20:36.422193 np0000003998 nova-scheduler[96358]: DEBUG nova.scheduler.manager [None req-83eb3473-3abe-4776-b8d7-26de14f690d7 tempest-ServerActionsTestOtherB-1165059741 tempest-ServerActionsTestOtherB-1165059741-project-member] Starting to schedule for instances: ['d6c9d408-e742-4b71-a85e-72f60f6d385a'] {{(pid=96358) select_destinations /opt/stack/nova/nova/scheduler/manager.py:209}}
Jun 30 15:20:36.423222 np0000003998 nova-scheduler[96358]: DEBUG nova.scheduler.request_filter [None req-83eb3473-3abe-4776-b8d7-26de14f690d7 tempest-ServerActionsTestOtherB-1165059741 tempest-ServerActionsTestOtherB-1165059741-project-member] compute_status_filter request filter added forbidden trait COMPUTE_STATUS_DISABLED {{(pid=96358) compute_status_filter /opt/stack/nova/nova/scheduler/request_filter.py:253}}
Jun 30 15:20:36.423394 np0000003998 nova-scheduler[96358]: DEBUG nova.scheduler.request_filter [None req-83eb3473-3abe-4776-b8d7-26de14f690d7 tempest-ServerActionsTestOtherB-1165059741 tempest-ServerActionsTestOtherB-1165059741-project-member] Request filter 'compute_status_filter' took 0.0 seconds {{(pid=96358) wrapper /opt/stack/nova/nova/scheduler/request_filter.py:46}}
Jun 30 15:20:36.423717 np0000003998 nova-scheduler[96358]: DEBUG nova.scheduler.request_filter [None req-83eb3473-3abe-4776-b8d7-26de14f690d7 tempest-ServerActionsTestOtherB-1165059741 tempest-ServerActionsTestOtherB-1165059741-project-member] Request filter 'accelerators_filter' took 0.0 seconds {{(pid=96358) wrapper /opt/stack/nova/nova/scheduler/request_filter.py:46}}
Jun 30 15:20:36.423851 np0000003998 nova-scheduler[96358]: DEBUG nova.scheduler.request_filter [None req-83eb3473-3abe-4776-b8d7-26de14f690d7 tempest-ServerActionsTestOtherB-1165059741 tempest-ServerActionsTestOtherB-1165059741-project-member] Request filter 'packed_virtqueue_filter' took 0.0 seconds {{(pid=96358) wrapper /opt/stack/nova/nova/scheduler/request_filter.py:46}}
Jun 30 15:20:36.424129 np0000003998 nova-scheduler[96358]: DEBUG nova.scheduler.request_filter [None req-83eb3473-3abe-4776-b8d7-26de14f690d7 tempest-ServerActionsTestOtherB-1165059741 tempest-ServerActionsTestOtherB-1165059741-project-member] Request filter 'remote_managed_ports_filter' took 0.0 seconds {{(pid=96358) wrapper /opt/stack/nova/nova/scheduler/request_filter.py:46}}
Jun 30 15:20:36.424267 np0000003998 nova-scheduler[96358]: DEBUG nova.scheduler.request_filter [None req-83eb3473-3abe-4776-b8d7-26de14f690d7 tempest-ServerActionsTestOtherB-1165059741 tempest-ServerActionsTestOtherB-1165059741-project-member] ephemeral_encryption_filter skipped {{(pid=96358) ephemeral_encryption_filter /opt/stack/nova/nova/scheduler/request_filter.py:426}}
Jun 30 15:20:36.424417 np0000003998 nova-scheduler[96358]: DEBUG nova.scheduler.request_filter [None req-83eb3473-3abe-4776-b8d7-26de14f690d7 tempest-ServerActionsTestOtherB-1165059741 tempest-ServerActionsTestOtherB-1165059741-project-member] virtio_sound_filter skipped {{(pid=96358) virtio_sound_filter /opt/stack/nova/nova/scheduler/request_filter.py:460}}
Jun 30 15:20:36.424554 np0000003998 nova-scheduler[96358]: DEBUG nova.scheduler.request_filter [None req-83eb3473-3abe-4776-b8d7-26de14f690d7 tempest-ServerActionsTestOtherB-1165059741 tempest-ServerActionsTestOtherB-1165059741-project-member] tpm_secret_security_filter skipped {{(pid=96358) tpm_secret_security_filter /opt/stack/nova/nova/scheduler/request_filter.py:477}}
Jun 30 15:20:36.994724 np0000003998 nova-scheduler[96358]: INFO nova.utils [None req-83eb3473-3abe-4776-b8d7-26de14f690d7 tempest-ServerActionsTestOtherB-1165059741 tempest-ServerActionsTestOtherB-1165059741-project-member] The cell worker thread pool ForkProcess-3.cell_worker is initialized
Jun 30 15:20:36.995917 np0000003998 nova-scheduler[96358]: DEBUG oslo_concurrency.lockutils [None req-83eb3473-3abe-4776-b8d7-26de14f690d7 tempest-ServerActionsTestOtherB-1165059741 tempest-ServerActionsTestOtherB-1165059741-project-member] Acquiring lock "1bfe1549-08a7-4d4b-a01b-e8ff7cf941d5" by "nova.context.set_target_cell..get_or_set_cached_cell_and_set_connections" {{(pid=96358) inner /opt/stack/data/venv/lib/python3.12/site-packages/oslo_concurrency/lockutils.py:511}}
Jun 30 15:20:36.995917 np0000003998 nova-scheduler[96358]: DEBUG oslo_concurrency.lockutils [None req-83eb3473-3abe-4776-b8d7-26de14f690d7 tempest-ServerActionsTestOtherB-1165059741 tempest-ServerActionsTestOtherB-1165059741-project-member] Lock "1bfe1549-08a7-4d4b-a01b-e8ff7cf941d5" acquired by "nova.context.set_target_cell..get_or_set_cached_cell_and_set_connections" :: waited 0.000s {{(pid=96358) inner /opt/stack/data/venv/lib/python3.12/site-packages/oslo_concurrency/lockutils.py:524}}
Jun 30 15:20:36.997436 np0000003998 nova-scheduler[96358]: DEBUG oslo_concurrency.lockutils [None req-83eb3473-3abe-4776-b8d7-26de14f690d7 tempest-ServerActionsTestOtherB-1165059741 tempest-ServerActionsTestOtherB-1165059741-project-member] Lock "1bfe1549-08a7-4d4b-a01b-e8ff7cf941d5" "released" by "nova.context.set_target_cell..get_or_set_cached_cell_and_set_connections" :: held 0.002s {{(pid=96358) inner /opt/stack/data/venv/lib/python3.12/site-packages/oslo_concurrency/lockutils.py:543}}
Jun 30 15:20:36.999078 np0000003998 nova-scheduler[96358]: INFO dbcounter [None req-83eb3473-3abe-4776-b8d7-26de14f690d7 tempest-ServerActionsTestOtherB-1165059741 tempest-ServerActionsTestOtherB-1165059741-project-member] Registered counter for database nova_cell1
Jun 30 15:20:37.037047 np0000003998 nova-scheduler[96358]: DEBUG oslo_db.sqlalchemy.engines [None req-83eb3473-3abe-4776-b8d7-26de14f690d7 tempest-ServerActionsTestOtherB-1165059741 tempest-ServerActionsTestOtherB-1165059741-project-member] MySQL server mode set to STRICT_TRANS_TABLES,STRICT_ALL_TABLES,NO_ZERO_IN_DATE,NO_ZERO_DATE,ERROR_FOR_DIVISION_BY_ZERO,TRADITIONAL,NO_ENGINE_SUBSTITUTION {{(pid=96358) _check_effective_sql_mode /opt/stack/data/venv/lib/python3.12/site-packages/oslo_db/sqlalchemy/engines.py:325}}
Jun 30 15:20:37.046055 np0000003998 nova-scheduler[96358]: DEBUG dbcounter [-] [96358] Writer thread running {{(pid=96358) stat_writer /opt/stack/data/venv/lib/python3.12/site-packages/dbcounter.py:102}}
Jun 30 15:20:37.064793 np0000003998 nova-scheduler[96358]: DEBUG oslo_db.sqlalchemy.engines [None req-83eb3473-3abe-4776-b8d7-26de14f690d7 tempest-ServerActionsTestOtherB-1165059741 tempest-ServerActionsTestOtherB-1165059741-project-member] Parent process 95092 forked (96358) with an open database connection, which is being discarded and recreated. {{(pid=96358) checkout /opt/stack/data/venv/lib/python3.12/site-packages/oslo_db/sqlalchemy/engines.py:402}}
Jun 30 15:20:37.125829 np0000003998 nova-scheduler[96358]: DEBUG dbcounter [-] [96358] Writer thread running {{(pid=96358) stat_writer /opt/stack/data/venv/lib/python3.12/site-packages/dbcounter.py:102}}
Jun 30 15:20:37.131928 np0000003998 nova-scheduler[96358]: DEBUG oslo_concurrency.lockutils [None req-83eb3473-3abe-4776-b8d7-26de14f690d7 tempest-ServerActionsTestOtherB-1165059741 tempest-ServerActionsTestOtherB-1165059741-project-member] Acquiring lock "1bfe1549-08a7-4d4b-a01b-e8ff7cf941d5" by "nova.context.set_target_cell..get_or_set_cached_cell_and_set_connections" {{(pid=96358) inner /opt/stack/data/venv/lib/python3.12/site-packages/oslo_concurrency/lockutils.py:511}}
Jun 30 15:20:37.132168 np0000003998 nova-scheduler[96358]: DEBUG oslo_concurrency.lockutils [None req-83eb3473-3abe-4776-b8d7-26de14f690d7 tempest-ServerActionsTestOtherB-1165059741 tempest-ServerActionsTestOtherB-1165059741-project-member] Lock "1bfe1549-08a7-4d4b-a01b-e8ff7cf941d5" acquired by "nova.context.set_target_cell..get_or_set_cached_cell_and_set_connections" :: waited 0.000s {{(pid=96358) inner /opt/stack/data/venv/lib/python3.12/site-packages/oslo_concurrency/lockutils.py:524}}
Jun 30 15:20:37.132502 np0000003998 nova-scheduler[96358]: DEBUG oslo_concurrency.lockutils [None req-83eb3473-3abe-4776-b8d7-26de14f690d7 tempest-ServerActionsTestOtherB-1165059741 tempest-ServerActionsTestOtherB-1165059741-project-member] Lock "1bfe1549-08a7-4d4b-a01b-e8ff7cf941d5" "released" by "nova.context.set_target_cell..get_or_set_cached_cell_and_set_connections" :: held 0.000s {{(pid=96358) inner /opt/stack/data/venv/lib/python3.12/site-packages/oslo_concurrency/lockutils.py:543}}
Jun 30 15:20:37.136746 np0000003998 nova-scheduler[96358]: DEBUG oslo_concurrency.lockutils [None req-83eb3473-3abe-4776-b8d7-26de14f690d7 tempest-ServerActionsTestOtherB-1165059741 tempest-ServerActionsTestOtherB-1165059741-project-member] Acquiring lock "np0000003998-np0000003998" by "nova.scheduler.host_manager.HostState.update.._locked_update" {{(pid=96358) inner /opt/stack/data/venv/lib/python3.12/site-packages/oslo_concurrency/lockutils.py:511}}
Jun 30 15:20:37.137175 np0000003998 nova-scheduler[96358]: DEBUG oslo_concurrency.lockutils [None req-83eb3473-3abe-4776-b8d7-26de14f690d7 tempest-ServerActionsTestOtherB-1165059741 tempest-ServerActionsTestOtherB-1165059741-project-member] Lock "np0000003998-np0000003998" acquired by "nova.scheduler.host_manager.HostState.update.._locked_update" :: waited 0.001s {{(pid=96358) inner /opt/stack/data/venv/lib/python3.12/site-packages/oslo_concurrency/lockutils.py:524}}
