Jul 24 06:48:52.425977 np0000005816 devstack@g-api.service[103166]: DEBUG glance_store.location [None req-f3b145f3-cb1f-4672-94a6-80980a3e6d5e tempest-ServerBootFromVolumeStableRescueTest-194291948 tempest-ServerBootFromVolumeStableRescueTest-194291948-project-member] Registering scheme swift+http with {'store': , 'location_class': , 'store_entry': 'swift'} {{(pid=103166) register_scheme_map /opt/stack/data/venv/lib/python3.12/site-packages/glance_store/location.py:146}}
Jul 24 06:48:52.426086 np0000005816 devstack@g-api.service[103166]: DEBUG glance_store.location [None req-f3b145f3-cb1f-4672-94a6-80980a3e6d5e tempest-ServerBootFromVolumeStableRescueTest-194291948 tempest-ServerBootFromVolumeStableRescueTest-194291948-project-member] Registering scheme swift+config with {'store': , 'location_class': , 'store_entry': 'swift'} {{(pid=103166) register_scheme_map /opt/stack/data/venv/lib/python3.12/site-packages/glance_store/location.py:146}}
Jul 24 06:48:52.482755 np0000005816 devstack@g-api.service[103167]: [pid: 103167|app: 0|req: 54/213] 127.0.0.1 () {44 vars in 1115 bytes} [Fri Jul 24 06:48:52 2026] GET /v2/images/8be1560f-c942-4a38-a217-7d0860ebbf69 => generated 1044 bytes in 145 msecs (HTTP/1.1 200) 4 headers in 158 bytes (1 switches on core 0)
Jul 24 06:48:52.493884 np0000005816 devstack@g-api.service[103168]: DEBUG glance.api.middleware.version_negotiation [None req-dda19052-7a92-4309-b647-e9399ee64a07 tempest-ServerBootFromVolumeStableRescueTest-194291948 tempest-ServerBootFromVolumeStableRescueTest-194291948-project-member] Determining version of request: GET /v2/schemas/image Accept: */* {{(pid=103168) process_request /opt/stack/glance/glance/api/middleware/version_negotiation.py:44}}
Jul 24 06:48:52.494161 np0000005816 devstack@g-api.service[103168]: DEBUG glance.api.middleware.version_negotiation [None req-dda19052-7a92-4309-b647-e9399ee64a07 tempest-ServerBootFromVolumeStableRescueTest-194291948 tempest-ServerBootFromVolumeStableRescueTest-194291948-project-member] Using url versioning {{(pid=103168) process_request /opt/stack/glance/glance/api/middleware/version_negotiation.py:57}}
Jul 24 06:48:52.494161 np0000005816 devstack@g-api.service[103168]: DEBUG glance.api.middleware.version_negotiation [None req-dda19052-7a92-4309-b647-e9399ee64a07 tempest-ServerBootFromVolumeStableRescueTest-194291948 tempest-ServerBootFromVolumeStableRescueTest-194291948-project-member] Matched version: v2 {{(pid=103168) process_request /opt/stack/glance/glance/api/middleware/version_negotiation.py:69}}
Jul 24 06:48:52.494329 np0000005816 devstack@g-api.service[103168]: DEBUG glance.api.middleware.version_negotiation [None req-dda19052-7a92-4309-b647-e9399ee64a07 tempest-ServerBootFromVolumeStableRescueTest-194291948 tempest-ServerBootFromVolumeStableRescueTest-194291948-project-member] new path /v2/schemas/image {{(pid=103168) process_request /opt/stack/glance/glance/api/middleware/version_negotiation.py:70}}
Jul 24 06:48:52.498227 np0000005816 devstack@g-api.service[103168]: [pid: 103168|app: 0|req: 54/214] 127.0.0.1 () {44 vars in 1055 bytes} [Fri Jul 24 06:48:52 2026] GET /v2/schemas/image => generated 6083 bytes in 4 msecs (HTTP/1.1 200) 4 headers in 158 bytes (1 switches on core 0)
Jul 24 06:48:52.512168 np0000005816 devstack@g-api.service[103169]: DEBUG glance.api.middleware.version_negotiation [None req-f82a7fa8-6580-4bd9-98b6-a21b71b1628a tempest-ServerBootFromVolumeStableRescueTest-194291948 tempest-ServerBootFromVolumeStableRescueTest-194291948-project-member] Determining version of request: GET /v2/schemas/image Accept: */* {{(pid=103169) process_request /opt/stack/glance/glance/api/middleware/version_negotiation.py:44}}
Jul 24 06:48:52.512857 np0000005816 devstack@g-api.service[103169]: DEBUG glance.api.middleware.version_negotiation [None req-f82a7fa8-6580-4bd9-98b6-a21b71b1628a tempest-ServerBootFromVolumeStableRescueTest-194291948 tempest-ServerBootFromVolumeStableRescueTest-194291948-project-member] Using url versioning {{(pid=103169) process_request /opt/stack/glance/glance/api/middleware/version_negotiation.py:57}}
Jul 24 06:48:52.512857 np0000005816 devstack@g-api.service[103169]: DEBUG glance.api.middleware.version_negotiation [None req-f82a7fa8-6580-4bd9-98b6-a21b71b1628a tempest-ServerBootFromVolumeStableRescueTest-194291948 tempest-ServerBootFromVolumeStableRescueTest-194291948-project-member] Matched version: v2 {{(pid=103169) process_request /opt/stack/glance/glance/api/middleware/version_negotiation.py:69}}
Jul 24 06:48:52.512857 np0000005816 devstack@g-api.service[103169]: DEBUG glance.api.middleware.version_negotiation [None req-f82a7fa8-6580-4bd9-98b6-a21b71b1628a tempest-ServerBootFromVolumeStableRescueTest-194291948 tempest-ServerBootFromVolumeStableRescueTest-194291948-project-member] new path /v2/schemas/image {{(pid=103169) process_request /opt/stack/glance/glance/api/middleware/version_negotiation.py:70}}
Jul 24 06:48:52.517184 np0000005816 devstack@g-api.service[103169]: [pid: 103169|app: 0|req: 54/215] 127.0.0.1 () {44 vars in 1055 bytes} [Fri Jul 24 06:48:52 2026] GET /v2/schemas/image => generated 6083 bytes in 4 msecs (HTTP/1.1 200) 4 headers in 158 bytes (1 switches on core 0)
Jul 24 06:48:52.526864 np0000005816 devstack@g-api.service[103167]: DEBUG glance.api.middleware.version_negotiation [None req-17a5a965-db45-42df-a62e-a8c0f60b4fde tempest-ServerActionsTestOtherA-1611753534 tempest-ServerActionsTestOtherA-1611753534-project-member] Determining version of request: GET /v2/images/8be1560f-c942-4a38-a217-7d0860ebbf69 Accept: */* {{(pid=103167) process_request /opt/stack/glance/glance/api/middleware/version_negotiation.py:44}}
Jul 24 06:48:52.527149 np0000005816 devstack@g-api.service[103167]: DEBUG glance.api.middleware.version_negotiation [None req-17a5a965-db45-42df-a62e-a8c0f60b4fde tempest-ServerActionsTestOtherA-1611753534 tempest-ServerActionsTestOtherA-1611753534-project-member] Using url versioning {{(pid=103167) process_request /opt/stack/glance/glance/api/middleware/version_negotiation.py:57}}
Jul 24 06:48:52.527345 np0000005816 devstack@g-api.service[103167]: DEBUG glance.api.middleware.version_negotiation [None req-17a5a965-db45-42df-a62e-a8c0f60b4fde tempest-ServerActionsTestOtherA-1611753534 tempest-ServerActionsTestOtherA-1611753534-project-member] Matched version: v2 {{(pid=103167) process_request /opt/stack/glance/glance/api/middleware/version_negotiation.py:69}}
Jul 24 06:48:52.527481 np0000005816 devstack@g-api.service[103167]: DEBUG glance.api.middleware.version_negotiation [None req-17a5a965-db45-42df-a62e-a8c0f60b4fde tempest-ServerActionsTestOtherA-1611753534 tempest-ServerActionsTestOtherA-1611753534-project-member] new path /v2/images/8be1560f-c942-4a38-a217-7d0860ebbf69 {{(pid=103167) process_request /opt/stack/glance/glance/api/middleware/version_negotiation.py:70}}
Jul 24 06:48:52.540579 np0000005816 devstack@g-api.service[103167]: [pid: 103167|app: 0|req: 55/216] 127.0.0.1 () {44 vars in 1115 bytes} [Fri Jul 24 06:48:52 2026] GET /v2/images/8be1560f-c942-4a38-a217-7d0860ebbf69 => generated 1044 bytes in 14 msecs (HTTP/1.1 200) 4 headers in 158 bytes (1 switches on core 0)
Jul 24 06:48:52.552061 np0000005816 devstack@g-api.service[103168]: DEBUG glance.api.middleware.version_negotiation [None req-17a5a965-db45-42df-a62e-a8c0f60b4fde tempest-ServerActionsTestOtherA-1611753534 tempest-ServerActionsTestOtherA-1611753534-project-member] Determining version of request: GET /v2/schemas/image Accept: */* {{(pid=103168) process_request /opt/stack/glance/glance/api/middleware/version_negotiation.py:44}}
Jul 24 06:48:52.552939 np0000005816 devstack@g-api.service[103168]: DEBUG glance.api.middleware.version_negotiation [None req-17a5a965-db45-42df-a62e-a8c0f60b4fde tempest-ServerActionsTestOtherA-1611753534 tempest-ServerActionsTestOtherA-1611753534-project-member] Using url versioning {{(pid=103168) process_request /opt/stack/glance/glance/api/middleware/version_negotiation.py:57}}
Jul 24 06:48:52.552939 np0000005816 devstack@g-api.service[103168]: DEBUG glance.api.middleware.version_negotiation [None req-17a5a965-db45-42df-a62e-a8c0f60b4fde tempest-ServerActionsTestOtherA-1611753534 tempest-ServerActionsTestOtherA-1611753534-project-member] Matched version: v2 {{(pid=103168) process_request /opt/stack/glance/glance/api/middleware/version_negotiation.py:69}}
Jul 24 06:48:52.555042 np0000005816 devstack@g-api.service[103168]: DEBUG glance.api.middleware.version_negotiation [None req-17a5a965-db45-42df-a62e-a8c0f60b4fde tempest-ServerActionsTestOtherA-1611753534 tempest-ServerActionsTestOtherA-1611753534-project-member] new path /v2/schemas/image {{(pid=103168) process_request /opt/stack/glance/glance/api/middleware/version_negotiation.py:70}}
Jul 24 06:48:52.558888 np0000005816 devstack@g-api.service[103168]: [pid: 103168|app: 0|req: 55/217] 127.0.0.1 () {44 vars in 1055 bytes} [Fri Jul 24 06:48:52 2026] GET /v2/schemas/image => generated 6083 bytes in 7 msecs (HTTP/1.1 200) 4 headers in 158 bytes (1 switches on core 0)
Jul 24 06:48:52.569922 np0000005816 devstack@g-api.service[103169]: DEBUG glance.api.middleware.version_negotiation [None req-17a5a965-db45-42df-a62e-a8c0f60b4fde tempest-ServerActionsTestOtherA-1611753534 tempest-ServerActionsTestOtherA-1611753534-project-member] Determining version of request: GET /v2/schemas/image Accept: */* {{(pid=103169) process_request /opt/stack/glance/glance/api/middleware/version_negotiation.py:44}}
Jul 24 06:48:52.570069 np0000005816 devstack@g-api.service[103169]: DEBUG glance.api.middleware.version_negotiation [None req-17a5a965-db45-42df-a62e-a8c0f60b4fde tempest-ServerActionsTestOtherA-1611753534 tempest-ServerActionsTestOtherA-1611753534-project-member] Using url versioning {{(pid=103169) process_request /opt/stack/glance/glance/api/middleware/version_negotiation.py:57}}
Jul 24 06:48:52.570194 np0000005816 devstack@g-api.service[103169]: DEBUG glance.api.middleware.version_negotiation [None req-17a5a965-db45-42df-a62e-a8c0f60b4fde tempest-ServerActionsTestOtherA-1611753534 tempest-ServerActionsTestOtherA-1611753534-project-member] Matched version: v2 {{(pid=103169) process_request /opt/stack/glance/glance/api/middleware/version_negotiation.py:69}}
Jul 24 06:48:52.570355 np0000005816 devstack@g-api.service[103169]: DEBUG glance.api.middleware.version_negotiation [None req-17a5a965-db45-42df-a62e-a8c0f60b4fde tempest-ServerActionsTestOtherA-1611753534 tempest-ServerActionsTestOtherA-1611753534-project-member] new path /v2/schemas/image {{(pid=103169) process_request /opt/stack/glance/glance/api/middleware/version_negotiation.py:70}}
Jul 24 06:48:52.574995 np0000005816 devstack@g-api.service[103169]: [pid: 103169|app: 0|req: 55/218] 127.0.0.1 () {44 vars in 1055 bytes} [Fri Jul 24 06:48:52 2026] GET /v2/schemas/image => generated 6083 bytes in 5 msecs (HTTP/1.1 200) 4 headers in 158 bytes (1 switches on core 0)
Jul 24 06:48:52.611428 np0000005816 devstack@g-api.service[103167]: DEBUG glance.api.middleware.version_negotiation [None req-17a5a965-db45-42df-a62e-a8c0f60b4fde tempest-ServerActionsTestOtherA-1611753534 tempest-ServerActionsTestOtherA-1611753534-project-member] Determining version of request: GET /v2/images/8be1560f-c942-4a38-a217-7d0860ebbf69 Accept: */* {{(pid=103167) process_request /opt/stack/glance/glance/api/middleware/version_negotiation.py:44}}
Jul 24 06:48:52.611610 np0000005816 devstack@g-api.service[103167]: DEBUG glance.api.middleware.version_negotiation [None req-17a5a965-db45-42df-a62e-a8c0f60b4fde tempest-ServerActionsTestOtherA-1611753534 tempest-ServerActionsTestOtherA-1611753534-project-member] Using url versioning {{(pid=103167) process_request /opt/stack/glance/glance/api/middleware/version_negotiation.py:57}}
Jul 24 06:48:52.611668 np0000005816 devstack@g-api.service[103167]: DEBUG glance.api.middleware.version_negotiation [None req-17a5a965-db45-42df-a62e-a8c0f60b4fde tempest-ServerActionsTestOtherA-1611753534 tempest-ServerActionsTestOtherA-1611753534-project-member] Matched version: v2 {{(pid=103167) process_request /opt/stack/glance/glance/api/middleware/version_negotiation.py:69}}
Jul 24 06:48:52.611865 np0000005816 devstack@g-api.service[103167]: DEBUG glance.api.middleware.version_negotiation [None req-17a5a965-db45-42df-a62e-a8c0f60b4fde tempest-ServerActionsTestOtherA-1611753534 tempest-ServerActionsTestOtherA-1611753534-project-member] new path /v2/images/8be1560f-c942-4a38-a217-7d0860ebbf69 {{(pid=103167) process_request /opt/stack/glance/glance/api/middleware/version_negotiation.py:70}}
Jul 24 06:48:52.627041 np0000005816 devstack@g-api.service[103167]: [pid: 103167|app: 0|req: 56/219] 127.0.0.1 () {44 vars in 1115 bytes} [Fri Jul 24 06:48:52 2026] GET /v2/images/8be1560f-c942-4a38-a217-7d0860ebbf69 => generated 1044 bytes in 16 msecs (HTTP/1.1 200) 4 headers in 158 bytes (1 switches on core 0)
Jul 24 06:48:52.637346 np0000005816 devstack@g-api.service[103168]: DEBUG glance.api.middleware.version_negotiation [None req-17a5a965-db45-42df-a62e-a8c0f60b4fde tempest-ServerActionsTestOtherA-1611753534 tempest-ServerActionsTestOtherA-1611753534-project-member] Determining version of request: GET /v2/schemas/image Accept: */* {{(pid=103168) process_request /opt/stack/glance/glance/api/middleware/version_negotiation.py:44}}
Jul 24 06:48:52.637586 np0000005816 devstack@g-api.service[103168]: DEBUG glance.api.middleware.version_negotiation [None req-17a5a965-db45-42df-a62e-a8c0f60b4fde tempest-ServerActionsTestOtherA-1611753534 tempest-ServerActionsTestOtherA-1611753534-project-member] Using url versioning {{(pid=103168) process_request /opt/stack/glance/glance/api/middleware/version_negotiation.py:57}}
Jul 24 06:48:52.637747 np0000005816 devstack@g-api.service[103168]: DEBUG glance.api.middleware.version_negotiation [None req-17a5a965-db45-42df-a62e-a8c0f60b4fde tempest-ServerActionsTestOtherA-1611753534 tempest-ServerActionsTestOtherA-1611753534-project-member] Matched version: v2 {{(pid=103168) process_request /opt/stack/glance/glance/api/middleware/version_negotiation.py:69}}
Jul 24 06:48:52.637816 np0000005816 devstack@g-api.service[103168]: DEBUG glance.api.middleware.version_negotiation [None req-17a5a965-db45-42df-a62e-a8c0f60b4fde tempest-ServerActionsTestOtherA-1611753534 tempest-ServerActionsTestOtherA-1611753534-project-member] new path /v2/schemas/image {{(pid=103168) process_request /opt/stack/glance/glance/api/middleware/version_negotiation.py:70}}
Jul 24 06:48:52.645187 np0000005816 devstack@g-api.service[103168]: [pid: 103168|app: 0|req: 56/220] 127.0.0.1 () {44 vars in 1055 bytes} [Fri Jul 24 06:48:52 2026] GET /v2/schemas/image => generated 6083 bytes in 8 msecs (HTTP/1.1 200) 4 headers in 158 bytes (1 switches on core 0)
Jul 24 06:48:52.655817 np0000005816 devstack@g-api.service[103169]: DEBUG glance.api.middleware.version_negotiation [None req-17a5a965-db45-42df-a62e-a8c0f60b4fde tempest-ServerActionsTestOtherA-1611753534 tempest-ServerActionsTestOtherA-1611753534-project-member] Determining version of request: GET /v2/schemas/image Accept: */* {{(pid=103169) process_request /opt/stack/glance/glance/api/middleware/version_negotiation.py:44}}
Jul 24 06:48:52.656184 np0000005816 devstack@g-api.service[103169]: DEBUG glance.api.middleware.version_negotiation [None req-17a5a965-db45-42df-a62e-a8c0f60b4fde tempest-ServerActionsTestOtherA-1611753534 tempest-ServerActionsTestOtherA-1611753534-project-member] Using url versioning {{(pid=103169) process_request /opt/stack/glance/glance/api/middleware/version_negotiation.py:57}}
Jul 24 06:48:52.656184 np0000005816 devstack@g-api.service[103169]: DEBUG glance.api.middleware.version_negotiation [None req-17a5a965-db45-42df-a62e-a8c0f60b4fde tempest-ServerActionsTestOtherA-1611753534 tempest-ServerActionsTestOtherA-1611753534-project-member] Matched version: v2 {{(pid=103169) process_request /opt/stack/glance/glance/api/middleware/version_negotiation.py:69}}
Jul 24 06:48:52.656322 np0000005816 devstack@g-api.service[103169]: DEBUG glance.api.middleware.version_negotiation [None req-17a5a965-db45-42df-a62e-a8c0f60b4fde tempest-ServerActionsTestOtherA-1611753534 tempest-ServerActionsTestOtherA-1611753534-project-member] new path /v2/schemas/image {{(pid=103169) process_request /opt/stack/glance/glance/api/middleware/version_negotiation.py:70}}
Jul 24 06:48:52.660197 np0000005816 devstack@g-api.service[103169]: [pid: 103169|app: 0|req: 56/221] 127.0.0.1 () {44 vars in 1055 bytes} [Fri Jul 24 06:48:52 2026] GET /v2/schemas/image => generated 6083 bytes in 4 msecs (HTTP/1.1 200) 4 headers in 158 bytes (1 switches on core 0)
Jul 24 06:48:52.802860 np0000005816 devstack@g-api.service[103166]: DEBUG swiftclient [None req-f3b145f3-cb1f-4672-94a6-80980a3e6d5e tempest-ServerBootFromVolumeStableRescueTest-194291948 tempest-ServerBootFromVolumeStableRescueTest-194291948-project-member] REQ: curl -i https://10.4.3.126:8080/v1/AUTH_4320f2cc809040dc8c31571958bc7d2c/glance -I -H "X-Auth-Token: gAAAAABqYwrUpxH4..." {{(pid=103166) http_log /opt/stack/data/venv/lib/python3.12/site-packages/swiftclient/client.py:160}}
Jul 24 06:48:52.803133 np0000005816 devstack@g-api.service[103166]: DEBUG swiftclient [None req-f3b145f3-cb1f-4672-94a6-80980a3e6d5e tempest-ServerBootFromVolumeStableRescueTest-194291948 tempest-ServerBootFromVolumeStableRescueTest-194291948-project-member] RESP STATUS: 204 No Content {{(pid=103166) http_log /opt/stack/data/venv/lib/python3.12/site-packages/swiftclient/client.py:161}}
Jul 24 06:48:52.803168 np0000005816 devstack@g-api.service[103166]: DEBUG swiftclient [None req-f3b145f3-cb1f-4672-94a6-80980a3e6d5e tempest-ServerBootFromVolumeStableRescueTest-194291948 tempest-ServerBootFromVolumeStableRescueTest-194291948-project-member] RESP HEADERS: {'Date': 'Fri, 24 Jul 2026 06:48:52 GMT', 'Server': 'Apache/2.4.58 (Ubuntu)', 'Content-Type': 'text/plain; charset=utf-8', 'X-Container-Object-Count': '5', 'X-Container-Bytes-Used': '87883776', 'X-Timestamp': '1784875444.83185', 'Last-Modified': 'Fri, 24 Jul 2026 06:44:05 GMT', 'Accept-Ranges': 'bytes', 'X-Storage-Policy': 'Policy-0', 'X-Container-Sharding': 'False', 'Vary': 'Accept', 'X-Trans-Id': 'tx4fdcd638c1d947928e79d-006a630ad4', 'X-Openstack-Request-Id': 'tx4fdcd638c1d947928e79d-006a630ad4', 'Connection': 'close'} {{(pid=103166) http_log /opt/stack/data/venv/lib/python3.12/site-packages/swiftclient/client.py:162}}
Jul 24 06:48:52.803405 np0000005816 devstack@g-api.service[103166]: DEBUG glance_store._drivers.swift.store [None req-f3b145f3-cb1f-4672-94a6-80980a3e6d5e tempest-ServerBootFromVolumeStableRescueTest-194291948 tempest-ServerBootFromVolumeStableRescueTest-194291948-project-member] Adding image object '0498b834-48f4-460d-89ac-bfd0d0147b19' to Swift {{(pid=103166) add /opt/stack/data/venv/lib/python3.12/site-packages/glance_store/_drivers/swift/store.py:970}}
Jul 24 06:48:52.803522 np0000005816 devstack@g-api.service[103166]: DEBUG glance_store._drivers.swift.store [None req-f3b145f3-cb1f-4672-94a6-80980a3e6d5e tempest-ServerBootFromVolumeStableRescueTest-194291948 tempest-ServerBootFromVolumeStableRescueTest-194291948-project-member] Cannot determine image size because it is either not provided in the request or chunked-transfer encoding is used. Adding image as a segmented object to Swift. {{(pid=103166) add /opt/stack/data/venv/lib/python3.12/site-packages/glance_store/_drivers/swift/store.py:994}}
Jul 24 06:48:52.812470 np0000005816 devstack@g-api.service[103166]: DEBUG oslo_utils.imageutils.format_inspector [None req-f3b145f3-cb1f-4672-94a6-80980a3e6d5e tempest-ServerBootFromVolumeStableRescueTest-194291948 tempest-ServerBootFromVolumeStableRescueTest-194291948-project-member] Format inspector for vmdk does not match, excluding from consideration (Signature KDMV not found: b'QFI\xfb') {{(pid=103166) _process_chunk /opt/stack/data/venv/lib/python3.12/site-packages/oslo_utils/imageutils/format_inspector.py:1758}}
Jul 24 06:48:52.816076 np0000005816 devstack@g-api.service[103166]: DEBUG oslo_utils.imageutils.format_inspector [None req-f3b145f3-cb1f-4672-94a6-80980a3e6d5e tempest-ServerBootFromVolumeStableRescueTest-194291948 tempest-ServerBootFromVolumeStableRescueTest-194291948-project-member] Format inspector for vhdx does not match, excluding from consideration (Region signature not found at 30000) {{(pid=103166) _process_chunk /opt/stack/data/venv/lib/python3.12/site-packages/oslo_utils/imageutils/format_inspector.py:1758}}
Jul 24 06:48:53.099904 np0000005816 devstack@g-api.service[103167]: DEBUG glance.api.middleware.version_negotiation [None req-17a5a965-db45-42df-a62e-a8c0f60b4fde tempest-ServerActionsTestOtherA-1611753534 tempest-ServerActionsTestOtherA-1611753534-project-member] Determining version of request: GET /v2/images/0498b834-48f4-460d-89ac-bfd0d0147b19 Accept: application/json {{(pid=103167) process_request /opt/stack/glance/glance/api/middleware/version_negotiation.py:44}}
Jul 24 06:48:53.100167 np0000005816 devstack@g-api.service[103167]: DEBUG glance.api.middleware.version_negotiation [None req-17a5a965-db45-42df-a62e-a8c0f60b4fde tempest-ServerActionsTestOtherA-1611753534 tempest-ServerActionsTestOtherA-1611753534-project-member] Using url versioning {{(pid=103167) process_request /opt/stack/glance/glance/api/middleware/version_negotiation.py:57}}
Jul 24 06:48:53.100361 np0000005816 devstack@g-api.service[103167]: DEBUG glance.api.middleware.version_negotiation [None req-17a5a965-db45-42df-a62e-a8c0f60b4fde tempest-ServerActionsTestOtherA-1611753534 tempest-ServerActionsTestOtherA-1611753534-project-member] Matched version: v2 {{(pid=103167) process_request /opt/stack/glance/glance/api/middleware/version_negotiation.py:69}}
Jul 24 06:48:53.100520 np0000005816 devstack@g-api.service[103167]: DEBUG glance.api.middleware.version_negotiation [None req-17a5a965-db45-42df-a62e-a8c0f60b4fde tempest-ServerActionsTestOtherA-1611753534 tempest-ServerActionsTestOtherA-1611753534-project-member] new path /v2/images/0498b834-48f4-460d-89ac-bfd0d0147b19 {{(pid=103167) process_request /opt/stack/glance/glance/api/middleware/version_negotiation.py:70}}
Jul 24 06:48:53.116192 np0000005816 devstack@g-api.service[103167]: [pid: 103167|app: 0|req: 57/222] 127.0.0.1 () {40 vars in 838 bytes} [Fri Jul 24 06:48:53 2026] GET /v2/images/0498b834-48f4-460d-89ac-bfd0d0147b19 => generated 1468 bytes in 16 msecs (HTTP/1.1 200) 4 headers in 158 bytes (1 switches on core 0)
Jul 24 06:48:53.132278 np0000005816 devstack@g-api.service[103166]: DEBUG swiftclient [None req-f3b145f3-cb1f-4672-94a6-80980a3e6d5e tempest-ServerBootFromVolumeStableRescueTest-194291948 tempest-ServerBootFromVolumeStableRescueTest-194291948-project-member] REQ: curl -i https://10.4.3.126:8080/v1/AUTH_4320f2cc809040dc8c31571958bc7d2c/glance/0498b834-48f4-460d-89ac-bfd0d0147b19-00001 -X PUT -H "X-Auth-Token: gAAAAABqYwrUpxH4..." {{(pid=103166) http_log /opt/stack/data/venv/lib/python3.12/site-packages/swiftclient/client.py:160}}
Jul 24 06:48:53.132491 np0000005816 devstack@g-api.service[103166]: DEBUG swiftclient [None req-f3b145f3-cb1f-4672-94a6-80980a3e6d5e tempest-ServerBootFromVolumeStableRescueTest-194291948 tempest-ServerBootFromVolumeStableRescueTest-194291948-project-member] RESP STATUS: 201 Created {{(pid=103166) http_log /opt/stack/data/venv/lib/python3.12/site-packages/swiftclient/client.py:161}}
Jul 24 06:48:53.132747 np0000005816 devstack@g-api.service[103166]: DEBUG swiftclient [None req-f3b145f3-cb1f-4672-94a6-80980a3e6d5e tempest-ServerBootFromVolumeStableRescueTest-194291948 tempest-ServerBootFromVolumeStableRescueTest-194291948-project-member] RESP HEADERS: {'Date': 'Fri, 24 Jul 2026 06:48:53 GMT', 'Server': 'Apache/2.4.58 (Ubuntu)', 'Content-Type': 'text/html; charset=UTF-8', 'Content-Length': '0', 'Etag': '4fa343ee581d8d2e78533191fd1ac3e1', 'Last-Modified': 'Fri, 24 Jul 2026 06:48:53 GMT', 'X-Trans-Id': 'tx0dc309ce14614932a1ea9-006a630ad4', 'X-Openstack-Request-Id': 'tx0dc309ce14614932a1ea9-006a630ad4', 'Connection': 'close'} {{(pid=103166) http_log /opt/stack/data/venv/lib/python3.12/site-packages/swiftclient/client.py:162}}
Jul 24 06:48:53.132957 np0000005816 devstack@g-api.service[103166]: DEBUG glance_store._drivers.swift.store [None req-f3b145f3-cb1f-4672-94a6-80980a3e6d5e tempest-ServerBootFromVolumeStableRescueTest-194291948 tempest-ServerBootFromVolumeStableRescueTest-194291948-project-member] Wrote chunk 0498b834-48f4-460d-89ac-bfd0d0147b19-00001 (1/?) of length 23527424 to Swift returning MD5 of content: 4fa343ee581d8d2e78533191fd1ac3e1 {{(pid=103166) add /opt/stack/data/venv/lib/python3.12/site-packages/glance_store/_drivers/swift/store.py:1059}}
Jul 24 06:48:53.133301 np0000005816 devstack@g-api.service[103166]: DEBUG glance_store._drivers.swift.store [None req-f3b145f3-cb1f-4672-94a6-80980a3e6d5e tempest-ServerBootFromVolumeStableRescueTest-194291948 tempest-ServerBootFromVolumeStableRescueTest-194291948-project-member] Not writing zero-length chunk. {{(pid=103166) add /opt/stack/data/venv/lib/python3.12/site-packages/glance_store/_drivers/swift/store.py:1028}}
Jul 24 06:48:53.159221 np0000005816 devstack@g-api.service[103166]: DEBUG swiftclient [None req-f3b145f3-cb1f-4672-94a6-80980a3e6d5e tempest-ServerBootFromVolumeStableRescueTest-194291948 tempest-ServerBootFromVolumeStableRescueTest-194291948-project-member] REQ: curl -i https://10.4.3.126:8080/v1/AUTH_4320f2cc809040dc8c31571958bc7d2c/glance/0498b834-48f4-460d-89ac-bfd0d0147b19 -X PUT -H "X-Object-Manifest: glance/0498b834-48f4-460d-89ac-bfd0d0147b19-" -H "X-Auth-Token: gAAAAABqYwrUpxH4..." -H "Content-Length: 0" {{(pid=103166) http_log /opt/stack/data/venv/lib/python3.12/site-packages/swiftclient/client.py:160}}
Jul 24 06:48:53.159422 np0000005816 devstack@g-api.service[103166]: DEBUG swiftclient [None req-f3b145f3-cb1f-4672-94a6-80980a3e6d5e tempest-ServerBootFromVolumeStableRescueTest-194291948 tempest-ServerBootFromVolumeStableRescueTest-194291948-project-member] RESP STATUS: 201 Created {{(pid=103166) http_log /opt/stack/data/venv/lib/python3.12/site-packages/swiftclient/client.py:161}}
Jul 24 06:48:53.159645 np0000005816 devstack@g-api.service[103166]: DEBUG swiftclient [None req-f3b145f3-cb1f-4672-94a6-80980a3e6d5e tempest-ServerBootFromVolumeStableRescueTest-194291948 tempest-ServerBootFromVolumeStableRescueTest-194291948-project-member] RESP HEADERS: {'Date': 'Fri, 24 Jul 2026 06:48:53 GMT', 'Server': 'Apache/2.4.58 (Ubuntu)', 'Content-Type': 'text/html; charset=UTF-8', 'Content-Length': '0', 'Etag': 'd41d8cd98f00b204e9800998ecf8427e', 'Last-Modified': 'Fri, 24 Jul 2026 06:48:54 GMT', 'X-Trans-Id': 'txa819c72e6bea4104878bb-006a630ad5', 'X-Openstack-Request-Id': 'txa819c72e6bea4104878bb-006a630ad5', 'Connection': 'close'} {{(pid=103166) http_log /opt/stack/data/venv/lib/python3.12/site-packages/swiftclient/client.py:162}}
Jul 24 06:48:53.160408 np0000005816 devstack@g-api.service[103166]: INFO glance.location [None req-f3b145f3-cb1f-4672-94a6-80980a3e6d5e tempest-ServerBootFromVolumeStableRescueTest-194291948 tempest-ServerBootFromVolumeStableRescueTest-194291948-project-member] Image format matched and virtual size computed: 1073741824
Jul 24 06:48:53.208588 np0000005816 devstack@g-api.service[103166]: DEBUG glance_store.backend [None req-f3b145f3-cb1f-4672-94a6-80980a3e6d5e tempest-ServerBootFromVolumeStableRescueTest-194291948 tempest-ServerBootFromVolumeStableRescueTest-194291948-project-member] Attempting to import store swift {{(pid=103166) _load_store /opt/stack/data/venv/lib/python3.12/site-packages/glance_store/backend.py:215}}
Jul 24 06:48:53.210678 np0000005816 devstack@g-api.service[103166]: DEBUG glance_store.capabilities [None req-f3b145f3-cb1f-4672-94a6-80980a3e6d5e tempest-ServerBootFromVolumeStableRescueTest-194291948 tempest-ServerBootFromVolumeStableRescueTest-194291948-project-member] Store glance_store._drivers.swift.store.SingleTenantStore doesn't support updating dynamic storage capabilities. Please overwrite 'update_capabilities' method of the store to implement updating logics if needed. {{(pid=103166) update_capabilities /opt/stack/data/venv/lib/python3.12/site-packages/glance_store/capabilities.py:91}}
Jul 24 06:48:53.210839 np0000005816 devstack@g-api.service[103166]: DEBUG glance_store.driver [None req-f3b145f3-cb1f-4672-94a6-80980a3e6d5e tempest-ServerBootFromVolumeStableRescueTest-194291948 tempest-ServerBootFromVolumeStableRescueTest-194291948-project-member] Late loading location class glance_store._drivers.swift.store.StoreLocation {{(pid=103166) get_store_location_class /opt/stack/data/venv/lib/python3.12/site-packages/glance_store/driver.py:134}}
Jul 24 06:48:53.211022 np0000005816 devstack@g-api.service[103166]: DEBUG glance_store.location [None req-f3b145f3-cb1f-4672-94a6-80980a3e6d5e tempest-ServerBootFromVolumeStableRescueTest-194291948 tempest-ServerBootFromVolumeStableRescueTest-194291948-project-member] Registering scheme swift+https with {'store': , 'location_class': , 'store_entry': 'swift'} {{(pid=103166) register_scheme_map /opt/stack/data/venv/lib/python3.12/site-packages/glance_store/location.py:146}}
Jul 24 06:48:53.211022 np0000005816 devstack@g-api.service[103166]: DEBUG glance_store.location [None req-f3b145f3-cb1f-4672-94a6-80980a3e6d5e tempest-ServerBootFromVolumeStableRescueTest-194291948 tempest-ServerBootFromVolumeStableRescueTest-194291948-project-member] Registering scheme swift+https with {'store': , 'location_class': , 'store_entry': 'swift'} {{(pid=103166) register_scheme_map /opt/stack/data/venv/lib/python3.12/site-packages/glance_store/location.py:146}}
Jul 24 06:48:53.211145 np0000005816 devstack@g-api.service[103166]: DEBUG glance_store.location [None req-f3b145f3-cb1f-4672-94a6-80980a3e6d5e tempest-ServerBootFromVolumeStableRescueTest-194291948 tempest-ServerBootFromVolumeStableRescueTest-194291948-project-member] Registering scheme swift with {'store': , 'location_class': , 'store_entry': 'swift'} {{(pid=103166) register_scheme_map /opt/stack/data/venv/lib/python3.12/site-packages/glance_store/location.py:146}}
Jul 24 06:48:53.211263 np0000005816 devstack@g-api.service[103166]: DEBUG glance_store.location [None req-f3b145f3-cb1f-4672-94a6-80980a3e6d5e tempest-ServerBootFromVolumeStableRescueTest-194291948 tempest-ServerBootFromVolumeStableRescueTest-194291948-project-member] Registering scheme swift+https with {'store': , 'location_class': , 'store_entry': 'swift'} {{(pid=103166) register_scheme_map /opt/stack/data/venv/lib/python3.12/site-packages/glance_store/location.py:146}}
Jul 24 06:48:53.211380 np0000005816 devstack@g-api.service[103166]: DEBUG glance_store.location [None req-f3b145f3-cb1f-4672-94a6-80980a3e6d5e tempest-ServerBootFromVolumeStableRescueTest-194291948 tempest-ServerBootFromVolumeStableRescueTest-194291948-project-member] Registering scheme swift with {'store': , 'location_class': , 'store_entry': 'swift'} {{(pid=103166) register_scheme_map /opt/stack/data/venv/lib/python3.12/site-packages/glance_store/location.py:146}}
Jul 24 06:48:53.211494 np0000005816 devstack@g-api.service[103166]: DEBUG glance_store.location [None req-f3b145f3-cb1f-4672-94a6-80980a3e6d5e tempest-ServerBootFromVolumeStableRescueTest-194291948 tempest-ServerBootFromVolumeStableRescueTest-194291948-project-member] Registering scheme swift+http with {'store': , 'location_class': , 'store_entry': 'swift'} {{(pid=103166) register_scheme_map /opt/stack/data/venv/lib/python3.12/site-packages/glance_store/location.py:146}}
Jul 24 06:48:53.211622 np0000005816 devstack@g-api.service[103166]: DEBUG glance_store.location [None req-f3b145f3-cb1f-4672-94a6-80980a3e6d5e tempest-ServerBootFromVolumeStableRescueTest-194291948 tempest-ServerBootFromVolumeStableRescueTest-194291948-project-member] Registering scheme swift+https with {'store': , 'location_class': , 'store_entry': 'swift'} {{(pid=103166) register_scheme_map /opt/stack/data/venv/lib/python3.12/site-packages/glance_store/location.py:146}}
Jul 24 06:48:53.211723 np0000005816 devstack@g-api.service[103166]: DEBUG glance_store.location [None req-f3b145f3-cb1f-4672-94a6-80980a3e6d5e tempest-ServerBootFromVolumeStableRescueTest-194291948 tempest-ServerBootFromVolumeStableRescueTest-194291948-project-member] Registering scheme swift with {'store': , 'location_class': , 'store_entry': 'swift'} {{(pid=103166) register_scheme_map /opt/stack/data/venv/lib/python3.12/site-packages/glance_store/location.py:146}}
Jul 24 06:48:53.211825 np0000005816 devstack@g-api.service[103166]: DEBUG glance_store.location [None req-f3b145f3-cb1f-4672-94a6-80980a3e6d5e tempest-ServerBootFromVolumeStableRescueTest-194291948 tempest-ServerBootFromVolumeStableRescueTest-194291948-project-member] Registering scheme swift+http with {'store': , 'location_class': , 'store_entry': 'swift'} {{(pid=103166) register_scheme_map /opt/stack/data/venv/lib/python3.12/site-packages/glance_store/location.py:146}}
Jul 24 06:48:53.212032 np0000005816 devstack@g-api.service[103166]: DEBUG glance_store.location [None req-f3b145f3-cb1f-4672-94a6-80980a3e6d5e tempest-ServerBootFromVolumeStableRescueTest-194291948 tempest-ServerBootFromVolumeStableRescueTest-194291948-project-member] Registering scheme swift+config with {'store': , 'location_class': , 'store_entry': 'swift'} {{(pid=103166) register_scheme_map /opt/stack/data/venv/lib/python3.12/site-packages/glance_store/location.py:146}}
Jul 24 06:48:53.212032 np0000005816 devstack@g-api.service[103166]: DEBUG glance_store.backend [None req-f3b145f3-cb1f-4672-94a6-80980a3e6d5e tempest-ServerBootFromVolumeStableRescueTest-194291948 tempest-ServerBootFromVolumeStableRescueTest-194291948-project-member] Skipping store.set_acls... not implemented. {{(pid=103166) set_acls /opt/stack/data/venv/lib/python3.12/site-packages/glance_store/backend.py:507}}
Jul 24 06:48:53.214411 np0000005816 devstack@g-api.service[103166]: [pid: 103166|app: 0|req: 54/223] 127.0.0.1 () {46 vars in 1158 bytes} [Fri Jul 24 06:48:51 2026] PUT /v2/images/0498b834-48f4-460d-89ac-bfd0d0147b19/file => generated 0 bytes in 2193 msecs (HTTP/1.1 204) 4 headers in 171 bytes (1 switches on core 0)
Jul 24 06:48:53.252381 np0000005816 devstack@g-api.service[103168]: DEBUG glance.api.middleware.version_negotiation [None req-17a5a965-db45-42df-a62e-a8c0f60b4fde tempest-ServerActionsTestOtherA-1611753534 tempest-ServerActionsTestOtherA-1611753534-project-member] Determining version of request: GET /versions Accept: */* {{(pid=103168) process_request /opt/stack/glance/glance/api/middleware/version_negotiation.py:44}}
Jul 24 06:48:53.252958 np0000005816 devstack@g-api.service[103168]: [pid: 103168|app: 0|req: 57/224] 127.0.0.1 () {44 vars in 1039 bytes} [Fri Jul 24 06:48:53 2026] GET /versions => generated 1515 bytes in 1 msecs (HTTP/1.1 200) 3 headers in 92 bytes (1 switches on core 0)
Jul 24 06:48:53.264823 np0000005816 devstack@g-api.service[103169]: DEBUG glance.api.middleware.version_negotiation [None req-17a5a965-db45-42df-a62e-a8c0f60b4fde tempest-ServerActionsTestOtherA-1611753534 tempest-ServerActionsTestOtherA-1611753534-project-member] Determining version of request: GET /v2/images/8be1560f-c942-4a38-a217-7d0860ebbf69/locations Accept: */* {{(pid=103169) process_request /opt/stack/glance/glance/api/middleware/version_negotiation.py:44}}
Jul 24 06:48:53.265174 np0000005816 devstack@g-api.service[103169]: DEBUG glance.api.middleware.version_negotiation [None req-17a5a965-db45-42df-a62e-a8c0f60b4fde tempest-ServerActionsTestOtherA-1611753534 tempest-ServerActionsTestOtherA-1611753534-project-member] Using url versioning {{(pid=103169) process_request /opt/stack/glance/glance/api/middleware/version_negotiation.py:57}}
Jul 24 06:48:53.265232 np0000005816 devstack@g-api.service[103169]: DEBUG glance.api.middleware.version_negotiation [None req-17a5a965-db45-42df-a62e-a8c0f60b4fde tempest-ServerActionsTestOtherA-1611753534 tempest-ServerActionsTestOtherA-1611753534-project-member] Matched version: v2 {{(pid=103169) process_request /opt/stack/glance/glance/api/middleware/version_negotiation.py:69}}
Jul 24 06:48:53.266271 np0000005816 devstack@g-api.service[103169]: DEBUG glance.api.middleware.version_negotiation [None req-17a5a965-db45-42df-a62e-a8c0f60b4fde tempest-ServerActionsTestOtherA-1611753534 tempest-ServerActionsTestOtherA-1611753534-project-member] new path /v2/images/8be1560f-c942-4a38-a217-7d0860ebbf69/locations {{(pid=103169) process_request /opt/stack/glance/glance/api/middleware/version_negotiation.py:70}}
Jul 24 06:48:53.294259 np0000005816 devstack@g-api.service[103167]: DEBUG glance.api.middleware.version_negotiation [None req-39fb7912-73b8-4773-ab18-de1ce8454c03 tempest-ServerBootFromVolumeStableRescueTest-194291948 tempest-ServerBootFromVolumeStableRescueTest-194291948-project-member] Determining version of request: GET /v2/images/0498b834-48f4-460d-89ac-bfd0d0147b19 Accept: */* {{(pid=103167) process_request /opt/stack/glance/glance/api/middleware/version_negotiation.py:44}}
Jul 24 06:48:53.294259 np0000005816 devstack@g-api.service[103167]: DEBUG glance.api.middleware.version_negotiation [None req-39fb7912-73b8-4773-ab18-de1ce8454c03 tempest-ServerBootFromVolumeStableRescueTest-194291948 tempest-ServerBootFromVolumeStableRescueTest-194291948-project-member] Using url versioning {{(pid=103167) process_request /opt/stack/glance/glance/api/middleware/version_negotiation.py:57}}
Jul 24 06:48:53.294259 np0000005816 devstack@g-api.service[103167]: DEBUG glance.api.middleware.version_negotiation [None req-39fb7912-73b8-4773-ab18-de1ce8454c03 tempest-ServerBootFromVolumeStableRescueTest-194291948 tempest-ServerBootFromVolumeStableRescueTest-194291948-project-member] Matched version: v2 {{(pid=103167) process_request /opt/stack/glance/glance/api/middleware/version_negotiation.py:69}}
Jul 24 06:48:53.294633 np0000005816 devstack@g-api.service[103167]: DEBUG glance.api.middleware.version_negotiation [None req-39fb7912-73b8-4773-ab18-de1ce8454c03 tempest-ServerBootFromVolumeStableRescueTest-194291948 tempest-ServerBootFromVolumeStableRescueTest-194291948-project-member] new path /v2/images/0498b834-48f4-460d-89ac-bfd0d0147b19 {{(pid=103167) process_request /opt/stack/glance/glance/api/middleware/version_negotiation.py:70}}
Jul 24 06:48:53.307195 np0000005816 devstack@g-api.service[103167]: [pid: 103167|app: 0|req: 58/225] 127.0.0.1 () {44 vars in 1115 bytes} [Fri Jul 24 06:48:53 2026] GET /v2/images/0498b834-48f4-460d-89ac-bfd0d0147b19 => generated 1638 bytes in 13 msecs (HTTP/1.1 200) 4 headers in 158 bytes (1 switches on core 0)
Jul 24 06:48:53.380482 np0000005816 devstack@g-api.service[103166]: DEBUG glance.api.middleware.version_negotiation [None req-f3b145f3-cb1f-4672-94a6-80980a3e6d5e tempest-ServerBootFromVolumeStableRescueTest-194291948 tempest-ServerBootFromVolumeStableRescueTest-194291948-project-member] Determining version of request: GET /v2/schemas/image Accept: */* {{(pid=103166) process_request /opt/stack/glance/glance/api/middleware/version_negotiation.py:44}}
Jul 24 06:48:53.380654 np0000005816 devstack@g-api.service[103166]: DEBUG glance.api.middleware.version_negotiation [None req-f3b145f3-cb1f-4672-94a6-80980a3e6d5e tempest-ServerBootFromVolumeStableRescueTest-194291948 tempest-ServerBootFromVolumeStableRescueTest-194291948-project-member] Using url versioning {{(pid=103166) process_request /opt/stack/glance/glance/api/middleware/version_negotiation.py:57}}
Jul 24 06:48:53.380820 np0000005816 devstack@g-api.service[103166]: DEBUG glance.api.middleware.version_negotiation [None req-f3b145f3-cb1f-4672-94a6-80980a3e6d5e tempest-ServerBootFromVolumeStableRescueTest-194291948 tempest-ServerBootFromVolumeStableRescueTest-194291948-project-member] Matched version: v2 {{(pid=103166) process_request /opt/stack/glance/glance/api/middleware/version_negotiation.py:69}}
Jul 24 06:48:53.380953 np0000005816 devstack@g-api.service[103166]: DEBUG glance.api.middleware.version_negotiation [None req-f3b145f3-cb1f-4672-94a6-80980a3e6d5e tempest-ServerBootFromVolumeStableRescueTest-194291948 tempest-ServerBootFromVolumeStableRescueTest-194291948-project-member] new path /v2/schemas/image {{(pid=103166) process_request /opt/stack/glance/glance/api/middleware/version_negotiation.py:70}}
Jul 24 06:48:53.386640 np0000005816 devstack@g-api.service[103166]: [pid: 103166|app: 0|req: 55/226] 127.0.0.1 () {44 vars in 1055 bytes} [Fri Jul 24 06:48:53 2026] GET /v2/schemas/image => generated 6083 bytes in 6 msecs (HTTP/1.1 200) 4 headers in 158 bytes (1 switches on core 0)
Jul 24 06:48:53.392108 np0000005816 devstack@g-api.service[103169]: [pid: 103169|app: 0|req: 57/227] 127.0.0.1 () {44 vars in 1135 bytes} [Fri Jul 24 06:48:53 2026] GET /v2/images/8be1560f-c942-4a38-a217-7d0860ebbf69/locations => generated 92 bytes in 127 msecs (HTTP/1.1 200) 4 headers in 156 bytes (1 switches on core 0)
Jul 24 06:48:53.402484 np0000005816 devstack@g-api.service[103168]: DEBUG glance.api.middleware.version_negotiation [None req-17a5a965-db45-42df-a62e-a8c0f60b4fde tempest-ServerActionsTestOtherA-1611753534 tempest-ServerActionsTestOtherA-1611753534-project-member] Determining version of request: GET /v2/images/8be1560f-c942-4a38-a217-7d0860ebbf69 Accept: */* {{(pid=103168) process_request /opt/stack/glance/glance/api/middleware/version_negotiation.py:44}}
Jul 24 06:48:53.402629 np0000005816 devstack@g-api.service[103168]: DEBUG glance.api.middleware.version_negotiation [None req-17a5a965-db45-42df-a62e-a8c0f60b4fde tempest-ServerActionsTestOtherA-1611753534 tempest-ServerActionsTestOtherA-1611753534-project-member] Using url versioning {{(pid=103168) process_request /opt/stack/glance/glance/api/middleware/version_negotiation.py:57}}
Jul 24 06:48:53.402752 np0000005816 devstack@g-api.service[103168]: DEBUG glance.api.middleware.version_negotiation [None req-17a5a965-db45-42df-a62e-a8c0f60b4fde tempest-ServerActionsTestOtherA-1611753534 tempest-ServerActionsTestOtherA-1611753534-project-member] Matched version: v2 {{(pid=103168) process_request /opt/stack/glance/glance/api/middleware/version_negotiation.py:69}}
Jul 24 06:48:53.402834 np0000005816 devstack@g-api.service[103168]: DEBUG glance.api.middleware.version_negotiation [None req-17a5a965-db45-42df-a62e-a8c0f60b4fde tempest-ServerActionsTestOtherA-1611753534 tempest-ServerActionsTestOtherA-1611753534-project-member] new path /v2/images/8be1560f-c942-4a38-a217-7d0860ebbf69 {{(pid=103168) process_request /opt/stack/glance/glance/api/middleware/version_negotiation.py:70}}
Jul 24 06:48:53.420028 np0000005816 devstack@g-api.service[103168]: [pid: 103168|app: 0|req: 58/228] 127.0.0.1 () {44 vars in 1115 bytes} [Fri Jul 24 06:48:53 2026] GET /v2/images/8be1560f-c942-4a38-a217-7d0860ebbf69 => generated 1044 bytes in 17 msecs (HTTP/1.1 200) 4 headers in 158 bytes (1 switches on core 0)
Jul 24 06:48:53.430937 np0000005816 devstack@g-api.service[103167]: DEBUG glance.api.middleware.version_negotiation [None req-f3b145f3-cb1f-4672-94a6-80980a3e6d5e tempest-ServerBootFromVolumeStableRescueTest-194291948 tempest-ServerBootFromVolumeStableRescueTest-194291948-project-member] Determining version of request: GET /v2/schemas/image Accept: */* {{(pid=103167) process_request /opt/stack/glance/glance/api/middleware/version_negotiation.py:44}}
Jul 24 06:48:53.431283 np0000005816 devstack@g-api.service[103167]: DEBUG glance.api.middleware.version_negotiation [None req-f3b145f3-cb1f-4672-94a6-80980a3e6d5e tempest-ServerBootFromVolumeStableRescueTest-194291948 tempest-ServerBootFromVolumeStableRescueTest-194291948-project-member] Using url versioning {{(pid=103167) process_request /opt/stack/glance/glance/api/middleware/version_negotiation.py:57}}
Jul 24 06:48:53.431318 np0000005816 devstack@g-api.service[103167]: DEBUG glance.api.middleware.version_negotiation [None req-f3b145f3-cb1f-4672-94a6-80980a3e6d5e tempest-ServerBootFromVolumeStableRescueTest-194291948 tempest-ServerBootFromVolumeStableRescueTest-194291948-project-member] Matched version: v2 {{(pid=103167) process_request /opt/stack/glance/glance/api/middleware/version_negotiation.py:69}}
Jul 24 06:48:53.431508 np0000005816 devstack@g-api.service[103167]: DEBUG glance.api.middleware.version_negotiation [None req-f3b145f3-cb1f-4672-94a6-80980a3e6d5e tempest-ServerBootFromVolumeStableRescueTest-194291948 tempest-ServerBootFromVolumeStableRescueTest-194291948-project-member] new path /v2/schemas/image {{(pid=103167) process_request /opt/stack/glance/glance/api/middleware/version_negotiation.py:70}}
Jul 24 06:48:53.438014 np0000005816 devstack@g-api.service[103167]: [pid: 103167|app: 0|req: 59/229] 127.0.0.1 () {44 vars in 1055 bytes} [Fri Jul 24 06:48:53 2026] GET /v2/schemas/image => generated 6083 bytes in 7 msecs (HTTP/1.1 200) 4 headers in 158 bytes (1 switches on core 0)
Jul 24 06:48:53.447847 np0000005816 devstack@g-api.service[103166]: DEBUG glance.api.middleware.version_negotiation [None req-f3b145f3-cb1f-4672-94a6-80980a3e6d5e tempest-ServerBootFromVolumeStableRescueTest-194291948 tempest-ServerBootFromVolumeStableRescueTest-194291948-project-member] Determining version of request: GET /v2/schemas/image Accept: */* {{(pid=103166) process_request /opt/stack/glance/glance/api/middleware/version_negotiation.py:44}}
Jul 24 06:48:53.448075 np0000005816 devstack@g-api.service[103166]: DEBUG glance.api.middleware.version_negotiation [None req-f3b145f3-cb1f-4672-94a6-80980a3e6d5e tempest-ServerBootFromVolumeStableRescueTest-194291948 tempest-ServerBootFromVolumeStableRescueTest-194291948-project-member] Using url versioning {{(pid=103166) process_request /opt/stack/glance/glance/api/middleware/version_negotiation.py:57}}
Jul 24 06:48:53.448301 np0000005816 devstack@g-api.service[103166]: DEBUG glance.api.middleware.version_negotiation [None req-f3b145f3-cb1f-4672-94a6-80980a3e6d5e tempest-ServerBootFromVolumeStableRescueTest-194291948 tempest-ServerBootFromVolumeStableRescueTest-194291948-project-member] Matched version: v2 {{(pid=103166) process_request /opt/stack/glance/glance/api/middleware/version_negotiation.py:69}}
Jul 24 06:48:53.448468 np0000005816 devstack@g-api.service[103166]: DEBUG glance.api.middleware.version_negotiation [None req-f3b145f3-cb1f-4672-94a6-80980a3e6d5e tempest-ServerBootFromVolumeStableRescueTest-194291948 tempest-ServerBootFromVolumeStableRescueTest-194291948-project-member] new path /v2/schemas/image {{(pid=103166) process_request /opt/stack/glance/glance/api/middleware/version_negotiation.py:70}}
Jul 24 06:48:53.451260 np0000005816 devstack@g-api.service[103166]: [pid: 103166|app: 0|req: 56/230] 127.0.0.1 () {44 vars in 1055 bytes} [Fri Jul 24 06:48:53 2026] GET /v2/schemas/image => generated 6083 bytes in 4 msecs (HTTP/1.1 200) 4 headers in 158 bytes (1 switches on core 0)
Jul 24 06:48:54.126625 np0000005816 devstack@g-api.service[103169]: DEBUG glance.api.middleware.version_negotiation [None req-17a5a965-db45-42df-a62e-a8c0f60b4fde service glance] Determining version of request: GET /v2/images/0498b834-48f4-460d-89ac-bfd0d0147b19 Accept: application/json {{(pid=103169) process_request /opt/stack/glance/glance/api/middleware/version_negotiation.py:44}}
Jul 24 06:48:54.126854 np0000005816 devstack@g-api.service[103169]: DEBUG glance.api.middleware.version_negotiation [None req-17a5a965-db45-42df-a62e-a8c0f60b4fde service glance] Using url versioning {{(pid=103169) process_request /opt/stack/glance/glance/api/middleware/version_negotiation.py:57}}
Jul 24 06:48:54.127034 np0000005816 devstack@g-api.service[103169]: DEBUG glance.api.middleware.version_negotiation [None req-17a5a965-db45-42df-a62e-a8c0f60b4fde service glance] Matched version: v2 {{(pid=103169) process_request /opt/stack/glance/glance/api/middleware/version_negotiation.py:69}}
Jul 24 06:48:54.127727 np0000005816 devstack@g-api.service[103169]: DEBUG glance.api.middleware.version_negotiation [None req-17a5a965-db45-42df-a62e-a8c0f60b4fde service glance] new path /v2/images/0498b834-48f4-460d-89ac-bfd0d0147b19 {{(pid=103169) process_request /opt/stack/glance/glance/api/middleware/version_negotiation.py:70}}
Jul 24 06:48:54.147111 np0000005816 devstack@g-api.service[103169]: [pid: 103169|app: 0|req: 58/231] 127.0.0.1 () {40 vars in 838 bytes} [Fri Jul 24 06:48:54 2026] GET /v2/images/0498b834-48f4-460d-89ac-bfd0d0147b19 => generated 1638 bytes in 20 msecs (HTTP/1.1 200) 4 headers in 158 bytes (1 switches on core 0)
Jul 24 06:48:54.155836 np0000005816 devstack@g-api.service[103168]: DEBUG glance.api.middleware.version_negotiation [None req-17a5a965-db45-42df-a62e-a8c0f60b4fde tempest-ServerActionsTestOtherA-1611753534 tempest-ServerActionsTestOtherA-1611753534-project-member] Determining version of request: GET /v2/images/0498b834-48f4-460d-89ac-bfd0d0147b19 Accept: application/json {{(pid=103168) process_request /opt/stack/glance/glance/api/middleware/version_negotiation.py:44}}
Jul 24 06:48:54.156283 np0000005816 devstack@g-api.service[103168]: DEBUG glance.api.middleware.version_negotiation [None req-17a5a965-db45-42df-a62e-a8c0f60b4fde tempest-ServerActionsTestOtherA-1611753534 tempest-ServerActionsTestOtherA-1611753534-project-member] Using url versioning {{(pid=103168) process_request /opt/stack/glance/glance/api/middleware/version_negotiation.py:57}}
Jul 24 06:48:54.156896 np0000005816 devstack@g-api.service[103168]: DEBUG glance.api.middleware.version_negotiation [None req-17a5a965-db45-42df-a62e-a8c0f60b4fde tempest-ServerActionsTestOtherA-1611753534 tempest-ServerActionsTestOtherA-1611753534-project-member] Matched version: v2 {{(pid=103168) process_request /opt/stack/glance/glance/api/middleware/version_negotiation.py:69}}
