Jul 24 06:43:37.886132 np0000005816 nova-conductor[99111]: DEBUG cotyledon.oslo_config_glue [-] workarounds.disable_fallback_pcpu_query = False {{(pid=99111) log_opt_values /opt/stack/data/venv/lib/python3.12/site-packages/oslo_config/cfg.py:3253}}
Jul 24 06:43:37.886132 np0000005816 nova-conductor[99111]: DEBUG cotyledon.oslo_config_glue [-] workarounds.disable_group_policy_check_upcall = False {{(pid=99111) log_opt_values /opt/stack/data/venv/lib/python3.12/site-packages/oslo_config/cfg.py:3253}}
Jul 24 06:43:37.886132 np0000005816 nova-conductor[99111]: DEBUG cotyledon.oslo_config_glue [-] workarounds.disable_libvirt_livesnapshot = False {{(pid=99111) log_opt_values /opt/stack/data/venv/lib/python3.12/site-packages/oslo_config/cfg.py:3253}}
Jul 24 06:43:37.886132 np0000005816 nova-conductor[99111]: DEBUG cotyledon.oslo_config_glue [-] workarounds.disable_rootwrap = False {{(pid=99111) log_opt_values /opt/stack/data/venv/lib/python3.12/site-packages/oslo_config/cfg.py:3253}}
Jul 24 06:43:37.886132 np0000005816 nova-conductor[99111]: DEBUG cotyledon.oslo_config_glue [-] workarounds.enable_numa_live_migration = False {{(pid=99111) log_opt_values /opt/stack/data/venv/lib/python3.12/site-packages/oslo_config/cfg.py:3253}}
Jul 24 06:43:37.886132 np0000005816 nova-conductor[99111]: DEBUG cotyledon.oslo_config_glue [-] workarounds.enable_qemu_monitor_announce_self = False {{(pid=99111) log_opt_values /opt/stack/data/venv/lib/python3.12/site-packages/oslo_config/cfg.py:3253}}
Jul 24 06:43:37.886132 np0000005816 nova-conductor[99111]: DEBUG cotyledon.oslo_config_glue [-] workarounds.ensure_libvirt_rbd_instance_dir_cleanup = False {{(pid=99111) log_opt_values /opt/stack/data/venv/lib/python3.12/site-packages/oslo_config/cfg.py:3253}}
Jul 24 06:43:37.886439 np0000005816 nova-conductor[99111]: DEBUG cotyledon.oslo_config_glue [-] workarounds.handle_virt_lifecycle_events = True {{(pid=99111) log_opt_values /opt/stack/data/venv/lib/python3.12/site-packages/oslo_config/cfg.py:3253}}
Jul 24 06:43:37.886439 np0000005816 nova-conductor[99111]: DEBUG cotyledon.oslo_config_glue [-] workarounds.libvirt_disable_apic = False {{(pid=99111) log_opt_values /opt/stack/data/venv/lib/python3.12/site-packages/oslo_config/cfg.py:3253}}
Jul 24 06:43:37.886439 np0000005816 nova-conductor[99111]: DEBUG cotyledon.oslo_config_glue [-] workarounds.never_download_image_if_on_rbd = False {{(pid=99111) log_opt_values /opt/stack/data/venv/lib/python3.12/site-packages/oslo_config/cfg.py:3253}}
Jul 24 06:43:37.886439 np0000005816 nova-conductor[99111]: DEBUG cotyledon.oslo_config_glue [-] workarounds.qemu_monitor_announce_self_count = 3 {{(pid=99111) log_opt_values /opt/stack/data/venv/lib/python3.12/site-packages/oslo_config/cfg.py:3253}}
Jul 24 06:43:37.886439 np0000005816 nova-conductor[99111]: DEBUG cotyledon.oslo_config_glue [-] workarounds.qemu_monitor_announce_self_interval = 1 {{(pid=99111) log_opt_values /opt/stack/data/venv/lib/python3.12/site-packages/oslo_config/cfg.py:3253}}
Jul 24 06:43:37.886439 np0000005816 nova-conductor[99111]: DEBUG cotyledon.oslo_config_glue [-] workarounds.reserve_disk_resource_for_image_cache = False {{(pid=99111) log_opt_values /opt/stack/data/venv/lib/python3.12/site-packages/oslo_config/cfg.py:3253}}
Jul 24 06:43:37.886439 np0000005816 nova-conductor[99111]: DEBUG cotyledon.oslo_config_glue [-] workarounds.skip_cpu_compare_at_startup = False {{(pid=99111) log_opt_values /opt/stack/data/venv/lib/python3.12/site-packages/oslo_config/cfg.py:3253}}
Jul 24 06:43:37.886439 np0000005816 nova-conductor[99111]: DEBUG cotyledon.oslo_config_glue [-] workarounds.skip_cpu_compare_on_dest = False {{(pid=99111) log_opt_values /opt/stack/data/venv/lib/python3.12/site-packages/oslo_config/cfg.py:3253}}
Jul 24 06:43:37.886439 np0000005816 nova-conductor[99111]: DEBUG cotyledon.oslo_config_glue [-] workarounds.skip_hypervisor_version_check_on_lm = False {{(pid=99111) log_opt_values /opt/stack/data/venv/lib/python3.12/site-packages/oslo_config/cfg.py:3253}}
Jul 24 06:43:37.886740 np0000005816 nova-conductor[99111]: DEBUG cotyledon.oslo_config_glue [-] workarounds.skip_reserve_in_use_ironic_nodes = False {{(pid=99111) log_opt_values /opt/stack/data/venv/lib/python3.12/site-packages/oslo_config/cfg.py:3253}}
Jul 24 06:43:37.886740 np0000005816 nova-conductor[99111]: DEBUG cotyledon.oslo_config_glue [-] workarounds.unified_limits_count_pcpu_as_vcpu = False {{(pid=99111) log_opt_values /opt/stack/data/venv/lib/python3.12/site-packages/oslo_config/cfg.py:3253}}
Jul 24 06:43:37.886740 np0000005816 nova-conductor[99111]: DEBUG cotyledon.oslo_config_glue [-] workarounds.wait_for_vif_plugged_event_during_hard_reboot = [] {{(pid=99111) log_opt_values /opt/stack/data/venv/lib/python3.12/site-packages/oslo_config/cfg.py:3253}}
Jul 24 06:43:37.886740 np0000005816 nova-conductor[99111]: DEBUG cotyledon.oslo_config_glue [-] wsgi.api_paste_config = /etc/nova/api-paste.ini {{(pid=99111) log_opt_values /opt/stack/data/venv/lib/python3.12/site-packages/oslo_config/cfg.py:3253}}
Jul 24 06:43:37.886740 np0000005816 nova-conductor[99111]: DEBUG cotyledon.oslo_config_glue [-] wsgi.secure_proxy_ssl_header = None {{(pid=99111) log_opt_values /opt/stack/data/venv/lib/python3.12/site-packages/oslo_config/cfg.py:3253}}
Jul 24 06:43:37.886740 np0000005816 nova-conductor[99111]: DEBUG cotyledon.oslo_config_glue [-] zvm.ca_file = None {{(pid=99111) log_opt_values /opt/stack/data/venv/lib/python3.12/site-packages/oslo_config/cfg.py:3253}}
Jul 24 06:43:37.886740 np0000005816 nova-conductor[99111]: DEBUG cotyledon.oslo_config_glue [-] zvm.cloud_connector_url = None {{(pid=99111) log_opt_values /opt/stack/data/venv/lib/python3.12/site-packages/oslo_config/cfg.py:3253}}
Jul 24 06:43:37.886740 np0000005816 nova-conductor[99111]: DEBUG cotyledon.oslo_config_glue [-] zvm.image_tmp_path = /opt/stack/data/nova/images {{(pid=99111) log_opt_values /opt/stack/data/venv/lib/python3.12/site-packages/oslo_config/cfg.py:3253}}
Jul 24 06:43:37.886740 np0000005816 nova-conductor[99111]: DEBUG cotyledon.oslo_config_glue [-] zvm.reachable_timeout = 300 {{(pid=99111) log_opt_values /opt/stack/data/venv/lib/python3.12/site-packages/oslo_config/cfg.py:3253}}
Jul 24 06:43:37.886972 np0000005816 nova-conductor[99090]: INFO nova.service [-] Starting conductor node (version 33.1.0)
Jul 24 06:43:37.886999 np0000005816 nova-conductor[99111]: DEBUG cotyledon.oslo_config_glue [-] oslo_versionedobjects.fatal_exception_format_errors = False {{(pid=99111) log_opt_values /opt/stack/data/venv/lib/python3.12/site-packages/oslo_config/cfg.py:3253}}
Jul 24 06:43:37.886999 np0000005816 nova-conductor[99111]: DEBUG cotyledon.oslo_config_glue [-] oslo_middleware.http_basic_auth_user_file = /etc/htpasswd {{(pid=99111) log_opt_values /opt/stack/data/venv/lib/python3.12/site-packages/oslo_config/cfg.py:3253}}
Jul 24 06:43:37.886999 np0000005816 nova-conductor[99111]: DEBUG cotyledon.oslo_config_glue [-] profiler.connection_string = messaging:// {{(pid=99111) log_opt_values /opt/stack/data/venv/lib/python3.12/site-packages/oslo_config/cfg.py:3253}}
Jul 24 06:43:37.886999 np0000005816 nova-conductor[99111]: DEBUG cotyledon.oslo_config_glue [-] profiler.enabled = False {{(pid=99111) log_opt_values /opt/stack/data/venv/lib/python3.12/site-packages/oslo_config/cfg.py:3253}}
Jul 24 06:43:37.886999 np0000005816 nova-conductor[99111]: DEBUG cotyledon.oslo_config_glue [-] profiler.es_doc_type = notification {{(pid=99111) log_opt_values /opt/stack/data/venv/lib/python3.12/site-packages/oslo_config/cfg.py:3253}}
Jul 24 06:43:37.886999 np0000005816 nova-conductor[99111]: DEBUG cotyledon.oslo_config_glue [-] profiler.es_scroll_size = 10000 {{(pid=99111) log_opt_values /opt/stack/data/venv/lib/python3.12/site-packages/oslo_config/cfg.py:3253}}
Jul 24 06:43:37.886999 np0000005816 nova-conductor[99111]: DEBUG cotyledon.oslo_config_glue [-] profiler.es_scroll_time = 2m {{(pid=99111) log_opt_values /opt/stack/data/venv/lib/python3.12/site-packages/oslo_config/cfg.py:3253}}
Jul 24 06:43:37.886999 np0000005816 nova-conductor[99111]: DEBUG cotyledon.oslo_config_glue [-] profiler.filter_error_trace = False {{(pid=99111) log_opt_values /opt/stack/data/venv/lib/python3.12/site-packages/oslo_config/cfg.py:3253}}
Jul 24 06:43:37.886999 np0000005816 nova-conductor[99111]: DEBUG cotyledon.oslo_config_glue [-] profiler.hmac_keys = **** {{(pid=99111) log_opt_values /opt/stack/data/venv/lib/python3.12/site-packages/oslo_config/cfg.py:3253}}
Jul 24 06:43:37.887194 np0000005816 nova-conductor[99111]: DEBUG cotyledon.oslo_config_glue [-] profiler.sentinel_service_name = mymaster {{(pid=99111) log_opt_values /opt/stack/data/venv/lib/python3.12/site-packages/oslo_config/cfg.py:3253}}
Jul 24 06:43:37.887194 np0000005816 nova-conductor[99111]: DEBUG cotyledon.oslo_config_glue [-] profiler.socket_timeout = 0.1 {{(pid=99111) log_opt_values /opt/stack/data/venv/lib/python3.12/site-packages/oslo_config/cfg.py:3253}}
Jul 24 06:43:37.887194 np0000005816 nova-conductor[99111]: DEBUG cotyledon.oslo_config_glue [-] profiler.trace_requests = False {{(pid=99111) log_opt_values /opt/stack/data/venv/lib/python3.12/site-packages/oslo_config/cfg.py:3253}}
Jul 24 06:43:37.887194 np0000005816 nova-conductor[99111]: DEBUG cotyledon.oslo_config_glue [-] profiler.trace_sqlalchemy = False {{(pid=99111) log_opt_values /opt/stack/data/venv/lib/python3.12/site-packages/oslo_config/cfg.py:3253}}
Jul 24 06:43:37.887194 np0000005816 nova-conductor[99111]: DEBUG cotyledon.oslo_config_glue [-] profiler_jaeger.process_tags = {} {{(pid=99111) log_opt_values /opt/stack/data/venv/lib/python3.12/site-packages/oslo_config/cfg.py:3253}}
Jul 24 06:43:37.887194 np0000005816 nova-conductor[99111]: DEBUG cotyledon.oslo_config_glue [-] profiler_jaeger.service_name_prefix = None {{(pid=99111) log_opt_values /opt/stack/data/venv/lib/python3.12/site-packages/oslo_config/cfg.py:3253}}
Jul 24 06:43:37.887194 np0000005816 nova-conductor[99111]: DEBUG cotyledon.oslo_config_glue [-] profiler_otlp.service_name_prefix = None {{(pid=99111) log_opt_values /opt/stack/data/venv/lib/python3.12/site-packages/oslo_config/cfg.py:3253}}
Jul 24 06:43:37.887194 np0000005816 nova-conductor[99111]: DEBUG cotyledon.oslo_config_glue [-] oslo_messaging_rabbit.amqp_auto_delete = False {{(pid=99111) log_opt_values /opt/stack/data/venv/lib/python3.12/site-packages/oslo_config/cfg.py:3253}}
Jul 24 06:43:37.887194 np0000005816 nova-conductor[99111]: DEBUG cotyledon.oslo_config_glue [-] oslo_messaging_rabbit.amqp_durable_queues = False {{(pid=99111) log_opt_values /opt/stack/data/venv/lib/python3.12/site-packages/oslo_config/cfg.py:3253}}
Jul 24 06:43:37.887442 np0000005816 nova-conductor[99111]: DEBUG cotyledon.oslo_config_glue [-] oslo_messaging_rabbit.conn_pool_min_size = 2 {{(pid=99111) log_opt_values /opt/stack/data/venv/lib/python3.12/site-packages/oslo_config/cfg.py:3253}}
Jul 24 06:43:37.887442 np0000005816 nova-conductor[99111]: DEBUG cotyledon.oslo_config_glue [-] oslo_messaging_rabbit.conn_pool_ttl = 1200 {{(pid=99111) log_opt_values /opt/stack/data/venv/lib/python3.12/site-packages/oslo_config/cfg.py:3253}}
Jul 24 06:43:37.887442 np0000005816 nova-conductor[99111]: DEBUG cotyledon.oslo_config_glue [-] oslo_messaging_rabbit.direct_mandatory_flag = True {{(pid=99111) log_opt_values /opt/stack/data/venv/lib/python3.12/site-packages/oslo_config/cfg.py:3253}}
Jul 24 06:43:37.887442 np0000005816 nova-conductor[99111]: DEBUG cotyledon.oslo_config_glue [-] oslo_messaging_rabbit.enable_cancel_on_failover = False {{(pid=99111) log_opt_values /opt/stack/data/venv/lib/python3.12/site-packages/oslo_config/cfg.py:3253}}
Jul 24 06:43:37.887442 np0000005816 nova-conductor[99111]: DEBUG cotyledon.oslo_config_glue [-] oslo_messaging_rabbit.heartbeat_rate = 3 {{(pid=99111) log_opt_values /opt/stack/data/venv/lib/python3.12/site-packages/oslo_config/cfg.py:3253}}
Jul 24 06:43:37.887442 np0000005816 nova-conductor[99111]: DEBUG cotyledon.oslo_config_glue [-] oslo_messaging_rabbit.heartbeat_timeout_threshold = 60 {{(pid=99111) log_opt_values /opt/stack/data/venv/lib/python3.12/site-packages/oslo_config/cfg.py:3253}}
Jul 24 06:43:37.887442 np0000005816 nova-conductor[99111]: DEBUG cotyledon.oslo_config_glue [-] oslo_messaging_rabbit.hostname = np0000005816 {{(pid=99111) log_opt_values /opt/stack/data/venv/lib/python3.12/site-packages/oslo_config/cfg.py:3253}}
Jul 24 06:43:37.887442 np0000005816 nova-conductor[99111]: DEBUG cotyledon.oslo_config_glue [-] oslo_messaging_rabbit.kombu_compression = None {{(pid=99111) log_opt_values /opt/stack/data/venv/lib/python3.12/site-packages/oslo_config/cfg.py:3253}}
Jul 24 06:43:37.887442 np0000005816 nova-conductor[99111]: DEBUG cotyledon.oslo_config_glue [-] oslo_messaging_rabbit.kombu_failover_strategy = round-robin {{(pid=99111) log_opt_values /opt/stack/data/venv/lib/python3.12/site-packages/oslo_config/cfg.py:3253}}
Jul 24 06:43:37.887656 np0000005816 nova-conductor[99111]: DEBUG cotyledon.oslo_config_glue [-] oslo_messaging_rabbit.kombu_missing_consumer_retry_timeout = 60 {{(pid=99111) log_opt_values /opt/stack/data/venv/lib/python3.12/site-packages/oslo_config/cfg.py:3253}}
Jul 24 06:43:37.887656 np0000005816 nova-conductor[99111]: DEBUG cotyledon.oslo_config_glue [-] oslo_messaging_rabbit.kombu_reconnect_delay = 1.0 {{(pid=99111) log_opt_values /opt/stack/data/venv/lib/python3.12/site-packages/oslo_config/cfg.py:3253}}
Jul 24 06:43:37.887656 np0000005816 nova-conductor[99111]: DEBUG cotyledon.oslo_config_glue [-] oslo_messaging_rabbit.kombu_reconnect_splay = 0.0 {{(pid=99111) log_opt_values /opt/stack/data/venv/lib/python3.12/site-packages/oslo_config/cfg.py:3253}}
Jul 24 06:43:37.887656 np0000005816 nova-conductor[99111]: DEBUG cotyledon.oslo_config_glue [-] oslo_messaging_rabbit.processname = nova-conductor {{(pid=99111) log_opt_values /opt/stack/data/venv/lib/python3.12/site-packages/oslo_config/cfg.py:3253}}
Jul 24 06:43:37.887656 np0000005816 nova-conductor[99111]: DEBUG cotyledon.oslo_config_glue [-] oslo_messaging_rabbit.rabbit_ha_queues = False {{(pid=99111) log_opt_values /opt/stack/data/venv/lib/python3.12/site-packages/oslo_config/cfg.py:3253}}
Jul 24 06:43:37.887656 np0000005816 nova-conductor[99111]: DEBUG cotyledon.oslo_config_glue [-] oslo_messaging_rabbit.rabbit_interval_max = 30 {{(pid=99111) log_opt_values /opt/stack/data/venv/lib/python3.12/site-packages/oslo_config/cfg.py:3253}}
Jul 24 06:43:37.887656 np0000005816 nova-conductor[99111]: DEBUG cotyledon.oslo_config_glue [-] oslo_messaging_rabbit.rabbit_login_method = AMQPLAIN {{(pid=99111) log_opt_values /opt/stack/data/venv/lib/python3.12/site-packages/oslo_config/cfg.py:3253}}
Jul 24 06:43:37.887656 np0000005816 nova-conductor[99111]: DEBUG cotyledon.oslo_config_glue [-] oslo_messaging_rabbit.rabbit_qos_prefetch_count = 0 {{(pid=99111) log_opt_values /opt/stack/data/venv/lib/python3.12/site-packages/oslo_config/cfg.py:3253}}
Jul 24 06:43:37.887656 np0000005816 nova-conductor[99111]: DEBUG cotyledon.oslo_config_glue [-] oslo_messaging_rabbit.rabbit_quorum_delivery_limit = 0 {{(pid=99111) log_opt_values /opt/stack/data/venv/lib/python3.12/site-packages/oslo_config/cfg.py:3253}}
Jul 24 06:43:37.887825 np0000005816 nova-conductor[99111]: DEBUG cotyledon.oslo_config_glue [-] oslo_messaging_rabbit.rabbit_quorum_max_memory_bytes = 0 {{(pid=99111) log_opt_values /opt/stack/data/venv/lib/python3.12/site-packages/oslo_config/cfg.py:3253}}
Jul 24 06:43:37.887825 np0000005816 nova-conductor[99111]: DEBUG cotyledon.oslo_config_glue [-] oslo_messaging_rabbit.rabbit_quorum_max_memory_length = 0 {{(pid=99111) log_opt_values /opt/stack/data/venv/lib/python3.12/site-packages/oslo_config/cfg.py:3253}}
Jul 24 06:43:37.887825 np0000005816 nova-conductor[99111]: DEBUG cotyledon.oslo_config_glue [-] oslo_messaging_rabbit.rabbit_quorum_queue = False {{(pid=99111) log_opt_values /opt/stack/data/venv/lib/python3.12/site-packages/oslo_config/cfg.py:3253}}
Jul 24 06:43:37.887825 np0000005816 nova-conductor[99111]: DEBUG cotyledon.oslo_config_glue [-] oslo_messaging_rabbit.rabbit_retry_backoff = 2 {{(pid=99111) log_opt_values /opt/stack/data/venv/lib/python3.12/site-packages/oslo_config/cfg.py:3253}}
Jul 24 06:43:37.887825 np0000005816 nova-conductor[99111]: DEBUG cotyledon.oslo_config_glue [-] oslo_messaging_rabbit.rabbit_retry_interval = 1 {{(pid=99111) log_opt_values /opt/stack/data/venv/lib/python3.12/site-packages/oslo_config/cfg.py:3253}}
Jul 24 06:43:37.887825 np0000005816 nova-conductor[99111]: DEBUG cotyledon.oslo_config_glue [-] oslo_messaging_rabbit.rabbit_stream_fanout = False {{(pid=99111) log_opt_values /opt/stack/data/venv/lib/python3.12/site-packages/oslo_config/cfg.py:3253}}
Jul 24 06:43:37.887825 np0000005816 nova-conductor[99111]: DEBUG cotyledon.oslo_config_glue [-] oslo_messaging_rabbit.rabbit_transient_queues_ttl = 1800 {{(pid=99111) log_opt_values /opt/stack/data/venv/lib/python3.12/site-packages/oslo_config/cfg.py:3253}}
Jul 24 06:43:37.887825 np0000005816 nova-conductor[99111]: DEBUG cotyledon.oslo_config_glue [-] oslo_messaging_rabbit.rabbit_transient_quorum_queue = False {{(pid=99111) log_opt_values /opt/stack/data/venv/lib/python3.12/site-packages/oslo_config/cfg.py:3253}}
Jul 24 06:43:37.888076 np0000005816 nova-conductor[99111]: DEBUG cotyledon.oslo_config_glue [-] oslo_messaging_rabbit.rpc_conn_pool_size = 30 {{(pid=99111) log_opt_values /opt/stack/data/venv/lib/python3.12/site-packages/oslo_config/cfg.py:3253}}
Jul 24 06:43:37.888076 np0000005816 nova-conductor[99111]: DEBUG cotyledon.oslo_config_glue [-] oslo_messaging_rabbit.ssl = False {{(pid=99111) log_opt_values /opt/stack/data/venv/lib/python3.12/site-packages/oslo_config/cfg.py:3253}}
Jul 24 06:43:37.888076 np0000005816 nova-conductor[99111]: DEBUG cotyledon.oslo_config_glue [-] oslo_messaging_rabbit.ssl_ca_file = {{(pid=99111) log_opt_values /opt/stack/data/venv/lib/python3.12/site-packages/oslo_config/cfg.py:3253}}
Jul 24 06:43:37.888076 np0000005816 nova-conductor[99111]: DEBUG cotyledon.oslo_config_glue [-] oslo_messaging_rabbit.ssl_cert_file = {{(pid=99111) log_opt_values /opt/stack/data/venv/lib/python3.12/site-packages/oslo_config/cfg.py:3253}}
Jul 24 06:43:37.888076 np0000005816 nova-conductor[99111]: DEBUG cotyledon.oslo_config_glue [-] oslo_messaging_rabbit.ssl_enforce_fips_mode = False {{(pid=99111) log_opt_values /opt/stack/data/venv/lib/python3.12/site-packages/oslo_config/cfg.py:3253}}
Jul 24 06:43:37.888076 np0000005816 nova-conductor[99111]: DEBUG cotyledon.oslo_config_glue [-] oslo_messaging_rabbit.ssl_enforce_hostname_verification = True {{(pid=99111) log_opt_values /opt/stack/data/venv/lib/python3.12/site-packages/oslo_config/cfg.py:3253}}
Jul 24 06:43:37.888076 np0000005816 nova-conductor[99111]: DEBUG cotyledon.oslo_config_glue [-] oslo_messaging_rabbit.ssl_key_file = {{(pid=99111) log_opt_values /opt/stack/data/venv/lib/python3.12/site-packages/oslo_config/cfg.py:3253}}
Jul 24 06:43:37.888076 np0000005816 nova-conductor[99111]: DEBUG cotyledon.oslo_config_glue [-] oslo_messaging_rabbit.ssl_version = {{(pid=99111) log_opt_values /opt/stack/data/venv/lib/python3.12/site-packages/oslo_config/cfg.py:3253}}
Jul 24 06:43:37.888076 np0000005816 nova-conductor[99111]: DEBUG cotyledon.oslo_config_glue [-] oslo_messaging_rabbit.use_queue_manager = False {{(pid=99111) log_opt_values /opt/stack/data/venv/lib/python3.12/site-packages/oslo_config/cfg.py:3253}}
Jul 24 06:43:37.888414 np0000005816 nova-conductor[99111]: DEBUG cotyledon.oslo_config_glue [-] oslo_messaging_notifications.driver = ['messagingv2'] {{(pid=99111) log_opt_values /opt/stack/data/venv/lib/python3.12/site-packages/oslo_config/cfg.py:3253}}
Jul 24 06:43:37.888414 np0000005816 nova-conductor[99111]: DEBUG cotyledon.oslo_config_glue [-] oslo_messaging_notifications.retry = -1 {{(pid=99111) log_opt_values /opt/stack/data/venv/lib/python3.12/site-packages/oslo_config/cfg.py:3253}}
Jul 24 06:43:37.888414 np0000005816 nova-conductor[99111]: DEBUG cotyledon.oslo_config_glue [-] oslo_messaging_notifications.topics = ['notifications'] {{(pid=99111) log_opt_values /opt/stack/data/venv/lib/python3.12/site-packages/oslo_config/cfg.py:3253}}
Jul 24 06:43:37.888414 np0000005816 nova-conductor[99111]: DEBUG cotyledon.oslo_config_glue [-] oslo_messaging_notifications.transport_url = **** {{(pid=99111) log_opt_values /opt/stack/data/venv/lib/python3.12/site-packages/oslo_config/cfg.py:3253}}
Jul 24 06:43:37.888414 np0000005816 nova-conductor[99111]: DEBUG cotyledon.oslo_config_glue [-] oslo_limit.auth_section = None {{(pid=99111) log_opt_values /opt/stack/data/venv/lib/python3.12/site-packages/oslo_config/cfg.py:3253}}
Jul 24 06:43:37.888414 np0000005816 nova-conductor[99111]: DEBUG cotyledon.oslo_config_glue [-] oslo_limit.auth_type = None {{(pid=99111) log_opt_values /opt/stack/data/venv/lib/python3.12/site-packages/oslo_config/cfg.py:3253}}
Jul 24 06:43:37.888414 np0000005816 nova-conductor[99111]: DEBUG cotyledon.oslo_config_glue [-] oslo_limit.cafile = None {{(pid=99111) log_opt_values /opt/stack/data/venv/lib/python3.12/site-packages/oslo_config/cfg.py:3253}}
Jul 24 06:43:37.888414 np0000005816 nova-conductor[99111]: DEBUG cotyledon.oslo_config_glue [-] oslo_limit.certfile = None {{(pid=99111) log_opt_values /opt/stack/data/venv/lib/python3.12/site-packages/oslo_config/cfg.py:3253}}
Jul 24 06:43:37.888414 np0000005816 nova-conductor[99111]: DEBUG cotyledon.oslo_config_glue [-] oslo_limit.collect_timing = False {{(pid=99111) log_opt_values /opt/stack/data/venv/lib/python3.12/site-packages/oslo_config/cfg.py:3253}}
Jul 24 06:43:37.888757 np0000005816 nova-conductor[99111]: DEBUG cotyledon.oslo_config_glue [-] oslo_limit.connect_retries = None {{(pid=99111) log_opt_values /opt/stack/data/venv/lib/python3.12/site-packages/oslo_config/cfg.py:3253}}
Jul 24 06:43:37.888757 np0000005816 nova-conductor[99111]: DEBUG cotyledon.oslo_config_glue [-] oslo_limit.connect_retry_delay = None {{(pid=99111) log_opt_values /opt/stack/data/venv/lib/python3.12/site-packages/oslo_config/cfg.py:3253}}
Jul 24 06:43:37.888757 np0000005816 nova-conductor[99111]: DEBUG cotyledon.oslo_config_glue [-] oslo_limit.endpoint_id = None {{(pid=99111) log_opt_values /opt/stack/data/venv/lib/python3.12/site-packages/oslo_config/cfg.py:3253}}
Jul 24 06:43:37.888757 np0000005816 nova-conductor[99111]: DEBUG cotyledon.oslo_config_glue [-] oslo_limit.endpoint_interface = public {{(pid=99111) log_opt_values /opt/stack/data/venv/lib/python3.12/site-packages/oslo_config/cfg.py:3253}}
Jul 24 06:43:37.888757 np0000005816 nova-conductor[99111]: DEBUG cotyledon.oslo_config_glue [-] oslo_limit.endpoint_override = None {{(pid=99111) log_opt_values /opt/stack/data/venv/lib/python3.12/site-packages/oslo_config/cfg.py:3253}}
Jul 24 06:43:37.888757 np0000005816 nova-conductor[99111]: DEBUG cotyledon.oslo_config_glue [-] oslo_limit.endpoint_region_name = None {{(pid=99111) log_opt_values /opt/stack/data/venv/lib/python3.12/site-packages/oslo_config/cfg.py:3253}}
Jul 24 06:43:37.888757 np0000005816 nova-conductor[99111]: DEBUG cotyledon.oslo_config_glue [-] oslo_limit.endpoint_service_name = None {{(pid=99111) log_opt_values /opt/stack/data/venv/lib/python3.12/site-packages/oslo_config/cfg.py:3253}}
Jul 24 06:43:37.888757 np0000005816 nova-conductor[99111]: DEBUG cotyledon.oslo_config_glue [-] oslo_limit.endpoint_service_type = None {{(pid=99111) log_opt_values /opt/stack/data/venv/lib/python3.12/site-packages/oslo_config/cfg.py:3253}}
Jul 24 06:43:37.888757 np0000005816 nova-conductor[99111]: DEBUG cotyledon.oslo_config_glue [-] oslo_limit.insecure = False {{(pid=99111) log_opt_values /opt/stack/data/venv/lib/python3.12/site-packages/oslo_config/cfg.py:3253}}
Jul 24 06:43:37.888974 np0000005816 nova-conductor[99111]: DEBUG cotyledon.oslo_config_glue [-] oslo_limit.keyfile = None {{(pid=99111) log_opt_values /opt/stack/data/venv/lib/python3.12/site-packages/oslo_config/cfg.py:3253}}
Jul 24 06:43:37.888974 np0000005816 nova-conductor[99111]: DEBUG cotyledon.oslo_config_glue [-] oslo_limit.max_version = None {{(pid=99111) log_opt_values /opt/stack/data/venv/lib/python3.12/site-packages/oslo_config/cfg.py:3253}}
Jul 24 06:43:37.888974 np0000005816 nova-conductor[99111]: DEBUG cotyledon.oslo_config_glue [-] oslo_limit.min_version = None {{(pid=99111) log_opt_values /opt/stack/data/venv/lib/python3.12/site-packages/oslo_config/cfg.py:3253}}
Jul 24 06:43:37.888974 np0000005816 nova-conductor[99111]: DEBUG cotyledon.oslo_config_glue [-] oslo_limit.region_name = None {{(pid=99111) log_opt_values /opt/stack/data/venv/lib/python3.12/site-packages/oslo_config/cfg.py:3253}}
Jul 24 06:43:37.888974 np0000005816 nova-conductor[99111]: DEBUG cotyledon.oslo_config_glue [-] oslo_limit.retriable_status_codes = None {{(pid=99111) log_opt_values /opt/stack/data/venv/lib/python3.12/site-packages/oslo_config/cfg.py:3253}}
Jul 24 06:43:37.888974 np0000005816 nova-conductor[99111]: DEBUG cotyledon.oslo_config_glue [-] oslo_limit.service_name = None {{(pid=99111) log_opt_values /opt/stack/data/venv/lib/python3.12/site-packages/oslo_config/cfg.py:3253}}
Jul 24 06:43:37.888974 np0000005816 nova-conductor[99111]: DEBUG cotyledon.oslo_config_glue [-] oslo_limit.service_type = None {{(pid=99111) log_opt_values /opt/stack/data/venv/lib/python3.12/site-packages/oslo_config/cfg.py:3253}}
Jul 24 06:43:37.888974 np0000005816 nova-conductor[99111]: DEBUG cotyledon.oslo_config_glue [-] oslo_limit.split_loggers = False {{(pid=99111) log_opt_values /opt/stack/data/venv/lib/python3.12/site-packages/oslo_config/cfg.py:3253}}
Jul 24 06:43:37.888974 np0000005816 nova-conductor[99111]: DEBUG cotyledon.oslo_config_glue [-] oslo_limit.status_code_retries = None {{(pid=99111) log_opt_values /opt/stack/data/venv/lib/python3.12/site-packages/oslo_config/cfg.py:3253}}
Jul 24 06:43:37.889169 np0000005816 nova-conductor[99111]: DEBUG cotyledon.oslo_config_glue [-] oslo_limit.status_code_retry_delay = None {{(pid=99111) log_opt_values /opt/stack/data/venv/lib/python3.12/site-packages/oslo_config/cfg.py:3253}}
Jul 24 06:43:37.889169 np0000005816 nova-conductor[99111]: DEBUG cotyledon.oslo_config_glue [-] oslo_limit.timeout = None {{(pid=99111) log_opt_values /opt/stack/data/venv/lib/python3.12/site-packages/oslo_config/cfg.py:3253}}
Jul 24 06:43:37.889169 np0000005816 nova-conductor[99111]: DEBUG cotyledon.oslo_config_glue [-] oslo_limit.valid_interfaces = None {{(pid=99111) log_opt_values /opt/stack/data/venv/lib/python3.12/site-packages/oslo_config/cfg.py:3253}}
Jul 24 06:43:37.889169 np0000005816 nova-conductor[99111]: DEBUG cotyledon.oslo_config_glue [-] oslo_limit.version = None {{(pid=99111) log_opt_values /opt/stack/data/venv/lib/python3.12/site-packages/oslo_config/cfg.py:3253}}
Jul 24 06:43:37.889169 np0000005816 nova-conductor[99111]: DEBUG cotyledon.oslo_config_glue [-] oslo_reports.file_event_handler = None {{(pid=99111) log_opt_values /opt/stack/data/venv/lib/python3.12/site-packages/oslo_config/cfg.py:3253}}
Jul 24 06:43:37.889169 np0000005816 nova-conductor[99111]: DEBUG cotyledon.oslo_config_glue [-] oslo_reports.file_event_handler_interval = 1 {{(pid=99111) log_opt_values /opt/stack/data/venv/lib/python3.12/site-packages/oslo_config/cfg.py:3253}}
Jul 24 06:43:37.889169 np0000005816 nova-conductor[99111]: DEBUG cotyledon.oslo_config_glue [-] oslo_reports.log_dir = None {{(pid=99111) log_opt_values /opt/stack/data/venv/lib/python3.12/site-packages/oslo_config/cfg.py:3253}}
Jul 24 06:43:37.889169 np0000005816 nova-conductor[99111]: DEBUG cotyledon.oslo_config_glue [-] ******************************************************************************** {{(pid=99111) log_opt_values /opt/stack/data/venv/lib/python3.12/site-packages/oslo_config/cfg.py:3260}}
Jul 24 06:43:37.889169 np0000005816 nova-conductor[99111]: DEBUG cotyledon._service_worker [-] Run service ServiceWrapper(3) [99111] {{(pid=99111) wait_forever /opt/stack/data/venv/lib/python3.12/site-packages/cotyledon/_service_worker.py:218}}
Jul 24 06:43:37.889563 np0000005816 nova-conductor[99111]: INFO nova.service [-] Starting conductor node (version 33.1.0)
Jul 24 06:43:37.889595 np0000005816 nova-conductor[99090]: INFO dbcounter [None req-dc427fb6-ddc6-4f19-9c07-af869860fa3f None None] Registered counter for database nova_cell0
Jul 24 06:43:37.889623 np0000005816 nova-conductor[99111]: INFO dbcounter [None req-6a9a6c7e-eb3e-48ec-bb54-e587eee51062 None None] Registered counter for database nova_cell0
Jul 24 06:43:37.889655 np0000005816 nova-conductor[99086]: DEBUG oslo_db.sqlalchemy.engines [None req-e60a00af-4658-4475-879b-3c7f5cbd269b None None] MySQL server mode set to STRICT_TRANS_TABLES,STRICT_ALL_TABLES,NO_ZERO_IN_DATE,NO_ZERO_DATE,ERROR_FOR_DIVISION_BY_ZERO,TRADITIONAL,NO_ENGINE_SUBSTITUTION {{(pid=99086) _check_effective_sql_mode /opt/stack/data/venv/lib/python3.12/site-packages/oslo_db/sqlalchemy/engines.py:325}}
Jul 24 06:43:37.889655 np0000005816 nova-conductor[99086]: DEBUG dbcounter [-] [99086] Writer thread running {{(pid=99086) stat_writer /opt/stack/data/venv/lib/python3.12/site-packages/dbcounter.py:102}}
Jul 24 06:43:37.889710 np0000005816 nova-conductor[99100]: DEBUG oslo_db.sqlalchemy.engines [None req-5903c816-9f6b-43a5-8d15-4084208effc8 None None] MySQL server mode set to STRICT_TRANS_TABLES,STRICT_ALL_TABLES,NO_ZERO_IN_DATE,NO_ZERO_DATE,ERROR_FOR_DIVISION_BY_ZERO,TRADITIONAL,NO_ENGINE_SUBSTITUTION {{(pid=99100) _check_effective_sql_mode /opt/stack/data/venv/lib/python3.12/site-packages/oslo_db/sqlalchemy/engines.py:325}}
Jul 24 06:43:37.889710 np0000005816 nova-conductor[99100]: DEBUG dbcounter [-] [99100] Writer thread running {{(pid=99100) stat_writer /opt/stack/data/venv/lib/python3.12/site-packages/dbcounter.py:102}}
Jul 24 06:43:37.890180 np0000005816 nova-conductor[99086]: DEBUG nova.service [None req-e60a00af-4658-4475-879b-3c7f5cbd269b None None] Creating RPC server for service: nova-conductor on topic: conductor {{(pid=99086) start /opt/stack/nova/nova/service.py:196}}
Jul 24 06:43:37.902886 np0000005816 nova-conductor[99090]: DEBUG oslo_db.sqlalchemy.engines [None req-dc427fb6-ddc6-4f19-9c07-af869860fa3f None None] MySQL server mode set to STRICT_TRANS_TABLES,STRICT_ALL_TABLES,NO_ZERO_IN_DATE,NO_ZERO_DATE,ERROR_FOR_DIVISION_BY_ZERO,TRADITIONAL,NO_ENGINE_SUBSTITUTION {{(pid=99090) _check_effective_sql_mode /opt/stack/data/venv/lib/python3.12/site-packages/oslo_db/sqlalchemy/engines.py:325}}
Jul 24 06:43:37.907148 np0000005816 nova-conductor[99111]: DEBUG oslo_db.sqlalchemy.engines [None req-6a9a6c7e-eb3e-48ec-bb54-e587eee51062 None None] MySQL server mode set to STRICT_TRANS_TABLES,STRICT_ALL_TABLES,NO_ZERO_IN_DATE,NO_ZERO_DATE,ERROR_FOR_DIVISION_BY_ZERO,TRADITIONAL,NO_ENGINE_SUBSTITUTION {{(pid=99111) _check_effective_sql_mode /opt/stack/data/venv/lib/python3.12/site-packages/oslo_db/sqlalchemy/engines.py:325}}
Jul 24 06:43:37.907912 np0000005816 nova-conductor[99100]: DEBUG nova.service [None req-5903c816-9f6b-43a5-8d15-4084208effc8 None None] Creating RPC server for service: nova-conductor on topic: conductor {{(pid=99100) start /opt/stack/nova/nova/service.py:196}}
Jul 24 06:43:37.916145 np0000005816 nova-conductor[99090]: DEBUG dbcounter [-] [99090] Writer thread running {{(pid=99090) stat_writer /opt/stack/data/venv/lib/python3.12/site-packages/dbcounter.py:102}}
Jul 24 06:43:37.920016 np0000005816 nova-conductor[99090]: DEBUG nova.service [None req-dc427fb6-ddc6-4f19-9c07-af869860fa3f None None] Creating RPC server for service: nova-conductor on topic: conductor {{(pid=99090) start /opt/stack/nova/nova/service.py:196}}
Jul 24 06:43:37.920751 np0000005816 nova-conductor[99111]: DEBUG dbcounter [-] [99111] Writer thread running {{(pid=99111) stat_writer /opt/stack/data/venv/lib/python3.12/site-packages/dbcounter.py:102}}
Jul 24 06:43:37.923909 np0000005816 nova-conductor[99111]: DEBUG nova.service [None req-6a9a6c7e-eb3e-48ec-bb54-e587eee51062 None None] Creating RPC server for service: nova-conductor on topic: conductor {{(pid=99111) start /opt/stack/nova/nova/service.py:196}}
Jul 24 06:43:37.926630 np0000005816 nova-conductor[99086]: DEBUG nova.service [None req-e60a00af-4658-4475-879b-3c7f5cbd269b None None] Join ServiceGroup membership for this service conductor {{(pid=99086) start /opt/stack/nova/nova/service.py:222}}
Jul 24 06:43:37.926839 np0000005816 nova-conductor[99086]: DEBUG nova.servicegroup.drivers.db [None req-e60a00af-4658-4475-879b-3c7f5cbd269b None None] DB_Driver: join new ServiceGroup member np0000005816 to the conductor group, service = {{(pid=99086) join /opt/stack/nova/nova/servicegroup/drivers/db.py:44}}
Jul 24 06:43:37.932953 np0000005816 nova-conductor[99100]: DEBUG nova.service [None req-5903c816-9f6b-43a5-8d15-4084208effc8 None None] Join ServiceGroup membership for this service conductor {{(pid=99100) start /opt/stack/nova/nova/service.py:222}}
Jul 24 06:43:37.933894 np0000005816 nova-conductor[99100]: DEBUG nova.servicegroup.drivers.db [None req-5903c816-9f6b-43a5-8d15-4084208effc8 None None] DB_Driver: join new ServiceGroup member np0000005816 to the conductor group, service = {{(pid=99100) join /opt/stack/nova/nova/servicegroup/drivers/db.py:44}}
Jul 24 06:43:37.942222 np0000005816 nova-conductor[99090]: DEBUG nova.service [None req-dc427fb6-ddc6-4f19-9c07-af869860fa3f None None] Join ServiceGroup membership for this service conductor {{(pid=99090) start /opt/stack/nova/nova/service.py:222}}
Jul 24 06:43:37.942371 np0000005816 nova-conductor[99090]: DEBUG nova.servicegroup.drivers.db [None req-dc427fb6-ddc6-4f19-9c07-af869860fa3f None None] DB_Driver: join new ServiceGroup member np0000005816 to the conductor group, service = {{(pid=99090) join /opt/stack/nova/nova/servicegroup/drivers/db.py:44}}
Jul 24 06:43:37.945120 np0000005816 nova-conductor[99111]: DEBUG nova.service [None req-6a9a6c7e-eb3e-48ec-bb54-e587eee51062 None None] Join ServiceGroup membership for this service conductor {{(pid=99111) start /opt/stack/nova/nova/service.py:222}}
Jul 24 06:43:37.945120 np0000005816 nova-conductor[99111]: DEBUG nova.servicegroup.drivers.db [None req-6a9a6c7e-eb3e-48ec-bb54-e587eee51062 None None] DB_Driver: join new ServiceGroup member np0000005816 to the conductor group, service = {{(pid=99111) join /opt/stack/nova/nova/servicegroup/drivers/db.py:44}}
Jul 24 06:43:38.936802 np0000005816 nova-conductor[99100]: DEBUG oslo.service.backend._threading.loopingcall [None req-3063abe8-44f5-46bc-93c7-f66568af1c88 None None] Dynamic interval looping call 'nova.service.Service.periodic_tasks' sleeping for 60.00 seconds {{(pid=99100) _run_loop /opt/stack/data/venv/lib/python3.12/site-packages/oslo_service/backend/_threading/loopingcall.py:125}}
Jul 24 06:43:42.943173 np0000005816 nova-conductor[99086]: DEBUG oslo.service.backend._threading.loopingcall [-] Fixed interval looping call 'nova.servicegroup.drivers.db.DbDriver._report_state' sleeping for 119.99 seconds {{(pid=99086) _run_loop /opt/stack/data/venv/lib/python3.12/site-packages/oslo_service/backend/_threading/loopingcall.py:125}}
Jul 24 06:43:42.943578 np0000005816 nova-conductor[99100]: DEBUG oslo.service.backend._threading.loopingcall [-] Fixed interval looping call 'nova.servicegroup.drivers.db.DbDriver._report_state' sleeping for 119.99 seconds {{(pid=99100) _run_loop /opt/stack/data/venv/lib/python3.12/site-packages/oslo_service/backend/_threading/loopingcall.py:125}}
Jul 24 06:43:42.956286 np0000005816 nova-conductor[99090]: DEBUG oslo.service.backend._threading.loopingcall [-] Fixed interval looping call 'nova.servicegroup.drivers.db.DbDriver._report_state' sleeping for 119.99 seconds {{(pid=99090) _run_loop /opt/stack/data/venv/lib/python3.12/site-packages/oslo_service/backend/_threading/loopingcall.py:125}}
Jul 24 06:43:42.956684 np0000005816 nova-conductor[99111]: DEBUG oslo.service.backend._threading.loopingcall [-] Fixed interval looping call 'nova.servicegroup.drivers.db.DbDriver._report_state' sleeping for 119.99 seconds {{(pid=99111) _run_loop /opt/stack/data/venv/lib/python3.12/site-packages/oslo_service/backend/_threading/loopingcall.py:125}}
Jul 24 06:43:46.476140 np0000005816 nova-conductor[97671]: DEBUG dbcounter [-] [97671] Writing DB stats nova_api:SELECT=1 {{(pid=97671) stat_writer /opt/stack/data/venv/lib/python3.12/site-packages/dbcounter.py:115}}
Jul 24 06:43:46.609190 np0000005816 nova-conductor[97671]: DEBUG dbcounter [-] [97671] Writing DB stats nova_cell1:SELECT=1 {{(pid=97671) stat_writer /opt/stack/data/venv/lib/python3.12/site-packages/dbcounter.py:115}}
Jul 24 06:43:46.613861 np0000005816 nova-conductor[97671]: DEBUG dbcounter [-] [97671] Writing DB stats nova_cell0:SELECT=1 {{(pid=97671) stat_writer /opt/stack/data/venv/lib/python3.12/site-packages/dbcounter.py:115}}
Jul 24 06:43:52.937689 np0000005816 nova-conductor[99086]: DEBUG dbcounter [-] [99086] Writing DB stats nova_cell0:SELECT=4,nova_cell0:INSERT=1,nova_cell0:UPDATE=1 {{(pid=99086) stat_writer /opt/stack/data/venv/lib/python3.12/site-packages/dbcounter.py:115}}
Jul 24 06:43:52.941020 np0000005816 nova-conductor[99100]: DEBUG dbcounter [-] [99100] Writing DB stats nova_cell0:SELECT=4,nova_cell0:INSERT=1,nova_cell0:UPDATE=1 {{(pid=99100) stat_writer /opt/stack/data/venv/lib/python3.12/site-packages/dbcounter.py:115}}
Jul 24 06:43:52.952680 np0000005816 nova-conductor[99090]: DEBUG dbcounter [-] [99090] Writing DB stats nova_cell0:SELECT=3 {{(pid=99090) stat_writer /opt/stack/data/venv/lib/python3.12/site-packages/dbcounter.py:115}}
Jul 24 06:43:52.953675 np0000005816 nova-conductor[99111]: DEBUG dbcounter [-] [99111] Writing DB stats nova_cell0:SELECT=3 {{(pid=99111) stat_writer /opt/stack/data/venv/lib/python3.12/site-packages/dbcounter.py:115}}
Jul 24 06:44:22.947324 np0000005816 nova-conductor[99111]: DEBUG oslo.service.backend._threading.loopingcall [None req-7f3884ae-865d-4401-8f40-1b008d82f312 None None] Dynamic interval looping call 'nova.service.Service.periodic_tasks' sleeping for 60.00 seconds {{(pid=99111) _run_loop /opt/stack/data/venv/lib/python3.12/site-packages/oslo_service/backend/_threading/loopingcall.py:125}}
Jul 24 06:44:32.944903 np0000005816 nova-conductor[99090]: DEBUG oslo.service.backend._threading.loopingcall [None req-37b2816f-12b6-4ed7-9673-711b6369001f None None] Dynamic interval looping call 'nova.service.Service.periodic_tasks' sleeping for 60.00 seconds {{(pid=99090) _run_loop /opt/stack/data/venv/lib/python3.12/site-packages/oslo_service/backend/_threading/loopingcall.py:125}}
Jul 24 06:44:36.929896 np0000005816 nova-conductor[99086]: DEBUG oslo.service.backend._threading.loopingcall [None req-a0fecd51-b970-460d-9603-b671c8ddbde4 None None] Dynamic interval looping call 'nova.service.Service.periodic_tasks' sleeping for 60.00 seconds {{(pid=99086) _run_loop /opt/stack/data/venv/lib/python3.12/site-packages/oslo_service/backend/_threading/loopingcall.py:125}}
Jul 24 06:44:38.937357 np0000005816 nova-conductor[99100]: DEBUG oslo.service.backend._threading.loopingcall [None req-3063abe8-44f5-46bc-93c7-f66568af1c88 None None] Dynamic interval looping call 'nova.service.Service.periodic_tasks' sleeping for 60.00 seconds {{(pid=99100) _run_loop /opt/stack/data/venv/lib/python3.12/site-packages/oslo_service/backend/_threading/loopingcall.py:125}}
Jul 24 06:45:22.947756 np0000005816 nova-conductor[99111]: DEBUG oslo.service.backend._threading.loopingcall [None req-7f3884ae-865d-4401-8f40-1b008d82f312 None None] Dynamic interval looping call 'nova.service.Service.periodic_tasks' sleeping for 60.00 seconds {{(pid=99111) _run_loop /opt/stack/data/venv/lib/python3.12/site-packages/oslo_service/backend/_threading/loopingcall.py:125}}
Jul 24 06:45:32.945815 np0000005816 nova-conductor[99090]: DEBUG oslo.service.backend._threading.loopingcall [None req-37b2816f-12b6-4ed7-9673-711b6369001f None None] Dynamic interval looping call 'nova.service.Service.periodic_tasks' sleeping for 60.00 seconds {{(pid=99090) _run_loop /opt/stack/data/venv/lib/python3.12/site-packages/oslo_service/backend/_threading/loopingcall.py:125}}
Jul 24 06:45:36.930398 np0000005816 nova-conductor[99086]: DEBUG oslo.service.backend._threading.loopingcall [None req-a0fecd51-b970-460d-9603-b671c8ddbde4 None None] Dynamic interval looping call 'nova.service.Service.periodic_tasks' sleeping for 60.00 seconds {{(pid=99086) _run_loop /opt/stack/data/venv/lib/python3.12/site-packages/oslo_service/backend/_threading/loopingcall.py:125}}
Jul 24 06:45:38.937826 np0000005816 nova-conductor[99100]: DEBUG oslo.service.backend._threading.loopingcall [None req-3063abe8-44f5-46bc-93c7-f66568af1c88 None None] Dynamic interval looping call 'nova.service.Service.periodic_tasks' sleeping for 60.00 seconds {{(pid=99100) _run_loop /opt/stack/data/venv/lib/python3.12/site-packages/oslo_service/backend/_threading/loopingcall.py:125}}
Jul 24 06:45:42.940129 np0000005816 nova-conductor[99086]: DEBUG oslo.service.backend._threading.loopingcall [-] Fixed interval looping call 'nova.servicegroup.drivers.db.DbDriver._report_state' sleeping for 119.99 seconds {{(pid=99086) _run_loop /opt/stack/data/venv/lib/python3.12/site-packages/oslo_service/backend/_threading/loopingcall.py:125}}
Jul 24 06:45:42.940542 np0000005816 nova-conductor[99100]: DEBUG oslo.service.backend._threading.loopingcall [-] Fixed interval looping call 'nova.servicegroup.drivers.db.DbDriver._report_state' sleeping for 119.99 seconds {{(pid=99100) _run_loop /opt/stack/data/venv/lib/python3.12/site-packages/oslo_service/backend/_threading/loopingcall.py:125}}
Jul 24 06:45:42.949607 np0000005816 nova-conductor[99090]: DEBUG oslo.service.backend._threading.loopingcall [-] Fixed interval looping call 'nova.servicegroup.drivers.db.DbDriver._report_state' sleeping for 120.00 seconds {{(pid=99090) _run_loop /opt/stack/data/venv/lib/python3.12/site-packages/oslo_service/backend/_threading/loopingcall.py:125}}
Jul 24 06:45:42.950225 np0000005816 nova-conductor[99111]: DEBUG oslo.service.backend._threading.loopingcall [-] Fixed interval looping call 'nova.servicegroup.drivers.db.DbDriver._report_state' sleeping for 120.00 seconds {{(pid=99111) _run_loop /opt/stack/data/venv/lib/python3.12/site-packages/oslo_service/backend/_threading/loopingcall.py:125}}
Jul 24 06:45:52.936624 np0000005816 nova-conductor[99086]: DEBUG dbcounter [-] [99086] Writing DB stats nova_cell0:SELECT=1,nova_cell0:UPDATE=1 {{(pid=99086) stat_writer /opt/stack/data/venv/lib/python3.12/site-packages/dbcounter.py:115}}
Jul 24 06:45:52.937042 np0000005816 nova-conductor[99100]: DEBUG dbcounter [-] [99100] Writing DB stats nova_cell0:SELECT=1,nova_cell0:UPDATE=1 {{(pid=99100) stat_writer /opt/stack/data/venv/lib/python3.12/site-packages/dbcounter.py:115}}
Jul 24 06:45:52.947584 np0000005816 nova-conductor[99090]: DEBUG dbcounter [-] [99090] Writing DB stats nova_cell0:SELECT=1 {{(pid=99090) stat_writer /opt/stack/data/venv/lib/python3.12/site-packages/dbcounter.py:115}}
Jul 24 06:45:52.948861 np0000005816 nova-conductor[99111]: DEBUG dbcounter [-] [99111] Writing DB stats nova_cell0:SELECT=1 {{(pid=99111) stat_writer /opt/stack/data/venv/lib/python3.12/site-packages/dbcounter.py:115}}
Jul 24 06:46:05.126000 np0000005816 nova-conductor[99086]: DEBUG oslo_db.sqlalchemy.engines [None req-450df19e-3090-49ff-bd5e-9c838ce2cc91 tempest-ServerRescueNegativeTestJSON-1474912528 tempest-ServerRescueNegativeTestJSON-1474912528-project-member] Parent process 97671 forked (99086) with an open database connection, which is being discarded and recreated. {{(pid=99086) checkout /opt/stack/data/venv/lib/python3.12/site-packages/oslo_db/sqlalchemy/engines.py:402}}
Jul 24 06:46:05.170038 np0000005816 nova-conductor[99086]: DEBUG dbcounter [-] [99086] Writer thread running {{(pid=99086) stat_writer /opt/stack/data/venv/lib/python3.12/site-packages/dbcounter.py:102}}
Jul 24 06:46:06.114346 np0000005816 nova-conductor[99086]: DEBUG nova.conductor.manager [None req-450df19e-3090-49ff-bd5e-9c838ce2cc91 tempest-ServerRescueNegativeTestJSON-1474912528 tempest-ServerRescueNegativeTestJSON-1474912528-project-member] Took 0.94 seconds to select destinations for 1 instance(s). {{(pid=99086) _schedule_instances /opt/stack/nova/nova/conductor/manager.py:968}}
Jul 24 06:46:06.149634 np0000005816 nova-conductor[99086]: DEBUG oslo_concurrency.lockutils [None req-450df19e-3090-49ff-bd5e-9c838ce2cc91 tempest-ServerRescueNegativeTestJSON-1474912528 tempest-ServerRescueNegativeTestJSON-1474912528-project-member] Acquiring lock "7ab951ba-a597-4f0d-8bf6-3a59c224bea8" by "nova.context.set_target_cell..get_or_set_cached_cell_and_set_connections" {{(pid=99086) inner /opt/stack/data/venv/lib/python3.12/site-packages/oslo_concurrency/lockutils.py:512}}
Jul 24 06:46:06.150008 np0000005816 nova-conductor[99086]: DEBUG oslo_concurrency.lockutils [None req-450df19e-3090-49ff-bd5e-9c838ce2cc91 tempest-ServerRescueNegativeTestJSON-1474912528 tempest-ServerRescueNegativeTestJSON-1474912528-project-member] Lock "7ab951ba-a597-4f0d-8bf6-3a59c224bea8" acquired by "nova.context.set_target_cell..get_or_set_cached_cell_and_set_connections" :: waited 0.000s {{(pid=99086) inner /opt/stack/data/venv/lib/python3.12/site-packages/oslo_concurrency/lockutils.py:525}}
Jul 24 06:46:06.152308 np0000005816 nova-conductor[99086]: DEBUG oslo_concurrency.lockutils [None req-450df19e-3090-49ff-bd5e-9c838ce2cc91 tempest-ServerRescueNegativeTestJSON-1474912528 tempest-ServerRescueNegativeTestJSON-1474912528-project-member] Lock "7ab951ba-a597-4f0d-8bf6-3a59c224bea8" "released" by "nova.context.set_target_cell..get_or_set_cached_cell_and_set_connections" :: held 0.002s {{(pid=99086) inner /opt/stack/data/venv/lib/python3.12/site-packages/oslo_concurrency/lockutils.py:544}}
Jul 24 06:46:06.154702 np0000005816 nova-conductor[99086]: INFO dbcounter [None req-450df19e-3090-49ff-bd5e-9c838ce2cc91 tempest-ServerRescueNegativeTestJSON-1474912528 tempest-ServerRescueNegativeTestJSON-1474912528-project-member] Registered counter for database nova_cell1
Jul 24 06:46:06.214608 np0000005816 nova-conductor[99086]: DEBUG oslo_db.sqlalchemy.engines [None req-450df19e-3090-49ff-bd5e-9c838ce2cc91 tempest-ServerRescueNegativeTestJSON-1474912528 tempest-ServerRescueNegativeTestJSON-1474912528-project-member] MySQL server mode set to STRICT_TRANS_TABLES,STRICT_ALL_TABLES,NO_ZERO_IN_DATE,NO_ZERO_DATE,ERROR_FOR_DIVISION_BY_ZERO,TRADITIONAL,NO_ENGINE_SUBSTITUTION {{(pid=99086) _check_effective_sql_mode /opt/stack/data/venv/lib/python3.12/site-packages/oslo_db/sqlalchemy/engines.py:325}}
Jul 24 06:46:06.222252 np0000005816 nova-conductor[99086]: DEBUG dbcounter [-] [99086] Writer thread running {{(pid=99086) stat_writer /opt/stack/data/venv/lib/python3.12/site-packages/dbcounter.py:102}}
Jul 24 06:46:06.296190 np0000005816 nova-conductor[99086]: INFO nova.utils [None req-450df19e-3090-49ff-bd5e-9c838ce2cc91 tempest-ServerRescueNegativeTestJSON-1474912528 tempest-ServerRescueNegativeTestJSON-1474912528-project-member] The cell worker thread pool ForkProcess-1.cell_worker is initialized
Jul 24 06:46:06.296590 np0000005816 nova-conductor[99086]: DEBUG oslo_concurrency.lockutils [None req-450df19e-3090-49ff-bd5e-9c838ce2cc91 tempest-ServerRescueNegativeTestJSON-1474912528 tempest-ServerRescueNegativeTestJSON-1474912528-project-member] Acquiring lock "00000000-0000-0000-0000-000000000000" by "nova.context.set_target_cell..get_or_set_cached_cell_and_set_connections" {{(pid=99086) inner /opt/stack/data/venv/lib/python3.12/site-packages/oslo_concurrency/lockutils.py:512}}
Jul 24 06:46:06.296780 np0000005816 nova-conductor[99086]: DEBUG oslo_concurrency.lockutils [None req-450df19e-3090-49ff-bd5e-9c838ce2cc91 tempest-ServerRescueNegativeTestJSON-1474912528 tempest-ServerRescueNegativeTestJSON-1474912528-project-member] Lock "00000000-0000-0000-0000-000000000000" acquired by "nova.context.set_target_cell..get_or_set_cached_cell_and_set_connections" :: waited 0.000s {{(pid=99086) inner /opt/stack/data/venv/lib/python3.12/site-packages/oslo_concurrency/lockutils.py:525}}
Jul 24 06:46:06.297271 np0000005816 nova-conductor[99086]: DEBUG oslo_concurrency.lockutils [None req-450df19e-3090-49ff-bd5e-9c838ce2cc91 tempest-ServerRescueNegativeTestJSON-1474912528 tempest-ServerRescueNegativeTestJSON-1474912528-project-member] Lock "00000000-0000-0000-0000-000000000000" "released" by "nova.context.set_target_cell..get_or_set_cached_cell_and_set_connections" :: held 0.000s {{(pid=99086) inner /opt/stack/data/venv/lib/python3.12/site-packages/oslo_concurrency/lockutils.py:544}}
Jul 24 06:46:06.298137 np0000005816 nova-conductor[99086]: DEBUG oslo_concurrency.lockutils [None req-450df19e-3090-49ff-bd5e-9c838ce2cc91 tempest-ServerRescueNegativeTestJSON-1474912528 tempest-ServerRescueNegativeTestJSON-1474912528-project-member] Acquiring lock "7ab951ba-a597-4f0d-8bf6-3a59c224bea8" by "nova.context.set_target_cell..get_or_set_cached_cell_and_set_connections" {{(pid=99086) inner /opt/stack/data/venv/lib/python3.12/site-packages/oslo_concurrency/lockutils.py:512}}
Jul 24 06:46:06.298526 np0000005816 nova-conductor[99086]: DEBUG oslo_concurrency.lockutils [None req-450df19e-3090-49ff-bd5e-9c838ce2cc91 tempest-ServerRescueNegativeTestJSON-1474912528 tempest-ServerRescueNegativeTestJSON-1474912528-project-member] Lock "7ab951ba-a597-4f0d-8bf6-3a59c224bea8" acquired by "nova.context.set_target_cell..get_or_set_cached_cell_and_set_connections" :: waited 0.000s {{(pid=99086) inner /opt/stack/data/venv/lib/python3.12/site-packages/oslo_concurrency/lockutils.py:525}}
Jul 24 06:46:06.298526 np0000005816 nova-conductor[99086]: DEBUG oslo_concurrency.lockutils [None req-450df19e-3090-49ff-bd5e-9c838ce2cc91 tempest-ServerRescueNegativeTestJSON-1474912528 tempest-ServerRescueNegativeTestJSON-1474912528-project-member] Lock "7ab951ba-a597-4f0d-8bf6-3a59c224bea8" "released" by "nova.context.set_target_cell..get_or_set_cached_cell_and_set_connections" :: held 0.000s {{(pid=99086) inner /opt/stack/data/venv/lib/python3.12/site-packages/oslo_concurrency/lockutils.py:544}}
