Jun 09 22:06:32.596440 np0000002495 nova-scheduler[95623]: DEBUG cotyledon.oslo_config_glue [-] oslo_limit.connect_retry_delay = None {{(pid=95623) log_opt_values /opt/stack/data/venv/lib/python3.12/site-packages/oslo_config/cfg.py:3256}}
Jun 09 22:06:32.596440 np0000002495 nova-scheduler[95623]: DEBUG cotyledon.oslo_config_glue [-] oslo_limit.endpoint_id = None {{(pid=95623) log_opt_values /opt/stack/data/venv/lib/python3.12/site-packages/oslo_config/cfg.py:3256}}
Jun 09 22:06:32.596440 np0000002495 nova-scheduler[95623]: DEBUG cotyledon.oslo_config_glue [-] oslo_limit.endpoint_interface = public {{(pid=95623) log_opt_values /opt/stack/data/venv/lib/python3.12/site-packages/oslo_config/cfg.py:3256}}
Jun 09 22:06:32.596440 np0000002495 nova-scheduler[95623]: DEBUG cotyledon.oslo_config_glue [-] oslo_limit.endpoint_override = None {{(pid=95623) log_opt_values /opt/stack/data/venv/lib/python3.12/site-packages/oslo_config/cfg.py:3256}}
Jun 09 22:06:32.596440 np0000002495 nova-scheduler[95623]: DEBUG cotyledon.oslo_config_glue [-] oslo_limit.endpoint_region_name = None {{(pid=95623) log_opt_values /opt/stack/data/venv/lib/python3.12/site-packages/oslo_config/cfg.py:3256}}
Jun 09 22:06:32.596440 np0000002495 nova-scheduler[95623]: DEBUG cotyledon.oslo_config_glue [-] oslo_limit.endpoint_service_name = None {{(pid=95623) log_opt_values /opt/stack/data/venv/lib/python3.12/site-packages/oslo_config/cfg.py:3256}}
Jun 09 22:06:32.596735 np0000002495 nova-scheduler[95623]: DEBUG cotyledon.oslo_config_glue [-] oslo_limit.endpoint_service_type = None {{(pid=95623) log_opt_values /opt/stack/data/venv/lib/python3.12/site-packages/oslo_config/cfg.py:3256}}
Jun 09 22:06:32.596735 np0000002495 nova-scheduler[95623]: DEBUG cotyledon.oslo_config_glue [-] oslo_limit.insecure = False {{(pid=95623) log_opt_values /opt/stack/data/venv/lib/python3.12/site-packages/oslo_config/cfg.py:3256}}
Jun 09 22:06:32.596735 np0000002495 nova-scheduler[95623]: DEBUG cotyledon.oslo_config_glue [-] oslo_limit.keyfile = None {{(pid=95623) log_opt_values /opt/stack/data/venv/lib/python3.12/site-packages/oslo_config/cfg.py:3256}}
Jun 09 22:06:32.596735 np0000002495 nova-scheduler[95623]: DEBUG cotyledon.oslo_config_glue [-] oslo_limit.max_version = None {{(pid=95623) log_opt_values /opt/stack/data/venv/lib/python3.12/site-packages/oslo_config/cfg.py:3256}}
Jun 09 22:06:32.596735 np0000002495 nova-scheduler[95623]: DEBUG cotyledon.oslo_config_glue [-] oslo_limit.min_version = None {{(pid=95623) log_opt_values /opt/stack/data/venv/lib/python3.12/site-packages/oslo_config/cfg.py:3256}}
Jun 09 22:06:32.596735 np0000002495 nova-scheduler[95623]: DEBUG cotyledon.oslo_config_glue [-] oslo_limit.region_name = None {{(pid=95623) log_opt_values /opt/stack/data/venv/lib/python3.12/site-packages/oslo_config/cfg.py:3256}}
Jun 09 22:06:32.596735 np0000002495 nova-scheduler[95623]: DEBUG cotyledon.oslo_config_glue [-] oslo_limit.retriable_status_codes = None {{(pid=95623) log_opt_values /opt/stack/data/venv/lib/python3.12/site-packages/oslo_config/cfg.py:3256}}
Jun 09 22:06:32.596735 np0000002495 nova-scheduler[95623]: DEBUG cotyledon.oslo_config_glue [-] oslo_limit.service_name = None {{(pid=95623) log_opt_values /opt/stack/data/venv/lib/python3.12/site-packages/oslo_config/cfg.py:3256}}
Jun 09 22:06:32.596735 np0000002495 nova-scheduler[95623]: DEBUG cotyledon.oslo_config_glue [-] oslo_limit.service_type = None {{(pid=95623) log_opt_values /opt/stack/data/venv/lib/python3.12/site-packages/oslo_config/cfg.py:3256}}
Jun 09 22:06:32.597059 np0000002495 nova-scheduler[95623]: DEBUG cotyledon.oslo_config_glue [-] oslo_limit.split_loggers = False {{(pid=95623) log_opt_values /opt/stack/data/venv/lib/python3.12/site-packages/oslo_config/cfg.py:3256}}
Jun 09 22:06:32.597059 np0000002495 nova-scheduler[95623]: DEBUG cotyledon.oslo_config_glue [-] oslo_limit.status_code_retries = None {{(pid=95623) log_opt_values /opt/stack/data/venv/lib/python3.12/site-packages/oslo_config/cfg.py:3256}}
Jun 09 22:06:32.597059 np0000002495 nova-scheduler[95623]: DEBUG cotyledon.oslo_config_glue [-] oslo_limit.status_code_retry_delay = None {{(pid=95623) log_opt_values /opt/stack/data/venv/lib/python3.12/site-packages/oslo_config/cfg.py:3256}}
Jun 09 22:06:32.597059 np0000002495 nova-scheduler[95623]: DEBUG cotyledon.oslo_config_glue [-] oslo_limit.timeout = None {{(pid=95623) log_opt_values /opt/stack/data/venv/lib/python3.12/site-packages/oslo_config/cfg.py:3256}}
Jun 09 22:06:32.597059 np0000002495 nova-scheduler[95623]: DEBUG cotyledon.oslo_config_glue [-] oslo_limit.valid_interfaces = None {{(pid=95623) log_opt_values /opt/stack/data/venv/lib/python3.12/site-packages/oslo_config/cfg.py:3256}}
Jun 09 22:06:32.597059 np0000002495 nova-scheduler[95623]: DEBUG cotyledon.oslo_config_glue [-] oslo_limit.version = None {{(pid=95623) log_opt_values /opt/stack/data/venv/lib/python3.12/site-packages/oslo_config/cfg.py:3256}}
Jun 09 22:06:32.597059 np0000002495 nova-scheduler[95623]: DEBUG cotyledon.oslo_config_glue [-] oslo_reports.file_event_handler = None {{(pid=95623) log_opt_values /opt/stack/data/venv/lib/python3.12/site-packages/oslo_config/cfg.py:3256}}
Jun 09 22:06:32.597059 np0000002495 nova-scheduler[95623]: DEBUG cotyledon.oslo_config_glue [-] oslo_reports.file_event_handler_interval = 1 {{(pid=95623) log_opt_values /opt/stack/data/venv/lib/python3.12/site-packages/oslo_config/cfg.py:3256}}
Jun 09 22:06:32.597059 np0000002495 nova-scheduler[95623]: DEBUG cotyledon.oslo_config_glue [-] oslo_reports.log_dir = None {{(pid=95623) log_opt_values /opt/stack/data/venv/lib/python3.12/site-packages/oslo_config/cfg.py:3256}}
Jun 09 22:06:32.597438 np0000002495 nova-scheduler[95623]: DEBUG cotyledon.oslo_config_glue [-] ******************************************************************************** {{(pid=95623) log_opt_values /opt/stack/data/venv/lib/python3.12/site-packages/oslo_config/cfg.py:3263}}
Jun 09 22:06:32.597438 np0000002495 nova-scheduler[95623]: DEBUG cotyledon._service_worker [-] Run service ServiceWrapper(2) [95623] {{(pid=95623) wait_forever /opt/stack/data/venv/lib/python3.12/site-packages/cotyledon/_service_worker.py:218}}
Jun 09 22:06:32.597438 np0000002495 nova-scheduler[95623]: INFO nova.service [-] Starting scheduler node (version 33.1.0)
Jun 09 22:06:32.597438 np0000002495 nova-scheduler[95623]: INFO dbcounter [None req-0989ef6f-e460-4ad7-b499-b54bcbe26dd6 None None] Registered counter for database nova_cell0
Jun 09 22:06:32.597658 np0000002495 nova-scheduler[95621]: DEBUG oslo_db.sqlalchemy.engines [None req-9c5843da-70f6-4b45-909a-436046817b1e None None] MySQL server mode set to STRICT_TRANS_TABLES,STRICT_ALL_TABLES,NO_ZERO_IN_DATE,NO_ZERO_DATE,ERROR_FOR_DIVISION_BY_ZERO,TRADITIONAL,NO_ENGINE_SUBSTITUTION {{(pid=95621) _check_effective_sql_mode /opt/stack/data/venv/lib/python3.12/site-packages/oslo_db/sqlalchemy/engines.py:325}}
Jun 09 22:06:32.602259 np0000002495 nova-scheduler[95619]: DEBUG oslo_db.sqlalchemy.engines [None req-f11fe928-9118-46c7-847e-196824ada563 None None] MySQL server mode set to STRICT_TRANS_TABLES,STRICT_ALL_TABLES,NO_ZERO_IN_DATE,NO_ZERO_DATE,ERROR_FOR_DIVISION_BY_ZERO,TRADITIONAL,NO_ENGINE_SUBSTITUTION {{(pid=95619) _check_effective_sql_mode /opt/stack/data/venv/lib/python3.12/site-packages/oslo_db/sqlalchemy/engines.py:325}}
Jun 09 22:06:32.613106 np0000002495 nova-scheduler[95621]: DEBUG dbcounter [-] [95621] Writer thread running {{(pid=95621) stat_writer /opt/stack/data/venv/lib/python3.12/site-packages/dbcounter.py:102}}
Jun 09 22:06:32.613500 np0000002495 nova-scheduler[95619]: DEBUG dbcounter [-] [95619] Writer thread running {{(pid=95619) stat_writer /opt/stack/data/venv/lib/python3.12/site-packages/dbcounter.py:102}}
Jun 09 22:06:32.634029 np0000002495 nova-scheduler[95621]: DEBUG nova.service [None req-9c5843da-70f6-4b45-909a-436046817b1e None None] Creating RPC server for service: nova-scheduler on topic: scheduler {{(pid=95621) start /opt/stack/nova/nova/service.py:196}}
Jun 09 22:06:32.639051 np0000002495 nova-scheduler[95623]: DEBUG oslo_db.sqlalchemy.engines [None req-0989ef6f-e460-4ad7-b499-b54bcbe26dd6 None None] MySQL server mode set to STRICT_TRANS_TABLES,STRICT_ALL_TABLES,NO_ZERO_IN_DATE,NO_ZERO_DATE,ERROR_FOR_DIVISION_BY_ZERO,TRADITIONAL,NO_ENGINE_SUBSTITUTION {{(pid=95623) _check_effective_sql_mode /opt/stack/data/venv/lib/python3.12/site-packages/oslo_db/sqlalchemy/engines.py:325}}
Jun 09 22:06:32.642315 np0000002495 nova-scheduler[95619]: DEBUG nova.service [None req-f11fe928-9118-46c7-847e-196824ada563 None None] Creating RPC server for service: nova-scheduler on topic: scheduler {{(pid=95619) start /opt/stack/nova/nova/service.py:196}}
Jun 09 22:06:32.649009 np0000002495 nova-scheduler[95623]: DEBUG dbcounter [-] [95623] Writer thread running {{(pid=95623) stat_writer /opt/stack/data/venv/lib/python3.12/site-packages/dbcounter.py:102}}
Jun 09 22:06:32.654164 np0000002495 nova-scheduler[95623]: DEBUG nova.service [None req-0989ef6f-e460-4ad7-b499-b54bcbe26dd6 None None] Creating RPC server for service: nova-scheduler on topic: scheduler {{(pid=95623) start /opt/stack/nova/nova/service.py:196}}
Jun 09 22:06:32.679168 np0000002495 nova-scheduler[95619]: DEBUG nova.service [None req-f11fe928-9118-46c7-847e-196824ada563 None None] Join ServiceGroup membership for this service scheduler {{(pid=95619) start /opt/stack/nova/nova/service.py:222}}
Jun 09 22:06:32.679989 np0000002495 nova-scheduler[95619]: DEBUG nova.servicegroup.drivers.db [None req-f11fe928-9118-46c7-847e-196824ada563 None None] DB_Driver: join new ServiceGroup member np0000002495 to the scheduler group, service = {{(pid=95619) join /opt/stack/nova/nova/servicegroup/drivers/db.py:44}}
Jun 09 22:06:32.680735 np0000002495 nova-scheduler[95621]: DEBUG nova.service [None req-9c5843da-70f6-4b45-909a-436046817b1e None None] Join ServiceGroup membership for this service scheduler {{(pid=95621) start /opt/stack/nova/nova/service.py:222}}
Jun 09 22:06:32.681009 np0000002495 nova-scheduler[95621]: DEBUG nova.servicegroup.drivers.db [None req-9c5843da-70f6-4b45-909a-436046817b1e None None] DB_Driver: join new ServiceGroup member np0000002495 to the scheduler group, service = {{(pid=95621) join /opt/stack/nova/nova/servicegroup/drivers/db.py:44}}
Jun 09 22:06:32.689994 np0000002495 nova-scheduler[95623]: DEBUG nova.service [None req-0989ef6f-e460-4ad7-b499-b54bcbe26dd6 None None] Join ServiceGroup membership for this service scheduler {{(pid=95623) start /opt/stack/nova/nova/service.py:222}}
Jun 09 22:06:32.690346 np0000002495 nova-scheduler[95623]: DEBUG nova.servicegroup.drivers.db [None req-0989ef6f-e460-4ad7-b499-b54bcbe26dd6 None None] DB_Driver: join new ServiceGroup member np0000002495 to the scheduler group, service = {{(pid=95623) join /opt/stack/nova/nova/servicegroup/drivers/db.py:44}}
Jun 09 22:06:37.694629 np0000002495 nova-scheduler[95619]: DEBUG oslo.service.backend._threading.loopingcall [-] Fixed interval looping call 'nova.servicegroup.drivers.db.DbDriver._report_state' sleeping for 119.99 seconds {{(pid=95619) _run_loop /opt/stack/data/venv/lib/python3.12/site-packages/oslo_service/backend/_threading/loopingcall.py:125}}
Jun 09 22:06:37.694983 np0000002495 nova-scheduler[95621]: DEBUG oslo.service.backend._threading.loopingcall [-] Fixed interval looping call 'nova.servicegroup.drivers.db.DbDriver._report_state' sleeping for 119.99 seconds {{(pid=95621) _run_loop /opt/stack/data/venv/lib/python3.12/site-packages/oslo_service/backend/_threading/loopingcall.py:125}}
Jun 09 22:06:37.703936 np0000002495 nova-scheduler[95623]: DEBUG oslo.service.backend._threading.loopingcall [-] Fixed interval looping call 'nova.servicegroup.drivers.db.DbDriver._report_state' sleeping for 119.99 seconds {{(pid=95623) _run_loop /opt/stack/data/venv/lib/python3.12/site-packages/oslo_service/backend/_threading/loopingcall.py:125}}
Jun 09 22:06:41.174775 np0000002495 nova-scheduler[94424]: DEBUG dbcounter [-] [94424] Writing DB stats nova_api:SELECT=3 {{(pid=94424) stat_writer /opt/stack/data/venv/lib/python3.12/site-packages/dbcounter.py:115}}
Jun 09 22:06:41.303806 np0000002495 nova-scheduler[94424]: DEBUG dbcounter [-] [94424] Writing DB stats nova_cell0:SELECT=1 {{(pid=94424) stat_writer /opt/stack/data/venv/lib/python3.12/site-packages/dbcounter.py:115}}
Jun 09 22:06:41.307913 np0000002495 nova-scheduler[94424]: DEBUG dbcounter [-] [94424] Writing DB stats nova_cell1:SELECT=1 {{(pid=94424) stat_writer /opt/stack/data/venv/lib/python3.12/site-packages/dbcounter.py:115}}
Jun 09 22:06:41.682157 np0000002495 nova-scheduler[95619]: DEBUG oslo.service.backend._threading.loopingcall [None req-0f92151f-2d10-4780-b33d-ca7628e7c255 None None] Dynamic interval looping call 'nova.service.Service.periodic_tasks' sleeping for 60.00 seconds {{(pid=95619) _run_loop /opt/stack/data/venv/lib/python3.12/site-packages/oslo_service/backend/_threading/loopingcall.py:125}}
Jun 09 22:06:47.688370 np0000002495 nova-scheduler[95619]: DEBUG dbcounter [-] [95619] Writing DB stats nova_cell0:SELECT=5,nova_cell0:INSERT=1,nova_cell0:UPDATE=1 {{(pid=95619) stat_writer /opt/stack/data/venv/lib/python3.12/site-packages/dbcounter.py:115}}
Jun 09 22:06:47.689529 np0000002495 nova-scheduler[95621]: DEBUG dbcounter [-] [95621] Writing DB stats nova_cell0:SELECT=4,nova_cell0:INSERT=1,nova_cell0:UPDATE=1 {{(pid=95621) stat_writer /opt/stack/data/venv/lib/python3.12/site-packages/dbcounter.py:115}}
Jun 09 22:06:47.700967 np0000002495 nova-scheduler[95623]: DEBUG dbcounter [-] [95623] Writing DB stats nova_cell0:SELECT=3 {{(pid=95623) stat_writer /opt/stack/data/venv/lib/python3.12/site-packages/dbcounter.py:115}}
Jun 09 22:07:23.683952 np0000002495 nova-scheduler[95621]: DEBUG oslo.service.backend._threading.loopingcall [None req-3d2a0ede-a5a7-4843-bd17-cf3129c3638d None None] Dynamic interval looping call 'nova.service.Service.periodic_tasks' sleeping for 60.00 seconds {{(pid=95621) _run_loop /opt/stack/data/venv/lib/python3.12/site-packages/oslo_service/backend/_threading/loopingcall.py:125}}
Jun 09 22:07:26.692879 np0000002495 nova-scheduler[95623]: DEBUG oslo.service.backend._threading.loopingcall [None req-01bb0529-3a5e-4c97-abaf-85f040ea1b96 None None] Dynamic interval looping call 'nova.service.Service.periodic_tasks' sleeping for 60.00 seconds {{(pid=95623) _run_loop /opt/stack/data/venv/lib/python3.12/site-packages/oslo_service/backend/_threading/loopingcall.py:125}}
Jun 09 22:07:41.682586 np0000002495 nova-scheduler[95619]: DEBUG oslo.service.backend._threading.loopingcall [None req-0f92151f-2d10-4780-b33d-ca7628e7c255 None None] Dynamic interval looping call 'nova.service.Service.periodic_tasks' sleeping for 60.00 seconds {{(pid=95619) _run_loop /opt/stack/data/venv/lib/python3.12/site-packages/oslo_service/backend/_threading/loopingcall.py:125}}
Jun 09 22:08:23.684385 np0000002495 nova-scheduler[95621]: DEBUG oslo.service.backend._threading.loopingcall [None req-3d2a0ede-a5a7-4843-bd17-cf3129c3638d None None] Dynamic interval looping call 'nova.service.Service.periodic_tasks' sleeping for 60.00 seconds {{(pid=95621) _run_loop /opt/stack/data/venv/lib/python3.12/site-packages/oslo_service/backend/_threading/loopingcall.py:125}}
Jun 09 22:08:26.693380 np0000002495 nova-scheduler[95623]: DEBUG oslo.service.backend._threading.loopingcall [None req-01bb0529-3a5e-4c97-abaf-85f040ea1b96 None None] Dynamic interval looping call 'nova.service.Service.periodic_tasks' sleeping for 60.00 seconds {{(pid=95623) _run_loop /opt/stack/data/venv/lib/python3.12/site-packages/oslo_service/backend/_threading/loopingcall.py:125}}
Jun 09 22:08:37.693013 np0000002495 nova-scheduler[95619]: DEBUG oslo.service.backend._threading.loopingcall [-] Fixed interval looping call 'nova.servicegroup.drivers.db.DbDriver._report_state' sleeping for 119.99 seconds {{(pid=95619) _run_loop /opt/stack/data/venv/lib/python3.12/site-packages/oslo_service/backend/_threading/loopingcall.py:125}}
Jun 09 22:08:37.693550 np0000002495 nova-scheduler[95621]: DEBUG oslo.service.backend._threading.loopingcall [-] Fixed interval looping call 'nova.servicegroup.drivers.db.DbDriver._report_state' sleeping for 119.99 seconds {{(pid=95621) _run_loop /opt/stack/data/venv/lib/python3.12/site-packages/oslo_service/backend/_threading/loopingcall.py:125}}
Jun 09 22:08:37.697858 np0000002495 nova-scheduler[95623]: DEBUG oslo.service.backend._threading.loopingcall [-] Fixed interval looping call 'nova.servicegroup.drivers.db.DbDriver._report_state' sleeping for 120.00 seconds {{(pid=95623) _run_loop /opt/stack/data/venv/lib/python3.12/site-packages/oslo_service/backend/_threading/loopingcall.py:125}}
Jun 09 22:08:41.683123 np0000002495 nova-scheduler[95619]: DEBUG oslo.service.backend._threading.loopingcall [None req-0f92151f-2d10-4780-b33d-ca7628e7c255 None None] Dynamic interval looping call 'nova.service.Service.periodic_tasks' sleeping for 60.00 seconds {{(pid=95619) _run_loop /opt/stack/data/venv/lib/python3.12/site-packages/oslo_service/backend/_threading/loopingcall.py:125}}
Jun 09 22:08:47.687453 np0000002495 nova-scheduler[95621]: DEBUG dbcounter [-] [95621] Writing DB stats nova_cell0:SELECT=1,nova_cell0:UPDATE=1 {{(pid=95621) stat_writer /opt/stack/data/venv/lib/python3.12/site-packages/dbcounter.py:115}}
Jun 09 22:08:47.688029 np0000002495 nova-scheduler[95619]: DEBUG dbcounter [-] [95619] Writing DB stats nova_cell0:SELECT=1,nova_cell0:UPDATE=1 {{(pid=95619) stat_writer /opt/stack/data/venv/lib/python3.12/site-packages/dbcounter.py:115}}
Jun 09 22:08:47.695985 np0000002495 nova-scheduler[95623]: DEBUG dbcounter [-] [95623] Writing DB stats nova_cell0:SELECT=1 {{(pid=95623) stat_writer /opt/stack/data/venv/lib/python3.12/site-packages/dbcounter.py:115}}
Jun 09 22:09:23.685383 np0000002495 nova-scheduler[95621]: DEBUG oslo.service.backend._threading.loopingcall [None req-3d2a0ede-a5a7-4843-bd17-cf3129c3638d None None] Dynamic interval looping call 'nova.service.Service.periodic_tasks' sleeping for 60.00 seconds {{(pid=95621) _run_loop /opt/stack/data/venv/lib/python3.12/site-packages/oslo_service/backend/_threading/loopingcall.py:125}}
Jun 09 22:09:26.693927 np0000002495 nova-scheduler[95623]: DEBUG oslo.service.backend._threading.loopingcall [None req-01bb0529-3a5e-4c97-abaf-85f040ea1b96 None None] Dynamic interval looping call 'nova.service.Service.periodic_tasks' sleeping for 60.00 seconds {{(pid=95623) _run_loop /opt/stack/data/venv/lib/python3.12/site-packages/oslo_service/backend/_threading/loopingcall.py:125}}
Jun 09 22:09:32.674923 np0000002495 nova-scheduler[95619]: DEBUG nova.scheduler.manager [None req-ee9ab833-ee5b-4e3e-9427-efad7e42d5fa tempest-DeleteServersTestJSON-451511896 tempest-DeleteServersTestJSON-451511896-project-member] Starting to schedule for instances: ['af86f308-6ed7-4f1f-aa4a-4473b2c1a636'] {{(pid=95619) select_destinations /opt/stack/nova/nova/scheduler/manager.py:210}}
Jun 09 22:09:32.675777 np0000002495 nova-scheduler[95619]: DEBUG nova.scheduler.request_filter [None req-ee9ab833-ee5b-4e3e-9427-efad7e42d5fa tempest-DeleteServersTestJSON-451511896 tempest-DeleteServersTestJSON-451511896-project-member] compute_status_filter request filter added forbidden trait COMPUTE_STATUS_DISABLED {{(pid=95619) compute_status_filter /opt/stack/nova/nova/scheduler/request_filter.py:253}}
Jun 09 22:09:32.675777 np0000002495 nova-scheduler[95619]: DEBUG nova.scheduler.request_filter [None req-ee9ab833-ee5b-4e3e-9427-efad7e42d5fa tempest-DeleteServersTestJSON-451511896 tempest-DeleteServersTestJSON-451511896-project-member] Request filter 'compute_status_filter' took 0.0 seconds {{(pid=95619) wrapper /opt/stack/nova/nova/scheduler/request_filter.py:46}}
Jun 09 22:09:32.675919 np0000002495 nova-scheduler[95619]: DEBUG nova.scheduler.request_filter [None req-ee9ab833-ee5b-4e3e-9427-efad7e42d5fa tempest-DeleteServersTestJSON-451511896 tempest-DeleteServersTestJSON-451511896-project-member] Request filter 'accelerators_filter' took 0.0 seconds {{(pid=95619) wrapper /opt/stack/nova/nova/scheduler/request_filter.py:46}}
Jun 09 22:09:32.676067 np0000002495 nova-scheduler[95619]: DEBUG nova.scheduler.request_filter [None req-ee9ab833-ee5b-4e3e-9427-efad7e42d5fa tempest-DeleteServersTestJSON-451511896 tempest-DeleteServersTestJSON-451511896-project-member] Request filter 'packed_virtqueue_filter' took 0.0 seconds {{(pid=95619) wrapper /opt/stack/nova/nova/scheduler/request_filter.py:46}}
Jun 09 22:09:32.676289 np0000002495 nova-scheduler[95619]: DEBUG nova.scheduler.request_filter [None req-ee9ab833-ee5b-4e3e-9427-efad7e42d5fa tempest-DeleteServersTestJSON-451511896 tempest-DeleteServersTestJSON-451511896-project-member] Request filter 'remote_managed_ports_filter' took 0.0 seconds {{(pid=95619) wrapper /opt/stack/nova/nova/scheduler/request_filter.py:46}}
Jun 09 22:09:32.676443 np0000002495 nova-scheduler[95619]: DEBUG nova.scheduler.request_filter [None req-ee9ab833-ee5b-4e3e-9427-efad7e42d5fa tempest-DeleteServersTestJSON-451511896 tempest-DeleteServersTestJSON-451511896-project-member] ephemeral_encryption_filter skipped {{(pid=95619) ephemeral_encryption_filter /opt/stack/nova/nova/scheduler/request_filter.py:426}}
Jun 09 22:09:32.676597 np0000002495 nova-scheduler[95619]: DEBUG nova.scheduler.request_filter [None req-ee9ab833-ee5b-4e3e-9427-efad7e42d5fa tempest-DeleteServersTestJSON-451511896 tempest-DeleteServersTestJSON-451511896-project-member] virtio_sound_filter skipped {{(pid=95619) virtio_sound_filter /opt/stack/nova/nova/scheduler/request_filter.py:460}}
Jun 09 22:09:32.676715 np0000002495 nova-scheduler[95619]: DEBUG nova.scheduler.request_filter [None req-ee9ab833-ee5b-4e3e-9427-efad7e42d5fa tempest-DeleteServersTestJSON-451511896 tempest-DeleteServersTestJSON-451511896-project-member] tpm_secret_security_filter skipped {{(pid=95619) tpm_secret_security_filter /opt/stack/nova/nova/scheduler/request_filter.py:477}}
Jun 09 22:09:33.346181 np0000002495 nova-scheduler[95619]: INFO nova.utils [None req-ee9ab833-ee5b-4e3e-9427-efad7e42d5fa tempest-DeleteServersTestJSON-451511896 tempest-DeleteServersTestJSON-451511896-project-member] The cell worker thread pool ForkProcess-1.cell_worker is initialized
Jun 09 22:09:33.346546 np0000002495 nova-scheduler[95619]: DEBUG oslo_concurrency.lockutils [None req-ee9ab833-ee5b-4e3e-9427-efad7e42d5fa tempest-DeleteServersTestJSON-451511896 tempest-DeleteServersTestJSON-451511896-project-member] Acquiring lock "b9ab37ce-bac3-4363-87d5-2a806edc79b7" by "nova.context.set_target_cell..get_or_set_cached_cell_and_set_connections" {{(pid=95619) inner /opt/stack/data/venv/lib/python3.12/site-packages/oslo_concurrency/lockutils.py:511}}
Jun 09 22:09:33.347007 np0000002495 nova-scheduler[95619]: DEBUG oslo_concurrency.lockutils [None req-ee9ab833-ee5b-4e3e-9427-efad7e42d5fa tempest-DeleteServersTestJSON-451511896 tempest-DeleteServersTestJSON-451511896-project-member] Lock "b9ab37ce-bac3-4363-87d5-2a806edc79b7" acquired by "nova.context.set_target_cell..get_or_set_cached_cell_and_set_connections" :: waited 0.000s {{(pid=95619) inner /opt/stack/data/venv/lib/python3.12/site-packages/oslo_concurrency/lockutils.py:524}}
Jun 09 22:09:33.348342 np0000002495 nova-scheduler[95619]: DEBUG oslo_concurrency.lockutils [None req-ee9ab833-ee5b-4e3e-9427-efad7e42d5fa tempest-DeleteServersTestJSON-451511896 tempest-DeleteServersTestJSON-451511896-project-member] Lock "b9ab37ce-bac3-4363-87d5-2a806edc79b7" "released" by "nova.context.set_target_cell..get_or_set_cached_cell_and_set_connections" :: held 0.001s {{(pid=95619) inner /opt/stack/data/venv/lib/python3.12/site-packages/oslo_concurrency/lockutils.py:543}}
Jun 09 22:09:33.350174 np0000002495 nova-scheduler[95619]: INFO dbcounter [None req-ee9ab833-ee5b-4e3e-9427-efad7e42d5fa tempest-DeleteServersTestJSON-451511896 tempest-DeleteServersTestJSON-451511896-project-member] Registered counter for database nova_cell1
Jun 09 22:09:33.411938 np0000002495 nova-scheduler[95619]: DEBUG oslo_db.sqlalchemy.engines [None req-ee9ab833-ee5b-4e3e-9427-efad7e42d5fa tempest-DeleteServersTestJSON-451511896 tempest-DeleteServersTestJSON-451511896-project-member] MySQL server mode set to STRICT_TRANS_TABLES,STRICT_ALL_TABLES,NO_ZERO_IN_DATE,NO_ZERO_DATE,ERROR_FOR_DIVISION_BY_ZERO,TRADITIONAL,NO_ENGINE_SUBSTITUTION {{(pid=95619) _check_effective_sql_mode /opt/stack/data/venv/lib/python3.12/site-packages/oslo_db/sqlalchemy/engines.py:325}}
Jun 09 22:09:33.418103 np0000002495 nova-scheduler[95619]: DEBUG dbcounter [-] [95619] Writer thread running {{(pid=95619) stat_writer /opt/stack/data/venv/lib/python3.12/site-packages/dbcounter.py:102}}
Jun 09 22:09:33.431288 np0000002495 nova-scheduler[95619]: DEBUG oslo_db.sqlalchemy.engines [None req-ee9ab833-ee5b-4e3e-9427-efad7e42d5fa tempest-DeleteServersTestJSON-451511896 tempest-DeleteServersTestJSON-451511896-project-member] Parent process 94424 forked (95619) with an open database connection, which is being discarded and recreated. {{(pid=95619) checkout /opt/stack/data/venv/lib/python3.12/site-packages/oslo_db/sqlalchemy/engines.py:402}}
Jun 09 22:09:33.476161 np0000002495 nova-scheduler[95619]: DEBUG dbcounter [-] [95619] Writer thread running {{(pid=95619) stat_writer /opt/stack/data/venv/lib/python3.12/site-packages/dbcounter.py:102}}
Jun 09 22:09:33.479382 np0000002495 nova-scheduler[95619]: DEBUG oslo_concurrency.lockutils [None req-ee9ab833-ee5b-4e3e-9427-efad7e42d5fa tempest-DeleteServersTestJSON-451511896 tempest-DeleteServersTestJSON-451511896-project-member] Acquiring lock "b9ab37ce-bac3-4363-87d5-2a806edc79b7" by "nova.context.set_target_cell..get_or_set_cached_cell_and_set_connections" {{(pid=95619) inner /opt/stack/data/venv/lib/python3.12/site-packages/oslo_concurrency/lockutils.py:511}}
Jun 09 22:09:33.479631 np0000002495 nova-scheduler[95619]: DEBUG oslo_concurrency.lockutils [None req-ee9ab833-ee5b-4e3e-9427-efad7e42d5fa tempest-DeleteServersTestJSON-451511896 tempest-DeleteServersTestJSON-451511896-project-member] Lock "b9ab37ce-bac3-4363-87d5-2a806edc79b7" acquired by "nova.context.set_target_cell..get_or_set_cached_cell_and_set_connections" :: waited 0.000s {{(pid=95619) inner /opt/stack/data/venv/lib/python3.12/site-packages/oslo_concurrency/lockutils.py:524}}
Jun 09 22:09:33.479817 np0000002495 nova-scheduler[95619]: DEBUG oslo_concurrency.lockutils [None req-ee9ab833-ee5b-4e3e-9427-efad7e42d5fa tempest-DeleteServersTestJSON-451511896 tempest-DeleteServersTestJSON-451511896-project-member] Lock "b9ab37ce-bac3-4363-87d5-2a806edc79b7" "released" by "nova.context.set_target_cell..get_or_set_cached_cell_and_set_connections" :: held 0.000s {{(pid=95619) inner /opt/stack/data/venv/lib/python3.12/site-packages/oslo_concurrency/lockutils.py:543}}
Jun 09 22:09:33.488561 np0000002495 nova-scheduler[95619]: DEBUG oslo_concurrency.lockutils [None req-ee9ab833-ee5b-4e3e-9427-efad7e42d5fa tempest-DeleteServersTestJSON-451511896 tempest-DeleteServersTestJSON-451511896-project-member] Acquiring lock "('np0000002495', 'np0000002495')" by "nova.scheduler.host_manager.HostState.update.._locked_update" {{(pid=95619) inner /opt/stack/data/venv/lib/python3.12/site-packages/oslo_concurrency/lockutils.py:511}}
Jun 09 22:09:33.488852 np0000002495 nova-scheduler[95619]: DEBUG oslo_concurrency.lockutils [None req-ee9ab833-ee5b-4e3e-9427-efad7e42d5fa tempest-DeleteServersTestJSON-451511896 tempest-DeleteServersTestJSON-451511896-project-member] Lock "('np0000002495', 'np0000002495')" acquired by "nova.scheduler.host_manager.HostState.update.._locked_update" :: waited 0.000s {{(pid=95619) inner /opt/stack/data/venv/lib/python3.12/site-packages/oslo_concurrency/lockutils.py:524}}
Jun 09 22:09:33.489836 np0000002495 nova-scheduler[95619]: DEBUG nova.scheduler.host_manager [None req-ee9ab833-ee5b-4e3e-9427-efad7e42d5fa tempest-DeleteServersTestJSON-451511896 tempest-DeleteServersTestJSON-451511896-project-member] Update host state from compute node: ComputeNode(cpu_allocation_ratio=4.0,cpu_info='{"arch": "x86_64", "model": "EPYC-Milan", "vendor": "AMD", "topology": {"cells": 1, "sockets": 12, "cores": 1, "threads": 1}, "maxphysaddr": {"mode": "emulate", "bits": 40}, "features": ["rdpid", "aes", "fpu", "fxsr", "ibpb", "pause-filter", "fsgsbase", "lfence-always-serializing", "pcid", "ssse3", "vgif", "pku", "f16c", "nrip-save", "avx2", "amd-psfd", "spec-ctrl", "clflushopt", "pni", "rdctl-no", "rdrand", "arat", "sse4.2", "svm", "nx", "pschange-mc-no", "null-sel-clr-base", "clflush", "lbrv", "sse4.1", "syscall", "wbnoinvd", "no-nested-data-bp", "fxsr_opt", "rdtscp", "avx", "xsaveerptr", "stibp-always-on", "xsaveopt", "xsave", "tsc-scale", "tsc", "svme-addr-chk", "xgetbv1", "pfthreshold", "sse2", "cx16", "arch-capabilities", "topoext", "xsaves", "bmi1", "ssbd", "flushbyasid", "msr", "adx", "fsrm", "v-vmsave-vmload", "tsc-deadline", "amd-ssbd", "movbe", "mce", "xsavec", "abm", "mmxext", "hypervisor", "virt-ssbd", "clzero", "smap", "perfctr_core", "cmp_legacy", "mds-no", "pse", "rdseed", "skip-l1dfl-vmentry", "de", "npt", "pat", "pclmuldq", "umip", "x2apic", "pse36", "clwb", "3dnowprefetch", "mmx", "invpcid", "stibp", "bmi2", "smep", "vaes", "pdpe1gb", "lahf_lm", "misalignsse", "sep", "sha-ni", "cx8", "amd-stibp", "lm", "sse", "vme", "osvw", "pge", "mtrr", "popcnt", "sse4a", "tsc_adjust", "mca", "gds-no", "ibrs", "vpclmulqdq", "erms", "fma", "pae", "cmov", "apic", "vmcb-clean", "cr8legacy"]}',created_at=2026-06-09T22:06:58Z,current_workload=0,deleted=False,deleted_at=None,disk_allocation_ratio=1.0,disk_available_least=74,free_disk_gb=95,free_ram_mb=23518,host='np0000002495',host_ip=10.4.3.231,hypervisor_hostname='np0000002495',hypervisor_type='QEMU',hypervisor_version=8002002,id=1,local_gb=95,local_gb_used=0,mapped=1,memory_mb=24030,memory_mb_used=512,metrics='[]',numa_topology='{"nova_object.name": "NUMATopology", "nova_object.namespace": "nova", "nova_object.version": "1.2", "nova_object.data": {"cells": [{"nova_object.name": "NUMACell", "nova_object.namespace": "nova", "nova_object.version": "1.5", "nova_object.data": {"id": 0, "cpuset": [0, 1, 2, 3, 4, 5, 6, 7, 8, 9, 10, 11], "pcpuset": [0, 1, 2, 3, 4, 5, 6, 7, 8, 9, 10, 11], "memory": 24030, "cpu_usage": 0, "memory_usage": 0, "pinned_cpus": [], "siblings": [[6], [2], [5], [11], [8], [4], [1], [7], [10], [0], [3], [9]], "mempages": [{"nova_object.name": "NUMAPagesTopology", "nova_object.namespace": "nova", "nova_object.version": "1.1", "nova_object.data": {"size_kb": 4, "total": 6151796, "used": 0, "reserved": 0}, "nova_object.changes": ["size_kb", "total", "used", "reserved"]}, {"nova_object.name": "NUMAPagesTopology", "nova_object.namespace": "nova", "nova_object.version": "1.1", "nova_object.data": {"size_kb": 2048, "total": 0, "used": 0, "reserved": 0}, "nova_object.changes": ["size_kb", "total", "used", "reserved"]}, {"nova_object.name": "NUMAPagesTopology", "nova_object.namespace": "nova", "nova_object.version": "1.1", "nova_object.data": {"size_kb": 1048576, "total": 0, "used": 0, "reserved": 0}, "nova_object.changes": ["size_kb", "total", "used", "reserved"]}], "network_metadata": {"nova_object.name": "NetworkMetadata", "nova_object.namespace": "nova", "nova_object.version": "1.0", "nova_object.data": {"physnets": [], "tunneled": false}, "nova_object.changes": ["tunneled", "physnets"]}, "socket": null}, "nova_object.changes": ["network_metadata", "memory", "memory_usage", "siblings", "id", "socket", "cpu_usage", "pcpuset", "mempages", "cpuset", "pinned_cpus"]}]}, "nova_object.changes": ["cells"]}',pci_device_pools=PciDevicePoolList,ram_allocation_ratio=1.0,running_vms=0,service_id=2,stats={failed_builds='0',uptime=' 22:08:44 up 24 min, 2 users, load average: 1.10, 1.30, 0.77
Jun 09 22:09:33.489836 np0000002495 nova-scheduler[95619]: '},supported_hv_specs=[HVSpec,HVSpec,HVSpec,HVSpec,HVSpec,HVSpec,HVSpec,HVSpec,HVSpec,HVSpec,HVSpec,HVSpec,HVSpec,HVSpec,HVSpec,HVSpec,HVSpec,HVSpec,HVSpec,HVSpec,HVSpec,HVSpec,HVSpec,HVSpec,HVSpec],updated_at=2026-06-09T22:08:46Z,uuid=91d823b4-2f6a-496e-aeef-babd0527ffd6,vcpus=12,vcpus_used=0) {{(pid=95619) _locked_update /opt/stack/nova/nova/scheduler/host_manager.py:168}}
Jun 09 22:09:33.490591 np0000002495 nova-scheduler[95619]: DEBUG nova.scheduler.host_manager [None req-ee9ab833-ee5b-4e3e-9427-efad7e42d5fa tempest-DeleteServersTestJSON-451511896 tempest-DeleteServersTestJSON-451511896-project-member] Update host state with aggregates: [] {{(pid=95619) _locked_update /opt/stack/nova/nova/scheduler/host_manager.py:171}}
Jun 09 22:09:33.490902 np0000002495 nova-scheduler[95619]: DEBUG nova.scheduler.host_manager [None req-ee9ab833-ee5b-4e3e-9427-efad7e42d5fa tempest-DeleteServersTestJSON-451511896 tempest-DeleteServersTestJSON-451511896-project-member] Update host state with service dict: {'id': 2, 'uuid': 'f06f2a8d-a066-4e60-88c3-88c1851af4c7', 'host': 'np0000002495', 'binary': 'nova-compute', 'topic': 'compute', 'report_count': 2, 'disabled': False, 'disabled_reason': None, 'last_seen_up': datetime.datetime(2026, 6, 9, 22, 9, 7, tzinfo=datetime.timezone.utc), 'forced_down': False, 'version': 72, 'created_at': datetime.datetime(2026, 6, 9, 22, 6, 57, tzinfo=datetime.timezone.utc), 'updated_at': datetime.datetime(2026, 6, 9, 22, 9, 7, tzinfo=datetime.timezone.utc), 'deleted_at': None, 'deleted': False} {{(pid=95619) _locked_update /opt/stack/nova/nova/scheduler/host_manager.py:174}}
Jun 09 22:09:33.491053 np0000002495 nova-scheduler[95619]: DEBUG nova.scheduler.host_manager [None req-ee9ab833-ee5b-4e3e-9427-efad7e42d5fa tempest-DeleteServersTestJSON-451511896 tempest-DeleteServersTestJSON-451511896-project-member] Update host state with instances: [] {{(pid=95619) _locked_update /opt/stack/nova/nova/scheduler/host_manager.py:177}}
Jun 09 22:09:33.491251 np0000002495 nova-scheduler[95619]: DEBUG oslo_concurrency.lockutils [None req-ee9ab833-ee5b-4e3e-9427-efad7e42d5fa tempest-DeleteServersTestJSON-451511896 tempest-DeleteServersTestJSON-451511896-project-member] Lock "('np0000002495', 'np0000002495')" "released" by "nova.scheduler.host_manager.HostState.update.._locked_update" :: held 0.002s {{(pid=95619) inner /opt/stack/data/venv/lib/python3.12/site-packages/oslo_concurrency/lockutils.py:543}}
Jun 09 22:09:33.491644 np0000002495 nova-scheduler[95619]: DEBUG nova.filters [None req-ee9ab833-ee5b-4e3e-9427-efad7e42d5fa tempest-DeleteServersTestJSON-451511896 tempest-DeleteServersTestJSON-451511896-project-member] Starting with 1 host(s) {{(pid=95619) get_filtered_objects /opt/stack/nova/nova/filters.py:70}}
Jun 09 22:09:33.491898 np0000002495 nova-scheduler[95619]: DEBUG nova.filters [None req-ee9ab833-ee5b-4e3e-9427-efad7e42d5fa tempest-DeleteServersTestJSON-451511896 tempest-DeleteServersTestJSON-451511896-project-member] Filter ComputeFilter returned 1 host(s) {{(pid=95619) get_filtered_objects /opt/stack/nova/nova/filters.py:102}}
Jun 09 22:09:33.492041 np0000002495 nova-scheduler[95619]: DEBUG nova.filters [None req-ee9ab833-ee5b-4e3e-9427-efad7e42d5fa tempest-DeleteServersTestJSON-451511896 tempest-DeleteServersTestJSON-451511896-project-member] Filter ComputeCapabilitiesFilter returned 1 host(s) {{(pid=95619) get_filtered_objects /opt/stack/nova/nova/filters.py:102}}
Jun 09 22:09:33.492381 np0000002495 nova-scheduler[95619]: DEBUG nova.filters [None req-ee9ab833-ee5b-4e3e-9427-efad7e42d5fa tempest-DeleteServersTestJSON-451511896 tempest-DeleteServersTestJSON-451511896-project-member] Filter ImagePropertiesFilter returned 1 host(s) {{(pid=95619) get_filtered_objects /opt/stack/nova/nova/filters.py:102}}
Jun 09 22:09:33.492525 np0000002495 nova-scheduler[95619]: DEBUG nova.filters [None req-ee9ab833-ee5b-4e3e-9427-efad7e42d5fa tempest-DeleteServersTestJSON-451511896 tempest-DeleteServersTestJSON-451511896-project-member] Filter ServerGroupAntiAffinityFilter returned 1 host(s) {{(pid=95619) get_filtered_objects /opt/stack/nova/nova/filters.py:102}}
Jun 09 22:09:33.492644 np0000002495 nova-scheduler[95619]: DEBUG nova.filters [None req-ee9ab833-ee5b-4e3e-9427-efad7e42d5fa tempest-DeleteServersTestJSON-451511896 tempest-DeleteServersTestJSON-451511896-project-member] Filter ServerGroupAffinityFilter returned 1 host(s) {{(pid=95619) get_filtered_objects /opt/stack/nova/nova/filters.py:102}}
Jun 09 22:09:33.492771 np0000002495 nova-scheduler[95619]: DEBUG nova.filters [None req-ee9ab833-ee5b-4e3e-9427-efad7e42d5fa tempest-DeleteServersTestJSON-451511896 tempest-DeleteServersTestJSON-451511896-project-member] Filter SameHostFilter returned 1 host(s) {{(pid=95619) get_filtered_objects /opt/stack/nova/nova/filters.py:102}}
Jun 09 22:09:33.493044 np0000002495 nova-scheduler[95619]: DEBUG nova.filters [None req-ee9ab833-ee5b-4e3e-9427-efad7e42d5fa tempest-DeleteServersTestJSON-451511896 tempest-DeleteServersTestJSON-451511896-project-member] Filter DifferentHostFilter returned 1 host(s) {{(pid=95619) get_filtered_objects /opt/stack/nova/nova/filters.py:102}}
Jun 09 22:09:33.493343 np0000002495 nova-scheduler[95619]: DEBUG nova.scheduler.manager [None req-ee9ab833-ee5b-4e3e-9427-efad7e42d5fa tempest-DeleteServersTestJSON-451511896 tempest-DeleteServersTestJSON-451511896-project-member] Filtered [(np0000002495, np0000002495) ram: 23518MB disk: 75776MB io_ops: 0 instances: 0, allocation_candidates: 1] {{(pid=95619) _get_sorted_hosts /opt/stack/nova/nova/scheduler/manager.py:743}}
Jun 09 22:09:33.493627 np0000002495 nova-scheduler[95619]: DEBUG nova.scheduler.manager [None req-ee9ab833-ee5b-4e3e-9427-efad7e42d5fa tempest-DeleteServersTestJSON-451511896 tempest-DeleteServersTestJSON-451511896-project-member] Weighed [WeighedHost [host: (np0000002495, np0000002495) ram: 23518MB disk: 75776MB io_ops: 0 instances: 0, allocation_candidates: 1, weight: 0.0]] {{(pid=95619) _get_sorted_hosts /opt/stack/nova/nova/scheduler/manager.py:765}}
Jun 09 22:09:33.493841 np0000002495 nova-scheduler[95619]: DEBUG nova.scheduler.utils [None req-ee9ab833-ee5b-4e3e-9427-efad7e42d5fa tempest-DeleteServersTestJSON-451511896 tempest-DeleteServersTestJSON-451511896-project-member] Attempting to claim resources in the placement API for instance af86f308-6ed7-4f1f-aa4a-4473b2c1a636 {{(pid=95619) claim_resources /opt/stack/nova/nova/scheduler/utils.py:1345}}
Jun 09 22:09:33.649801 np0000002495 nova-scheduler[95619]: DEBUG nova.scheduler.manager [None req-ee9ab833-ee5b-4e3e-9427-efad7e42d5fa tempest-DeleteServersTestJSON-451511896 tempest-DeleteServersTestJSON-451511896-project-member] [instance: af86f308-6ed7-4f1f-aa4a-4473b2c1a636] Selected host: (np0000002495, np0000002495) ram: 23518MB disk: 75776MB io_ops: 0 instances: 0, allocation_candidates: 1 {{(pid=95619) _consume_selected_host /opt/stack/nova/nova/scheduler/manager.py:625}}
Jun 09 22:09:33.650126 np0000002495 nova-scheduler[95619]: DEBUG oslo_concurrency.lockutils [None req-ee9ab833-ee5b-4e3e-9427-efad7e42d5fa tempest-DeleteServersTestJSON-451511896 tempest-DeleteServersTestJSON-451511896-project-member] Acquiring lock "('np0000002495', 'np0000002495')" by "nova.scheduler.host_manager.HostState.consume_from_request.._locked" {{(pid=95619) inner /opt/stack/data/venv/lib/python3.12/site-packages/oslo_concurrency/lockutils.py:511}}
Jun 09 22:09:33.650287 np0000002495 nova-scheduler[95619]: DEBUG oslo_concurrency.lockutils [None req-ee9ab833-ee5b-4e3e-9427-efad7e42d5fa tempest-DeleteServersTestJSON-451511896 tempest-DeleteServersTestJSON-451511896-project-member] Lock "('np0000002495', 'np0000002495')" acquired by "nova.scheduler.host_manager.HostState.consume_from_request.._locked" :: waited 0.000s {{(pid=95619) inner /opt/stack/data/venv/lib/python3.12/site-packages/oslo_concurrency/lockutils.py:524}}
Jun 09 22:09:33.650802 np0000002495 nova-scheduler[95619]: DEBUG oslo_concurrency.lockutils [None req-ee9ab833-ee5b-4e3e-9427-efad7e42d5fa tempest-DeleteServersTestJSON-451511896 tempest-DeleteServersTestJSON-451511896-project-member] Lock "('np0000002495', 'np0000002495')" "released" by "nova.scheduler.host_manager.HostState.consume_from_request.._locked" :: held 0.000s {{(pid=95619) inner /opt/stack/data/venv/lib/python3.12/site-packages/oslo_concurrency/lockutils.py:543}}
Jun 09 22:09:41.684337 np0000002495 nova-scheduler[95619]: DEBUG oslo.service.backend._threading.loopingcall [None req-0f92151f-2d10-4780-b33d-ca7628e7c255 None None] Dynamic interval looping call 'nova.service.Service.periodic_tasks' sleeping for 60.00 seconds {{(pid=95619) _run_loop /opt/stack/data/venv/lib/python3.12/site-packages/oslo_service/backend/_threading/loopingcall.py:125}}
Jun 09 22:09:43.478026 np0000002495 nova-scheduler[95619]: DEBUG dbcounter [-] [95619] Writing DB stats nova_api:SELECT=1 {{(pid=95619) stat_writer /opt/stack/data/venv/lib/python3.12/site-packages/dbcounter.py:115}}
Jun 09 22:09:43.482827 np0000002495 nova-scheduler[95619]: DEBUG dbcounter [-] [95619] Writing DB stats nova_cell1:SELECT=3 {{(pid=95619) stat_writer /opt/stack/data/venv/lib/python3.12/site-packages/dbcounter.py:115}}
Jun 09 22:09:48.683274 np0000002495 nova-scheduler[95621]: DEBUG nova.scheduler.manager [None req-fb01f78c-1903-4332-ac3e-d77f76c7752d tempest-VolumesAdminNegativeTest-440614776 tempest-VolumesAdminNegativeTest-440614776-project-member] Starting to schedule for instances: ['d879bc57-385f-4529-bb20-1163160efa91'] {{(pid=95621) select_destinations /opt/stack/nova/nova/scheduler/manager.py:210}}
Jun 09 22:09:48.684913 np0000002495 nova-scheduler[95621]: DEBUG nova.scheduler.request_filter [None req-fb01f78c-1903-4332-ac3e-d77f76c7752d tempest-VolumesAdminNegativeTest-440614776 tempest-VolumesAdminNegativeTest-440614776-project-member] compute_status_filter request filter added forbidden trait COMPUTE_STATUS_DISABLED {{(pid=95621) compute_status_filter /opt/stack/nova/nova/scheduler/request_filter.py:253}}
Jun 09 22:09:48.685061 np0000002495 nova-scheduler[95621]: DEBUG nova.scheduler.request_filter [None req-fb01f78c-1903-4332-ac3e-d77f76c7752d tempest-VolumesAdminNegativeTest-440614776 tempest-VolumesAdminNegativeTest-440614776-project-member] Request filter 'compute_status_filter' took 0.0 seconds {{(pid=95621) wrapper /opt/stack/nova/nova/scheduler/request_filter.py:46}}
Jun 09 22:09:48.685338 np0000002495 nova-scheduler[95621]: DEBUG nova.scheduler.request_filter [None req-fb01f78c-1903-4332-ac3e-d77f76c7752d tempest-VolumesAdminNegativeTest-440614776 tempest-VolumesAdminNegativeTest-440614776-project-member] Request filter 'accelerators_filter' took 0.0 seconds {{(pid=95621) wrapper /opt/stack/nova/nova/scheduler/request_filter.py:46}}
Jun 09 22:09:48.685602 np0000002495 nova-scheduler[95621]: DEBUG nova.scheduler.request_filter [None req-fb01f78c-1903-4332-ac3e-d77f76c7752d tempest-VolumesAdminNegativeTest-440614776 tempest-VolumesAdminNegativeTest-440614776-project-member] Request filter 'packed_virtqueue_filter' took 0.0 seconds {{(pid=95621) wrapper /opt/stack/nova/nova/scheduler/request_filter.py:46}}
Jun 09 22:09:48.685892 np0000002495 nova-scheduler[95621]: DEBUG nova.scheduler.request_filter [None req-fb01f78c-1903-4332-ac3e-d77f76c7752d tempest-VolumesAdminNegativeTest-440614776 tempest-VolumesAdminNegativeTest-440614776-project-member] Request filter 'remote_managed_ports_filter' took 0.0 seconds {{(pid=95621) wrapper /opt/stack/nova/nova/scheduler/request_filter.py:46}}
Jun 09 22:09:48.686093 np0000002495 nova-scheduler[95621]: DEBUG nova.scheduler.request_filter [None req-fb01f78c-1903-4332-ac3e-d77f76c7752d tempest-VolumesAdminNegativeTest-440614776 tempest-VolumesAdminNegativeTest-440614776-project-member] ephemeral_encryption_filter skipped {{(pid=95621) ephemeral_encryption_filter /opt/stack/nova/nova/scheduler/request_filter.py:426}}
Jun 09 22:09:48.686282 np0000002495 nova-scheduler[95621]: DEBUG nova.scheduler.request_filter [None req-fb01f78c-1903-4332-ac3e-d77f76c7752d tempest-VolumesAdminNegativeTest-440614776 tempest-VolumesAdminNegativeTest-440614776-project-member] virtio_sound_filter skipped {{(pid=95621) virtio_sound_filter /opt/stack/nova/nova/scheduler/request_filter.py:460}}
Jun 09 22:09:48.686447 np0000002495 nova-scheduler[95621]: DEBUG nova.scheduler.request_filter [None req-fb01f78c-1903-4332-ac3e-d77f76c7752d tempest-VolumesAdminNegativeTest-440614776 tempest-VolumesAdminNegativeTest-440614776-project-member] tpm_secret_security_filter skipped {{(pid=95621) tpm_secret_security_filter /opt/stack/nova/nova/scheduler/request_filter.py:477}}
Jun 09 22:09:48.737037 np0000002495 nova-scheduler[95623]: DEBUG nova.scheduler.manager [None req-0ed50ee4-33cc-470c-ad57-b3ab9334fea1 tempest-TaggedAttachmentsTest-594541905 tempest-TaggedAttachmentsTest-594541905-project-member] Starting to schedule for instances: ['c1833c6a-81a7-4360-beb2-448115fbabda'] {{(pid=95623) select_destinations /opt/stack/nova/nova/scheduler/manager.py:210}}
Jun 09 22:09:48.737601 np0000002495 nova-scheduler[95623]: DEBUG nova.scheduler.request_filter [None req-0ed50ee4-33cc-470c-ad57-b3ab9334fea1 tempest-TaggedAttachmentsTest-594541905 tempest-TaggedAttachmentsTest-594541905-project-member] compute_status_filter request filter added forbidden trait COMPUTE_STATUS_DISABLED {{(pid=95623) compute_status_filter /opt/stack/nova/nova/scheduler/request_filter.py:253}}
Jun 09 22:09:48.737733 np0000002495 nova-scheduler[95623]: DEBUG nova.scheduler.request_filter [None req-0ed50ee4-33cc-470c-ad57-b3ab9334fea1 tempest-TaggedAttachmentsTest-594541905 tempest-TaggedAttachmentsTest-594541905-project-member] Request filter 'compute_status_filter' took 0.0 seconds {{(pid=95623) wrapper /opt/stack/nova/nova/scheduler/request_filter.py:46}}
Jun 09 22:09:48.738085 np0000002495 nova-scheduler[95623]: DEBUG nova.scheduler.request_filter [None req-0ed50ee4-33cc-470c-ad57-b3ab9334fea1 tempest-TaggedAttachmentsTest-594541905 tempest-TaggedAttachmentsTest-594541905-project-member] Request filter 'accelerators_filter' took 0.0 seconds {{(pid=95623) wrapper /opt/stack/nova/nova/scheduler/request_filter.py:46}}
Jun 09 22:09:48.738485 np0000002495 nova-scheduler[95623]: DEBUG nova.scheduler.request_filter [None req-0ed50ee4-33cc-470c-ad57-b3ab9334fea1 tempest-TaggedAttachmentsTest-594541905 tempest-TaggedAttachmentsTest-594541905-project-member] Request filter 'packed_virtqueue_filter' took 0.0 seconds {{(pid=95623) wrapper /opt/stack/nova/nova/scheduler/request_filter.py:46}}
Jun 09 22:09:48.738808 np0000002495 nova-scheduler[95623]: DEBUG nova.scheduler.request_filter [None req-0ed50ee4-33cc-470c-ad57-b3ab9334fea1 tempest-TaggedAttachmentsTest-594541905 tempest-TaggedAttachmentsTest-594541905-project-member] Request filter 'remote_managed_ports_filter' took 0.0 seconds {{(pid=95623) wrapper /opt/stack/nova/nova/scheduler/request_filter.py:46}}
Jun 09 22:09:48.739024 np0000002495 nova-scheduler[95623]: DEBUG nova.scheduler.request_filter [None req-0ed50ee4-33cc-470c-ad57-b3ab9334fea1 tempest-TaggedAttachmentsTest-594541905 tempest-TaggedAttachmentsTest-594541905-project-member] ephemeral_encryption_filter skipped {{(pid=95623) ephemeral_encryption_filter /opt/stack/nova/nova/scheduler/request_filter.py:426}}
Jun 09 22:09:48.739458 np0000002495 nova-scheduler[95623]: DEBUG nova.scheduler.request_filter [None req-0ed50ee4-33cc-470c-ad57-b3ab9334fea1 tempest-TaggedAttachmentsTest-594541905 tempest-TaggedAttachmentsTest-594541905-project-member] virtio_sound_filter skipped {{(pid=95623) virtio_sound_filter /opt/stack/nova/nova/scheduler/request_filter.py:460}}
Jun 09 22:09:48.739615 np0000002495 nova-scheduler[95623]: DEBUG nova.scheduler.request_filter [None req-0ed50ee4-33cc-470c-ad57-b3ab9334fea1 tempest-TaggedAttachmentsTest-594541905 tempest-TaggedAttachmentsTest-594541905-project-member] tpm_secret_security_filter skipped {{(pid=95623) tpm_secret_security_filter /opt/stack/nova/nova/scheduler/request_filter.py:477}}
Jun 09 22:09:48.817734 np0000002495 nova-scheduler[95621]: INFO nova.utils [None req-fb01f78c-1903-4332-ac3e-d77f76c7752d tempest-VolumesAdminNegativeTest-440614776 tempest-VolumesAdminNegativeTest-440614776-project-member] The cell worker thread pool ForkProcess-2.cell_worker is initialized
Jun 09 22:09:48.818118 np0000002495 nova-scheduler[95621]: DEBUG oslo_concurrency.lockutils [None req-fb01f78c-1903-4332-ac3e-d77f76c7752d tempest-VolumesAdminNegativeTest-440614776 tempest-VolumesAdminNegativeTest-440614776-project-member] Acquiring lock "b9ab37ce-bac3-4363-87d5-2a806edc79b7" by "nova.context.set_target_cell..get_or_set_cached_cell_and_set_connections" {{(pid=95621) inner /opt/stack/data/venv/lib/python3.12/site-packages/oslo_concurrency/lockutils.py:511}}
Jun 09 22:09:48.818370 np0000002495 nova-scheduler[95621]: DEBUG oslo_concurrency.lockutils [None req-fb01f78c-1903-4332-ac3e-d77f76c7752d tempest-VolumesAdminNegativeTest-440614776 tempest-VolumesAdminNegativeTest-440614776-project-member] Lock "b9ab37ce-bac3-4363-87d5-2a806edc79b7" acquired by "nova.context.set_target_cell..get_or_set_cached_cell_and_set_connections" :: waited 0.000s {{(pid=95621) inner /opt/stack/data/venv/lib/python3.12/site-packages/oslo_concurrency/lockutils.py:524}}
Jun 09 22:09:48.820089 np0000002495 nova-scheduler[95621]: DEBUG oslo_concurrency.lockutils [None req-fb01f78c-1903-4332-ac3e-d77f76c7752d tempest-VolumesAdminNegativeTest-440614776 tempest-VolumesAdminNegativeTest-440614776-project-member] Lock "b9ab37ce-bac3-4363-87d5-2a806edc79b7" "released" by "nova.context.set_target_cell..get_or_set_cached_cell_and_set_connections" :: held 0.002s {{(pid=95621) inner /opt/stack/data/venv/lib/python3.12/site-packages/oslo_concurrency/lockutils.py:543}}
Jun 09 22:09:48.822124 np0000002495 nova-scheduler[95621]: INFO dbcounter [None req-fb01f78c-1903-4332-ac3e-d77f76c7752d tempest-VolumesAdminNegativeTest-440614776 tempest-VolumesAdminNegativeTest-440614776-project-member] Registered counter for database nova_cell1
