Jun 23 12:38:52.213580 np0000003464 devstack@g-api.service[99697]: DEBUG glance.api.middleware.version_negotiation [None req-c97d143b-afea-4a14-ba4b-3c5fdae47da5 tempest-ServerActionsV293TestJSON-1059502889 tempest-ServerActionsV293TestJSON-1059502889-project-member] Matched version: v2 {{(pid=99697) process_request /opt/stack/glance/glance/api/middleware/version_negotiation.py:69}}
Jun 23 12:38:52.213728 np0000003464 devstack@g-api.service[99697]: DEBUG glance.api.middleware.version_negotiation [None req-c97d143b-afea-4a14-ba4b-3c5fdae47da5 tempest-ServerActionsV293TestJSON-1059502889 tempest-ServerActionsV293TestJSON-1059502889-project-member] new path /v2/schemas/image {{(pid=99697) process_request /opt/stack/glance/glance/api/middleware/version_negotiation.py:70}}
Jun 23 12:38:52.219167 np0000003464 devstack@g-api.service[99697]: [pid: 99697|app: 0|req: 34/93] 127.0.0.1 () {44 vars in 1055 bytes} [Tue Jun 23 12:38:52 2026] GET /v2/schemas/image => generated 6083 bytes in 6 msecs (HTTP/1.1 200) 4 headers in 158 bytes (1 switches on core 0)
Jun 23 12:38:52.229447 np0000003464 devstack@g-api.service[99698]: DEBUG glance.api.middleware.version_negotiation [None req-c97d143b-afea-4a14-ba4b-3c5fdae47da5 tempest-ServerActionsV293TestJSON-1059502889 tempest-ServerActionsV293TestJSON-1059502889-project-member] Determining version of request: GET /v2/schemas/image Accept: */* {{(pid=99698) process_request /opt/stack/glance/glance/api/middleware/version_negotiation.py:44}}
Jun 23 12:38:52.229637 np0000003464 devstack@g-api.service[99698]: DEBUG glance.api.middleware.version_negotiation [None req-c97d143b-afea-4a14-ba4b-3c5fdae47da5 tempest-ServerActionsV293TestJSON-1059502889 tempest-ServerActionsV293TestJSON-1059502889-project-member] Using url versioning {{(pid=99698) process_request /opt/stack/glance/glance/api/middleware/version_negotiation.py:57}}
Jun 23 12:38:52.229799 np0000003464 devstack@g-api.service[99698]: DEBUG glance.api.middleware.version_negotiation [None req-c97d143b-afea-4a14-ba4b-3c5fdae47da5 tempest-ServerActionsV293TestJSON-1059502889 tempest-ServerActionsV293TestJSON-1059502889-project-member] Matched version: v2 {{(pid=99698) process_request /opt/stack/glance/glance/api/middleware/version_negotiation.py:69}}
Jun 23 12:38:52.229899 np0000003464 devstack@g-api.service[99698]: DEBUG glance.api.middleware.version_negotiation [None req-c97d143b-afea-4a14-ba4b-3c5fdae47da5 tempest-ServerActionsV293TestJSON-1059502889 tempest-ServerActionsV293TestJSON-1059502889-project-member] new path /v2/schemas/image {{(pid=99698) process_request /opt/stack/glance/glance/api/middleware/version_negotiation.py:70}}
Jun 23 12:38:52.232558 np0000003464 devstack@g-api.service[99698]: [pid: 99698|app: 0|req: 33/94] 127.0.0.1 () {44 vars in 1055 bytes} [Tue Jun 23 12:38:52 2026] GET /v2/schemas/image => generated 6083 bytes in 3 msecs (HTTP/1.1 200) 4 headers in 158 bytes (1 switches on core 0)
Jun 23 12:38:52.600228 np0000003464 devstack@g-api.service[99696]: DEBUG swiftclient [None req-c9713911-ca4d-4dc8-973b-339c4e8089b0 tempest-ServerBootFromVolumeStableRescueTest-960926203 tempest-ServerBootFromVolumeStableRescueTest-960926203-project-member] REQ: curl -i https://10.4.3.234:8080/v1/AUTH_3929e0cf37c54c6b94fadbb3e63be846/glance -I -H "X-Auth-Token: gAAAAABqOn5ccxdF..." {{(pid=99696) http_log /opt/stack/data/venv/lib/python3.12/site-packages/swiftclient/client.py:160}}
Jun 23 12:38:52.600402 np0000003464 devstack@g-api.service[99696]: DEBUG swiftclient [None req-c9713911-ca4d-4dc8-973b-339c4e8089b0 tempest-ServerBootFromVolumeStableRescueTest-960926203 tempest-ServerBootFromVolumeStableRescueTest-960926203-project-member] RESP STATUS: 204 No Content {{(pid=99696) http_log /opt/stack/data/venv/lib/python3.12/site-packages/swiftclient/client.py:161}}
Jun 23 12:38:52.600662 np0000003464 devstack@g-api.service[99696]: DEBUG swiftclient [None req-c9713911-ca4d-4dc8-973b-339c4e8089b0 tempest-ServerBootFromVolumeStableRescueTest-960926203 tempest-ServerBootFromVolumeStableRescueTest-960926203-project-member] RESP HEADERS: {'Date': 'Tue, 23 Jun 2026 12:38:52 GMT', 'Server': 'Apache/2.4.58 (Ubuntu)', 'Content-Type': 'text/plain; charset=utf-8', 'X-Container-Object-Count': '6', 'X-Container-Bytes-Used': '86049792', 'X-Timestamp': '1782218173.78089', 'Last-Modified': 'Tue, 23 Jun 2026 12:36:14 GMT', 'Accept-Ranges': 'bytes', 'X-Storage-Policy': 'Policy-0', 'X-Container-Sharding': 'False', 'Vary': 'Accept', 'X-Trans-Id': 'txc43f8dd305744d358739d-006a3a7e5c', 'X-Openstack-Request-Id': 'txc43f8dd305744d358739d-006a3a7e5c', 'Connection': 'close'} {{(pid=99696) http_log /opt/stack/data/venv/lib/python3.12/site-packages/swiftclient/client.py:162}}
Jun 23 12:38:52.601036 np0000003464 devstack@g-api.service[99696]: DEBUG glance_store._drivers.swift.store [None req-c9713911-ca4d-4dc8-973b-339c4e8089b0 tempest-ServerBootFromVolumeStableRescueTest-960926203 tempest-ServerBootFromVolumeStableRescueTest-960926203-project-member] Adding image object 'fa57a0b5-b356-429b-ab76-43827479e8cd' to Swift {{(pid=99696) add /opt/stack/data/venv/lib/python3.12/site-packages/glance_store/_drivers/swift/store.py:970}}
Jun 23 12:38:52.601036 np0000003464 devstack@g-api.service[99696]: DEBUG glance_store._drivers.swift.store [None req-c9713911-ca4d-4dc8-973b-339c4e8089b0 tempest-ServerBootFromVolumeStableRescueTest-960926203 tempest-ServerBootFromVolumeStableRescueTest-960926203-project-member] Cannot determine image size because it is either not provided in the request or chunked-transfer encoding is used. Adding image as a segmented object to Swift. {{(pid=99696) add /opt/stack/data/venv/lib/python3.12/site-packages/glance_store/_drivers/swift/store.py:994}}
Jun 23 12:38:52.607412 np0000003464 devstack@g-api.service[99696]: DEBUG oslo_utils.imageutils.format_inspector [None req-c9713911-ca4d-4dc8-973b-339c4e8089b0 tempest-ServerBootFromVolumeStableRescueTest-960926203 tempest-ServerBootFromVolumeStableRescueTest-960926203-project-member] Format inspector for vmdk does not match, excluding from consideration (Signature KDMV not found: b'QFI\xfb') {{(pid=99696) _process_chunk /opt/stack/data/venv/lib/python3.12/site-packages/oslo_utils/imageutils/format_inspector.py:1758}}
Jun 23 12:38:52.610509 np0000003464 devstack@g-api.service[99696]: DEBUG oslo_utils.imageutils.format_inspector [None req-c9713911-ca4d-4dc8-973b-339c4e8089b0 tempest-ServerBootFromVolumeStableRescueTest-960926203 tempest-ServerBootFromVolumeStableRescueTest-960926203-project-member] Format inspector for vhdx does not match, excluding from consideration (Region signature not found at 30000) {{(pid=99696) _process_chunk /opt/stack/data/venv/lib/python3.12/site-packages/oslo_utils/imageutils/format_inspector.py:1758}}
Jun 23 12:38:52.837424 np0000003464 devstack@g-api.service[99696]: DEBUG swiftclient [None req-c9713911-ca4d-4dc8-973b-339c4e8089b0 tempest-ServerBootFromVolumeStableRescueTest-960926203 tempest-ServerBootFromVolumeStableRescueTest-960926203-project-member] REQ: curl -i https://10.4.3.234:8080/v1/AUTH_3929e0cf37c54c6b94fadbb3e63be846/glance/fa57a0b5-b356-429b-ab76-43827479e8cd-00001 -X PUT -H "X-Auth-Token: gAAAAABqOn5ccxdF..." {{(pid=99696) http_log /opt/stack/data/venv/lib/python3.12/site-packages/swiftclient/client.py:160}}
Jun 23 12:38:52.837621 np0000003464 devstack@g-api.service[99696]: DEBUG swiftclient [None req-c9713911-ca4d-4dc8-973b-339c4e8089b0 tempest-ServerBootFromVolumeStableRescueTest-960926203 tempest-ServerBootFromVolumeStableRescueTest-960926203-project-member] RESP STATUS: 201 Created {{(pid=99696) http_log /opt/stack/data/venv/lib/python3.12/site-packages/swiftclient/client.py:161}}
Jun 23 12:38:52.837779 np0000003464 devstack@g-api.service[99696]: DEBUG swiftclient [None req-c9713911-ca4d-4dc8-973b-339c4e8089b0 tempest-ServerBootFromVolumeStableRescueTest-960926203 tempest-ServerBootFromVolumeStableRescueTest-960926203-project-member] RESP HEADERS: {'Date': 'Tue, 23 Jun 2026 12:38:52 GMT', 'Server': 'Apache/2.4.58 (Ubuntu)', 'Content-Type': 'text/html; charset=UTF-8', 'Content-Length': '0', 'Etag': '4fa343ee581d8d2e78533191fd1ac3e1', 'Last-Modified': 'Tue, 23 Jun 2026 12:38:53 GMT', 'X-Trans-Id': 'tx29c21a4f60ef480ba3c94-006a3a7e5c', 'X-Openstack-Request-Id': 'tx29c21a4f60ef480ba3c94-006a3a7e5c', 'Connection': 'close'} {{(pid=99696) http_log /opt/stack/data/venv/lib/python3.12/site-packages/swiftclient/client.py:162}}
Jun 23 12:38:52.837938 np0000003464 devstack@g-api.service[99696]: DEBUG glance_store._drivers.swift.store [None req-c9713911-ca4d-4dc8-973b-339c4e8089b0 tempest-ServerBootFromVolumeStableRescueTest-960926203 tempest-ServerBootFromVolumeStableRescueTest-960926203-project-member] Wrote chunk fa57a0b5-b356-429b-ab76-43827479e8cd-00001 (1/?) of length 23527424 to Swift returning MD5 of content: 4fa343ee581d8d2e78533191fd1ac3e1 {{(pid=99696) add /opt/stack/data/venv/lib/python3.12/site-packages/glance_store/_drivers/swift/store.py:1059}}
Jun 23 12:38:52.838257 np0000003464 devstack@g-api.service[99696]: DEBUG glance_store._drivers.swift.store [None req-c9713911-ca4d-4dc8-973b-339c4e8089b0 tempest-ServerBootFromVolumeStableRescueTest-960926203 tempest-ServerBootFromVolumeStableRescueTest-960926203-project-member] Not writing zero-length chunk. {{(pid=99696) add /opt/stack/data/venv/lib/python3.12/site-packages/glance_store/_drivers/swift/store.py:1028}}
Jun 23 12:38:52.860944 np0000003464 devstack@g-api.service[99696]: DEBUG swiftclient [None req-c9713911-ca4d-4dc8-973b-339c4e8089b0 tempest-ServerBootFromVolumeStableRescueTest-960926203 tempest-ServerBootFromVolumeStableRescueTest-960926203-project-member] REQ: curl -i https://10.4.3.234:8080/v1/AUTH_3929e0cf37c54c6b94fadbb3e63be846/glance/fa57a0b5-b356-429b-ab76-43827479e8cd -X PUT -H "X-Object-Manifest: glance/fa57a0b5-b356-429b-ab76-43827479e8cd-" -H "X-Auth-Token: gAAAAABqOn5ccxdF..." -H "Content-Length: 0" {{(pid=99696) http_log /opt/stack/data/venv/lib/python3.12/site-packages/swiftclient/client.py:160}}
Jun 23 12:38:52.861047 np0000003464 devstack@g-api.service[99696]: DEBUG swiftclient [None req-c9713911-ca4d-4dc8-973b-339c4e8089b0 tempest-ServerBootFromVolumeStableRescueTest-960926203 tempest-ServerBootFromVolumeStableRescueTest-960926203-project-member] RESP STATUS: 201 Created {{(pid=99696) http_log /opt/stack/data/venv/lib/python3.12/site-packages/swiftclient/client.py:161}}
Jun 23 12:38:52.861216 np0000003464 devstack@g-api.service[99696]: DEBUG swiftclient [None req-c9713911-ca4d-4dc8-973b-339c4e8089b0 tempest-ServerBootFromVolumeStableRescueTest-960926203 tempest-ServerBootFromVolumeStableRescueTest-960926203-project-member] RESP HEADERS: {'Date': 'Tue, 23 Jun 2026 12:38:52 GMT', 'Server': 'Apache/2.4.58 (Ubuntu)', 'Content-Type': 'text/html; charset=UTF-8', 'Content-Length': '0', 'Etag': 'd41d8cd98f00b204e9800998ecf8427e', 'Last-Modified': 'Tue, 23 Jun 2026 12:38:53 GMT', 'X-Trans-Id': 'tx1c49804afe4d4f2fac4ba-006a3a7e5c', 'X-Openstack-Request-Id': 'tx1c49804afe4d4f2fac4ba-006a3a7e5c', 'Connection': 'close'} {{(pid=99696) http_log /opt/stack/data/venv/lib/python3.12/site-packages/swiftclient/client.py:162}}
Jun 23 12:38:52.861629 np0000003464 devstack@g-api.service[99696]: INFO glance.location [None req-c9713911-ca4d-4dc8-973b-339c4e8089b0 tempest-ServerBootFromVolumeStableRescueTest-960926203 tempest-ServerBootFromVolumeStableRescueTest-960926203-project-member] Image format matched and virtual size computed: 1073741824
Jun 23 12:38:52.880681 np0000003464 devstack@g-api.service[99697]: DEBUG glance.api.middleware.version_negotiation [None req-c97d143b-afea-4a14-ba4b-3c5fdae47da5 tempest-ServerActionsV293TestJSON-1059502889 tempest-ServerActionsV293TestJSON-1059502889-project-member] Determining version of request: GET /versions Accept: */* {{(pid=99697) process_request /opt/stack/glance/glance/api/middleware/version_negotiation.py:44}}
Jun 23 12:38:52.881450 np0000003464 devstack@g-api.service[99697]: [pid: 99697|app: 0|req: 35/95] 127.0.0.1 () {44 vars in 1039 bytes} [Tue Jun 23 12:38:52 2026] GET /versions => generated 1407 bytes in 1 msecs (HTTP/1.1 200) 3 headers in 92 bytes (1 switches on core 0)
Jun 23 12:38:52.891129 np0000003464 devstack@g-api.service[99698]: DEBUG glance.api.middleware.version_negotiation [None req-c97d143b-afea-4a14-ba4b-3c5fdae47da5 tempest-ServerActionsV293TestJSON-1059502889 tempest-ServerActionsV293TestJSON-1059502889-project-member] Determining version of request: GET /v2/images/3f0ad6c7-3dd2-4d2a-8a7e-df6ff06ac66d/locations Accept: */* {{(pid=99698) process_request /opt/stack/glance/glance/api/middleware/version_negotiation.py:44}}
Jun 23 12:38:52.891129 np0000003464 devstack@g-api.service[99698]: DEBUG glance.api.middleware.version_negotiation [None req-c97d143b-afea-4a14-ba4b-3c5fdae47da5 tempest-ServerActionsV293TestJSON-1059502889 tempest-ServerActionsV293TestJSON-1059502889-project-member] Using url versioning {{(pid=99698) process_request /opt/stack/glance/glance/api/middleware/version_negotiation.py:57}}
Jun 23 12:38:52.891129 np0000003464 devstack@g-api.service[99698]: DEBUG glance.api.middleware.version_negotiation [None req-c97d143b-afea-4a14-ba4b-3c5fdae47da5 tempest-ServerActionsV293TestJSON-1059502889 tempest-ServerActionsV293TestJSON-1059502889-project-member] Matched version: v2 {{(pid=99698) process_request /opt/stack/glance/glance/api/middleware/version_negotiation.py:69}}
Jun 23 12:38:52.891129 np0000003464 devstack@g-api.service[99698]: DEBUG glance.api.middleware.version_negotiation [None req-c97d143b-afea-4a14-ba4b-3c5fdae47da5 tempest-ServerActionsV293TestJSON-1059502889 tempest-ServerActionsV293TestJSON-1059502889-project-member] new path /v2/images/3f0ad6c7-3dd2-4d2a-8a7e-df6ff06ac66d/locations {{(pid=99698) process_request /opt/stack/glance/glance/api/middleware/version_negotiation.py:70}}
Jun 23 12:38:52.904732 np0000003464 devstack@g-api.service[99696]: DEBUG glance_store.backend [None req-c9713911-ca4d-4dc8-973b-339c4e8089b0 tempest-ServerBootFromVolumeStableRescueTest-960926203 tempest-ServerBootFromVolumeStableRescueTest-960926203-project-member] Attempting to import store swift {{(pid=99696) _load_store /opt/stack/data/venv/lib/python3.12/site-packages/glance_store/backend.py:215}}
Jun 23 12:38:52.905818 np0000003464 devstack@g-api.service[99696]: DEBUG glance_store.capabilities [None req-c9713911-ca4d-4dc8-973b-339c4e8089b0 tempest-ServerBootFromVolumeStableRescueTest-960926203 tempest-ServerBootFromVolumeStableRescueTest-960926203-project-member] Store glance_store._drivers.swift.store.SingleTenantStore doesn't support updating dynamic storage capabilities. Please overwrite 'update_capabilities' method of the store to implement updating logics if needed. {{(pid=99696) update_capabilities /opt/stack/data/venv/lib/python3.12/site-packages/glance_store/capabilities.py:91}}
Jun 23 12:38:52.905903 np0000003464 devstack@g-api.service[99696]: DEBUG glance_store.driver [None req-c9713911-ca4d-4dc8-973b-339c4e8089b0 tempest-ServerBootFromVolumeStableRescueTest-960926203 tempest-ServerBootFromVolumeStableRescueTest-960926203-project-member] Late loading location class glance_store._drivers.swift.store.StoreLocation {{(pid=99696) get_store_location_class /opt/stack/data/venv/lib/python3.12/site-packages/glance_store/driver.py:134}}
Jun 23 12:38:52.905992 np0000003464 devstack@g-api.service[99696]: DEBUG glance_store.location [None req-c9713911-ca4d-4dc8-973b-339c4e8089b0 tempest-ServerBootFromVolumeStableRescueTest-960926203 tempest-ServerBootFromVolumeStableRescueTest-960926203-project-member] Registering scheme swift+https with {'store': , 'location_class': , 'store_entry': 'swift'} {{(pid=99696) register_scheme_map /opt/stack/data/venv/lib/python3.12/site-packages/glance_store/location.py:146}}
Jun 23 12:38:52.906062 np0000003464 devstack@g-api.service[99696]: DEBUG glance_store.location [None req-c9713911-ca4d-4dc8-973b-339c4e8089b0 tempest-ServerBootFromVolumeStableRescueTest-960926203 tempest-ServerBootFromVolumeStableRescueTest-960926203-project-member] Registering scheme swift+https with {'store': , 'location_class': , 'store_entry': 'swift'} {{(pid=99696) register_scheme_map /opt/stack/data/venv/lib/python3.12/site-packages/glance_store/location.py:146}}
Jun 23 12:38:52.906138 np0000003464 devstack@g-api.service[99696]: DEBUG glance_store.location [None req-c9713911-ca4d-4dc8-973b-339c4e8089b0 tempest-ServerBootFromVolumeStableRescueTest-960926203 tempest-ServerBootFromVolumeStableRescueTest-960926203-project-member] Registering scheme swift with {'store': , 'location_class': , 'store_entry': 'swift'} {{(pid=99696) register_scheme_map /opt/stack/data/venv/lib/python3.12/site-packages/glance_store/location.py:146}}
Jun 23 12:38:52.906206 np0000003464 devstack@g-api.service[99696]: DEBUG glance_store.location [None req-c9713911-ca4d-4dc8-973b-339c4e8089b0 tempest-ServerBootFromVolumeStableRescueTest-960926203 tempest-ServerBootFromVolumeStableRescueTest-960926203-project-member] Registering scheme swift+https with {'store': , 'location_class': , 'store_entry': 'swift'} {{(pid=99696) register_scheme_map /opt/stack/data/venv/lib/python3.12/site-packages/glance_store/location.py:146}}
Jun 23 12:38:52.906279 np0000003464 devstack@g-api.service[99696]: DEBUG glance_store.location [None req-c9713911-ca4d-4dc8-973b-339c4e8089b0 tempest-ServerBootFromVolumeStableRescueTest-960926203 tempest-ServerBootFromVolumeStableRescueTest-960926203-project-member] Registering scheme swift with {'store': , 'location_class': , 'store_entry': 'swift'} {{(pid=99696) register_scheme_map /opt/stack/data/venv/lib/python3.12/site-packages/glance_store/location.py:146}}
Jun 23 12:38:52.906623 np0000003464 devstack@g-api.service[99696]: DEBUG glance_store.location [None req-c9713911-ca4d-4dc8-973b-339c4e8089b0 tempest-ServerBootFromVolumeStableRescueTest-960926203 tempest-ServerBootFromVolumeStableRescueTest-960926203-project-member] Registering scheme swift+http with {'store': , 'location_class': , 'store_entry': 'swift'} {{(pid=99696) register_scheme_map /opt/stack/data/venv/lib/python3.12/site-packages/glance_store/location.py:146}}
Jun 23 12:38:52.906623 np0000003464 devstack@g-api.service[99696]: DEBUG glance_store.location [None req-c9713911-ca4d-4dc8-973b-339c4e8089b0 tempest-ServerBootFromVolumeStableRescueTest-960926203 tempest-ServerBootFromVolumeStableRescueTest-960926203-project-member] Registering scheme swift+https with {'store': , 'location_class': , 'store_entry': 'swift'} {{(pid=99696) register_scheme_map /opt/stack/data/venv/lib/python3.12/site-packages/glance_store/location.py:146}}
Jun 23 12:38:52.906623 np0000003464 devstack@g-api.service[99696]: DEBUG glance_store.location [None req-c9713911-ca4d-4dc8-973b-339c4e8089b0 tempest-ServerBootFromVolumeStableRescueTest-960926203 tempest-ServerBootFromVolumeStableRescueTest-960926203-project-member] Registering scheme swift with {'store': , 'location_class': , 'store_entry': 'swift'} {{(pid=99696) register_scheme_map /opt/stack/data/venv/lib/python3.12/site-packages/glance_store/location.py:146}}
Jun 23 12:38:52.906764 np0000003464 devstack@g-api.service[99696]: DEBUG glance_store.location [None req-c9713911-ca4d-4dc8-973b-339c4e8089b0 tempest-ServerBootFromVolumeStableRescueTest-960926203 tempest-ServerBootFromVolumeStableRescueTest-960926203-project-member] Registering scheme swift+http with {'store': , 'location_class': , 'store_entry': 'swift'} {{(pid=99696) register_scheme_map /opt/stack/data/venv/lib/python3.12/site-packages/glance_store/location.py:146}}
Jun 23 12:38:52.906895 np0000003464 devstack@g-api.service[99696]: DEBUG glance_store.location [None req-c9713911-ca4d-4dc8-973b-339c4e8089b0 tempest-ServerBootFromVolumeStableRescueTest-960926203 tempest-ServerBootFromVolumeStableRescueTest-960926203-project-member] Registering scheme swift+config with {'store': , 'location_class': , 'store_entry': 'swift'} {{(pid=99696) register_scheme_map /opt/stack/data/venv/lib/python3.12/site-packages/glance_store/location.py:146}}
Jun 23 12:38:52.907017 np0000003464 devstack@g-api.service[99696]: DEBUG glance_store.backend [None req-c9713911-ca4d-4dc8-973b-339c4e8089b0 tempest-ServerBootFromVolumeStableRescueTest-960926203 tempest-ServerBootFromVolumeStableRescueTest-960926203-project-member] Skipping store.set_acls... not implemented. {{(pid=99696) set_acls /opt/stack/data/venv/lib/python3.12/site-packages/glance_store/backend.py:507}}
Jun 23 12:38:52.909076 np0000003464 devstack@g-api.service[99696]: [pid: 99696|app: 0|req: 28/96] 127.0.0.1 () {46 vars in 1158 bytes} [Tue Jun 23 12:38:50 2026] PUT /v2/images/fa57a0b5-b356-429b-ab76-43827479e8cd/file => generated 0 bytes in 1928 msecs (HTTP/1.1 204) 4 headers in 171 bytes (1 switches on core 0)
Jun 23 12:38:52.944755 np0000003464 devstack@g-api.service[99697]: DEBUG glance.api.middleware.version_negotiation [None req-c97d143b-afea-4a14-ba4b-3c5fdae47da5 tempest-ServerActionsV293TestJSON-1059502889 tempest-ServerActionsV293TestJSON-1059502889-project-member] Determining version of request: GET /v2/images/fa57a0b5-b356-429b-ab76-43827479e8cd Accept: */* {{(pid=99697) process_request /opt/stack/glance/glance/api/middleware/version_negotiation.py:44}}
Jun 23 12:38:52.945076 np0000003464 devstack@g-api.service[99697]: DEBUG glance.api.middleware.version_negotiation [None req-c97d143b-afea-4a14-ba4b-3c5fdae47da5 tempest-ServerActionsV293TestJSON-1059502889 tempest-ServerActionsV293TestJSON-1059502889-project-member] Using url versioning {{(pid=99697) process_request /opt/stack/glance/glance/api/middleware/version_negotiation.py:57}}
Jun 23 12:38:52.945076 np0000003464 devstack@g-api.service[99697]: DEBUG glance.api.middleware.version_negotiation [None req-c97d143b-afea-4a14-ba4b-3c5fdae47da5 tempest-ServerActionsV293TestJSON-1059502889 tempest-ServerActionsV293TestJSON-1059502889-project-member] Matched version: v2 {{(pid=99697) process_request /opt/stack/glance/glance/api/middleware/version_negotiation.py:69}}
Jun 23 12:38:52.945164 np0000003464 devstack@g-api.service[99697]: DEBUG glance.api.middleware.version_negotiation [None req-c97d143b-afea-4a14-ba4b-3c5fdae47da5 tempest-ServerActionsV293TestJSON-1059502889 tempest-ServerActionsV293TestJSON-1059502889-project-member] new path /v2/images/fa57a0b5-b356-429b-ab76-43827479e8cd {{(pid=99697) process_request /opt/stack/glance/glance/api/middleware/version_negotiation.py:70}}
Jun 23 12:38:52.966071 np0000003464 devstack@g-api.service[99697]: [pid: 99697|app: 0|req: 36/97] 127.0.0.1 () {44 vars in 1115 bytes} [Tue Jun 23 12:38:52 2026] GET /v2/images/fa57a0b5-b356-429b-ab76-43827479e8cd => generated 1639 bytes in 26 msecs (HTTP/1.1 200) 4 headers in 158 bytes (1 switches on core 0)
Jun 23 12:38:52.971446 np0000003464 devstack@g-api.service[99696]: DEBUG glance.api.middleware.version_negotiation [None req-c9713911-ca4d-4dc8-973b-339c4e8089b0 tempest-ServerBootFromVolumeStableRescueTest-960926203 tempest-ServerBootFromVolumeStableRescueTest-960926203-project-member] Determining version of request: GET /v2/images/fa57a0b5-b356-429b-ab76-43827479e8cd Accept: application/json {{(pid=99696) process_request /opt/stack/glance/glance/api/middleware/version_negotiation.py:44}}
Jun 23 12:38:52.971598 np0000003464 devstack@g-api.service[99696]: DEBUG glance.api.middleware.version_negotiation [None req-c9713911-ca4d-4dc8-973b-339c4e8089b0 tempest-ServerBootFromVolumeStableRescueTest-960926203 tempest-ServerBootFromVolumeStableRescueTest-960926203-project-member] Using url versioning {{(pid=99696) process_request /opt/stack/glance/glance/api/middleware/version_negotiation.py:57}}
Jun 23 12:38:52.971709 np0000003464 devstack@g-api.service[99696]: DEBUG glance.api.middleware.version_negotiation [None req-c9713911-ca4d-4dc8-973b-339c4e8089b0 tempest-ServerBootFromVolumeStableRescueTest-960926203 tempest-ServerBootFromVolumeStableRescueTest-960926203-project-member] Matched version: v2 {{(pid=99696) process_request /opt/stack/glance/glance/api/middleware/version_negotiation.py:69}}
Jun 23 12:38:52.971810 np0000003464 devstack@g-api.service[99696]: DEBUG glance.api.middleware.version_negotiation [None req-c9713911-ca4d-4dc8-973b-339c4e8089b0 tempest-ServerBootFromVolumeStableRescueTest-960926203 tempest-ServerBootFromVolumeStableRescueTest-960926203-project-member] new path /v2/images/fa57a0b5-b356-429b-ab76-43827479e8cd {{(pid=99696) process_request /opt/stack/glance/glance/api/middleware/version_negotiation.py:70}}
Jun 23 12:38:52.993769 np0000003464 devstack@g-api.service[99696]: [pid: 99696|app: 0|req: 29/98] 127.0.0.1 () {40 vars in 838 bytes} [Tue Jun 23 12:38:52 2026] GET /v2/images/fa57a0b5-b356-429b-ab76-43827479e8cd => generated 1639 bytes in 22 msecs (HTTP/1.1 200) 4 headers in 158 bytes (1 switches on core 0)
Jun 23 12:38:53.001996 np0000003464 devstack@g-api.service[99697]: DEBUG glance.api.middleware.version_negotiation [None req-c9713911-ca4d-4dc8-973b-339c4e8089b0 tempest-ServerBootFromVolumeStableRescueTest-960926203 tempest-ServerBootFromVolumeStableRescueTest-960926203-project-member] Determining version of request: GET /v2/schemas/image Accept: */* {{(pid=99697) process_request /opt/stack/glance/glance/api/middleware/version_negotiation.py:44}}
Jun 23 12:38:53.002131 np0000003464 devstack@g-api.service[99697]: DEBUG glance.api.middleware.version_negotiation [None req-c9713911-ca4d-4dc8-973b-339c4e8089b0 tempest-ServerBootFromVolumeStableRescueTest-960926203 tempest-ServerBootFromVolumeStableRescueTest-960926203-project-member] Using url versioning {{(pid=99697) process_request /opt/stack/glance/glance/api/middleware/version_negotiation.py:57}}
Jun 23 12:38:53.002360 np0000003464 devstack@g-api.service[99697]: DEBUG glance.api.middleware.version_negotiation [None req-c9713911-ca4d-4dc8-973b-339c4e8089b0 tempest-ServerBootFromVolumeStableRescueTest-960926203 tempest-ServerBootFromVolumeStableRescueTest-960926203-project-member] Matched version: v2 {{(pid=99697) process_request /opt/stack/glance/glance/api/middleware/version_negotiation.py:69}}
Jun 23 12:38:53.002548 np0000003464 devstack@g-api.service[99697]: DEBUG glance.api.middleware.version_negotiation [None req-c9713911-ca4d-4dc8-973b-339c4e8089b0 tempest-ServerBootFromVolumeStableRescueTest-960926203 tempest-ServerBootFromVolumeStableRescueTest-960926203-project-member] new path /v2/schemas/image {{(pid=99697) process_request /opt/stack/glance/glance/api/middleware/version_negotiation.py:70}}
Jun 23 12:38:53.005202 np0000003464 devstack@g-api.service[99697]: [pid: 99697|app: 0|req: 37/99] 127.0.0.1 () {44 vars in 1055 bytes} [Tue Jun 23 12:38:53 2026] GET /v2/schemas/image => generated 6083 bytes in 3 msecs (HTTP/1.1 200) 4 headers in 158 bytes (1 switches on core 0)
Jun 23 12:38:53.006559 np0000003464 devstack@g-api.service[99696]: DEBUG glance.api.middleware.version_negotiation [None req-be47943f-d8b6-40e8-8246-e803bf840f10 tempest-ServerBootFromVolumeStableRescueTest-960926203 tempest-ServerBootFromVolumeStableRescueTest-960926203-project-member] Determining version of request: GET /v2/images/fa57a0b5-b356-429b-ab76-43827479e8cd Accept: application/json {{(pid=99696) process_request /opt/stack/glance/glance/api/middleware/version_negotiation.py:44}}
Jun 23 12:38:53.006748 np0000003464 devstack@g-api.service[99696]: DEBUG glance.api.middleware.version_negotiation [None req-be47943f-d8b6-40e8-8246-e803bf840f10 tempest-ServerBootFromVolumeStableRescueTest-960926203 tempest-ServerBootFromVolumeStableRescueTest-960926203-project-member] Using url versioning {{(pid=99696) process_request /opt/stack/glance/glance/api/middleware/version_negotiation.py:57}}
Jun 23 12:38:53.007085 np0000003464 devstack@g-api.service[99696]: DEBUG glance.api.middleware.version_negotiation [None req-be47943f-d8b6-40e8-8246-e803bf840f10 tempest-ServerBootFromVolumeStableRescueTest-960926203 tempest-ServerBootFromVolumeStableRescueTest-960926203-project-member] Matched version: v2 {{(pid=99696) process_request /opt/stack/glance/glance/api/middleware/version_negotiation.py:69}}
Jun 23 12:38:53.007251 np0000003464 devstack@g-api.service[99696]: DEBUG glance.api.middleware.version_negotiation [None req-be47943f-d8b6-40e8-8246-e803bf840f10 tempest-ServerBootFromVolumeStableRescueTest-960926203 tempest-ServerBootFromVolumeStableRescueTest-960926203-project-member] new path /v2/images/fa57a0b5-b356-429b-ab76-43827479e8cd {{(pid=99696) process_request /opt/stack/glance/glance/api/middleware/version_negotiation.py:70}}
Jun 23 12:38:53.018220 np0000003464 devstack@g-api.service[99696]: [pid: 99696|app: 0|req: 30/100] 127.0.0.1 () {40 vars in 838 bytes} [Tue Jun 23 12:38:53 2026] GET /v2/images/fa57a0b5-b356-429b-ab76-43827479e8cd => generated 1639 bytes in 12 msecs (HTTP/1.1 200) 4 headers in 158 bytes (1 switches on core 0)
Jun 23 12:38:53.086661 np0000003464 devstack@g-api.service[99698]: [pid: 99698|app: 0|req: 34/101] 127.0.0.1 () {44 vars in 1135 bytes} [Tue Jun 23 12:38:52 2026] GET /v2/images/3f0ad6c7-3dd2-4d2a-8a7e-df6ff06ac66d/locations => generated 92 bytes in 197 msecs (HTTP/1.1 200) 4 headers in 156 bytes (1 switches on core 0)
Jun 23 12:38:53.093996 np0000003464 devstack@g-api.service[99697]: DEBUG glance.api.middleware.version_negotiation [None req-c9713911-ca4d-4dc8-973b-339c4e8089b0 tempest-ServerBootFromVolumeStableRescueTest-960926203 tempest-ServerBootFromVolumeStableRescueTest-960926203-project-member] Determining version of request: GET /v2/images/3f0ad6c7-3dd2-4d2a-8a7e-df6ff06ac66d Accept: */* {{(pid=99697) process_request /opt/stack/glance/glance/api/middleware/version_negotiation.py:44}}
Jun 23 12:38:53.094936 np0000003464 devstack@g-api.service[99697]: DEBUG glance.api.middleware.version_negotiation [None req-c9713911-ca4d-4dc8-973b-339c4e8089b0 tempest-ServerBootFromVolumeStableRescueTest-960926203 tempest-ServerBootFromVolumeStableRescueTest-960926203-project-member] Using url versioning {{(pid=99697) process_request /opt/stack/glance/glance/api/middleware/version_negotiation.py:57}}
Jun 23 12:38:53.095114 np0000003464 devstack@g-api.service[99697]: DEBUG glance.api.middleware.version_negotiation [None req-c9713911-ca4d-4dc8-973b-339c4e8089b0 tempest-ServerBootFromVolumeStableRescueTest-960926203 tempest-ServerBootFromVolumeStableRescueTest-960926203-project-member] Matched version: v2 {{(pid=99697) process_request /opt/stack/glance/glance/api/middleware/version_negotiation.py:69}}
Jun 23 12:38:53.095248 np0000003464 devstack@g-api.service[99697]: DEBUG glance.api.middleware.version_negotiation [None req-c9713911-ca4d-4dc8-973b-339c4e8089b0 tempest-ServerBootFromVolumeStableRescueTest-960926203 tempest-ServerBootFromVolumeStableRescueTest-960926203-project-member] new path /v2/images/3f0ad6c7-3dd2-4d2a-8a7e-df6ff06ac66d {{(pid=99697) process_request /opt/stack/glance/glance/api/middleware/version_negotiation.py:70}}
Jun 23 12:38:53.104705 np0000003464 devstack@g-api.service[99697]: [pid: 99697|app: 0|req: 38/102] 127.0.0.1 () {44 vars in 1115 bytes} [Tue Jun 23 12:38:53 2026] GET /v2/images/3f0ad6c7-3dd2-4d2a-8a7e-df6ff06ac66d => generated 1044 bytes in 11 msecs (HTTP/1.1 200) 4 headers in 158 bytes (1 switches on core 0)
Jun 23 12:38:53.110779 np0000003464 devstack@g-api.service[99696]: DEBUG glance.api.middleware.version_negotiation [None req-7677d5ef-c64d-4807-954f-cd6ccf3527c6 tempest-ServerBootFromVolumeStableRescueTest-960926203 tempest-ServerBootFromVolumeStableRescueTest-960926203-project-member] Determining version of request: GET /v2/schemas/image Accept: */* {{(pid=99696) process_request /opt/stack/glance/glance/api/middleware/version_negotiation.py:44}}
Jun 23 12:38:53.111107 np0000003464 devstack@g-api.service[99696]: DEBUG glance.api.middleware.version_negotiation [None req-7677d5ef-c64d-4807-954f-cd6ccf3527c6 tempest-ServerBootFromVolumeStableRescueTest-960926203 tempest-ServerBootFromVolumeStableRescueTest-960926203-project-member] Using url versioning {{(pid=99696) process_request /opt/stack/glance/glance/api/middleware/version_negotiation.py:57}}
Jun 23 12:38:53.111107 np0000003464 devstack@g-api.service[99696]: DEBUG glance.api.middleware.version_negotiation [None req-7677d5ef-c64d-4807-954f-cd6ccf3527c6 tempest-ServerBootFromVolumeStableRescueTest-960926203 tempest-ServerBootFromVolumeStableRescueTest-960926203-project-member] Matched version: v2 {{(pid=99696) process_request /opt/stack/glance/glance/api/middleware/version_negotiation.py:69}}
Jun 23 12:38:53.111187 np0000003464 devstack@g-api.service[99696]: DEBUG glance.api.middleware.version_negotiation [None req-7677d5ef-c64d-4807-954f-cd6ccf3527c6 tempest-ServerBootFromVolumeStableRescueTest-960926203 tempest-ServerBootFromVolumeStableRescueTest-960926203-project-member] new path /v2/schemas/image {{(pid=99696) process_request /opt/stack/glance/glance/api/middleware/version_negotiation.py:70}}
Jun 23 12:38:53.113501 np0000003464 devstack@g-api.service[99696]: [pid: 99696|app: 0|req: 31/103] 127.0.0.1 () {44 vars in 1055 bytes} [Tue Jun 23 12:38:53 2026] GET /v2/schemas/image => generated 6083 bytes in 3 msecs (HTTP/1.1 200) 4 headers in 158 bytes (1 switches on core 0)
Jun 23 12:38:53.120147 np0000003464 devstack@g-api.service[99698]: DEBUG glance.api.middleware.version_negotiation [None req-c97d143b-afea-4a14-ba4b-3c5fdae47da5 service glance] Determining version of request: GET /v2/schemas/image Accept: */* {{(pid=99698) process_request /opt/stack/glance/glance/api/middleware/version_negotiation.py:44}}
Jun 23 12:38:53.120266 np0000003464 devstack@g-api.service[99698]: DEBUG glance.api.middleware.version_negotiation [None req-c97d143b-afea-4a14-ba4b-3c5fdae47da5 service glance] Using url versioning {{(pid=99698) process_request /opt/stack/glance/glance/api/middleware/version_negotiation.py:57}}
Jun 23 12:38:53.120403 np0000003464 devstack@g-api.service[99698]: DEBUG glance.api.middleware.version_negotiation [None req-c97d143b-afea-4a14-ba4b-3c5fdae47da5 service glance] Matched version: v2 {{(pid=99698) process_request /opt/stack/glance/glance/api/middleware/version_negotiation.py:69}}
Jun 23 12:38:53.120485 np0000003464 devstack@g-api.service[99698]: DEBUG glance.api.middleware.version_negotiation [None req-c97d143b-afea-4a14-ba4b-3c5fdae47da5 service glance] new path /v2/schemas/image {{(pid=99698) process_request /opt/stack/glance/glance/api/middleware/version_negotiation.py:70}}
Jun 23 12:38:53.123112 np0000003464 devstack@g-api.service[99698]: [pid: 99698|app: 0|req: 35/104] 127.0.0.1 () {44 vars in 1055 bytes} [Tue Jun 23 12:38:53 2026] GET /v2/schemas/image => generated 6083 bytes in 3 msecs (HTTP/1.1 200) 4 headers in 158 bytes (1 switches on core 0)
Jun 23 12:38:53.146161 np0000003464 devstack@g-api.service[99697]: DEBUG glance.api.middleware.version_negotiation [None req-c97d143b-afea-4a14-ba4b-3c5fdae47da5 tempest-ServerActionsV293TestJSON-1059502889 tempest-ServerActionsV293TestJSON-1059502889-project-member] Determining version of request: GET /v2/images/3f0ad6c7-3dd2-4d2a-8a7e-df6ff06ac66d Accept: */* {{(pid=99697) process_request /opt/stack/glance/glance/api/middleware/version_negotiation.py:44}}
Jun 23 12:38:53.146367 np0000003464 devstack@g-api.service[99697]: DEBUG glance.api.middleware.version_negotiation [None req-c97d143b-afea-4a14-ba4b-3c5fdae47da5 tempest-ServerActionsV293TestJSON-1059502889 tempest-ServerActionsV293TestJSON-1059502889-project-member] Using url versioning {{(pid=99697) process_request /opt/stack/glance/glance/api/middleware/version_negotiation.py:57}}
Jun 23 12:38:53.146549 np0000003464 devstack@g-api.service[99697]: DEBUG glance.api.middleware.version_negotiation [None req-c97d143b-afea-4a14-ba4b-3c5fdae47da5 tempest-ServerActionsV293TestJSON-1059502889 tempest-ServerActionsV293TestJSON-1059502889-project-member] Matched version: v2 {{(pid=99697) process_request /opt/stack/glance/glance/api/middleware/version_negotiation.py:69}}
Jun 23 12:38:53.146645 np0000003464 devstack@g-api.service[99697]: DEBUG glance.api.middleware.version_negotiation [None req-c97d143b-afea-4a14-ba4b-3c5fdae47da5 tempest-ServerActionsV293TestJSON-1059502889 tempest-ServerActionsV293TestJSON-1059502889-project-member] new path /v2/images/3f0ad6c7-3dd2-4d2a-8a7e-df6ff06ac66d {{(pid=99697) process_request /opt/stack/glance/glance/api/middleware/version_negotiation.py:70}}
Jun 23 12:38:53.170912 np0000003464 devstack@g-api.service[99697]: [pid: 99697|app: 0|req: 39/105] 127.0.0.1 () {44 vars in 1115 bytes} [Tue Jun 23 12:38:53 2026] GET /v2/images/3f0ad6c7-3dd2-4d2a-8a7e-df6ff06ac66d => generated 1044 bytes in 24 msecs (HTTP/1.1 200) 4 headers in 158 bytes (1 switches on core 0)
Jun 23 12:38:53.177041 np0000003464 devstack@g-api.service[99696]: DEBUG glance.api.middleware.version_negotiation [None req-c97d143b-afea-4a14-ba4b-3c5fdae47da5 tempest-ServerActionsV293TestJSON-1059502889 tempest-ServerActionsV293TestJSON-1059502889-project-member] Determining version of request: GET /v2/images/3f0ad6c7-3dd2-4d2a-8a7e-df6ff06ac66d/file Accept: */* {{(pid=99696) process_request /opt/stack/glance/glance/api/middleware/version_negotiation.py:44}}
Jun 23 12:38:53.177041 np0000003464 devstack@g-api.service[99696]: DEBUG glance.api.middleware.version_negotiation [None req-c97d143b-afea-4a14-ba4b-3c5fdae47da5 tempest-ServerActionsV293TestJSON-1059502889 tempest-ServerActionsV293TestJSON-1059502889-project-member] Using url versioning {{(pid=99696) process_request /opt/stack/glance/glance/api/middleware/version_negotiation.py:57}}
Jun 23 12:38:53.177041 np0000003464 devstack@g-api.service[99696]: DEBUG glance.api.middleware.version_negotiation [None req-c97d143b-afea-4a14-ba4b-3c5fdae47da5 tempest-ServerActionsV293TestJSON-1059502889 tempest-ServerActionsV293TestJSON-1059502889-project-member] Matched version: v2 {{(pid=99696) process_request /opt/stack/glance/glance/api/middleware/version_negotiation.py:69}}
Jun 23 12:38:53.177564 np0000003464 devstack@g-api.service[99696]: DEBUG glance.api.middleware.version_negotiation [None req-c97d143b-afea-4a14-ba4b-3c5fdae47da5 tempest-ServerActionsV293TestJSON-1059502889 tempest-ServerActionsV293TestJSON-1059502889-project-member] new path /v2/images/3f0ad6c7-3dd2-4d2a-8a7e-df6ff06ac66d/file {{(pid=99696) process_request /opt/stack/glance/glance/api/middleware/version_negotiation.py:70}}
Jun 23 12:38:53.186924 np0000003464 devstack@g-api.service[99696]: DEBUG glance.api.middleware.cache [None req-c97d143b-afea-4a14-ba4b-3c5fdae47da5 tempest-ServerActionsV293TestJSON-1059502889 tempest-ServerActionsV293TestJSON-1059502889-project-member] Cache hit for image '3f0ad6c7-3dd2-4d2a-8a7e-df6ff06ac66d' {{(pid=99696) process_request /opt/stack/glance/glance/api/middleware/cache.py:160}}
Jun 23 12:38:53.242283 np0000003464 devstack@g-api.service[99696]: [pid: 99696|app: 0|req: 32/106] 127.0.0.1 () {44 vars in 1125 bytes} [Tue Jun 23 12:38:53 2026] GET /v2/images/3f0ad6c7-3dd2-4d2a-8a7e-df6ff06ac66d/file => generated 21692416 bytes in 66 msecs (HTTP/1.1 200) 5 headers in 217 bytes (338 switches on core 0)
Jun 23 12:38:53.323833 np0000003464 devstack@g-api.service[99698]: DEBUG glance.api.middleware.version_negotiation [None req-c97d143b-afea-4a14-ba4b-3c5fdae47da5 tempest-ServerActionsV293TestJSON-1059502889 tempest-ServerActionsV293TestJSON-1059502889-project-member] Determining version of request: GET /v2/images/3f0ad6c7-3dd2-4d2a-8a7e-df6ff06ac66d Accept: */* {{(pid=99698) process_request /opt/stack/glance/glance/api/middleware/version_negotiation.py:44}}
Jun 23 12:38:53.324029 np0000003464 devstack@g-api.service[99698]: DEBUG glance.api.middleware.version_negotiation [None req-c97d143b-afea-4a14-ba4b-3c5fdae47da5 tempest-ServerActionsV293TestJSON-1059502889 tempest-ServerActionsV293TestJSON-1059502889-project-member] Using url versioning {{(pid=99698) process_request /opt/stack/glance/glance/api/middleware/version_negotiation.py:57}}
Jun 23 12:38:53.324201 np0000003464 devstack@g-api.service[99698]: DEBUG glance.api.middleware.version_negotiation [None req-c97d143b-afea-4a14-ba4b-3c5fdae47da5 tempest-ServerActionsV293TestJSON-1059502889 tempest-ServerActionsV293TestJSON-1059502889-project-member] Matched version: v2 {{(pid=99698) process_request /opt/stack/glance/glance/api/middleware/version_negotiation.py:69}}
Jun 23 12:38:53.324342 np0000003464 devstack@g-api.service[99698]: DEBUG glance.api.middleware.version_negotiation [None req-c97d143b-afea-4a14-ba4b-3c5fdae47da5 tempest-ServerActionsV293TestJSON-1059502889 tempest-ServerActionsV293TestJSON-1059502889-project-member] new path /v2/images/3f0ad6c7-3dd2-4d2a-8a7e-df6ff06ac66d {{(pid=99698) process_request /opt/stack/glance/glance/api/middleware/version_negotiation.py:70}}
Jun 23 12:38:53.332739 np0000003464 devstack@g-api.service[99698]: [pid: 99698|app: 0|req: 36/107] 127.0.0.1 () {44 vars in 1115 bytes} [Tue Jun 23 12:38:53 2026] GET /v2/images/3f0ad6c7-3dd2-4d2a-8a7e-df6ff06ac66d => generated 1044 bytes in 9 msecs (HTTP/1.1 200) 4 headers in 158 bytes (1 switches on core 0)
Jun 23 12:38:53.339185 np0000003464 devstack@g-api.service[99697]: DEBUG glance.api.middleware.version_negotiation [None req-c97d143b-afea-4a14-ba4b-3c5fdae47da5 tempest-ServerActionsV293TestJSON-1059502889 tempest-ServerActionsV293TestJSON-1059502889-project-member] Determining version of request: GET /v2/schemas/image Accept: */* {{(pid=99697) process_request /opt/stack/glance/glance/api/middleware/version_negotiation.py:44}}
Jun 23 12:38:53.339347 np0000003464 devstack@g-api.service[99697]: DEBUG glance.api.middleware.version_negotiation [None req-c97d143b-afea-4a14-ba4b-3c5fdae47da5 tempest-ServerActionsV293TestJSON-1059502889 tempest-ServerActionsV293TestJSON-1059502889-project-member] Using url versioning {{(pid=99697) process_request /opt/stack/glance/glance/api/middleware/version_negotiation.py:57}}
Jun 23 12:38:53.339538 np0000003464 devstack@g-api.service[99697]: DEBUG glance.api.middleware.version_negotiation [None req-c97d143b-afea-4a14-ba4b-3c5fdae47da5 tempest-ServerActionsV293TestJSON-1059502889 tempest-ServerActionsV293TestJSON-1059502889-project-member] Matched version: v2 {{(pid=99697) process_request /opt/stack/glance/glance/api/middleware/version_negotiation.py:69}}
Jun 23 12:38:53.339666 np0000003464 devstack@g-api.service[99697]: DEBUG glance.api.middleware.version_negotiation [None req-c97d143b-afea-4a14-ba4b-3c5fdae47da5 tempest-ServerActionsV293TestJSON-1059502889 tempest-ServerActionsV293TestJSON-1059502889-project-member] new path /v2/schemas/image {{(pid=99697) process_request /opt/stack/glance/glance/api/middleware/version_negotiation.py:70}}
Jun 23 12:38:53.342150 np0000003464 devstack@g-api.service[99697]: [pid: 99697|app: 0|req: 40/108] 127.0.0.1 () {44 vars in 1055 bytes} [Tue Jun 23 12:38:53 2026] GET /v2/schemas/image => generated 6083 bytes in 3 msecs (HTTP/1.1 200) 4 headers in 158 bytes (1 switches on core 0)
Jun 23 12:38:53.693622 np0000003464 devstack@g-api.service[99696]: DEBUG glance.api.middleware.version_negotiation [None req-c97d143b-afea-4a14-ba4b-3c5fdae47da5 tempest-ServerActionsV293TestJSON-1059502889 tempest-ServerActionsV293TestJSON-1059502889-project-member] Determining version of request: GET /v2/images/3f0ad6c7-3dd2-4d2a-8a7e-df6ff06ac66d Accept: */* {{(pid=99696) process_request /opt/stack/glance/glance/api/middleware/version_negotiation.py:44}}
Jun 23 12:38:53.693752 np0000003464 devstack@g-api.service[99696]: DEBUG glance.api.middleware.version_negotiation [None req-c97d143b-afea-4a14-ba4b-3c5fdae47da5 tempest-ServerActionsV293TestJSON-1059502889 tempest-ServerActionsV293TestJSON-1059502889-project-member] Using url versioning {{(pid=99696) process_request /opt/stack/glance/glance/api/middleware/version_negotiation.py:57}}
Jun 23 12:38:53.693844 np0000003464 devstack@g-api.service[99696]: DEBUG glance.api.middleware.version_negotiation [None req-c97d143b-afea-4a14-ba4b-3c5fdae47da5 tempest-ServerActionsV293TestJSON-1059502889 tempest-ServerActionsV293TestJSON-1059502889-project-member] Matched version: v2 {{(pid=99696) process_request /opt/stack/glance/glance/api/middleware/version_negotiation.py:69}}
Jun 23 12:38:53.693933 np0000003464 devstack@g-api.service[99696]: DEBUG glance.api.middleware.version_negotiation [None req-c97d143b-afea-4a14-ba4b-3c5fdae47da5 tempest-ServerActionsV293TestJSON-1059502889 tempest-ServerActionsV293TestJSON-1059502889-project-member] new path /v2/images/3f0ad6c7-3dd2-4d2a-8a7e-df6ff06ac66d {{(pid=99696) process_request /opt/stack/glance/glance/api/middleware/version_negotiation.py:70}}
Jun 23 12:38:53.702002 np0000003464 devstack@g-api.service[99696]: [pid: 99696|app: 0|req: 33/109] 127.0.0.1 () {44 vars in 1115 bytes} [Tue Jun 23 12:38:53 2026] GET /v2/images/3f0ad6c7-3dd2-4d2a-8a7e-df6ff06ac66d => generated 1044 bytes in 9 msecs (HTTP/1.1 200) 4 headers in 158 bytes (1 switches on core 0)
Jun 23 12:38:53.709157 np0000003464 devstack@g-api.service[99698]: DEBUG glance.api.middleware.version_negotiation [None req-c97d143b-afea-4a14-ba4b-3c5fdae47da5 tempest-ServerActionsV293TestJSON-1059502889 tempest-ServerActionsV293TestJSON-1059502889-project-member] Determining version of request: GET /v2/schemas/image Accept: */* {{(pid=99698) process_request /opt/stack/glance/glance/api/middleware/version_negotiation.py:44}}
Jun 23 12:38:53.709348 np0000003464 devstack@g-api.service[99698]: DEBUG glance.api.middleware.version_negotiation [None req-c97d143b-afea-4a14-ba4b-3c5fdae47da5 tempest-ServerActionsV293TestJSON-1059502889 tempest-ServerActionsV293TestJSON-1059502889-project-member] Using url versioning {{(pid=99698) process_request /opt/stack/glance/glance/api/middleware/version_negotiation.py:57}}
Jun 23 12:38:53.709559 np0000003464 devstack@g-api.service[99698]: DEBUG glance.api.middleware.version_negotiation [None req-c97d143b-afea-4a14-ba4b-3c5fdae47da5 tempest-ServerActionsV293TestJSON-1059502889 tempest-ServerActionsV293TestJSON-1059502889-project-member] Matched version: v2 {{(pid=99698) process_request /opt/stack/glance/glance/api/middleware/version_negotiation.py:69}}
Jun 23 12:38:53.709694 np0000003464 devstack@g-api.service[99698]: DEBUG glance.api.middleware.version_negotiation [None req-c97d143b-afea-4a14-ba4b-3c5fdae47da5 tempest-ServerActionsV293TestJSON-1059502889 tempest-ServerActionsV293TestJSON-1059502889-project-member] new path /v2/schemas/image {{(pid=99698) process_request /opt/stack/glance/glance/api/middleware/version_negotiation.py:70}}
Jun 23 12:38:53.711827 np0000003464 devstack@g-api.service[99698]: [pid: 99698|app: 0|req: 37/110] 127.0.0.1 () {44 vars in 1055 bytes} [Tue Jun 23 12:38:53 2026] GET /v2/schemas/image => generated 6083 bytes in 3 msecs (HTTP/1.1 200) 4 headers in 158 bytes (1 switches on core 0)
Jun 23 12:38:54.167713 np0000003464 devstack@g-api.service[99697]: DEBUG glance.api.middleware.version_negotiation [None req-c97d143b-afea-4a14-ba4b-3c5fdae47da5 tempest-ServerActionsV293TestJSON-1059502889 tempest-ServerActionsV293TestJSON-1059502889-project-member] Determining version of request: GET /v2/images/3f0ad6c7-3dd2-4d2a-8a7e-df6ff06ac66d Accept: */* {{(pid=99697) process_request /opt/stack/glance/glance/api/middleware/version_negotiation.py:44}}
Jun 23 12:38:54.168052 np0000003464 devstack@g-api.service[99697]: DEBUG glance.api.middleware.version_negotiation [None req-c97d143b-afea-4a14-ba4b-3c5fdae47da5 tempest-ServerActionsV293TestJSON-1059502889 tempest-ServerActionsV293TestJSON-1059502889-project-member] Using url versioning {{(pid=99697) process_request /opt/stack/glance/glance/api/middleware/version_negotiation.py:57}}
Jun 23 12:38:54.168052 np0000003464 devstack@g-api.service[99697]: DEBUG glance.api.middleware.version_negotiation [None req-c97d143b-afea-4a14-ba4b-3c5fdae47da5 tempest-ServerActionsV293TestJSON-1059502889 tempest-ServerActionsV293TestJSON-1059502889-project-member] Matched version: v2 {{(pid=99697) process_request /opt/stack/glance/glance/api/middleware/version_negotiation.py:69}}
Jun 23 12:38:54.168100 np0000003464 devstack@g-api.service[99697]: DEBUG glance.api.middleware.version_negotiation [None req-c97d143b-afea-4a14-ba4b-3c5fdae47da5 tempest-ServerActionsV293TestJSON-1059502889 tempest-ServerActionsV293TestJSON-1059502889-project-member] new path /v2/images/3f0ad6c7-3dd2-4d2a-8a7e-df6ff06ac66d {{(pid=99697) process_request /opt/stack/glance/glance/api/middleware/version_negotiation.py:70}}
Jun 23 12:38:54.177331 np0000003464 devstack@g-api.service[99697]: [pid: 99697|app: 0|req: 41/111] 127.0.0.1 () {44 vars in 1115 bytes} [Tue Jun 23 12:38:54 2026] GET /v2/images/3f0ad6c7-3dd2-4d2a-8a7e-df6ff06ac66d => generated 1044 bytes in 10 msecs (HTTP/1.1 200) 4 headers in 158 bytes (1 switches on core 0)
Jun 23 12:38:54.183681 np0000003464 devstack@g-api.service[99696]: DEBUG glance.api.middleware.version_negotiation [None req-c97d143b-afea-4a14-ba4b-3c5fdae47da5 tempest-ServerActionsV293TestJSON-1059502889 tempest-ServerActionsV293TestJSON-1059502889-project-member] Determining version of request: GET /v2/schemas/image Accept: */* {{(pid=99696) process_request /opt/stack/glance/glance/api/middleware/version_negotiation.py:44}}
Jun 23 12:38:54.183986 np0000003464 devstack@g-api.service[99696]: DEBUG glance.api.middleware.version_negotiation [None req-c97d143b-afea-4a14-ba4b-3c5fdae47da5 tempest-ServerActionsV293TestJSON-1059502889 tempest-ServerActionsV293TestJSON-1059502889-project-member] Using url versioning {{(pid=99696) process_request /opt/stack/glance/glance/api/middleware/version_negotiation.py:57}}
Jun 23 12:38:54.183986 np0000003464 devstack@g-api.service[99696]: DEBUG glance.api.middleware.version_negotiation [None req-c97d143b-afea-4a14-ba4b-3c5fdae47da5 tempest-ServerActionsV293TestJSON-1059502889 tempest-ServerActionsV293TestJSON-1059502889-project-member] Matched version: v2 {{(pid=99696) process_request /opt/stack/glance/glance/api/middleware/version_negotiation.py:69}}
