Jun 23 12:35:45.454033 np0000003464 nova-scheduler[93485]: DEBUG cotyledon.oslo_config_glue [-] oslo_limit.certfile = None {{(pid=93485) log_opt_values /opt/stack/data/venv/lib/python3.12/site-packages/oslo_config/cfg.py:3253}}
Jun 23 12:35:45.454033 np0000003464 nova-scheduler[93485]: DEBUG cotyledon.oslo_config_glue [-] oslo_limit.collect_timing = False {{(pid=93485) log_opt_values /opt/stack/data/venv/lib/python3.12/site-packages/oslo_config/cfg.py:3253}}
Jun 23 12:35:45.454033 np0000003464 nova-scheduler[93485]: DEBUG cotyledon.oslo_config_glue [-] oslo_limit.connect_retries = None {{(pid=93485) log_opt_values /opt/stack/data/venv/lib/python3.12/site-packages/oslo_config/cfg.py:3253}}
Jun 23 12:35:45.454033 np0000003464 nova-scheduler[93485]: DEBUG cotyledon.oslo_config_glue [-] oslo_limit.connect_retry_delay = None {{(pid=93485) log_opt_values /opt/stack/data/venv/lib/python3.12/site-packages/oslo_config/cfg.py:3253}}
Jun 23 12:35:45.454033 np0000003464 nova-scheduler[93485]: DEBUG cotyledon.oslo_config_glue [-] oslo_limit.endpoint_id = None {{(pid=93485) log_opt_values /opt/stack/data/venv/lib/python3.12/site-packages/oslo_config/cfg.py:3253}}
Jun 23 12:35:45.454033 np0000003464 nova-scheduler[93485]: DEBUG cotyledon.oslo_config_glue [-] oslo_limit.endpoint_interface = public {{(pid=93485) log_opt_values /opt/stack/data/venv/lib/python3.12/site-packages/oslo_config/cfg.py:3253}}
Jun 23 12:35:45.454033 np0000003464 nova-scheduler[93485]: DEBUG cotyledon.oslo_config_glue [-] oslo_limit.endpoint_override = None {{(pid=93485) log_opt_values /opt/stack/data/venv/lib/python3.12/site-packages/oslo_config/cfg.py:3253}}
Jun 23 12:35:45.454033 np0000003464 nova-scheduler[93485]: DEBUG cotyledon.oslo_config_glue [-] oslo_limit.endpoint_region_name = None {{(pid=93485) log_opt_values /opt/stack/data/venv/lib/python3.12/site-packages/oslo_config/cfg.py:3253}}
Jun 23 12:35:45.454326 np0000003464 nova-scheduler[93485]: DEBUG cotyledon.oslo_config_glue [-] oslo_limit.endpoint_service_name = None {{(pid=93485) log_opt_values /opt/stack/data/venv/lib/python3.12/site-packages/oslo_config/cfg.py:3253}}
Jun 23 12:35:45.454326 np0000003464 nova-scheduler[93485]: DEBUG cotyledon.oslo_config_glue [-] oslo_limit.endpoint_service_type = None {{(pid=93485) log_opt_values /opt/stack/data/venv/lib/python3.12/site-packages/oslo_config/cfg.py:3253}}
Jun 23 12:35:45.454326 np0000003464 nova-scheduler[93485]: DEBUG cotyledon.oslo_config_glue [-] oslo_limit.insecure = False {{(pid=93485) log_opt_values /opt/stack/data/venv/lib/python3.12/site-packages/oslo_config/cfg.py:3253}}
Jun 23 12:35:45.454326 np0000003464 nova-scheduler[93485]: DEBUG cotyledon.oslo_config_glue [-] oslo_limit.keyfile = None {{(pid=93485) log_opt_values /opt/stack/data/venv/lib/python3.12/site-packages/oslo_config/cfg.py:3253}}
Jun 23 12:35:45.454326 np0000003464 nova-scheduler[93485]: DEBUG cotyledon.oslo_config_glue [-] oslo_limit.max_version = None {{(pid=93485) log_opt_values /opt/stack/data/venv/lib/python3.12/site-packages/oslo_config/cfg.py:3253}}
Jun 23 12:35:45.454326 np0000003464 nova-scheduler[93485]: DEBUG cotyledon.oslo_config_glue [-] oslo_limit.min_version = None {{(pid=93485) log_opt_values /opt/stack/data/venv/lib/python3.12/site-packages/oslo_config/cfg.py:3253}}
Jun 23 12:35:45.454326 np0000003464 nova-scheduler[93485]: DEBUG cotyledon.oslo_config_glue [-] oslo_limit.region_name = None {{(pid=93485) log_opt_values /opt/stack/data/venv/lib/python3.12/site-packages/oslo_config/cfg.py:3253}}
Jun 23 12:35:45.454326 np0000003464 nova-scheduler[93485]: DEBUG cotyledon.oslo_config_glue [-] oslo_limit.retriable_status_codes = None {{(pid=93485) log_opt_values /opt/stack/data/venv/lib/python3.12/site-packages/oslo_config/cfg.py:3253}}
Jun 23 12:35:45.454326 np0000003464 nova-scheduler[93485]: DEBUG cotyledon.oslo_config_glue [-] oslo_limit.service_name = None {{(pid=93485) log_opt_values /opt/stack/data/venv/lib/python3.12/site-packages/oslo_config/cfg.py:3253}}
Jun 23 12:35:45.454618 np0000003464 nova-scheduler[93485]: DEBUG cotyledon.oslo_config_glue [-] oslo_limit.service_type = None {{(pid=93485) log_opt_values /opt/stack/data/venv/lib/python3.12/site-packages/oslo_config/cfg.py:3253}}
Jun 23 12:35:45.454618 np0000003464 nova-scheduler[93485]: DEBUG cotyledon.oslo_config_glue [-] oslo_limit.split_loggers = False {{(pid=93485) log_opt_values /opt/stack/data/venv/lib/python3.12/site-packages/oslo_config/cfg.py:3253}}
Jun 23 12:35:45.454618 np0000003464 nova-scheduler[93485]: DEBUG cotyledon.oslo_config_glue [-] oslo_limit.status_code_retries = None {{(pid=93485) log_opt_values /opt/stack/data/venv/lib/python3.12/site-packages/oslo_config/cfg.py:3253}}
Jun 23 12:35:45.454618 np0000003464 nova-scheduler[93485]: DEBUG cotyledon.oslo_config_glue [-] oslo_limit.status_code_retry_delay = None {{(pid=93485) log_opt_values /opt/stack/data/venv/lib/python3.12/site-packages/oslo_config/cfg.py:3253}}
Jun 23 12:35:45.454618 np0000003464 nova-scheduler[93485]: DEBUG cotyledon.oslo_config_glue [-] oslo_limit.timeout = None {{(pid=93485) log_opt_values /opt/stack/data/venv/lib/python3.12/site-packages/oslo_config/cfg.py:3253}}
Jun 23 12:35:45.454618 np0000003464 nova-scheduler[93485]: DEBUG cotyledon.oslo_config_glue [-] oslo_limit.valid_interfaces = None {{(pid=93485) log_opt_values /opt/stack/data/venv/lib/python3.12/site-packages/oslo_config/cfg.py:3253}}
Jun 23 12:35:45.454618 np0000003464 nova-scheduler[93485]: DEBUG cotyledon.oslo_config_glue [-] oslo_limit.version = None {{(pid=93485) log_opt_values /opt/stack/data/venv/lib/python3.12/site-packages/oslo_config/cfg.py:3253}}
Jun 23 12:35:45.454618 np0000003464 nova-scheduler[93485]: DEBUG cotyledon.oslo_config_glue [-] oslo_reports.file_event_handler = None {{(pid=93485) log_opt_values /opt/stack/data/venv/lib/python3.12/site-packages/oslo_config/cfg.py:3253}}
Jun 23 12:35:45.454618 np0000003464 nova-scheduler[93485]: DEBUG cotyledon.oslo_config_glue [-] oslo_reports.file_event_handler_interval = 1 {{(pid=93485) log_opt_values /opt/stack/data/venv/lib/python3.12/site-packages/oslo_config/cfg.py:3253}}
Jun 23 12:35:45.454911 np0000003464 nova-scheduler[93485]: DEBUG cotyledon.oslo_config_glue [-] oslo_reports.log_dir = None {{(pid=93485) log_opt_values /opt/stack/data/venv/lib/python3.12/site-packages/oslo_config/cfg.py:3253}}
Jun 23 12:35:45.454911 np0000003464 nova-scheduler[93485]: DEBUG cotyledon.oslo_config_glue [-] ******************************************************************************** {{(pid=93485) log_opt_values /opt/stack/data/venv/lib/python3.12/site-packages/oslo_config/cfg.py:3260}}
Jun 23 12:35:45.454911 np0000003464 nova-scheduler[93485]: DEBUG cotyledon._service_worker [-] Run service ServiceWrapper(0) [93485] {{(pid=93485) wait_forever /opt/stack/data/venv/lib/python3.12/site-packages/cotyledon/_service_worker.py:218}}
Jun 23 12:35:45.455009 np0000003464 nova-scheduler[93514]: INFO dbcounter [None req-9be1496e-3fb1-414a-bf4f-a40cd0800127 None None] Registered counter for database nova_cell0
Jun 23 12:35:45.455052 np0000003464 nova-scheduler[93485]: INFO nova.service [-] Starting scheduler node (version 33.1.0)
Jun 23 12:35:45.455052 np0000003464 nova-scheduler[93485]: INFO dbcounter [None req-8e6c6f7c-24d3-48b6-aa17-c511f26ed836 None None] Registered counter for database nova_cell0
Jun 23 12:35:45.463899 np0000003464 nova-scheduler[93510]: DEBUG oslo_db.sqlalchemy.engines [None req-417224c8-21e1-46f9-8aec-885cf1af6d1b None None] MySQL server mode set to STRICT_TRANS_TABLES,STRICT_ALL_TABLES,NO_ZERO_IN_DATE,NO_ZERO_DATE,ERROR_FOR_DIVISION_BY_ZERO,TRADITIONAL,NO_ENGINE_SUBSTITUTION {{(pid=93510) _check_effective_sql_mode /opt/stack/data/venv/lib/python3.12/site-packages/oslo_db/sqlalchemy/engines.py:325}}
Jun 23 12:35:45.474150 np0000003464 nova-scheduler[93510]: DEBUG dbcounter [-] [93510] Writer thread running {{(pid=93510) stat_writer /opt/stack/data/venv/lib/python3.12/site-packages/dbcounter.py:102}}
Jun 23 12:35:45.482219 np0000003464 nova-scheduler[93514]: DEBUG oslo_db.sqlalchemy.engines [None req-9be1496e-3fb1-414a-bf4f-a40cd0800127 None None] MySQL server mode set to STRICT_TRANS_TABLES,STRICT_ALL_TABLES,NO_ZERO_IN_DATE,NO_ZERO_DATE,ERROR_FOR_DIVISION_BY_ZERO,TRADITIONAL,NO_ENGINE_SUBSTITUTION {{(pid=93514) _check_effective_sql_mode /opt/stack/data/venv/lib/python3.12/site-packages/oslo_db/sqlalchemy/engines.py:325}}
Jun 23 12:35:45.489265 np0000003464 nova-scheduler[93510]: DEBUG nova.service [None req-417224c8-21e1-46f9-8aec-885cf1af6d1b None None] Creating RPC server for service: nova-scheduler on topic: scheduler {{(pid=93510) start /opt/stack/nova/nova/service.py:196}}
Jun 23 12:35:45.490749 np0000003464 nova-scheduler[93514]: DEBUG dbcounter [-] [93514] Writer thread running {{(pid=93514) stat_writer /opt/stack/data/venv/lib/python3.12/site-packages/dbcounter.py:102}}
Jun 23 12:35:45.493836 np0000003464 nova-scheduler[93514]: DEBUG nova.service [None req-9be1496e-3fb1-414a-bf4f-a40cd0800127 None None] Creating RPC server for service: nova-scheduler on topic: scheduler {{(pid=93514) start /opt/stack/nova/nova/service.py:196}}
Jun 23 12:35:45.509583 np0000003464 nova-scheduler[93485]: DEBUG oslo_db.sqlalchemy.engines [None req-8e6c6f7c-24d3-48b6-aa17-c511f26ed836 None None] MySQL server mode set to STRICT_TRANS_TABLES,STRICT_ALL_TABLES,NO_ZERO_IN_DATE,NO_ZERO_DATE,ERROR_FOR_DIVISION_BY_ZERO,TRADITIONAL,NO_ENGINE_SUBSTITUTION {{(pid=93485) _check_effective_sql_mode /opt/stack/data/venv/lib/python3.12/site-packages/oslo_db/sqlalchemy/engines.py:325}}
Jun 23 12:35:45.522184 np0000003464 nova-scheduler[93510]: DEBUG nova.service [None req-417224c8-21e1-46f9-8aec-885cf1af6d1b None None] Join ServiceGroup membership for this service scheduler {{(pid=93510) start /opt/stack/nova/nova/service.py:222}}
Jun 23 12:35:45.522389 np0000003464 nova-scheduler[93510]: DEBUG nova.servicegroup.drivers.db [None req-417224c8-21e1-46f9-8aec-885cf1af6d1b None None] DB_Driver: join new ServiceGroup member np0000003464 to the scheduler group, service = {{(pid=93510) join /opt/stack/nova/nova/servicegroup/drivers/db.py:44}}
Jun 23 12:35:45.528494 np0000003464 nova-scheduler[93485]: DEBUG dbcounter [-] [93485] Writer thread running {{(pid=93485) stat_writer /opt/stack/data/venv/lib/python3.12/site-packages/dbcounter.py:102}}
Jun 23 12:35:45.528738 np0000003464 nova-scheduler[93514]: DEBUG nova.service [None req-9be1496e-3fb1-414a-bf4f-a40cd0800127 None None] Join ServiceGroup membership for this service scheduler {{(pid=93514) start /opt/stack/nova/nova/service.py:222}}
Jun 23 12:35:45.528916 np0000003464 nova-scheduler[93514]: DEBUG nova.servicegroup.drivers.db [None req-9be1496e-3fb1-414a-bf4f-a40cd0800127 None None] DB_Driver: join new ServiceGroup member np0000003464 to the scheduler group, service = {{(pid=93514) join /opt/stack/nova/nova/servicegroup/drivers/db.py:44}}
Jun 23 12:35:45.532353 np0000003464 nova-scheduler[93485]: DEBUG nova.service [None req-8e6c6f7c-24d3-48b6-aa17-c511f26ed836 None None] Creating RPC server for service: nova-scheduler on topic: scheduler {{(pid=93485) start /opt/stack/nova/nova/service.py:196}}
Jun 23 12:35:45.549736 np0000003464 nova-scheduler[93485]: DEBUG nova.service [None req-8e6c6f7c-24d3-48b6-aa17-c511f26ed836 None None] Join ServiceGroup membership for this service scheduler {{(pid=93485) start /opt/stack/nova/nova/service.py:222}}
Jun 23 12:35:45.549932 np0000003464 nova-scheduler[93485]: DEBUG nova.servicegroup.drivers.db [None req-8e6c6f7c-24d3-48b6-aa17-c511f26ed836 None None] DB_Driver: join new ServiceGroup member np0000003464 to the scheduler group, service = {{(pid=93485) join /opt/stack/nova/nova/servicegroup/drivers/db.py:44}}
Jun 23 12:35:50.537624 np0000003464 nova-scheduler[93510]: DEBUG oslo.service.backend._threading.loopingcall [-] Fixed interval looping call 'nova.servicegroup.drivers.db.DbDriver._report_state' sleeping for 119.99 seconds {{(pid=93510) _run_loop /opt/stack/data/venv/lib/python3.12/site-packages/oslo_service/backend/_threading/loopingcall.py:125}}
Jun 23 12:35:50.542081 np0000003464 nova-scheduler[93514]: DEBUG oslo.service.backend._threading.loopingcall [-] Fixed interval looping call 'nova.servicegroup.drivers.db.DbDriver._report_state' sleeping for 119.99 seconds {{(pid=93514) _run_loop /opt/stack/data/venv/lib/python3.12/site-packages/oslo_service/backend/_threading/loopingcall.py:125}}
Jun 23 12:35:50.560108 np0000003464 nova-scheduler[93485]: DEBUG oslo.service.backend._threading.loopingcall [-] Fixed interval looping call 'nova.servicegroup.drivers.db.DbDriver._report_state' sleeping for 119.99 seconds {{(pid=93485) _run_loop /opt/stack/data/venv/lib/python3.12/site-packages/oslo_service/backend/_threading/loopingcall.py:125}}
Jun 23 12:35:54.091292 np0000003464 nova-scheduler[92230]: DEBUG dbcounter [-] [92230] Writing DB stats nova_api:SELECT=3 {{(pid=92230) stat_writer /opt/stack/data/venv/lib/python3.12/site-packages/dbcounter.py:115}}
Jun 23 12:35:54.217224 np0000003464 nova-scheduler[92230]: DEBUG dbcounter [-] [92230] Writing DB stats nova_cell1:SELECT=1 {{(pid=92230) stat_writer /opt/stack/data/venv/lib/python3.12/site-packages/dbcounter.py:115}}
Jun 23 12:35:54.222633 np0000003464 nova-scheduler[92230]: DEBUG dbcounter [-] [92230] Writing DB stats nova_cell0:SELECT=1 {{(pid=92230) stat_writer /opt/stack/data/venv/lib/python3.12/site-packages/dbcounter.py:115}}
Jun 23 12:36:00.534510 np0000003464 nova-scheduler[93510]: DEBUG dbcounter [-] [93510] Writing DB stats nova_cell0:SELECT=4,nova_cell0:INSERT=1,nova_cell0:UPDATE=1 {{(pid=93510) stat_writer /opt/stack/data/venv/lib/python3.12/site-packages/dbcounter.py:115}}
Jun 23 12:36:00.541208 np0000003464 nova-scheduler[93514]: DEBUG dbcounter [-] [93514] Writing DB stats nova_cell0:SELECT=3,nova_cell0:UPDATE=1 {{(pid=93514) stat_writer /opt/stack/data/venv/lib/python3.12/site-packages/dbcounter.py:115}}
Jun 23 12:36:00.557486 np0000003464 nova-scheduler[93485]: DEBUG dbcounter [-] [93485] Writing DB stats nova_cell0:SELECT=3 {{(pid=93485) stat_writer /opt/stack/data/venv/lib/python3.12/site-packages/dbcounter.py:115}}
Jun 23 12:36:02.530546 np0000003464 nova-scheduler[93514]: DEBUG oslo.service.backend._threading.loopingcall [None req-ec511526-545f-45cb-b0bc-4d3c1f708fa4 None None] Dynamic interval looping call 'nova.service.Service.periodic_tasks' sleeping for 60.00 seconds {{(pid=93514) _run_loop /opt/stack/data/venv/lib/python3.12/site-packages/oslo_service/backend/_threading/loopingcall.py:125}}
Jun 23 12:36:22.524110 np0000003464 nova-scheduler[93510]: DEBUG oslo.service.backend._threading.loopingcall [None req-af6e29db-6fce-4a3c-ac8d-145bc652da69 None None] Dynamic interval looping call 'nova.service.Service.periodic_tasks' sleeping for 60.00 seconds {{(pid=93510) _run_loop /opt/stack/data/venv/lib/python3.12/site-packages/oslo_service/backend/_threading/loopingcall.py:125}}
Jun 23 12:36:30.552141 np0000003464 nova-scheduler[93485]: DEBUG oslo.service.backend._threading.loopingcall [None req-1f35c201-797d-404e-bff3-fc314f2c375a None None] Dynamic interval looping call 'nova.service.Service.periodic_tasks' sleeping for 60.00 seconds {{(pid=93485) _run_loop /opt/stack/data/venv/lib/python3.12/site-packages/oslo_service/backend/_threading/loopingcall.py:125}}
Jun 23 12:37:02.531013 np0000003464 nova-scheduler[93514]: DEBUG oslo.service.backend._threading.loopingcall [None req-ec511526-545f-45cb-b0bc-4d3c1f708fa4 None None] Dynamic interval looping call 'nova.service.Service.periodic_tasks' sleeping for 60.00 seconds {{(pid=93514) _run_loop /opt/stack/data/venv/lib/python3.12/site-packages/oslo_service/backend/_threading/loopingcall.py:125}}
Jun 23 12:37:22.524645 np0000003464 nova-scheduler[93510]: DEBUG oslo.service.backend._threading.loopingcall [None req-af6e29db-6fce-4a3c-ac8d-145bc652da69 None None] Dynamic interval looping call 'nova.service.Service.periodic_tasks' sleeping for 60.00 seconds {{(pid=93510) _run_loop /opt/stack/data/venv/lib/python3.12/site-packages/oslo_service/backend/_threading/loopingcall.py:125}}
Jun 23 12:37:30.552612 np0000003464 nova-scheduler[93485]: DEBUG oslo.service.backend._threading.loopingcall [None req-1f35c201-797d-404e-bff3-fc314f2c375a None None] Dynamic interval looping call 'nova.service.Service.periodic_tasks' sleeping for 60.00 seconds {{(pid=93485) _run_loop /opt/stack/data/venv/lib/python3.12/site-packages/oslo_service/backend/_threading/loopingcall.py:125}}
Jun 23 12:37:50.539863 np0000003464 nova-scheduler[93510]: DEBUG oslo.service.backend._threading.loopingcall [-] Fixed interval looping call 'nova.servicegroup.drivers.db.DbDriver._report_state' sleeping for 119.99 seconds {{(pid=93510) _run_loop /opt/stack/data/venv/lib/python3.12/site-packages/oslo_service/backend/_threading/loopingcall.py:125}}
Jun 23 12:37:50.540414 np0000003464 nova-scheduler[93514]: DEBUG oslo.service.backend._threading.loopingcall [-] Fixed interval looping call 'nova.servicegroup.drivers.db.DbDriver._report_state' sleeping for 119.99 seconds {{(pid=93514) _run_loop /opt/stack/data/venv/lib/python3.12/site-packages/oslo_service/backend/_threading/loopingcall.py:125}}
Jun 23 12:37:50.556986 np0000003464 nova-scheduler[93485]: DEBUG oslo.service.backend._threading.loopingcall [-] Fixed interval looping call 'nova.servicegroup.drivers.db.DbDriver._report_state' sleeping for 119.99 seconds {{(pid=93485) _run_loop /opt/stack/data/venv/lib/python3.12/site-packages/oslo_service/backend/_threading/loopingcall.py:125}}
Jun 23 12:38:00.531217 np0000003464 nova-scheduler[93510]: DEBUG dbcounter [-] [93510] Writing DB stats nova_cell0:SELECT=1,nova_cell0:UPDATE=1 {{(pid=93510) stat_writer /opt/stack/data/venv/lib/python3.12/site-packages/dbcounter.py:115}}
Jun 23 12:38:00.535654 np0000003464 nova-scheduler[93514]: DEBUG dbcounter [-] [93514] Writing DB stats nova_cell0:SELECT=1,nova_cell0:UPDATE=1 {{(pid=93514) stat_writer /opt/stack/data/venv/lib/python3.12/site-packages/dbcounter.py:115}}
Jun 23 12:38:00.555111 np0000003464 nova-scheduler[93485]: DEBUG dbcounter [-] [93485] Writing DB stats nova_cell0:SELECT=1 {{(pid=93485) stat_writer /opt/stack/data/venv/lib/python3.12/site-packages/dbcounter.py:115}}
Jun 23 12:38:02.531503 np0000003464 nova-scheduler[93514]: DEBUG oslo.service.backend._threading.loopingcall [None req-ec511526-545f-45cb-b0bc-4d3c1f708fa4 None None] Dynamic interval looping call 'nova.service.Service.periodic_tasks' sleeping for 60.00 seconds {{(pid=93514) _run_loop /opt/stack/data/venv/lib/python3.12/site-packages/oslo_service/backend/_threading/loopingcall.py:125}}
Jun 23 12:38:19.549523 np0000003464 nova-scheduler[93510]: DEBUG nova.scheduler.manager [None req-52c7ebd1-7a0c-439a-bd24-bb00676e243e tempest-ImageDependencyTests-394910581 tempest-ImageDependencyTests-394910581-project-member] Starting to schedule for instances: ['661818a3-a8bc-4a39-89dd-a8249159f946'] {{(pid=93510) select_destinations /opt/stack/nova/nova/scheduler/manager.py:210}}
Jun 23 12:38:19.550394 np0000003464 nova-scheduler[93510]: DEBUG nova.scheduler.request_filter [None req-52c7ebd1-7a0c-439a-bd24-bb00676e243e tempest-ImageDependencyTests-394910581 tempest-ImageDependencyTests-394910581-project-member] compute_status_filter request filter added forbidden trait COMPUTE_STATUS_DISABLED {{(pid=93510) compute_status_filter /opt/stack/nova/nova/scheduler/request_filter.py:253}}
Jun 23 12:38:19.550756 np0000003464 nova-scheduler[93510]: DEBUG nova.scheduler.request_filter [None req-52c7ebd1-7a0c-439a-bd24-bb00676e243e tempest-ImageDependencyTests-394910581 tempest-ImageDependencyTests-394910581-project-member] Request filter 'compute_status_filter' took 0.0 seconds {{(pid=93510) wrapper /opt/stack/nova/nova/scheduler/request_filter.py:46}}
Jun 23 12:38:19.551035 np0000003464 nova-scheduler[93510]: DEBUG nova.scheduler.request_filter [None req-52c7ebd1-7a0c-439a-bd24-bb00676e243e tempest-ImageDependencyTests-394910581 tempest-ImageDependencyTests-394910581-project-member] Request filter 'accelerators_filter' took 0.0 seconds {{(pid=93510) wrapper /opt/stack/nova/nova/scheduler/request_filter.py:46}}
Jun 23 12:38:19.551593 np0000003464 nova-scheduler[93510]: DEBUG nova.scheduler.request_filter [None req-52c7ebd1-7a0c-439a-bd24-bb00676e243e tempest-ImageDependencyTests-394910581 tempest-ImageDependencyTests-394910581-project-member] Request filter 'packed_virtqueue_filter' took 0.0 seconds {{(pid=93510) wrapper /opt/stack/nova/nova/scheduler/request_filter.py:46}}
Jun 23 12:38:19.551919 np0000003464 nova-scheduler[93510]: DEBUG nova.scheduler.request_filter [None req-52c7ebd1-7a0c-439a-bd24-bb00676e243e tempest-ImageDependencyTests-394910581 tempest-ImageDependencyTests-394910581-project-member] Request filter 'remote_managed_ports_filter' took 0.0 seconds {{(pid=93510) wrapper /opt/stack/nova/nova/scheduler/request_filter.py:46}}
Jun 23 12:38:19.552296 np0000003464 nova-scheduler[93510]: DEBUG nova.scheduler.request_filter [None req-52c7ebd1-7a0c-439a-bd24-bb00676e243e tempest-ImageDependencyTests-394910581 tempest-ImageDependencyTests-394910581-project-member] ephemeral_encryption_filter skipped {{(pid=93510) ephemeral_encryption_filter /opt/stack/nova/nova/scheduler/request_filter.py:426}}
Jun 23 12:38:19.552617 np0000003464 nova-scheduler[93510]: DEBUG nova.scheduler.request_filter [None req-52c7ebd1-7a0c-439a-bd24-bb00676e243e tempest-ImageDependencyTests-394910581 tempest-ImageDependencyTests-394910581-project-member] virtio_sound_filter skipped {{(pid=93510) virtio_sound_filter /opt/stack/nova/nova/scheduler/request_filter.py:460}}
Jun 23 12:38:19.552712 np0000003464 nova-scheduler[93510]: DEBUG nova.scheduler.request_filter [None req-52c7ebd1-7a0c-439a-bd24-bb00676e243e tempest-ImageDependencyTests-394910581 tempest-ImageDependencyTests-394910581-project-member] tpm_secret_security_filter skipped {{(pid=93510) tpm_secret_security_filter /opt/stack/nova/nova/scheduler/request_filter.py:477}}
Jun 23 12:38:20.060134 np0000003464 nova-scheduler[93510]: INFO nova.utils [None req-52c7ebd1-7a0c-439a-bd24-bb00676e243e tempest-ImageDependencyTests-394910581 tempest-ImageDependencyTests-394910581-project-member] The cell worker thread pool ForkProcess-2.cell_worker is initialized
Jun 23 12:38:20.060516 np0000003464 nova-scheduler[93510]: DEBUG oslo_concurrency.lockutils [None req-52c7ebd1-7a0c-439a-bd24-bb00676e243e tempest-ImageDependencyTests-394910581 tempest-ImageDependencyTests-394910581-project-member] Acquiring lock "c9998708-adff-407e-b4e2-db29f2472a75" by "nova.context.set_target_cell..get_or_set_cached_cell_and_set_connections" {{(pid=93510) inner /opt/stack/data/venv/lib/python3.12/site-packages/oslo_concurrency/lockutils.py:511}}
Jun 23 12:38:20.060722 np0000003464 nova-scheduler[93510]: DEBUG oslo_concurrency.lockutils [None req-52c7ebd1-7a0c-439a-bd24-bb00676e243e tempest-ImageDependencyTests-394910581 tempest-ImageDependencyTests-394910581-project-member] Lock "c9998708-adff-407e-b4e2-db29f2472a75" acquired by "nova.context.set_target_cell..get_or_set_cached_cell_and_set_connections" :: waited 0.000s {{(pid=93510) inner /opt/stack/data/venv/lib/python3.12/site-packages/oslo_concurrency/lockutils.py:524}}
Jun 23 12:38:20.062121 np0000003464 nova-scheduler[93510]: DEBUG oslo_concurrency.lockutils [None req-52c7ebd1-7a0c-439a-bd24-bb00676e243e tempest-ImageDependencyTests-394910581 tempest-ImageDependencyTests-394910581-project-member] Lock "c9998708-adff-407e-b4e2-db29f2472a75" "released" by "nova.context.set_target_cell..get_or_set_cached_cell_and_set_connections" :: held 0.001s {{(pid=93510) inner /opt/stack/data/venv/lib/python3.12/site-packages/oslo_concurrency/lockutils.py:543}}
Jun 23 12:38:20.063669 np0000003464 nova-scheduler[93510]: INFO dbcounter [None req-52c7ebd1-7a0c-439a-bd24-bb00676e243e tempest-ImageDependencyTests-394910581 tempest-ImageDependencyTests-394910581-project-member] Registered counter for database nova_cell1
Jun 23 12:38:20.092800 np0000003464 nova-scheduler[93510]: DEBUG oslo_db.sqlalchemy.engines [None req-52c7ebd1-7a0c-439a-bd24-bb00676e243e tempest-ImageDependencyTests-394910581 tempest-ImageDependencyTests-394910581-project-member] MySQL server mode set to STRICT_TRANS_TABLES,STRICT_ALL_TABLES,NO_ZERO_IN_DATE,NO_ZERO_DATE,ERROR_FOR_DIVISION_BY_ZERO,TRADITIONAL,NO_ENGINE_SUBSTITUTION {{(pid=93510) _check_effective_sql_mode /opt/stack/data/venv/lib/python3.12/site-packages/oslo_db/sqlalchemy/engines.py:325}}
Jun 23 12:38:20.097005 np0000003464 nova-scheduler[93510]: DEBUG dbcounter [-] [93510] Writer thread running {{(pid=93510) stat_writer /opt/stack/data/venv/lib/python3.12/site-packages/dbcounter.py:102}}
Jun 23 12:38:20.108497 np0000003464 nova-scheduler[93510]: DEBUG oslo_db.sqlalchemy.engines [None req-52c7ebd1-7a0c-439a-bd24-bb00676e243e tempest-ImageDependencyTests-394910581 tempest-ImageDependencyTests-394910581-project-member] Parent process 92230 forked (93510) with an open database connection, which is being discarded and recreated. {{(pid=93510) checkout /opt/stack/data/venv/lib/python3.12/site-packages/oslo_db/sqlalchemy/engines.py:402}}
Jun 23 12:38:20.138568 np0000003464 nova-scheduler[93510]: DEBUG dbcounter [-] [93510] Writer thread running {{(pid=93510) stat_writer /opt/stack/data/venv/lib/python3.12/site-packages/dbcounter.py:102}}
Jun 23 12:38:20.141411 np0000003464 nova-scheduler[93510]: DEBUG oslo_concurrency.lockutils [None req-52c7ebd1-7a0c-439a-bd24-bb00676e243e tempest-ImageDependencyTests-394910581 tempest-ImageDependencyTests-394910581-project-member] Acquiring lock "c9998708-adff-407e-b4e2-db29f2472a75" by "nova.context.set_target_cell..get_or_set_cached_cell_and_set_connections" {{(pid=93510) inner /opt/stack/data/venv/lib/python3.12/site-packages/oslo_concurrency/lockutils.py:511}}
Jun 23 12:38:20.141614 np0000003464 nova-scheduler[93510]: DEBUG oslo_concurrency.lockutils [None req-52c7ebd1-7a0c-439a-bd24-bb00676e243e tempest-ImageDependencyTests-394910581 tempest-ImageDependencyTests-394910581-project-member] Lock "c9998708-adff-407e-b4e2-db29f2472a75" acquired by "nova.context.set_target_cell..get_or_set_cached_cell_and_set_connections" :: waited 0.000s {{(pid=93510) inner /opt/stack/data/venv/lib/python3.12/site-packages/oslo_concurrency/lockutils.py:524}}
Jun 23 12:38:20.141741 np0000003464 nova-scheduler[93510]: DEBUG oslo_concurrency.lockutils [None req-52c7ebd1-7a0c-439a-bd24-bb00676e243e tempest-ImageDependencyTests-394910581 tempest-ImageDependencyTests-394910581-project-member] Lock "c9998708-adff-407e-b4e2-db29f2472a75" "released" by "nova.context.set_target_cell..get_or_set_cached_cell_and_set_connections" :: held 0.000s {{(pid=93510) inner /opt/stack/data/venv/lib/python3.12/site-packages/oslo_concurrency/lockutils.py:543}}
Jun 23 12:38:20.144632 np0000003464 nova-scheduler[93510]: DEBUG oslo_concurrency.lockutils [None req-52c7ebd1-7a0c-439a-bd24-bb00676e243e tempest-ImageDependencyTests-394910581 tempest-ImageDependencyTests-394910581-project-member] Acquiring lock "('np0000003464', 'np0000003464')" by "nova.scheduler.host_manager.HostState.update.._locked_update" {{(pid=93510) inner /opt/stack/data/venv/lib/python3.12/site-packages/oslo_concurrency/lockutils.py:511}}
Jun 23 12:38:20.145268 np0000003464 nova-scheduler[93510]: DEBUG oslo_concurrency.lockutils [None req-52c7ebd1-7a0c-439a-bd24-bb00676e243e tempest-ImageDependencyTests-394910581 tempest-ImageDependencyTests-394910581-project-member] Lock "('np0000003464', 'np0000003464')" acquired by "nova.scheduler.host_manager.HostState.update.._locked_update" :: waited 0.000s {{(pid=93510) inner /opt/stack/data/venv/lib/python3.12/site-packages/oslo_concurrency/lockutils.py:524}}
Jun 23 12:38:20.145604 np0000003464 nova-scheduler[93510]: DEBUG nova.scheduler.host_manager [None req-52c7ebd1-7a0c-439a-bd24-bb00676e243e tempest-ImageDependencyTests-394910581 tempest-ImageDependencyTests-394910581-project-member] Update host state from compute node: ComputeNode(cpu_allocation_ratio=4.0,cpu_info='{"arch": "x86_64", "model": "EPYC-Milan", "vendor": "AMD", "topology": {"cells": 1, "sockets": 16, "cores": 1, "threads": 1}, "maxphysaddr": {"mode": "emulate", "bits": 40}, "features": ["cmp_legacy", "avx2", "vmcb-clean", "sse4.2", "rdseed", "vaes", "smep", "null-sel-clr-base", "ssbd", "sse4.1", "invpcid", "fsgsbase", "ssse3", "xsave", "svm", "mmxext", "apic", "abm", "cx8", "vpclmulqdq", "v-vmsave-vmload", "svme-addr-chk", "aes", "syscall", "sse", "tsc-scale", "pfthreshold", "xsaveerptr", "pku", "pause-filter", "mce", "amd-psfd", "pse", "mca", "adx", "vme", "sse2", "fsrm", "pat", "xsavec", "hypervisor", "lahf_lm", "amd-stibp", "mtrr", "arat", "rdctl-no", "sha-ni", "sse4a", "mds-no", "clzero", "misalignsse", "lbrv", "pae", "skip-l1dfl-vmentry", "fxsr", "virt-ssbd", "msr", "3dnowprefetch", "fpu", "amd-ssbd", "mmx", "de", "tsc", "clwb", "perfctr_core", "nx", "gds-no", "clflush", "tsc-deadline", "pclmuldq", "x2apic", "lm", "pschange-mc-no", "xsaves", "pge", "xgetbv1", "bmi1", "sep", "no-nested-data-bp", "cmov", "nrip-save", "rdpid", "arch-capabilities", "smap", "pse36", "avx", "umip", "npt", "pdpe1gb", "erms", "movbe", "rdtscp", "cx16", "pni", "lfence-always-serializing", "bmi2", "fma", "stibp", "stibp-always-on", "osvw", "vgif", "wbnoinvd", "ibrs", "pcid", "cr8legacy", "tsc_adjust", "popcnt", "fxsr_opt", "rdrand", "ibpb", "spec-ctrl", "topoext", "xsaveopt", "f16c", "clflushopt", "flushbyasid"]}',created_at=2026-06-23T12:36:11Z,current_workload=0,deleted=False,deleted_at=None,disk_allocation_ratio=1.0,disk_available_least=73,free_disk_gb=95,free_ram_mb=62765,host='np0000003464',host_ip=10.4.3.234,hypervisor_hostname='np0000003464',hypervisor_type='QEMU',hypervisor_version=8002002,id=1,local_gb=95,local_gb_used=0,mapped=1,memory_mb=63277,memory_mb_used=512,metrics='[]',numa_topology='{"nova_object.name": "NUMATopology", "nova_object.namespace": "nova", "nova_object.version": "1.2", "nova_object.data": {"cells": [{"nova_object.name": "NUMACell", "nova_object.namespace": "nova", "nova_object.version": "1.5", "nova_object.data": {"id": 0, "cpuset": [0, 1, 2, 3, 4, 5, 6, 7, 8, 9, 10, 11, 12, 13, 14, 15], "pcpuset": [0, 1, 2, 3, 4, 5, 6, 7, 8, 9, 10, 11, 12, 13, 14, 15], "memory": 63277, "cpu_usage": 0, "memory_usage": 0, "pinned_cpus": [], "siblings": [[6], [12], [2], [15], [5], [11], [8], [14], [4], [1], [7], [10], [0], [13], [3], [9]], "mempages": [{"nova_object.name": "NUMAPagesTopology", "nova_object.namespace": "nova", "nova_object.version": "1.1", "nova_object.data": {"size_kb": 4, "total": 16177931, "used": 0, "reserved": 0}, "nova_object.changes": ["size_kb", "total", "used", "reserved"]}, {"nova_object.name": "NUMAPagesTopology", "nova_object.namespace": "nova", "nova_object.version": "1.1", "nova_object.data": {"size_kb": 2048, "total": 41, "used": 0, "reserved": 0}, "nova_object.changes": ["size_kb", "total", "used", "reserved"]}, {"nova_object.name": "NUMAPagesTopology", "nova_object.namespace": "nova", "nova_object.version": "1.1", "nova_object.data": {"size_kb": 1048576, "total": 0, "used": 0, "reserved": 0}, "nova_object.changes": ["size_kb", "total", "used", "reserved"]}], "network_metadata": {"nova_object.name": "NetworkMetadata", "nova_object.namespace": "nova", "nova_object.version": "1.0", "nova_object.data": {"physnets": [], "tunneled": false}, "nova_object.changes": ["physnets", "tunneled"]}, "socket": null}, "nova_object.changes": ["cpuset", "pinned_cpus", "id", "memory", "pcpuset", "network_metadata", "memory_usage", "siblings", "mempages", "cpu_usage", "socket"]}]}, "nova_object.changes": ["cells"]}',pci_device_pools=PciDevicePoolList,ram_allocation_ratio=1.0,running_vms=0,service_id=3,stats={failed_builds='0',uptime=' 12:37:55 up 13 min, 2 users, load average: 1.30, 1.46, 0.84
Jun 23 12:38:20.145604 np0000003464 nova-scheduler[93510]: '},supported_hv_specs=[HVSpec,HVSpec,HVSpec,HVSpec,HVSpec,HVSpec,HVSpec,HVSpec,HVSpec,HVSpec,HVSpec,HVSpec,HVSpec,HVSpec,HVSpec,HVSpec,HVSpec,HVSpec,HVSpec,HVSpec,HVSpec,HVSpec,HVSpec,HVSpec,HVSpec],updated_at=2026-06-23T12:37:58Z,uuid=428900eb-7ae8-4e0c-b7cf-1d186617fe36,vcpus=16,vcpus_used=0) {{(pid=93510) _locked_update /opt/stack/nova/nova/scheduler/host_manager.py:168}}
Jun 23 12:38:20.147028 np0000003464 nova-scheduler[93510]: DEBUG nova.scheduler.host_manager [None req-52c7ebd1-7a0c-439a-bd24-bb00676e243e tempest-ImageDependencyTests-394910581 tempest-ImageDependencyTests-394910581-project-member] Update host state with aggregates: [] {{(pid=93510) _locked_update /opt/stack/nova/nova/scheduler/host_manager.py:171}}
Jun 23 12:38:20.147678 np0000003464 nova-scheduler[93510]: DEBUG nova.scheduler.host_manager [None req-52c7ebd1-7a0c-439a-bd24-bb00676e243e tempest-ImageDependencyTests-394910581 tempest-ImageDependencyTests-394910581-project-member] Update host state with service dict: {'id': 3, 'uuid': 'be322667-fc02-4459-9e0d-b799c0aab34a', 'host': 'np0000003464', 'binary': 'nova-compute', 'topic': 'compute', 'report_count': 2, 'disabled': False, 'disabled_reason': None, 'last_seen_up': datetime.datetime(2026, 6, 23, 12, 38, 20, tzinfo=datetime.timezone.utc), 'forced_down': False, 'version': 72, 'created_at': datetime.datetime(2026, 6, 23, 12, 36, 9, tzinfo=datetime.timezone.utc), 'updated_at': datetime.datetime(2026, 6, 23, 12, 38, 20, tzinfo=datetime.timezone.utc), 'deleted_at': None, 'deleted': False} {{(pid=93510) _locked_update /opt/stack/nova/nova/scheduler/host_manager.py:174}}
Jun 23 12:38:20.147678 np0000003464 nova-scheduler[93510]: DEBUG nova.scheduler.host_manager [None req-52c7ebd1-7a0c-439a-bd24-bb00676e243e tempest-ImageDependencyTests-394910581 tempest-ImageDependencyTests-394910581-project-member] Update host state with instances: [] {{(pid=93510) _locked_update /opt/stack/nova/nova/scheduler/host_manager.py:177}}
Jun 23 12:38:20.147678 np0000003464 nova-scheduler[93510]: DEBUG oslo_concurrency.lockutils [None req-52c7ebd1-7a0c-439a-bd24-bb00676e243e tempest-ImageDependencyTests-394910581 tempest-ImageDependencyTests-394910581-project-member] Lock "('np0000003464', 'np0000003464')" "released" by "nova.scheduler.host_manager.HostState.update.._locked_update" :: held 0.003s {{(pid=93510) inner /opt/stack/data/venv/lib/python3.12/site-packages/oslo_concurrency/lockutils.py:543}}
Jun 23 12:38:20.147797 np0000003464 nova-scheduler[93510]: DEBUG nova.filters [None req-52c7ebd1-7a0c-439a-bd24-bb00676e243e tempest-ImageDependencyTests-394910581 tempest-ImageDependencyTests-394910581-project-member] Starting with 1 host(s) {{(pid=93510) get_filtered_objects /opt/stack/nova/nova/filters.py:70}}
Jun 23 12:38:20.147990 np0000003464 nova-scheduler[93510]: DEBUG nova.filters [None req-52c7ebd1-7a0c-439a-bd24-bb00676e243e tempest-ImageDependencyTests-394910581 tempest-ImageDependencyTests-394910581-project-member] Filter ComputeFilter returned 1 host(s) {{(pid=93510) get_filtered_objects /opt/stack/nova/nova/filters.py:102}}
Jun 23 12:38:20.148130 np0000003464 nova-scheduler[93510]: DEBUG nova.filters [None req-52c7ebd1-7a0c-439a-bd24-bb00676e243e tempest-ImageDependencyTests-394910581 tempest-ImageDependencyTests-394910581-project-member] Filter ComputeCapabilitiesFilter returned 1 host(s) {{(pid=93510) get_filtered_objects /opt/stack/nova/nova/filters.py:102}}
Jun 23 12:38:20.148375 np0000003464 nova-scheduler[93510]: DEBUG nova.filters [None req-52c7ebd1-7a0c-439a-bd24-bb00676e243e tempest-ImageDependencyTests-394910581 tempest-ImageDependencyTests-394910581-project-member] Filter ImagePropertiesFilter returned 1 host(s) {{(pid=93510) get_filtered_objects /opt/stack/nova/nova/filters.py:102}}
Jun 23 12:38:20.148474 np0000003464 nova-scheduler[93510]: DEBUG nova.filters [None req-52c7ebd1-7a0c-439a-bd24-bb00676e243e tempest-ImageDependencyTests-394910581 tempest-ImageDependencyTests-394910581-project-member] Filter ServerGroupAntiAffinityFilter returned 1 host(s) {{(pid=93510) get_filtered_objects /opt/stack/nova/nova/filters.py:102}}
Jun 23 12:38:20.148572 np0000003464 nova-scheduler[93510]: DEBUG nova.filters [None req-52c7ebd1-7a0c-439a-bd24-bb00676e243e tempest-ImageDependencyTests-394910581 tempest-ImageDependencyTests-394910581-project-member] Filter ServerGroupAffinityFilter returned 1 host(s) {{(pid=93510) get_filtered_objects /opt/stack/nova/nova/filters.py:102}}
Jun 23 12:38:20.148693 np0000003464 nova-scheduler[93510]: DEBUG nova.filters [None req-52c7ebd1-7a0c-439a-bd24-bb00676e243e tempest-ImageDependencyTests-394910581 tempest-ImageDependencyTests-394910581-project-member] Filter SameHostFilter returned 1 host(s) {{(pid=93510) get_filtered_objects /opt/stack/nova/nova/filters.py:102}}
Jun 23 12:38:20.148791 np0000003464 nova-scheduler[93510]: DEBUG nova.filters [None req-52c7ebd1-7a0c-439a-bd24-bb00676e243e tempest-ImageDependencyTests-394910581 tempest-ImageDependencyTests-394910581-project-member] Filter DifferentHostFilter returned 1 host(s) {{(pid=93510) get_filtered_objects /opt/stack/nova/nova/filters.py:102}}
Jun 23 12:38:20.148906 np0000003464 nova-scheduler[93510]: DEBUG nova.scheduler.manager [None req-52c7ebd1-7a0c-439a-bd24-bb00676e243e tempest-ImageDependencyTests-394910581 tempest-ImageDependencyTests-394910581-project-member] Filtered [(np0000003464, np0000003464) ram: 62765MB disk: 74752MB io_ops: 0 instances: 0, allocation_candidates: 1] {{(pid=93510) _get_sorted_hosts /opt/stack/nova/nova/scheduler/manager.py:743}}
Jun 23 12:38:20.149098 np0000003464 nova-scheduler[93510]: DEBUG nova.scheduler.manager [None req-52c7ebd1-7a0c-439a-bd24-bb00676e243e tempest-ImageDependencyTests-394910581 tempest-ImageDependencyTests-394910581-project-member] Weighed [WeighedHost [host: (np0000003464, np0000003464) ram: 62765MB disk: 74752MB io_ops: 0 instances: 0, allocation_candidates: 1, weight: 0.0]] {{(pid=93510) _get_sorted_hosts /opt/stack/nova/nova/scheduler/manager.py:765}}
Jun 23 12:38:20.149519 np0000003464 nova-scheduler[93510]: DEBUG nova.scheduler.utils [None req-52c7ebd1-7a0c-439a-bd24-bb00676e243e tempest-ImageDependencyTests-394910581 tempest-ImageDependencyTests-394910581-project-member] Attempting to claim resources in the placement API for instance 661818a3-a8bc-4a39-89dd-a8249159f946 {{(pid=93510) claim_resources /opt/stack/nova/nova/scheduler/utils.py:1345}}
Jun 23 12:38:20.305729 np0000003464 nova-scheduler[93510]: DEBUG nova.scheduler.manager [None req-52c7ebd1-7a0c-439a-bd24-bb00676e243e tempest-ImageDependencyTests-394910581 tempest-ImageDependencyTests-394910581-project-member] [instance: 661818a3-a8bc-4a39-89dd-a8249159f946] Selected host: (np0000003464, np0000003464) ram: 62765MB disk: 74752MB io_ops: 0 instances: 0, allocation_candidates: 1 {{(pid=93510) _consume_selected_host /opt/stack/nova/nova/scheduler/manager.py:625}}
Jun 23 12:38:20.305729 np0000003464 nova-scheduler[93510]: DEBUG oslo_concurrency.lockutils [None req-52c7ebd1-7a0c-439a-bd24-bb00676e243e tempest-ImageDependencyTests-394910581 tempest-ImageDependencyTests-394910581-project-member] Acquiring lock "('np0000003464', 'np0000003464')" by "nova.scheduler.host_manager.HostState.consume_from_request.._locked" {{(pid=93510) inner /opt/stack/data/venv/lib/python3.12/site-packages/oslo_concurrency/lockutils.py:511}}
Jun 23 12:38:20.305959 np0000003464 nova-scheduler[93510]: DEBUG oslo_concurrency.lockutils [None req-52c7ebd1-7a0c-439a-bd24-bb00676e243e tempest-ImageDependencyTests-394910581 tempest-ImageDependencyTests-394910581-project-member] Lock "('np0000003464', 'np0000003464')" acquired by "nova.scheduler.host_manager.HostState.consume_from_request.._locked" :: waited 0.000s {{(pid=93510) inner /opt/stack/data/venv/lib/python3.12/site-packages/oslo_concurrency/lockutils.py:524}}
Jun 23 12:38:20.306677 np0000003464 nova-scheduler[93510]: DEBUG oslo_concurrency.lockutils [None req-52c7ebd1-7a0c-439a-bd24-bb00676e243e tempest-ImageDependencyTests-394910581 tempest-ImageDependencyTests-394910581-project-member] Lock "('np0000003464', 'np0000003464')" "released" by "nova.scheduler.host_manager.HostState.consume_from_request.._locked" :: held 0.000s {{(pid=93510) inner /opt/stack/data/venv/lib/python3.12/site-packages/oslo_concurrency/lockutils.py:543}}
Jun 23 12:38:22.525082 np0000003464 nova-scheduler[93510]: DEBUG oslo.service.backend._threading.loopingcall [None req-af6e29db-6fce-4a3c-ac8d-145bc652da69 None None] Dynamic interval looping call 'nova.service.Service.periodic_tasks' sleeping for 60.00 seconds {{(pid=93510) _run_loop /opt/stack/data/venv/lib/python3.12/site-packages/oslo_service/backend/_threading/loopingcall.py:125}}
Jun 23 12:38:23.685337 np0000003464 nova-scheduler[93514]: DEBUG nova.scheduler.manager [None req-7de4ff82-8d05-4f74-90fe-c318938ccd1c tempest-DeleteServersTestJSON-171400997 tempest-DeleteServersTestJSON-171400997-project-member] Starting to schedule for instances: ['a20f043f-4d62-44b5-a47b-53e653f5d5ea'] {{(pid=93514) select_destinations /opt/stack/nova/nova/scheduler/manager.py:210}}
Jun 23 12:38:23.685966 np0000003464 nova-scheduler[93514]: DEBUG nova.scheduler.request_filter [None req-7de4ff82-8d05-4f74-90fe-c318938ccd1c tempest-DeleteServersTestJSON-171400997 tempest-DeleteServersTestJSON-171400997-project-member] compute_status_filter request filter added forbidden trait COMPUTE_STATUS_DISABLED {{(pid=93514) compute_status_filter /opt/stack/nova/nova/scheduler/request_filter.py:253}}
Jun 23 12:38:23.686437 np0000003464 nova-scheduler[93514]: DEBUG nova.scheduler.request_filter [None req-7de4ff82-8d05-4f74-90fe-c318938ccd1c tempest-DeleteServersTestJSON-171400997 tempest-DeleteServersTestJSON-171400997-project-member] Request filter 'compute_status_filter' took 0.0 seconds {{(pid=93514) wrapper /opt/stack/nova/nova/scheduler/request_filter.py:46}}
Jun 23 12:38:23.686748 np0000003464 nova-scheduler[93514]: DEBUG nova.scheduler.request_filter [None req-7de4ff82-8d05-4f74-90fe-c318938ccd1c tempest-DeleteServersTestJSON-171400997 tempest-DeleteServersTestJSON-171400997-project-member] Request filter 'accelerators_filter' took 0.0 seconds {{(pid=93514) wrapper /opt/stack/nova/nova/scheduler/request_filter.py:46}}
Jun 23 12:38:23.686979 np0000003464 nova-scheduler[93514]: DEBUG nova.scheduler.request_filter [None req-7de4ff82-8d05-4f74-90fe-c318938ccd1c tempest-DeleteServersTestJSON-171400997 tempest-DeleteServersTestJSON-171400997-project-member] Request filter 'packed_virtqueue_filter' took 0.0 seconds {{(pid=93514) wrapper /opt/stack/nova/nova/scheduler/request_filter.py:46}}
Jun 23 12:38:23.687245 np0000003464 nova-scheduler[93514]: DEBUG nova.scheduler.request_filter [None req-7de4ff82-8d05-4f74-90fe-c318938ccd1c tempest-DeleteServersTestJSON-171400997 tempest-DeleteServersTestJSON-171400997-project-member] Request filter 'remote_managed_ports_filter' took 0.0 seconds {{(pid=93514) wrapper /opt/stack/nova/nova/scheduler/request_filter.py:46}}
Jun 23 12:38:23.687410 np0000003464 nova-scheduler[93514]: DEBUG nova.scheduler.request_filter [None req-7de4ff82-8d05-4f74-90fe-c318938ccd1c tempest-DeleteServersTestJSON-171400997 tempest-DeleteServersTestJSON-171400997-project-member] ephemeral_encryption_filter skipped {{(pid=93514) ephemeral_encryption_filter /opt/stack/nova/nova/scheduler/request_filter.py:426}}
Jun 23 12:38:23.687559 np0000003464 nova-scheduler[93514]: DEBUG nova.scheduler.request_filter [None req-7de4ff82-8d05-4f74-90fe-c318938ccd1c tempest-DeleteServersTestJSON-171400997 tempest-DeleteServersTestJSON-171400997-project-member] virtio_sound_filter skipped {{(pid=93514) virtio_sound_filter /opt/stack/nova/nova/scheduler/request_filter.py:460}}
Jun 23 12:38:23.687679 np0000003464 nova-scheduler[93514]: DEBUG nova.scheduler.request_filter [None req-7de4ff82-8d05-4f74-90fe-c318938ccd1c tempest-DeleteServersTestJSON-171400997 tempest-DeleteServersTestJSON-171400997-project-member] tpm_secret_security_filter skipped {{(pid=93514) tpm_secret_security_filter /opt/stack/nova/nova/scheduler/request_filter.py:477}}
Jun 23 12:38:23.767888 np0000003464 nova-scheduler[93514]: INFO nova.utils [None req-7de4ff82-8d05-4f74-90fe-c318938ccd1c tempest-DeleteServersTestJSON-171400997 tempest-DeleteServersTestJSON-171400997-project-member] The cell worker thread pool ForkProcess-3.cell_worker is initialized
Jun 23 12:38:23.768229 np0000003464 nova-scheduler[93514]: DEBUG oslo_concurrency.lockutils [None req-7de4ff82-8d05-4f74-90fe-c318938ccd1c tempest-DeleteServersTestJSON-171400997 tempest-DeleteServersTestJSON-171400997-project-member] Acquiring lock "c9998708-adff-407e-b4e2-db29f2472a75" by "nova.context.set_target_cell..get_or_set_cached_cell_and_set_connections" {{(pid=93514) inner /opt/stack/data/venv/lib/python3.12/site-packages/oslo_concurrency/lockutils.py:511}}
Jun 23 12:38:23.768406 np0000003464 nova-scheduler[93514]: DEBUG oslo_concurrency.lockutils [None req-7de4ff82-8d05-4f74-90fe-c318938ccd1c tempest-DeleteServersTestJSON-171400997 tempest-DeleteServersTestJSON-171400997-project-member] Lock "c9998708-adff-407e-b4e2-db29f2472a75" acquired by "nova.context.set_target_cell..get_or_set_cached_cell_and_set_connections" :: waited 0.000s {{(pid=93514) inner /opt/stack/data/venv/lib/python3.12/site-packages/oslo_concurrency/lockutils.py:524}}
Jun 23 12:38:23.770575 np0000003464 nova-scheduler[93514]: DEBUG oslo_concurrency.lockutils [None req-7de4ff82-8d05-4f74-90fe-c318938ccd1c tempest-DeleteServersTestJSON-171400997 tempest-DeleteServersTestJSON-171400997-project-member] Lock "c9998708-adff-407e-b4e2-db29f2472a75" "released" by "nova.context.set_target_cell..get_or_set_cached_cell_and_set_connections" :: held 0.001s {{(pid=93514) inner /opt/stack/data/venv/lib/python3.12/site-packages/oslo_concurrency/lockutils.py:543}}
Jun 23 12:38:23.772105 np0000003464 nova-scheduler[93514]: INFO dbcounter [None req-7de4ff82-8d05-4f74-90fe-c318938ccd1c tempest-DeleteServersTestJSON-171400997 tempest-DeleteServersTestJSON-171400997-project-member] Registered counter for database nova_cell1
Jun 23 12:38:23.807969 np0000003464 nova-scheduler[93514]: DEBUG oslo_db.sqlalchemy.engines [None req-7de4ff82-8d05-4f74-90fe-c318938ccd1c tempest-DeleteServersTestJSON-171400997 tempest-DeleteServersTestJSON-171400997-project-member] MySQL server mode set to STRICT_TRANS_TABLES,STRICT_ALL_TABLES,NO_ZERO_IN_DATE,NO_ZERO_DATE,ERROR_FOR_DIVISION_BY_ZERO,TRADITIONAL,NO_ENGINE_SUBSTITUTION {{(pid=93514) _check_effective_sql_mode /opt/stack/data/venv/lib/python3.12/site-packages/oslo_db/sqlalchemy/engines.py:325}}
Jun 23 12:38:23.817248 np0000003464 nova-scheduler[93514]: DEBUG dbcounter [-] [93514] Writer thread running {{(pid=93514) stat_writer /opt/stack/data/venv/lib/python3.12/site-packages/dbcounter.py:102}}
Jun 23 12:38:23.879941 np0000003464 nova-scheduler[93514]: DEBUG dbcounter [-] [93514] Writer thread running {{(pid=93514) stat_writer /opt/stack/data/venv/lib/python3.12/site-packages/dbcounter.py:102}}
Jun 23 12:38:23.882749 np0000003464 nova-scheduler[93514]: DEBUG oslo_concurrency.lockutils [None req-7de4ff82-8d05-4f74-90fe-c318938ccd1c tempest-DeleteServersTestJSON-171400997 tempest-DeleteServersTestJSON-171400997-project-member] Acquiring lock "c9998708-adff-407e-b4e2-db29f2472a75" by "nova.context.set_target_cell..get_or_set_cached_cell_and_set_connections" {{(pid=93514) inner /opt/stack/data/venv/lib/python3.12/site-packages/oslo_concurrency/lockutils.py:511}}
Jun 23 12:38:23.882906 np0000003464 nova-scheduler[93514]: DEBUG oslo_concurrency.lockutils [None req-7de4ff82-8d05-4f74-90fe-c318938ccd1c tempest-DeleteServersTestJSON-171400997 tempest-DeleteServersTestJSON-171400997-project-member] Lock "c9998708-adff-407e-b4e2-db29f2472a75" acquired by "nova.context.set_target_cell..get_or_set_cached_cell_and_set_connections" :: waited 0.000s {{(pid=93514) inner /opt/stack/data/venv/lib/python3.12/site-packages/oslo_concurrency/lockutils.py:524}}
Jun 23 12:38:23.883015 np0000003464 nova-scheduler[93514]: DEBUG oslo_concurrency.lockutils [None req-7de4ff82-8d05-4f74-90fe-c318938ccd1c tempest-DeleteServersTestJSON-171400997 tempest-DeleteServersTestJSON-171400997-project-member] Lock "c9998708-adff-407e-b4e2-db29f2472a75" "released" by "nova.context.set_target_cell..get_or_set_cached_cell_and_set_connections" :: held 0.000s {{(pid=93514) inner /opt/stack/data/venv/lib/python3.12/site-packages/oslo_concurrency/lockutils.py:543}}
Jun 23 12:38:23.886962 np0000003464 nova-scheduler[93514]: DEBUG oslo_concurrency.lockutils [None req-7de4ff82-8d05-4f74-90fe-c318938ccd1c tempest-DeleteServersTestJSON-171400997 tempest-DeleteServersTestJSON-171400997-project-member] Acquiring lock "('np0000003464', 'np0000003464')" by "nova.scheduler.host_manager.HostState.update.._locked_update" {{(pid=93514) inner /opt/stack/data/venv/lib/python3.12/site-packages/oslo_concurrency/lockutils.py:511}}
Jun 23 12:38:23.887096 np0000003464 nova-scheduler[93514]: DEBUG oslo_concurrency.lockutils [None req-7de4ff82-8d05-4f74-90fe-c318938ccd1c tempest-DeleteServersTestJSON-171400997 tempest-DeleteServersTestJSON-171400997-project-member] Lock "('np0000003464', 'np0000003464')" acquired by "nova.scheduler.host_manager.HostState.update.._locked_update" :: waited 0.000s {{(pid=93514) inner /opt/stack/data/venv/lib/python3.12/site-packages/oslo_concurrency/lockutils.py:524}}
