Jun 24 12:54:43.889527 np0000003542 devstack@g-api.service[102788]: DEBUG swiftclient [None req-82ad7539-afa8-43dd-acf2-ef835ef33a0b tempest-VolumesActionsTest-1428610006 tempest-VolumesActionsTest-1428610006-project-member] REQ: curl -i https://10.4.3.78:8080/v1/AUTH_e225a91ff058431081cbf86c8ce5c699/glance/86a4327b-aba5-4dbd-a897-86a205306166-00003 -X PUT -H "X-Auth-Token: gAAAAABqO9ONrvW6..." {{(pid=102788) http_log /opt/stack/data/venv/lib/python3.12/site-packages/swiftclient/client.py:160}}
Jun 24 12:54:43.889527 np0000003542 devstack@g-api.service[102788]: DEBUG swiftclient [None req-82ad7539-afa8-43dd-acf2-ef835ef33a0b tempest-VolumesActionsTest-1428610006 tempest-VolumesActionsTest-1428610006-project-member] RESP STATUS: 201 Created {{(pid=102788) http_log /opt/stack/data/venv/lib/python3.12/site-packages/swiftclient/client.py:161}}
Jun 24 12:54:43.889527 np0000003542 devstack@g-api.service[102788]: DEBUG swiftclient [None req-82ad7539-afa8-43dd-acf2-ef835ef33a0b tempest-VolumesActionsTest-1428610006 tempest-VolumesActionsTest-1428610006-project-member] RESP HEADERS: {'Date': 'Wed, 24 Jun 2026 12:54:43 GMT', 'Server': 'Apache/2.4.58 (Ubuntu)', 'Content-Type': 'text/html; charset=UTF-8', 'Content-Length': '0', 'Etag': 'eda9a9889837ac4bc81d6387d92c1bec', 'Last-Modified': 'Wed, 24 Jun 2026 12:54:42 GMT', 'X-Trans-Id': 'tx5e1d6e5035cf404fbee6f-006a3bd391', 'X-Openstack-Request-Id': 'tx5e1d6e5035cf404fbee6f-006a3bd391', 'Connection': 'close'} {{(pid=102788) http_log /opt/stack/data/venv/lib/python3.12/site-packages/swiftclient/client.py:162}}
Jun 24 12:54:43.889527 np0000003542 devstack@g-api.service[102788]: DEBUG glance_store._drivers.swift.store [None req-82ad7539-afa8-43dd-acf2-ef835ef33a0b tempest-VolumesActionsTest-1428610006 tempest-VolumesActionsTest-1428610006-project-member] Wrote chunk 86a4327b-aba5-4dbd-a897-86a205306166-00003 (3/?) of length 204800000 to Swift returning MD5 of content: eda9a9889837ac4bc81d6387d92c1bec {{(pid=102788) add /opt/stack/data/venv/lib/python3.12/site-packages/glance_store/_drivers/swift/store.py:1059}}
Jun 24 12:54:44.074740 np0000003542 devstack@g-api.service[102786]: DEBUG glance.api.middleware.version_negotiation [None req-a2febfce-9662-4277-84a8-367531508a60 tempest-VolumesActionsTest-1428610006 tempest-VolumesActionsTest-1428610006-project-member] Determining version of request: GET /v2/images/d073e5b5-17cf-4608-914a-4520c3678a5b Accept: */* {{(pid=102786) process_request /opt/stack/glance/glance/api/middleware/version_negotiation.py:44}}
Jun 24 12:54:44.075153 np0000003542 devstack@g-api.service[102786]: DEBUG glance.api.middleware.version_negotiation [None req-a2febfce-9662-4277-84a8-367531508a60 tempest-VolumesActionsTest-1428610006 tempest-VolumesActionsTest-1428610006-project-member] Using url versioning {{(pid=102786) process_request /opt/stack/glance/glance/api/middleware/version_negotiation.py:57}}
Jun 24 12:54:44.075153 np0000003542 devstack@g-api.service[102786]: DEBUG glance.api.middleware.version_negotiation [None req-a2febfce-9662-4277-84a8-367531508a60 tempest-VolumesActionsTest-1428610006 tempest-VolumesActionsTest-1428610006-project-member] Matched version: v2 {{(pid=102786) process_request /opt/stack/glance/glance/api/middleware/version_negotiation.py:69}}
Jun 24 12:54:44.075153 np0000003542 devstack@g-api.service[102786]: DEBUG glance.api.middleware.version_negotiation [None req-a2febfce-9662-4277-84a8-367531508a60 tempest-VolumesActionsTest-1428610006 tempest-VolumesActionsTest-1428610006-project-member] new path /v2/images/d073e5b5-17cf-4608-914a-4520c3678a5b {{(pid=102786) process_request /opt/stack/glance/glance/api/middleware/version_negotiation.py:70}}
Jun 24 12:54:44.093767 np0000003542 devstack@g-api.service[102786]: [pid: 102786|app: 0|req: 76/288] 127.0.0.1 () {44 vars in 1111 bytes} [Wed Jun 24 12:54:44 2026] GET /v2/images/d073e5b5-17cf-4608-914a-4520c3678a5b => generated 1301 bytes in 19 msecs (HTTP/1.1 200) 4 headers in 158 bytes (1 switches on core 0)
Jun 24 12:54:44.147776 np0000003542 devstack@g-api.service[102787]: DEBUG glance.api.middleware.version_negotiation [None req-3324de33-7609-4316-98f1-b47636093096 tempest-TestStampPattern-1240669723 tempest-TestStampPattern-1240669723-project-member] Determining version of request: GET /v2/schemas/image Accept: */* {{(pid=102787) process_request /opt/stack/glance/glance/api/middleware/version_negotiation.py:44}}
Jun 24 12:54:44.148164 np0000003542 devstack@g-api.service[102787]: DEBUG glance.api.middleware.version_negotiation [None req-3324de33-7609-4316-98f1-b47636093096 tempest-TestStampPattern-1240669723 tempest-TestStampPattern-1240669723-project-member] Using url versioning {{(pid=102787) process_request /opt/stack/glance/glance/api/middleware/version_negotiation.py:57}}
Jun 24 12:54:44.148322 np0000003542 devstack@g-api.service[102787]: DEBUG glance.api.middleware.version_negotiation [None req-3324de33-7609-4316-98f1-b47636093096 tempest-TestStampPattern-1240669723 tempest-TestStampPattern-1240669723-project-member] Matched version: v2 {{(pid=102787) process_request /opt/stack/glance/glance/api/middleware/version_negotiation.py:69}}
Jun 24 12:54:44.148571 np0000003542 devstack@g-api.service[102787]: DEBUG glance.api.middleware.version_negotiation [None req-3324de33-7609-4316-98f1-b47636093096 tempest-TestStampPattern-1240669723 tempest-TestStampPattern-1240669723-project-member] new path /v2/schemas/image {{(pid=102787) process_request /opt/stack/glance/glance/api/middleware/version_negotiation.py:70}}
Jun 24 12:54:44.151655 np0000003542 devstack@g-api.service[102787]: [pid: 102787|app: 0|req: 73/289] 127.0.0.1 () {44 vars in 1051 bytes} [Wed Jun 24 12:54:44 2026] GET /v2/schemas/image => generated 6083 bytes in 4 msecs (HTTP/1.1 200) 4 headers in 158 bytes (1 switches on core 0)
Jun 24 12:54:44.578293 np0000003542 devstack@g-api.service[102789]: DEBUG glance.api.middleware.version_negotiation [None req-b27b3c71-c3cf-41e1-be03-e8e6b25da466 tempest-VolumesActionsTest-1428610006 tempest-VolumesActionsTest-1428610006-project-member] Determining version of request: GET /v2/images/d073e5b5-17cf-4608-914a-4520c3678a5b Accept: application/json {{(pid=102789) process_request /opt/stack/glance/glance/api/middleware/version_negotiation.py:44}}
Jun 24 12:54:44.578454 np0000003542 devstack@g-api.service[102789]: DEBUG glance.api.middleware.version_negotiation [None req-b27b3c71-c3cf-41e1-be03-e8e6b25da466 tempest-VolumesActionsTest-1428610006 tempest-VolumesActionsTest-1428610006-project-member] Using url versioning {{(pid=102789) process_request /opt/stack/glance/glance/api/middleware/version_negotiation.py:57}}
Jun 24 12:54:44.578612 np0000003542 devstack@g-api.service[102789]: DEBUG glance.api.middleware.version_negotiation [None req-b27b3c71-c3cf-41e1-be03-e8e6b25da466 tempest-VolumesActionsTest-1428610006 tempest-VolumesActionsTest-1428610006-project-member] Matched version: v2 {{(pid=102789) process_request /opt/stack/glance/glance/api/middleware/version_negotiation.py:69}}
Jun 24 12:54:44.578764 np0000003542 devstack@g-api.service[102789]: DEBUG glance.api.middleware.version_negotiation [None req-b27b3c71-c3cf-41e1-be03-e8e6b25da466 tempest-VolumesActionsTest-1428610006 tempest-VolumesActionsTest-1428610006-project-member] new path /v2/images/d073e5b5-17cf-4608-914a-4520c3678a5b {{(pid=102789) process_request /opt/stack/glance/glance/api/middleware/version_negotiation.py:70}}
Jun 24 12:54:44.599395 np0000003542 devstack@g-api.service[102789]: [pid: 102789|app: 0|req: 72/290] 127.0.0.1 () {40 vars in 834 bytes} [Wed Jun 24 12:54:44 2026] GET /v2/images/d073e5b5-17cf-4608-914a-4520c3678a5b => generated 1301 bytes in 21 msecs (HTTP/1.1 200) 4 headers in 158 bytes (1 switches on core 0)
Jun 24 12:54:44.642751 np0000003542 devstack@g-api.service[102786]: DEBUG glance.api.middleware.version_negotiation [None req-d34fb083-ec59-43a5-9529-95c2a5cef938 tempest-TestStampPattern-1240669723 tempest-TestStampPattern-1240669723-project-member] Determining version of request: GET /v2/images/86a4327b-aba5-4dbd-a897-86a205306166 Accept: application/json {{(pid=102786) process_request /opt/stack/glance/glance/api/middleware/version_negotiation.py:44}}
Jun 24 12:54:44.642878 np0000003542 devstack@g-api.service[102786]: DEBUG glance.api.middleware.version_negotiation [None req-d34fb083-ec59-43a5-9529-95c2a5cef938 tempest-TestStampPattern-1240669723 tempest-TestStampPattern-1240669723-project-member] Using url versioning {{(pid=102786) process_request /opt/stack/glance/glance/api/middleware/version_negotiation.py:57}}
Jun 24 12:54:44.642922 np0000003542 devstack@g-api.service[102786]: DEBUG glance.api.middleware.version_negotiation [None req-d34fb083-ec59-43a5-9529-95c2a5cef938 tempest-TestStampPattern-1240669723 tempest-TestStampPattern-1240669723-project-member] Matched version: v2 {{(pid=102786) process_request /opt/stack/glance/glance/api/middleware/version_negotiation.py:69}}
Jun 24 12:54:44.643057 np0000003542 devstack@g-api.service[102786]: DEBUG glance.api.middleware.version_negotiation [None req-d34fb083-ec59-43a5-9529-95c2a5cef938 tempest-TestStampPattern-1240669723 tempest-TestStampPattern-1240669723-project-member] new path /v2/images/86a4327b-aba5-4dbd-a897-86a205306166 {{(pid=102786) process_request /opt/stack/glance/glance/api/middleware/version_negotiation.py:70}}
Jun 24 12:54:44.653052 np0000003542 devstack@g-api.service[102786]: [pid: 102786|app: 0|req: 77/291] 127.0.0.1 () {40 vars in 834 bytes} [Wed Jun 24 12:54:44 2026] GET /v2/images/86a4327b-aba5-4dbd-a897-86a205306166 => generated 650 bytes in 10 msecs (HTTP/1.1 200) 4 headers in 157 bytes (1 switches on core 0)
Jun 24 12:54:45.609476 np0000003542 devstack@g-api.service[102787]: DEBUG glance.api.middleware.version_negotiation [None req-d34fb083-ec59-43a5-9529-95c2a5cef938 tempest-TestStampPattern-1240669723 tempest-TestStampPattern-1240669723-project-member] Determining version of request: GET /v2/images/d073e5b5-17cf-4608-914a-4520c3678a5b Accept: application/json {{(pid=102787) process_request /opt/stack/glance/glance/api/middleware/version_negotiation.py:44}}
Jun 24 12:54:45.609861 np0000003542 devstack@g-api.service[102787]: DEBUG glance.api.middleware.version_negotiation [None req-d34fb083-ec59-43a5-9529-95c2a5cef938 tempest-TestStampPattern-1240669723 tempest-TestStampPattern-1240669723-project-member] Using url versioning {{(pid=102787) process_request /opt/stack/glance/glance/api/middleware/version_negotiation.py:57}}
Jun 24 12:54:45.609861 np0000003542 devstack@g-api.service[102787]: DEBUG glance.api.middleware.version_negotiation [None req-d34fb083-ec59-43a5-9529-95c2a5cef938 tempest-TestStampPattern-1240669723 tempest-TestStampPattern-1240669723-project-member] Matched version: v2 {{(pid=102787) process_request /opt/stack/glance/glance/api/middleware/version_negotiation.py:69}}
Jun 24 12:54:45.609961 np0000003542 devstack@g-api.service[102787]: DEBUG glance.api.middleware.version_negotiation [None req-d34fb083-ec59-43a5-9529-95c2a5cef938 tempest-TestStampPattern-1240669723 tempest-TestStampPattern-1240669723-project-member] new path /v2/images/d073e5b5-17cf-4608-914a-4520c3678a5b {{(pid=102787) process_request /opt/stack/glance/glance/api/middleware/version_negotiation.py:70}}
Jun 24 12:54:45.623261 np0000003542 devstack@g-api.service[102787]: [pid: 102787|app: 0|req: 74/292] 127.0.0.1 () {40 vars in 834 bytes} [Wed Jun 24 12:54:45 2026] GET /v2/images/d073e5b5-17cf-4608-914a-4520c3678a5b => generated 1301 bytes in 14 msecs (HTTP/1.1 200) 4 headers in 158 bytes (1 switches on core 0)
Jun 24 12:54:45.666882 np0000003542 devstack@g-api.service[102789]: DEBUG glance.api.middleware.version_negotiation [None req-e2a33608-726f-4ecd-8000-4a9a3372b107 tempest-TestStampPattern-1240669723 tempest-TestStampPattern-1240669723-project-member] Determining version of request: GET /v2/images/86a4327b-aba5-4dbd-a897-86a205306166 Accept: application/json {{(pid=102789) process_request /opt/stack/glance/glance/api/middleware/version_negotiation.py:44}}
Jun 24 12:54:45.666882 np0000003542 devstack@g-api.service[102789]: DEBUG glance.api.middleware.version_negotiation [None req-e2a33608-726f-4ecd-8000-4a9a3372b107 tempest-TestStampPattern-1240669723 tempest-TestStampPattern-1240669723-project-member] Using url versioning {{(pid=102789) process_request /opt/stack/glance/glance/api/middleware/version_negotiation.py:57}}
Jun 24 12:54:45.666882 np0000003542 devstack@g-api.service[102789]: DEBUG glance.api.middleware.version_negotiation [None req-e2a33608-726f-4ecd-8000-4a9a3372b107 tempest-TestStampPattern-1240669723 tempest-TestStampPattern-1240669723-project-member] Matched version: v2 {{(pid=102789) process_request /opt/stack/glance/glance/api/middleware/version_negotiation.py:69}}
Jun 24 12:54:45.666882 np0000003542 devstack@g-api.service[102789]: DEBUG glance.api.middleware.version_negotiation [None req-e2a33608-726f-4ecd-8000-4a9a3372b107 tempest-TestStampPattern-1240669723 tempest-TestStampPattern-1240669723-project-member] new path /v2/images/86a4327b-aba5-4dbd-a897-86a205306166 {{(pid=102789) process_request /opt/stack/glance/glance/api/middleware/version_negotiation.py:70}}
Jun 24 12:54:45.678975 np0000003542 devstack@g-api.service[102789]: [pid: 102789|app: 0|req: 73/293] 127.0.0.1 () {40 vars in 834 bytes} [Wed Jun 24 12:54:45 2026] GET /v2/images/86a4327b-aba5-4dbd-a897-86a205306166 => generated 650 bytes in 13 msecs (HTTP/1.1 200) 4 headers in 157 bytes (1 switches on core 0)
Jun 24 12:54:45.826603 np0000003542 devstack@g-api.service[102788]: DEBUG swiftclient [None req-82ad7539-afa8-43dd-acf2-ef835ef33a0b tempest-VolumesActionsTest-1428610006 tempest-VolumesActionsTest-1428610006-project-member] REQ: curl -i https://10.4.3.78:8080/v1/AUTH_e225a91ff058431081cbf86c8ce5c699/glance/86a4327b-aba5-4dbd-a897-86a205306166-00004 -X PUT -H "X-Auth-Token: gAAAAABqO9ONrvW6..." {{(pid=102788) http_log /opt/stack/data/venv/lib/python3.12/site-packages/swiftclient/client.py:160}}
Jun 24 12:54:45.826603 np0000003542 devstack@g-api.service[102788]: DEBUG swiftclient [None req-82ad7539-afa8-43dd-acf2-ef835ef33a0b tempest-VolumesActionsTest-1428610006 tempest-VolumesActionsTest-1428610006-project-member] RESP STATUS: 201 Created {{(pid=102788) http_log /opt/stack/data/venv/lib/python3.12/site-packages/swiftclient/client.py:161}}
Jun 24 12:54:45.826603 np0000003542 devstack@g-api.service[102788]: DEBUG swiftclient [None req-82ad7539-afa8-43dd-acf2-ef835ef33a0b tempest-VolumesActionsTest-1428610006 tempest-VolumesActionsTest-1428610006-project-member] RESP HEADERS: {'Date': 'Wed, 24 Jun 2026 12:54:45 GMT', 'Server': 'Apache/2.4.58 (Ubuntu)', 'Content-Type': 'text/html; charset=UTF-8', 'Content-Length': '0', 'Etag': 'eda9a9889837ac4bc81d6387d92c1bec', 'Last-Modified': 'Wed, 24 Jun 2026 12:54:44 GMT', 'X-Trans-Id': 'txebf08d17e89b475d8a0a6-006a3bd393', 'X-Openstack-Request-Id': 'txebf08d17e89b475d8a0a6-006a3bd393', 'Connection': 'close'} {{(pid=102788) http_log /opt/stack/data/venv/lib/python3.12/site-packages/swiftclient/client.py:162}}
Jun 24 12:54:45.826603 np0000003542 devstack@g-api.service[102788]: DEBUG glance_store._drivers.swift.store [None req-82ad7539-afa8-43dd-acf2-ef835ef33a0b tempest-VolumesActionsTest-1428610006 tempest-VolumesActionsTest-1428610006-project-member] Wrote chunk 86a4327b-aba5-4dbd-a897-86a205306166-00004 (4/?) of length 204800000 to Swift returning MD5 of content: eda9a9889837ac4bc81d6387d92c1bec {{(pid=102788) add /opt/stack/data/venv/lib/python3.12/site-packages/glance_store/_drivers/swift/store.py:1059}}
Jun 24 12:54:46.636518 np0000003542 devstack@g-api.service[102786]: DEBUG glance.api.middleware.version_negotiation [None req-7a8fe4cd-42f9-42ba-8083-1254e4db3039 tempest-VolumesActionsTest-1428610006 tempest-VolumesActionsTest-1428610006-project-member] Determining version of request: GET /v2/images/d073e5b5-17cf-4608-914a-4520c3678a5b Accept: application/json {{(pid=102786) process_request /opt/stack/glance/glance/api/middleware/version_negotiation.py:44}}
Jun 24 12:54:46.636518 np0000003542 devstack@g-api.service[102786]: DEBUG glance.api.middleware.version_negotiation [None req-7a8fe4cd-42f9-42ba-8083-1254e4db3039 tempest-VolumesActionsTest-1428610006 tempest-VolumesActionsTest-1428610006-project-member] Using url versioning {{(pid=102786) process_request /opt/stack/glance/glance/api/middleware/version_negotiation.py:57}}
Jun 24 12:54:46.637073 np0000003542 devstack@g-api.service[102786]: DEBUG glance.api.middleware.version_negotiation [None req-7a8fe4cd-42f9-42ba-8083-1254e4db3039 tempest-VolumesActionsTest-1428610006 tempest-VolumesActionsTest-1428610006-project-member] Matched version: v2 {{(pid=102786) process_request /opt/stack/glance/glance/api/middleware/version_negotiation.py:69}}
Jun 24 12:54:46.638947 np0000003542 devstack@g-api.service[102786]: DEBUG glance.api.middleware.version_negotiation [None req-7a8fe4cd-42f9-42ba-8083-1254e4db3039 tempest-VolumesActionsTest-1428610006 tempest-VolumesActionsTest-1428610006-project-member] new path /v2/images/d073e5b5-17cf-4608-914a-4520c3678a5b {{(pid=102786) process_request /opt/stack/glance/glance/api/middleware/version_negotiation.py:70}}
Jun 24 12:54:46.658348 np0000003542 devstack@g-api.service[102786]: [pid: 102786|app: 0|req: 78/294] 127.0.0.1 () {40 vars in 834 bytes} [Wed Jun 24 12:54:46 2026] GET /v2/images/d073e5b5-17cf-4608-914a-4520c3678a5b => generated 1301 bytes in 22 msecs (HTTP/1.1 200) 4 headers in 158 bytes (1 switches on core 0)
Jun 24 12:54:46.693120 np0000003542 devstack@g-api.service[102787]: DEBUG glance.api.middleware.version_negotiation [None req-3e8fc3d2-c707-4507-be75-fc3bca2f72e3 tempest-TestStampPattern-1240669723 tempest-TestStampPattern-1240669723-project-member] Determining version of request: GET /v2/images/86a4327b-aba5-4dbd-a897-86a205306166 Accept: application/json {{(pid=102787) process_request /opt/stack/glance/glance/api/middleware/version_negotiation.py:44}}
Jun 24 12:54:46.693120 np0000003542 devstack@g-api.service[102787]: DEBUG glance.api.middleware.version_negotiation [None req-3e8fc3d2-c707-4507-be75-fc3bca2f72e3 tempest-TestStampPattern-1240669723 tempest-TestStampPattern-1240669723-project-member] Using url versioning {{(pid=102787) process_request /opt/stack/glance/glance/api/middleware/version_negotiation.py:57}}
Jun 24 12:54:46.693120 np0000003542 devstack@g-api.service[102787]: DEBUG glance.api.middleware.version_negotiation [None req-3e8fc3d2-c707-4507-be75-fc3bca2f72e3 tempest-TestStampPattern-1240669723 tempest-TestStampPattern-1240669723-project-member] Matched version: v2 {{(pid=102787) process_request /opt/stack/glance/glance/api/middleware/version_negotiation.py:69}}
Jun 24 12:54:46.693120 np0000003542 devstack@g-api.service[102787]: DEBUG glance.api.middleware.version_negotiation [None req-3e8fc3d2-c707-4507-be75-fc3bca2f72e3 tempest-TestStampPattern-1240669723 tempest-TestStampPattern-1240669723-project-member] new path /v2/images/86a4327b-aba5-4dbd-a897-86a205306166 {{(pid=102787) process_request /opt/stack/glance/glance/api/middleware/version_negotiation.py:70}}
Jun 24 12:54:46.706896 np0000003542 devstack@g-api.service[102787]: [pid: 102787|app: 0|req: 75/295] 127.0.0.1 () {40 vars in 834 bytes} [Wed Jun 24 12:54:46 2026] GET /v2/images/86a4327b-aba5-4dbd-a897-86a205306166 => generated 650 bytes in 16 msecs (HTTP/1.1 200) 4 headers in 157 bytes (1 switches on core 0)
Jun 24 12:54:47.668638 np0000003542 devstack@g-api.service[102789]: DEBUG glance.api.middleware.version_negotiation [None req-4c6440a5-93f9-4fc4-9bf3-682da42315c2 tempest-VolumesActionsTest-1428610006 tempest-VolumesActionsTest-1428610006-project-member] Determining version of request: GET /v2/images/d073e5b5-17cf-4608-914a-4520c3678a5b Accept: application/json {{(pid=102789) process_request /opt/stack/glance/glance/api/middleware/version_negotiation.py:44}}
Jun 24 12:54:47.669698 np0000003542 devstack@g-api.service[102789]: DEBUG glance.api.middleware.version_negotiation [None req-4c6440a5-93f9-4fc4-9bf3-682da42315c2 tempest-VolumesActionsTest-1428610006 tempest-VolumesActionsTest-1428610006-project-member] Using url versioning {{(pid=102789) process_request /opt/stack/glance/glance/api/middleware/version_negotiation.py:57}}
Jun 24 12:54:47.669698 np0000003542 devstack@g-api.service[102789]: DEBUG glance.api.middleware.version_negotiation [None req-4c6440a5-93f9-4fc4-9bf3-682da42315c2 tempest-VolumesActionsTest-1428610006 tempest-VolumesActionsTest-1428610006-project-member] Matched version: v2 {{(pid=102789) process_request /opt/stack/glance/glance/api/middleware/version_negotiation.py:69}}
Jun 24 12:54:47.669698 np0000003542 devstack@g-api.service[102789]: DEBUG glance.api.middleware.version_negotiation [None req-4c6440a5-93f9-4fc4-9bf3-682da42315c2 tempest-VolumesActionsTest-1428610006 tempest-VolumesActionsTest-1428610006-project-member] new path /v2/images/d073e5b5-17cf-4608-914a-4520c3678a5b {{(pid=102789) process_request /opt/stack/glance/glance/api/middleware/version_negotiation.py:70}}
Jun 24 12:54:47.683224 np0000003542 devstack@g-api.service[102789]: [pid: 102789|app: 0|req: 74/296] 127.0.0.1 () {40 vars in 834 bytes} [Wed Jun 24 12:54:47 2026] GET /v2/images/d073e5b5-17cf-4608-914a-4520c3678a5b => generated 1301 bytes in 15 msecs (HTTP/1.1 200) 4 headers in 158 bytes (1 switches on core 0)
Jun 24 12:54:47.714726 np0000003542 devstack@g-api.service[102786]: DEBUG glance.api.middleware.version_negotiation [None req-ef0b65e5-7312-4690-808b-b7ac1922ac01 tempest-TestStampPattern-1240669723 tempest-TestStampPattern-1240669723-project-member] Determining version of request: GET /v2/images/86a4327b-aba5-4dbd-a897-86a205306166 Accept: application/json {{(pid=102786) process_request /opt/stack/glance/glance/api/middleware/version_negotiation.py:44}}
Jun 24 12:54:47.715042 np0000003542 devstack@g-api.service[102786]: DEBUG glance.api.middleware.version_negotiation [None req-ef0b65e5-7312-4690-808b-b7ac1922ac01 tempest-TestStampPattern-1240669723 tempest-TestStampPattern-1240669723-project-member] Using url versioning {{(pid=102786) process_request /opt/stack/glance/glance/api/middleware/version_negotiation.py:57}}
Jun 24 12:54:47.715042 np0000003542 devstack@g-api.service[102786]: DEBUG glance.api.middleware.version_negotiation [None req-ef0b65e5-7312-4690-808b-b7ac1922ac01 tempest-TestStampPattern-1240669723 tempest-TestStampPattern-1240669723-project-member] Matched version: v2 {{(pid=102786) process_request /opt/stack/glance/glance/api/middleware/version_negotiation.py:69}}
Jun 24 12:54:47.715133 np0000003542 devstack@g-api.service[102786]: DEBUG glance.api.middleware.version_negotiation [None req-ef0b65e5-7312-4690-808b-b7ac1922ac01 tempest-TestStampPattern-1240669723 tempest-TestStampPattern-1240669723-project-member] new path /v2/images/86a4327b-aba5-4dbd-a897-86a205306166 {{(pid=102786) process_request /opt/stack/glance/glance/api/middleware/version_negotiation.py:70}}
Jun 24 12:54:47.718004 np0000003542 devstack@g-api.service[102788]: DEBUG dbcounter [-] [102788] Writing DB stats glance:SELECT=23,glance:UPDATE=2,glance:INSERT=3 {{(pid=102788) stat_writer /opt/stack/data/venv/lib/python3.12/site-packages/dbcounter.py:115}}
Jun 24 12:54:47.719596 np0000003542 devstack@g-api.service[102788]: DEBUG swiftclient [None req-82ad7539-afa8-43dd-acf2-ef835ef33a0b tempest-VolumesActionsTest-1428610006 tempest-VolumesActionsTest-1428610006-project-member] REQ: curl -i https://10.4.3.78:8080/v1/AUTH_e225a91ff058431081cbf86c8ce5c699/glance/86a4327b-aba5-4dbd-a897-86a205306166-00005 -X PUT -H "X-Auth-Token: gAAAAABqO9ONrvW6..." {{(pid=102788) http_log /opt/stack/data/venv/lib/python3.12/site-packages/swiftclient/client.py:160}}
Jun 24 12:54:47.719652 np0000003542 devstack@g-api.service[102788]: DEBUG swiftclient [None req-82ad7539-afa8-43dd-acf2-ef835ef33a0b tempest-VolumesActionsTest-1428610006 tempest-VolumesActionsTest-1428610006-project-member] RESP STATUS: 201 Created {{(pid=102788) http_log /opt/stack/data/venv/lib/python3.12/site-packages/swiftclient/client.py:161}}
Jun 24 12:54:47.719810 np0000003542 devstack@g-api.service[102788]: DEBUG swiftclient [None req-82ad7539-afa8-43dd-acf2-ef835ef33a0b tempest-VolumesActionsTest-1428610006 tempest-VolumesActionsTest-1428610006-project-member] RESP HEADERS: {'Date': 'Wed, 24 Jun 2026 12:54:47 GMT', 'Server': 'Apache/2.4.58 (Ubuntu)', 'Content-Type': 'text/html; charset=UTF-8', 'Content-Length': '0', 'Etag': 'eda9a9889837ac4bc81d6387d92c1bec', 'Last-Modified': 'Wed, 24 Jun 2026 12:54:46 GMT', 'X-Trans-Id': 'tx84c8fc8d7c434c3d882a2-006a3bd395', 'X-Openstack-Request-Id': 'tx84c8fc8d7c434c3d882a2-006a3bd395', 'Connection': 'close'} {{(pid=102788) http_log /opt/stack/data/venv/lib/python3.12/site-packages/swiftclient/client.py:162}}
Jun 24 12:54:47.719934 np0000003542 devstack@g-api.service[102788]: DEBUG glance_store._drivers.swift.store [None req-82ad7539-afa8-43dd-acf2-ef835ef33a0b tempest-VolumesActionsTest-1428610006 tempest-VolumesActionsTest-1428610006-project-member] Wrote chunk 86a4327b-aba5-4dbd-a897-86a205306166-00005 (5/?) of length 204800000 to Swift returning MD5 of content: eda9a9889837ac4bc81d6387d92c1bec {{(pid=102788) add /opt/stack/data/venv/lib/python3.12/site-packages/glance_store/_drivers/swift/store.py:1059}}
Jun 24 12:54:47.731634 np0000003542 devstack@g-api.service[102786]: [pid: 102786|app: 0|req: 79/297] 127.0.0.1 () {40 vars in 834 bytes} [Wed Jun 24 12:54:47 2026] GET /v2/images/86a4327b-aba5-4dbd-a897-86a205306166 => generated 650 bytes in 16 msecs (HTTP/1.1 200) 4 headers in 157 bytes (1 switches on core 0)
Jun 24 12:54:47.776920 np0000003542 devstack@g-api.service[102787]: DEBUG glance.api.middleware.version_negotiation [None req-28f96a93-a0e6-4cee-ac53-309ceaf20707 tempest-VolumesActionsTest-1428610006 tempest-VolumesActionsTest-1428610006-project-member] Determining version of request: GET /v2/images/d073e5b5-17cf-4608-914a-4520c3678a5b Accept: */* {{(pid=102787) process_request /opt/stack/glance/glance/api/middleware/version_negotiation.py:44}}
Jun 24 12:54:47.776920 np0000003542 devstack@g-api.service[102787]: DEBUG glance.api.middleware.version_negotiation [None req-28f96a93-a0e6-4cee-ac53-309ceaf20707 tempest-VolumesActionsTest-1428610006 tempest-VolumesActionsTest-1428610006-project-member] Using url versioning {{(pid=102787) process_request /opt/stack/glance/glance/api/middleware/version_negotiation.py:57}}
Jun 24 12:54:47.776920 np0000003542 devstack@g-api.service[102787]: DEBUG glance.api.middleware.version_negotiation [None req-28f96a93-a0e6-4cee-ac53-309ceaf20707 tempest-VolumesActionsTest-1428610006 tempest-VolumesActionsTest-1428610006-project-member] Matched version: v2 {{(pid=102787) process_request /opt/stack/glance/glance/api/middleware/version_negotiation.py:69}}
Jun 24 12:54:47.777751 np0000003542 devstack@g-api.service[102787]: DEBUG glance.api.middleware.version_negotiation [None req-28f96a93-a0e6-4cee-ac53-309ceaf20707 tempest-VolumesActionsTest-1428610006 tempest-VolumesActionsTest-1428610006-project-member] new path /v2/images/d073e5b5-17cf-4608-914a-4520c3678a5b {{(pid=102787) process_request /opt/stack/glance/glance/api/middleware/version_negotiation.py:70}}
Jun 24 12:54:47.790907 np0000003542 devstack@g-api.service[102787]: [pid: 102787|app: 0|req: 76/298] 127.0.0.1 () {44 vars in 1111 bytes} [Wed Jun 24 12:54:47 2026] GET /v2/images/d073e5b5-17cf-4608-914a-4520c3678a5b => generated 1301 bytes in 14 msecs (HTTP/1.1 200) 4 headers in 158 bytes (1 switches on core 0)
Jun 24 12:54:47.852227 np0000003542 devstack@g-api.service[102789]: DEBUG glance.api.middleware.version_negotiation [None req-f64860a1-fea8-4964-a384-d95f05042f33 tempest-TestStampPattern-1240669723 tempest-TestStampPattern-1240669723-project-member] Determining version of request: GET /v2/schemas/image Accept: */* {{(pid=102789) process_request /opt/stack/glance/glance/api/middleware/version_negotiation.py:44}}
Jun 24 12:54:47.852619 np0000003542 devstack@g-api.service[102789]: DEBUG glance.api.middleware.version_negotiation [None req-f64860a1-fea8-4964-a384-d95f05042f33 tempest-TestStampPattern-1240669723 tempest-TestStampPattern-1240669723-project-member] Using url versioning {{(pid=102789) process_request /opt/stack/glance/glance/api/middleware/version_negotiation.py:57}}
Jun 24 12:54:47.852619 np0000003542 devstack@g-api.service[102789]: DEBUG glance.api.middleware.version_negotiation [None req-f64860a1-fea8-4964-a384-d95f05042f33 tempest-TestStampPattern-1240669723 tempest-TestStampPattern-1240669723-project-member] Matched version: v2 {{(pid=102789) process_request /opt/stack/glance/glance/api/middleware/version_negotiation.py:69}}
Jun 24 12:54:47.852988 np0000003542 devstack@g-api.service[102789]: DEBUG glance.api.middleware.version_negotiation [None req-f64860a1-fea8-4964-a384-d95f05042f33 tempest-TestStampPattern-1240669723 tempest-TestStampPattern-1240669723-project-member] new path /v2/schemas/image {{(pid=102789) process_request /opt/stack/glance/glance/api/middleware/version_negotiation.py:70}}
Jun 24 12:54:47.858100 np0000003542 devstack@g-api.service[102789]: [pid: 102789|app: 0|req: 75/299] 127.0.0.1 () {44 vars in 1051 bytes} [Wed Jun 24 12:54:47 2026] GET /v2/schemas/image => generated 6083 bytes in 6 msecs (HTTP/1.1 200) 4 headers in 158 bytes (1 switches on core 0)
Jun 24 12:54:47.927060 np0000003542 devstack@g-api.service[102786]: DEBUG glance.api.middleware.version_negotiation [None req-8d726a4c-7958-453e-a5be-7062c52b17f6 tempest-VolumesActionsTest-1428610006 tempest-VolumesActionsTest-1428610006-project-member] Determining version of request: GET /v2/schemas/image Accept: */* {{(pid=102786) process_request /opt/stack/glance/glance/api/middleware/version_negotiation.py:44}}
Jun 24 12:54:47.927222 np0000003542 devstack@g-api.service[102786]: DEBUG glance.api.middleware.version_negotiation [None req-8d726a4c-7958-453e-a5be-7062c52b17f6 tempest-VolumesActionsTest-1428610006 tempest-VolumesActionsTest-1428610006-project-member] Using url versioning {{(pid=102786) process_request /opt/stack/glance/glance/api/middleware/version_negotiation.py:57}}
Jun 24 12:54:47.927553 np0000003542 devstack@g-api.service[102786]: DEBUG glance.api.middleware.version_negotiation [None req-8d726a4c-7958-453e-a5be-7062c52b17f6 tempest-VolumesActionsTest-1428610006 tempest-VolumesActionsTest-1428610006-project-member] Matched version: v2 {{(pid=102786) process_request /opt/stack/glance/glance/api/middleware/version_negotiation.py:69}}
Jun 24 12:54:47.927553 np0000003542 devstack@g-api.service[102786]: DEBUG glance.api.middleware.version_negotiation [None req-8d726a4c-7958-453e-a5be-7062c52b17f6 tempest-VolumesActionsTest-1428610006 tempest-VolumesActionsTest-1428610006-project-member] new path /v2/schemas/image {{(pid=102786) process_request /opt/stack/glance/glance/api/middleware/version_negotiation.py:70}}
Jun 24 12:54:47.930157 np0000003542 devstack@g-api.service[102786]: [pid: 102786|app: 0|req: 80/300] 127.0.0.1 () {44 vars in 1051 bytes} [Wed Jun 24 12:54:47 2026] GET /v2/schemas/image => generated 6083 bytes in 3 msecs (HTTP/1.1 200) 4 headers in 158 bytes (1 switches on core 0)
Jun 24 12:54:47.968650 np0000003542 devstack@g-api.service[102787]: DEBUG glance.api.middleware.version_negotiation [None req-d34fb083-ec59-43a5-9529-95c2a5cef938 tempest-TestStampPattern-1240669723 tempest-TestStampPattern-1240669723-project-member] Determining version of request: PATCH /v2/images/d073e5b5-17cf-4608-914a-4520c3678a5b Accept: */* {{(pid=102787) process_request /opt/stack/glance/glance/api/middleware/version_negotiation.py:44}}
Jun 24 12:54:47.968650 np0000003542 devstack@g-api.service[102787]: DEBUG glance.api.middleware.version_negotiation [None req-d34fb083-ec59-43a5-9529-95c2a5cef938 tempest-TestStampPattern-1240669723 tempest-TestStampPattern-1240669723-project-member] Using url versioning {{(pid=102787) process_request /opt/stack/glance/glance/api/middleware/version_negotiation.py:57}}
Jun 24 12:54:47.968650 np0000003542 devstack@g-api.service[102787]: DEBUG glance.api.middleware.version_negotiation [None req-d34fb083-ec59-43a5-9529-95c2a5cef938 tempest-TestStampPattern-1240669723 tempest-TestStampPattern-1240669723-project-member] Matched version: v2 {{(pid=102787) process_request /opt/stack/glance/glance/api/middleware/version_negotiation.py:69}}
Jun 24 12:54:47.968650 np0000003542 devstack@g-api.service[102787]: DEBUG glance.api.middleware.version_negotiation [None req-d34fb083-ec59-43a5-9529-95c2a5cef938 tempest-TestStampPattern-1240669723 tempest-TestStampPattern-1240669723-project-member] new path /v2/images/d073e5b5-17cf-4608-914a-4520c3678a5b {{(pid=102787) process_request /opt/stack/glance/glance/api/middleware/version_negotiation.py:70}}
Jun 24 12:54:48.110791 np0000003542 devstack@g-api.service[102787]: [pid: 102787|app: 0|req: 77/301] 127.0.0.1 () {46 vars in 1154 bytes} [Wed Jun 24 12:54:47 2026] PATCH /v2/images/d073e5b5-17cf-4608-914a-4520c3678a5b => generated 1412 bytes in 143 msecs (HTTP/1.1 200) 4 headers in 158 bytes (1 switches on core 0)
Jun 24 12:54:48.162137 np0000003542 devstack@g-api.service[102789]: DEBUG glance.api.middleware.version_negotiation [None req-d34fb083-ec59-43a5-9529-95c2a5cef938 tempest-TestStampPattern-1240669723 tempest-TestStampPattern-1240669723-project-member] Determining version of request: GET /v2/images/d073e5b5-17cf-4608-914a-4520c3678a5b Accept: */* {{(pid=102789) process_request /opt/stack/glance/glance/api/middleware/version_negotiation.py:44}}
Jun 24 12:54:48.162137 np0000003542 devstack@g-api.service[102789]: DEBUG glance.api.middleware.version_negotiation [None req-d34fb083-ec59-43a5-9529-95c2a5cef938 tempest-TestStampPattern-1240669723 tempest-TestStampPattern-1240669723-project-member] Using url versioning {{(pid=102789) process_request /opt/stack/glance/glance/api/middleware/version_negotiation.py:57}}
Jun 24 12:54:48.162137 np0000003542 devstack@g-api.service[102789]: DEBUG glance.api.middleware.version_negotiation [None req-d34fb083-ec59-43a5-9529-95c2a5cef938 tempest-TestStampPattern-1240669723 tempest-TestStampPattern-1240669723-project-member] Matched version: v2 {{(pid=102789) process_request /opt/stack/glance/glance/api/middleware/version_negotiation.py:69}}
Jun 24 12:54:48.162137 np0000003542 devstack@g-api.service[102789]: DEBUG glance.api.middleware.version_negotiation [None req-d34fb083-ec59-43a5-9529-95c2a5cef938 tempest-TestStampPattern-1240669723 tempest-TestStampPattern-1240669723-project-member] new path /v2/images/d073e5b5-17cf-4608-914a-4520c3678a5b {{(pid=102789) process_request /opt/stack/glance/glance/api/middleware/version_negotiation.py:70}}
Jun 24 12:54:48.175494 np0000003542 devstack@g-api.service[102789]: [pid: 102789|app: 0|req: 76/302] 127.0.0.1 () {44 vars in 1111 bytes} [Wed Jun 24 12:54:48 2026] GET /v2/images/d073e5b5-17cf-4608-914a-4520c3678a5b => generated 1412 bytes in 14 msecs (HTTP/1.1 200) 4 headers in 158 bytes (1 switches on core 0)
Jun 24 12:54:48.206129 np0000003542 devstack@g-api.service[102788]: DEBUG swiftclient [None req-82ad7539-afa8-43dd-acf2-ef835ef33a0b tempest-VolumesActionsTest-1428610006 tempest-VolumesActionsTest-1428610006-project-member] REQ: curl -i https://10.4.3.78:8080/v1/AUTH_e225a91ff058431081cbf86c8ce5c699/glance/86a4327b-aba5-4dbd-a897-86a205306166-00006 -X PUT -H "X-Auth-Token: gAAAAABqO9ONrvW6..." {{(pid=102788) http_log /opt/stack/data/venv/lib/python3.12/site-packages/swiftclient/client.py:160}}
Jun 24 12:54:48.206299 np0000003542 devstack@g-api.service[102788]: DEBUG swiftclient [None req-82ad7539-afa8-43dd-acf2-ef835ef33a0b tempest-VolumesActionsTest-1428610006 tempest-VolumesActionsTest-1428610006-project-member] RESP STATUS: 201 Created {{(pid=102788) http_log /opt/stack/data/venv/lib/python3.12/site-packages/swiftclient/client.py:161}}
Jun 24 12:54:48.206514 np0000003542 devstack@g-api.service[102788]: DEBUG swiftclient [None req-82ad7539-afa8-43dd-acf2-ef835ef33a0b tempest-VolumesActionsTest-1428610006 tempest-VolumesActionsTest-1428610006-project-member] RESP HEADERS: {'Date': 'Wed, 24 Jun 2026 12:54:48 GMT', 'Server': 'Apache/2.4.58 (Ubuntu)', 'Content-Type': 'text/html; charset=UTF-8', 'Content-Length': '0', 'Etag': '708761f3b8777ec77058e63da08eeeb6', 'Last-Modified': 'Wed, 24 Jun 2026 12:54:48 GMT', 'X-Trans-Id': 'tx5f28f033320f4d4a97795-006a3bd397', 'X-Openstack-Request-Id': 'tx5f28f033320f4d4a97795-006a3bd397', 'Connection': 'close'} {{(pid=102788) http_log /opt/stack/data/venv/lib/python3.12/site-packages/swiftclient/client.py:162}}
Jun 24 12:54:48.207027 np0000003542 devstack@g-api.service[102788]: DEBUG glance_store._drivers.swift.store [None req-82ad7539-afa8-43dd-acf2-ef835ef33a0b tempest-VolumesActionsTest-1428610006 tempest-VolumesActionsTest-1428610006-project-member] Wrote chunk 86a4327b-aba5-4dbd-a897-86a205306166-00006 (6/?) of length 49741824 to Swift returning MD5 of content: 708761f3b8777ec77058e63da08eeeb6 {{(pid=102788) add /opt/stack/data/venv/lib/python3.12/site-packages/glance_store/_drivers/swift/store.py:1059}}
Jun 24 12:54:48.207027 np0000003542 devstack@g-api.service[102788]: DEBUG glance_store._drivers.swift.store [None req-82ad7539-afa8-43dd-acf2-ef835ef33a0b tempest-VolumesActionsTest-1428610006 tempest-VolumesActionsTest-1428610006-project-member] Not writing zero-length chunk. {{(pid=102788) add /opt/stack/data/venv/lib/python3.12/site-packages/glance_store/_drivers/swift/store.py:1028}}
Jun 24 12:54:48.231619 np0000003542 devstack@g-api.service[102788]: DEBUG swiftclient [None req-82ad7539-afa8-43dd-acf2-ef835ef33a0b tempest-VolumesActionsTest-1428610006 tempest-VolumesActionsTest-1428610006-project-member] REQ: curl -i https://10.4.3.78:8080/v1/AUTH_e225a91ff058431081cbf86c8ce5c699/glance/86a4327b-aba5-4dbd-a897-86a205306166 -X PUT -H "X-Object-Manifest: glance/86a4327b-aba5-4dbd-a897-86a205306166-" -H "X-Auth-Token: gAAAAABqO9ONrvW6..." -H "Content-Length: 0" {{(pid=102788) http_log /opt/stack/data/venv/lib/python3.12/site-packages/swiftclient/client.py:160}}
Jun 24 12:54:48.231808 np0000003542 devstack@g-api.service[102788]: DEBUG swiftclient [None req-82ad7539-afa8-43dd-acf2-ef835ef33a0b tempest-VolumesActionsTest-1428610006 tempest-VolumesActionsTest-1428610006-project-member] RESP STATUS: 201 Created {{(pid=102788) http_log /opt/stack/data/venv/lib/python3.12/site-packages/swiftclient/client.py:161}}
Jun 24 12:54:48.232017 np0000003542 devstack@g-api.service[102788]: DEBUG swiftclient [None req-82ad7539-afa8-43dd-acf2-ef835ef33a0b tempest-VolumesActionsTest-1428610006 tempest-VolumesActionsTest-1428610006-project-member] RESP HEADERS: {'Date': 'Wed, 24 Jun 2026 12:54:48 GMT', 'Server': 'Apache/2.4.58 (Ubuntu)', 'Content-Type': 'text/html; charset=UTF-8', 'Content-Length': '0', 'Etag': 'd41d8cd98f00b204e9800998ecf8427e', 'Last-Modified': 'Wed, 24 Jun 2026 12:54:49 GMT', 'X-Trans-Id': 'tx45a234b6465a414fa758c-006a3bd398', 'X-Openstack-Request-Id': 'tx45a234b6465a414fa758c-006a3bd398', 'Connection': 'close'} {{(pid=102788) http_log /opt/stack/data/venv/lib/python3.12/site-packages/swiftclient/client.py:162}}
Jun 24 12:54:48.232561 np0000003542 devstack@g-api.service[102786]: DEBUG glance.api.middleware.version_negotiation [None req-d34fb083-ec59-43a5-9529-95c2a5cef938 tempest-TestStampPattern-1240669723 tempest-TestStampPattern-1240669723-project-member] Determining version of request: PUT /v2/images/d073e5b5-17cf-4608-914a-4520c3678a5b/file Accept: */* {{(pid=102786) process_request /opt/stack/glance/glance/api/middleware/version_negotiation.py:44}}
Jun 24 12:54:48.232643 np0000003542 devstack@g-api.service[102788]: INFO glance.location [None req-82ad7539-afa8-43dd-acf2-ef835ef33a0b tempest-VolumesActionsTest-1428610006 tempest-VolumesActionsTest-1428610006-project-member] Image format matched and virtual size computed: 1073741824
Jun 24 12:54:48.233369 np0000003542 devstack@g-api.service[102786]: DEBUG glance.api.middleware.version_negotiation [None req-d34fb083-ec59-43a5-9529-95c2a5cef938 tempest-TestStampPattern-1240669723 tempest-TestStampPattern-1240669723-project-member] Using url versioning {{(pid=102786) process_request /opt/stack/glance/glance/api/middleware/version_negotiation.py:57}}
Jun 24 12:54:48.233369 np0000003542 devstack@g-api.service[102786]: DEBUG glance.api.middleware.version_negotiation [None req-d34fb083-ec59-43a5-9529-95c2a5cef938 tempest-TestStampPattern-1240669723 tempest-TestStampPattern-1240669723-project-member] Matched version: v2 {{(pid=102786) process_request /opt/stack/glance/glance/api/middleware/version_negotiation.py:69}}
Jun 24 12:54:48.233369 np0000003542 devstack@g-api.service[102786]: DEBUG glance.api.middleware.version_negotiation [None req-d34fb083-ec59-43a5-9529-95c2a5cef938 tempest-TestStampPattern-1240669723 tempest-TestStampPattern-1240669723-project-member] new path /v2/images/d073e5b5-17cf-4608-914a-4520c3678a5b/file {{(pid=102786) process_request /opt/stack/glance/glance/api/middleware/version_negotiation.py:70}}
Jun 24 12:54:48.262280 np0000003542 devstack@g-api.service[102788]: DEBUG glance_store.backend [None req-82ad7539-afa8-43dd-acf2-ef835ef33a0b tempest-VolumesActionsTest-1428610006 tempest-VolumesActionsTest-1428610006-project-member] Attempting to import store swift {{(pid=102788) _load_store /opt/stack/data/venv/lib/python3.12/site-packages/glance_store/backend.py:215}}
Jun 24 12:54:48.263450 np0000003542 devstack@g-api.service[102788]: DEBUG glance_store.capabilities [None req-82ad7539-afa8-43dd-acf2-ef835ef33a0b tempest-VolumesActionsTest-1428610006 tempest-VolumesActionsTest-1428610006-project-member] Store glance_store._drivers.swift.store.SingleTenantStore doesn't support updating dynamic storage capabilities. Please overwrite 'update_capabilities' method of the store to implement updating logics if needed. {{(pid=102788) update_capabilities /opt/stack/data/venv/lib/python3.12/site-packages/glance_store/capabilities.py:91}}
Jun 24 12:54:48.263537 np0000003542 devstack@g-api.service[102788]: DEBUG glance_store.driver [None req-82ad7539-afa8-43dd-acf2-ef835ef33a0b tempest-VolumesActionsTest-1428610006 tempest-VolumesActionsTest-1428610006-project-member] Late loading location class glance_store._drivers.swift.store.StoreLocation {{(pid=102788) get_store_location_class /opt/stack/data/venv/lib/python3.12/site-packages/glance_store/driver.py:134}}
Jun 24 12:54:48.263645 np0000003542 devstack@g-api.service[102788]: DEBUG glance_store.location [None req-82ad7539-afa8-43dd-acf2-ef835ef33a0b tempest-VolumesActionsTest-1428610006 tempest-VolumesActionsTest-1428610006-project-member] Registering scheme swift+https with {'store': , 'location_class': , 'store_entry': 'swift'} {{(pid=102788) register_scheme_map /opt/stack/data/venv/lib/python3.12/site-packages/glance_store/location.py:146}}
Jun 24 12:54:48.263724 np0000003542 devstack@g-api.service[102788]: DEBUG glance_store.location [None req-82ad7539-afa8-43dd-acf2-ef835ef33a0b tempest-VolumesActionsTest-1428610006 tempest-VolumesActionsTest-1428610006-project-member] Registering scheme swift+https with {'store': , 'location_class': , 'store_entry': 'swift'} {{(pid=102788) register_scheme_map /opt/stack/data/venv/lib/python3.12/site-packages/glance_store/location.py:146}}
Jun 24 12:54:48.263766 np0000003542 devstack@g-api.service[102788]: DEBUG glance_store.location [None req-82ad7539-afa8-43dd-acf2-ef835ef33a0b tempest-VolumesActionsTest-1428610006 tempest-VolumesActionsTest-1428610006-project-member] Registering scheme swift with {'store': , 'location_class': , 'store_entry': 'swift'} {{(pid=102788) register_scheme_map /opt/stack/data/venv/lib/python3.12/site-packages/glance_store/location.py:146}}
Jun 24 12:54:48.263851 np0000003542 devstack@g-api.service[102788]: DEBUG glance_store.location [None req-82ad7539-afa8-43dd-acf2-ef835ef33a0b tempest-VolumesActionsTest-1428610006 tempest-VolumesActionsTest-1428610006-project-member] Registering scheme swift+https with {'store': , 'location_class': , 'store_entry': 'swift'} {{(pid=102788) register_scheme_map /opt/stack/data/venv/lib/python3.12/site-packages/glance_store/location.py:146}}
Jun 24 12:54:48.263913 np0000003542 devstack@g-api.service[102788]: DEBUG glance_store.location [None req-82ad7539-afa8-43dd-acf2-ef835ef33a0b tempest-VolumesActionsTest-1428610006 tempest-VolumesActionsTest-1428610006-project-member] Registering scheme swift with {'store': , 'location_class': , 'store_entry': 'swift'} {{(pid=102788) register_scheme_map /opt/stack/data/venv/lib/python3.12/site-packages/glance_store/location.py:146}}
Jun 24 12:54:48.263976 np0000003542 devstack@g-api.service[102788]: DEBUG glance_store.location [None req-82ad7539-afa8-43dd-acf2-ef835ef33a0b tempest-VolumesActionsTest-1428610006 tempest-VolumesActionsTest-1428610006-project-member] Registering scheme swift+http with {'store': , 'location_class': , 'store_entry': 'swift'} {{(pid=102788) register_scheme_map /opt/stack/data/venv/lib/python3.12/site-packages/glance_store/location.py:146}}
Jun 24 12:54:48.264043 np0000003542 devstack@g-api.service[102788]: DEBUG glance_store.location [None req-82ad7539-afa8-43dd-acf2-ef835ef33a0b tempest-VolumesActionsTest-1428610006 tempest-VolumesActionsTest-1428610006-project-member] Registering scheme swift+https with {'store': , 'location_class': , 'store_entry': 'swift'} {{(pid=102788) register_scheme_map /opt/stack/data/venv/lib/python3.12/site-packages/glance_store/location.py:146}}
Jun 24 12:54:48.264108 np0000003542 devstack@g-api.service[102788]: DEBUG glance_store.location [None req-82ad7539-afa8-43dd-acf2-ef835ef33a0b tempest-VolumesActionsTest-1428610006 tempest-VolumesActionsTest-1428610006-project-member] Registering scheme swift with {'store': , 'location_class': , 'store_entry': 'swift'} {{(pid=102788) register_scheme_map /opt/stack/data/venv/lib/python3.12/site-packages/glance_store/location.py:146}}
Jun 24 12:54:48.264177 np0000003542 devstack@g-api.service[102788]: DEBUG glance_store.location [None req-82ad7539-afa8-43dd-acf2-ef835ef33a0b tempest-VolumesActionsTest-1428610006 tempest-VolumesActionsTest-1428610006-project-member] Registering scheme swift+http with {'store': , 'location_class': , 'store_entry': 'swift'} {{(pid=102788) register_scheme_map /opt/stack/data/venv/lib/python3.12/site-packages/glance_store/location.py:146}}
Jun 24 12:54:48.264234 np0000003542 devstack@g-api.service[102788]: DEBUG glance_store.location [None req-82ad7539-afa8-43dd-acf2-ef835ef33a0b tempest-VolumesActionsTest-1428610006 tempest-VolumesActionsTest-1428610006-project-member] Registering scheme swift+config with {'store': , 'location_class': , 'store_entry': 'swift'} {{(pid=102788) register_scheme_map /opt/stack/data/venv/lib/python3.12/site-packages/glance_store/location.py:146}}
Jun 24 12:54:48.264327 np0000003542 devstack@g-api.service[102788]: DEBUG glance_store.backend [None req-82ad7539-afa8-43dd-acf2-ef835ef33a0b tempest-VolumesActionsTest-1428610006 tempest-VolumesActionsTest-1428610006-project-member] Skipping store.set_acls... not implemented. {{(pid=102788) set_acls /opt/stack/data/venv/lib/python3.12/site-packages/glance_store/backend.py:507}}
Jun 24 12:54:48.265900 np0000003542 devstack@g-api.service[102788]: [pid: 102788|app: 0|req: 70/303] 127.0.0.1 () {46 vars in 1154 bytes} [Wed Jun 24 12:54:36 2026] PUT /v2/images/86a4327b-aba5-4dbd-a897-86a205306166/file => generated 0 bytes in 11414 msecs (HTTP/1.1 204) 4 headers in 171 bytes (1 switches on core 0)
Jun 24 12:54:48.280019 np0000003542 devstack@g-api.service[102787]: DEBUG glance.api.middleware.version_negotiation [None req-d34fb083-ec59-43a5-9529-95c2a5cef938 tempest-TestStampPattern-1240669723 tempest-TestStampPattern-1240669723-project-member] Determining version of request: GET /v2/images/86a4327b-aba5-4dbd-a897-86a205306166 Accept: */* {{(pid=102787) process_request /opt/stack/glance/glance/api/middleware/version_negotiation.py:44}}
Jun 24 12:54:48.280019 np0000003542 devstack@g-api.service[102787]: DEBUG glance.api.middleware.version_negotiation [None req-d34fb083-ec59-43a5-9529-95c2a5cef938 tempest-TestStampPattern-1240669723 tempest-TestStampPattern-1240669723-project-member] Using url versioning {{(pid=102787) process_request /opt/stack/glance/glance/api/middleware/version_negotiation.py:57}}
Jun 24 12:54:48.280019 np0000003542 devstack@g-api.service[102787]: DEBUG glance.api.middleware.version_negotiation [None req-d34fb083-ec59-43a5-9529-95c2a5cef938 tempest-TestStampPattern-1240669723 tempest-TestStampPattern-1240669723-project-member] Matched version: v2 {{(pid=102787) process_request /opt/stack/glance/glance/api/middleware/version_negotiation.py:69}}
Jun 24 12:54:48.280019 np0000003542 devstack@g-api.service[102787]: DEBUG glance.api.middleware.version_negotiation [None req-d34fb083-ec59-43a5-9529-95c2a5cef938 tempest-TestStampPattern-1240669723 tempest-TestStampPattern-1240669723-project-member] new path /v2/images/86a4327b-aba5-4dbd-a897-86a205306166 {{(pid=102787) process_request /opt/stack/glance/glance/api/middleware/version_negotiation.py:70}}
Jun 24 12:54:48.291428 np0000003542 devstack@g-api.service[102787]: [pid: 102787|app: 0|req: 78/304] 127.0.0.1 () {44 vars in 1111 bytes} [Wed Jun 24 12:54:48 2026] GET /v2/images/86a4327b-aba5-4dbd-a897-86a205306166 => generated 822 bytes in 14 msecs (HTTP/1.1 200) 4 headers in 157 bytes (1 switches on core 0)
Jun 24 12:54:48.306942 np0000003542 devstack@g-api.service[102789]: DEBUG glance.api.middleware.version_negotiation [None req-d34fb083-ec59-43a5-9529-95c2a5cef938 tempest-TestStampPattern-1240669723 tempest-TestStampPattern-1240669723-project-member] Determining version of request: GET /v2/schemas/image Accept: */* {{(pid=102789) process_request /opt/stack/glance/glance/api/middleware/version_negotiation.py:44}}
