Jun 24 12:47:08.041302 np0000003542 nova-scheduler[96416]: DEBUG cotyledon.oslo_config_glue [-] profiler.es_scroll_size = 10000 {{(pid=96416) log_opt_values /opt/stack/data/venv/lib/python3.12/site-packages/oslo_config/cfg.py:3253}}
Jun 24 12:47:08.041302 np0000003542 nova-scheduler[96416]: DEBUG cotyledon.oslo_config_glue [-] profiler.es_scroll_time = 2m {{(pid=96416) log_opt_values /opt/stack/data/venv/lib/python3.12/site-packages/oslo_config/cfg.py:3253}}
Jun 24 12:47:08.041302 np0000003542 nova-scheduler[96416]: DEBUG cotyledon.oslo_config_glue [-] profiler.filter_error_trace = False {{(pid=96416) log_opt_values /opt/stack/data/venv/lib/python3.12/site-packages/oslo_config/cfg.py:3253}}
Jun 24 12:47:08.041302 np0000003542 nova-scheduler[96416]: DEBUG cotyledon.oslo_config_glue [-] profiler.hmac_keys = **** {{(pid=96416) log_opt_values /opt/stack/data/venv/lib/python3.12/site-packages/oslo_config/cfg.py:3253}}
Jun 24 12:47:08.041302 np0000003542 nova-scheduler[96416]: DEBUG cotyledon.oslo_config_glue [-] profiler.sentinel_service_name = mymaster {{(pid=96416) log_opt_values /opt/stack/data/venv/lib/python3.12/site-packages/oslo_config/cfg.py:3253}}
Jun 24 12:47:08.041302 np0000003542 nova-scheduler[96416]: DEBUG cotyledon.oslo_config_glue [-] profiler.socket_timeout = 0.1 {{(pid=96416) log_opt_values /opt/stack/data/venv/lib/python3.12/site-packages/oslo_config/cfg.py:3253}}
Jun 24 12:47:08.041302 np0000003542 nova-scheduler[96416]: DEBUG cotyledon.oslo_config_glue [-] profiler.trace_requests = False {{(pid=96416) log_opt_values /opt/stack/data/venv/lib/python3.12/site-packages/oslo_config/cfg.py:3253}}
Jun 24 12:47:08.041579 np0000003542 nova-scheduler[96416]: DEBUG cotyledon.oslo_config_glue [-] profiler.trace_sqlalchemy = False {{(pid=96416) log_opt_values /opt/stack/data/venv/lib/python3.12/site-packages/oslo_config/cfg.py:3253}}
Jun 24 12:47:08.041579 np0000003542 nova-scheduler[96416]: DEBUG cotyledon.oslo_config_glue [-] profiler_jaeger.process_tags = {} {{(pid=96416) log_opt_values /opt/stack/data/venv/lib/python3.12/site-packages/oslo_config/cfg.py:3253}}
Jun 24 12:47:08.041579 np0000003542 nova-scheduler[96416]: DEBUG cotyledon.oslo_config_glue [-] profiler_jaeger.service_name_prefix = None {{(pid=96416) log_opt_values /opt/stack/data/venv/lib/python3.12/site-packages/oslo_config/cfg.py:3253}}
Jun 24 12:47:08.041579 np0000003542 nova-scheduler[96416]: DEBUG cotyledon.oslo_config_glue [-] profiler_otlp.service_name_prefix = None {{(pid=96416) log_opt_values /opt/stack/data/venv/lib/python3.12/site-packages/oslo_config/cfg.py:3253}}
Jun 24 12:47:08.041579 np0000003542 nova-scheduler[96416]: DEBUG cotyledon.oslo_config_glue [-] oslo_messaging_rabbit.amqp_auto_delete = False {{(pid=96416) log_opt_values /opt/stack/data/venv/lib/python3.12/site-packages/oslo_config/cfg.py:3253}}
Jun 24 12:47:08.041579 np0000003542 nova-scheduler[96416]: DEBUG cotyledon.oslo_config_glue [-] oslo_messaging_rabbit.amqp_durable_queues = False {{(pid=96416) log_opt_values /opt/stack/data/venv/lib/python3.12/site-packages/oslo_config/cfg.py:3253}}
Jun 24 12:47:08.041579 np0000003542 nova-scheduler[96416]: DEBUG cotyledon.oslo_config_glue [-] oslo_messaging_rabbit.conn_pool_min_size = 2 {{(pid=96416) log_opt_values /opt/stack/data/venv/lib/python3.12/site-packages/oslo_config/cfg.py:3253}}
Jun 24 12:47:08.041579 np0000003542 nova-scheduler[96416]: DEBUG cotyledon.oslo_config_glue [-] oslo_messaging_rabbit.conn_pool_ttl = 1200 {{(pid=96416) log_opt_values /opt/stack/data/venv/lib/python3.12/site-packages/oslo_config/cfg.py:3253}}
Jun 24 12:47:08.041579 np0000003542 nova-scheduler[96416]: DEBUG cotyledon.oslo_config_glue [-] oslo_messaging_rabbit.direct_mandatory_flag = True {{(pid=96416) log_opt_values /opt/stack/data/venv/lib/python3.12/site-packages/oslo_config/cfg.py:3253}}
Jun 24 12:47:08.041876 np0000003542 nova-scheduler[96416]: DEBUG cotyledon.oslo_config_glue [-] oslo_messaging_rabbit.enable_cancel_on_failover = False {{(pid=96416) log_opt_values /opt/stack/data/venv/lib/python3.12/site-packages/oslo_config/cfg.py:3253}}
Jun 24 12:47:08.041876 np0000003542 nova-scheduler[96416]: DEBUG cotyledon.oslo_config_glue [-] oslo_messaging_rabbit.heartbeat_rate = 3 {{(pid=96416) log_opt_values /opt/stack/data/venv/lib/python3.12/site-packages/oslo_config/cfg.py:3253}}
Jun 24 12:47:08.041876 np0000003542 nova-scheduler[96416]: DEBUG cotyledon.oslo_config_glue [-] oslo_messaging_rabbit.heartbeat_timeout_threshold = 60 {{(pid=96416) log_opt_values /opt/stack/data/venv/lib/python3.12/site-packages/oslo_config/cfg.py:3253}}
Jun 24 12:47:08.041876 np0000003542 nova-scheduler[96416]: DEBUG cotyledon.oslo_config_glue [-] oslo_messaging_rabbit.hostname = np0000003542 {{(pid=96416) log_opt_values /opt/stack/data/venv/lib/python3.12/site-packages/oslo_config/cfg.py:3253}}
Jun 24 12:47:08.041876 np0000003542 nova-scheduler[96416]: DEBUG cotyledon.oslo_config_glue [-] oslo_messaging_rabbit.kombu_compression = None {{(pid=96416) log_opt_values /opt/stack/data/venv/lib/python3.12/site-packages/oslo_config/cfg.py:3253}}
Jun 24 12:47:08.041876 np0000003542 nova-scheduler[96416]: DEBUG cotyledon.oslo_config_glue [-] oslo_messaging_rabbit.kombu_failover_strategy = round-robin {{(pid=96416) log_opt_values /opt/stack/data/venv/lib/python3.12/site-packages/oslo_config/cfg.py:3253}}
Jun 24 12:47:08.041876 np0000003542 nova-scheduler[96416]: DEBUG cotyledon.oslo_config_glue [-] oslo_messaging_rabbit.kombu_missing_consumer_retry_timeout = 60 {{(pid=96416) log_opt_values /opt/stack/data/venv/lib/python3.12/site-packages/oslo_config/cfg.py:3253}}
Jun 24 12:47:08.041876 np0000003542 nova-scheduler[96416]: DEBUG cotyledon.oslo_config_glue [-] oslo_messaging_rabbit.kombu_reconnect_delay = 1.0 {{(pid=96416) log_opt_values /opt/stack/data/venv/lib/python3.12/site-packages/oslo_config/cfg.py:3253}}
Jun 24 12:47:08.041876 np0000003542 nova-scheduler[96416]: DEBUG cotyledon.oslo_config_glue [-] oslo_messaging_rabbit.kombu_reconnect_splay = 0.0 {{(pid=96416) log_opt_values /opt/stack/data/venv/lib/python3.12/site-packages/oslo_config/cfg.py:3253}}
Jun 24 12:47:08.042229 np0000003542 nova-scheduler[96416]: DEBUG cotyledon.oslo_config_glue [-] oslo_messaging_rabbit.processname = nova-scheduler {{(pid=96416) log_opt_values /opt/stack/data/venv/lib/python3.12/site-packages/oslo_config/cfg.py:3253}}
Jun 24 12:47:08.042229 np0000003542 nova-scheduler[96416]: DEBUG cotyledon.oslo_config_glue [-] oslo_messaging_rabbit.rabbit_ha_queues = False {{(pid=96416) log_opt_values /opt/stack/data/venv/lib/python3.12/site-packages/oslo_config/cfg.py:3253}}
Jun 24 12:47:08.042229 np0000003542 nova-scheduler[96416]: DEBUG cotyledon.oslo_config_glue [-] oslo_messaging_rabbit.rabbit_interval_max = 30 {{(pid=96416) log_opt_values /opt/stack/data/venv/lib/python3.12/site-packages/oslo_config/cfg.py:3253}}
Jun 24 12:47:08.042229 np0000003542 nova-scheduler[96416]: DEBUG cotyledon.oslo_config_glue [-] oslo_messaging_rabbit.rabbit_login_method = AMQPLAIN {{(pid=96416) log_opt_values /opt/stack/data/venv/lib/python3.12/site-packages/oslo_config/cfg.py:3253}}
Jun 24 12:47:08.042229 np0000003542 nova-scheduler[96416]: DEBUG cotyledon.oslo_config_glue [-] oslo_messaging_rabbit.rabbit_qos_prefetch_count = 0 {{(pid=96416) log_opt_values /opt/stack/data/venv/lib/python3.12/site-packages/oslo_config/cfg.py:3253}}
Jun 24 12:47:08.042229 np0000003542 nova-scheduler[96416]: DEBUG cotyledon.oslo_config_glue [-] oslo_messaging_rabbit.rabbit_quorum_delivery_limit = 0 {{(pid=96416) log_opt_values /opt/stack/data/venv/lib/python3.12/site-packages/oslo_config/cfg.py:3253}}
Jun 24 12:47:08.042229 np0000003542 nova-scheduler[96416]: DEBUG cotyledon.oslo_config_glue [-] oslo_messaging_rabbit.rabbit_quorum_max_memory_bytes = 0 {{(pid=96416) log_opt_values /opt/stack/data/venv/lib/python3.12/site-packages/oslo_config/cfg.py:3253}}
Jun 24 12:47:08.042229 np0000003542 nova-scheduler[96416]: DEBUG cotyledon.oslo_config_glue [-] oslo_messaging_rabbit.rabbit_quorum_max_memory_length = 0 {{(pid=96416) log_opt_values /opt/stack/data/venv/lib/python3.12/site-packages/oslo_config/cfg.py:3253}}
Jun 24 12:47:08.042229 np0000003542 nova-scheduler[96416]: DEBUG cotyledon.oslo_config_glue [-] oslo_messaging_rabbit.rabbit_quorum_queue = False {{(pid=96416) log_opt_values /opt/stack/data/venv/lib/python3.12/site-packages/oslo_config/cfg.py:3253}}
Jun 24 12:47:08.042542 np0000003542 nova-scheduler[96416]: DEBUG cotyledon.oslo_config_glue [-] oslo_messaging_rabbit.rabbit_retry_backoff = 2 {{(pid=96416) log_opt_values /opt/stack/data/venv/lib/python3.12/site-packages/oslo_config/cfg.py:3253}}
Jun 24 12:47:08.042542 np0000003542 nova-scheduler[96416]: DEBUG cotyledon.oslo_config_glue [-] oslo_messaging_rabbit.rabbit_retry_interval = 1 {{(pid=96416) log_opt_values /opt/stack/data/venv/lib/python3.12/site-packages/oslo_config/cfg.py:3253}}
Jun 24 12:47:08.042542 np0000003542 nova-scheduler[96416]: DEBUG cotyledon.oslo_config_glue [-] oslo_messaging_rabbit.rabbit_stream_fanout = False {{(pid=96416) log_opt_values /opt/stack/data/venv/lib/python3.12/site-packages/oslo_config/cfg.py:3253}}
Jun 24 12:47:08.042542 np0000003542 nova-scheduler[96416]: DEBUG cotyledon.oslo_config_glue [-] oslo_messaging_rabbit.rabbit_transient_queues_ttl = 1800 {{(pid=96416) log_opt_values /opt/stack/data/venv/lib/python3.12/site-packages/oslo_config/cfg.py:3253}}
Jun 24 12:47:08.042542 np0000003542 nova-scheduler[96416]: DEBUG cotyledon.oslo_config_glue [-] oslo_messaging_rabbit.rabbit_transient_quorum_queue = False {{(pid=96416) log_opt_values /opt/stack/data/venv/lib/python3.12/site-packages/oslo_config/cfg.py:3253}}
Jun 24 12:47:08.042542 np0000003542 nova-scheduler[96416]: DEBUG cotyledon.oslo_config_glue [-] oslo_messaging_rabbit.rpc_conn_pool_size = 30 {{(pid=96416) log_opt_values /opt/stack/data/venv/lib/python3.12/site-packages/oslo_config/cfg.py:3253}}
Jun 24 12:47:08.042542 np0000003542 nova-scheduler[96416]: DEBUG cotyledon.oslo_config_glue [-] oslo_messaging_rabbit.ssl = False {{(pid=96416) log_opt_values /opt/stack/data/venv/lib/python3.12/site-packages/oslo_config/cfg.py:3253}}
Jun 24 12:47:08.042542 np0000003542 nova-scheduler[96416]: DEBUG cotyledon.oslo_config_glue [-] oslo_messaging_rabbit.ssl_ca_file = {{(pid=96416) log_opt_values /opt/stack/data/venv/lib/python3.12/site-packages/oslo_config/cfg.py:3253}}
Jun 24 12:47:08.042542 np0000003542 nova-scheduler[96416]: DEBUG cotyledon.oslo_config_glue [-] oslo_messaging_rabbit.ssl_cert_file = {{(pid=96416) log_opt_values /opt/stack/data/venv/lib/python3.12/site-packages/oslo_config/cfg.py:3253}}
Jun 24 12:47:08.042848 np0000003542 nova-scheduler[96416]: DEBUG cotyledon.oslo_config_glue [-] oslo_messaging_rabbit.ssl_enforce_fips_mode = False {{(pid=96416) log_opt_values /opt/stack/data/venv/lib/python3.12/site-packages/oslo_config/cfg.py:3253}}
Jun 24 12:47:08.042848 np0000003542 nova-scheduler[96416]: DEBUG cotyledon.oslo_config_glue [-] oslo_messaging_rabbit.ssl_enforce_hostname_verification = True {{(pid=96416) log_opt_values /opt/stack/data/venv/lib/python3.12/site-packages/oslo_config/cfg.py:3253}}
Jun 24 12:47:08.042848 np0000003542 nova-scheduler[96416]: DEBUG cotyledon.oslo_config_glue [-] oslo_messaging_rabbit.ssl_key_file = {{(pid=96416) log_opt_values /opt/stack/data/venv/lib/python3.12/site-packages/oslo_config/cfg.py:3253}}
Jun 24 12:47:08.042848 np0000003542 nova-scheduler[96416]: DEBUG cotyledon.oslo_config_glue [-] oslo_messaging_rabbit.ssl_version = {{(pid=96416) log_opt_values /opt/stack/data/venv/lib/python3.12/site-packages/oslo_config/cfg.py:3253}}
Jun 24 12:47:08.042848 np0000003542 nova-scheduler[96416]: DEBUG cotyledon.oslo_config_glue [-] oslo_messaging_rabbit.use_queue_manager = False {{(pid=96416) log_opt_values /opt/stack/data/venv/lib/python3.12/site-packages/oslo_config/cfg.py:3253}}
Jun 24 12:47:08.042848 np0000003542 nova-scheduler[96416]: DEBUG cotyledon.oslo_config_glue [-] oslo_messaging_notifications.driver = ['messagingv2'] {{(pid=96416) log_opt_values /opt/stack/data/venv/lib/python3.12/site-packages/oslo_config/cfg.py:3253}}
Jun 24 12:47:08.042848 np0000003542 nova-scheduler[96416]: DEBUG cotyledon.oslo_config_glue [-] oslo_messaging_notifications.retry = -1 {{(pid=96416) log_opt_values /opt/stack/data/venv/lib/python3.12/site-packages/oslo_config/cfg.py:3253}}
Jun 24 12:47:08.042848 np0000003542 nova-scheduler[96416]: DEBUG cotyledon.oslo_config_glue [-] oslo_messaging_notifications.topics = ['notifications'] {{(pid=96416) log_opt_values /opt/stack/data/venv/lib/python3.12/site-packages/oslo_config/cfg.py:3253}}
Jun 24 12:47:08.042848 np0000003542 nova-scheduler[96416]: DEBUG cotyledon.oslo_config_glue [-] oslo_messaging_notifications.transport_url = **** {{(pid=96416) log_opt_values /opt/stack/data/venv/lib/python3.12/site-packages/oslo_config/cfg.py:3253}}
Jun 24 12:47:08.043145 np0000003542 nova-scheduler[96416]: DEBUG cotyledon.oslo_config_glue [-] oslo_limit.auth_section = None {{(pid=96416) log_opt_values /opt/stack/data/venv/lib/python3.12/site-packages/oslo_config/cfg.py:3253}}
Jun 24 12:47:08.043145 np0000003542 nova-scheduler[96416]: DEBUG cotyledon.oslo_config_glue [-] oslo_limit.auth_type = None {{(pid=96416) log_opt_values /opt/stack/data/venv/lib/python3.12/site-packages/oslo_config/cfg.py:3253}}
Jun 24 12:47:08.043145 np0000003542 nova-scheduler[96416]: DEBUG cotyledon.oslo_config_glue [-] oslo_limit.cafile = None {{(pid=96416) log_opt_values /opt/stack/data/venv/lib/python3.12/site-packages/oslo_config/cfg.py:3253}}
Jun 24 12:47:08.043145 np0000003542 nova-scheduler[96416]: DEBUG cotyledon.oslo_config_glue [-] oslo_limit.certfile = None {{(pid=96416) log_opt_values /opt/stack/data/venv/lib/python3.12/site-packages/oslo_config/cfg.py:3253}}
Jun 24 12:47:08.043145 np0000003542 nova-scheduler[96416]: DEBUG cotyledon.oslo_config_glue [-] oslo_limit.collect_timing = False {{(pid=96416) log_opt_values /opt/stack/data/venv/lib/python3.12/site-packages/oslo_config/cfg.py:3253}}
Jun 24 12:47:08.043145 np0000003542 nova-scheduler[96416]: DEBUG cotyledon.oslo_config_glue [-] oslo_limit.connect_retries = None {{(pid=96416) log_opt_values /opt/stack/data/venv/lib/python3.12/site-packages/oslo_config/cfg.py:3253}}
Jun 24 12:47:08.043145 np0000003542 nova-scheduler[96416]: DEBUG cotyledon.oslo_config_glue [-] oslo_limit.connect_retry_delay = None {{(pid=96416) log_opt_values /opt/stack/data/venv/lib/python3.12/site-packages/oslo_config/cfg.py:3253}}
Jun 24 12:47:08.043145 np0000003542 nova-scheduler[96416]: DEBUG cotyledon.oslo_config_glue [-] oslo_limit.endpoint_id = None {{(pid=96416) log_opt_values /opt/stack/data/venv/lib/python3.12/site-packages/oslo_config/cfg.py:3253}}
Jun 24 12:47:08.043145 np0000003542 nova-scheduler[96416]: DEBUG cotyledon.oslo_config_glue [-] oslo_limit.endpoint_interface = public {{(pid=96416) log_opt_values /opt/stack/data/venv/lib/python3.12/site-packages/oslo_config/cfg.py:3253}}
Jun 24 12:47:08.043394 np0000003542 nova-scheduler[96416]: DEBUG cotyledon.oslo_config_glue [-] oslo_limit.endpoint_override = None {{(pid=96416) log_opt_values /opt/stack/data/venv/lib/python3.12/site-packages/oslo_config/cfg.py:3253}}
Jun 24 12:47:08.043394 np0000003542 nova-scheduler[96416]: DEBUG cotyledon.oslo_config_glue [-] oslo_limit.endpoint_region_name = None {{(pid=96416) log_opt_values /opt/stack/data/venv/lib/python3.12/site-packages/oslo_config/cfg.py:3253}}
Jun 24 12:47:08.043394 np0000003542 nova-scheduler[96416]: DEBUG cotyledon.oslo_config_glue [-] oslo_limit.endpoint_service_name = None {{(pid=96416) log_opt_values /opt/stack/data/venv/lib/python3.12/site-packages/oslo_config/cfg.py:3253}}
Jun 24 12:47:08.043394 np0000003542 nova-scheduler[96416]: DEBUG cotyledon.oslo_config_glue [-] oslo_limit.endpoint_service_type = None {{(pid=96416) log_opt_values /opt/stack/data/venv/lib/python3.12/site-packages/oslo_config/cfg.py:3253}}
Jun 24 12:47:08.043394 np0000003542 nova-scheduler[96416]: DEBUG cotyledon.oslo_config_glue [-] oslo_limit.insecure = False {{(pid=96416) log_opt_values /opt/stack/data/venv/lib/python3.12/site-packages/oslo_config/cfg.py:3253}}
Jun 24 12:47:08.043394 np0000003542 nova-scheduler[96416]: DEBUG cotyledon.oslo_config_glue [-] oslo_limit.keyfile = None {{(pid=96416) log_opt_values /opt/stack/data/venv/lib/python3.12/site-packages/oslo_config/cfg.py:3253}}
Jun 24 12:47:08.043394 np0000003542 nova-scheduler[96416]: DEBUG cotyledon.oslo_config_glue [-] oslo_limit.max_version = None {{(pid=96416) log_opt_values /opt/stack/data/venv/lib/python3.12/site-packages/oslo_config/cfg.py:3253}}
Jun 24 12:47:08.043394 np0000003542 nova-scheduler[96416]: DEBUG cotyledon.oslo_config_glue [-] oslo_limit.min_version = None {{(pid=96416) log_opt_values /opt/stack/data/venv/lib/python3.12/site-packages/oslo_config/cfg.py:3253}}
Jun 24 12:47:08.043394 np0000003542 nova-scheduler[96416]: DEBUG cotyledon.oslo_config_glue [-] oslo_limit.region_name = None {{(pid=96416) log_opt_values /opt/stack/data/venv/lib/python3.12/site-packages/oslo_config/cfg.py:3253}}
Jun 24 12:47:08.043629 np0000003542 nova-scheduler[96416]: DEBUG cotyledon.oslo_config_glue [-] oslo_limit.retriable_status_codes = None {{(pid=96416) log_opt_values /opt/stack/data/venv/lib/python3.12/site-packages/oslo_config/cfg.py:3253}}
Jun 24 12:47:08.043629 np0000003542 nova-scheduler[96416]: DEBUG cotyledon.oslo_config_glue [-] oslo_limit.service_name = None {{(pid=96416) log_opt_values /opt/stack/data/venv/lib/python3.12/site-packages/oslo_config/cfg.py:3253}}
Jun 24 12:47:08.043629 np0000003542 nova-scheduler[96416]: DEBUG cotyledon.oslo_config_glue [-] oslo_limit.service_type = None {{(pid=96416) log_opt_values /opt/stack/data/venv/lib/python3.12/site-packages/oslo_config/cfg.py:3253}}
Jun 24 12:47:08.043629 np0000003542 nova-scheduler[96416]: DEBUG cotyledon.oslo_config_glue [-] oslo_limit.split_loggers = False {{(pid=96416) log_opt_values /opt/stack/data/venv/lib/python3.12/site-packages/oslo_config/cfg.py:3253}}
Jun 24 12:47:08.043629 np0000003542 nova-scheduler[96416]: DEBUG cotyledon.oslo_config_glue [-] oslo_limit.status_code_retries = None {{(pid=96416) log_opt_values /opt/stack/data/venv/lib/python3.12/site-packages/oslo_config/cfg.py:3253}}
Jun 24 12:47:08.043629 np0000003542 nova-scheduler[96416]: DEBUG cotyledon.oslo_config_glue [-] oslo_limit.status_code_retry_delay = None {{(pid=96416) log_opt_values /opt/stack/data/venv/lib/python3.12/site-packages/oslo_config/cfg.py:3253}}
Jun 24 12:47:08.043629 np0000003542 nova-scheduler[96416]: DEBUG cotyledon.oslo_config_glue [-] oslo_limit.timeout = None {{(pid=96416) log_opt_values /opt/stack/data/venv/lib/python3.12/site-packages/oslo_config/cfg.py:3253}}
Jun 24 12:47:08.043629 np0000003542 nova-scheduler[96416]: DEBUG cotyledon.oslo_config_glue [-] oslo_limit.valid_interfaces = None {{(pid=96416) log_opt_values /opt/stack/data/venv/lib/python3.12/site-packages/oslo_config/cfg.py:3253}}
Jun 24 12:47:08.043629 np0000003542 nova-scheduler[96416]: DEBUG cotyledon.oslo_config_glue [-] oslo_limit.version = None {{(pid=96416) log_opt_values /opt/stack/data/venv/lib/python3.12/site-packages/oslo_config/cfg.py:3253}}
Jun 24 12:47:08.043926 np0000003542 nova-scheduler[96416]: DEBUG cotyledon.oslo_config_glue [-] oslo_reports.file_event_handler = None {{(pid=96416) log_opt_values /opt/stack/data/venv/lib/python3.12/site-packages/oslo_config/cfg.py:3253}}
Jun 24 12:47:08.043926 np0000003542 nova-scheduler[96416]: DEBUG cotyledon.oslo_config_glue [-] oslo_reports.file_event_handler_interval = 1 {{(pid=96416) log_opt_values /opt/stack/data/venv/lib/python3.12/site-packages/oslo_config/cfg.py:3253}}
Jun 24 12:47:08.043926 np0000003542 nova-scheduler[96416]: DEBUG cotyledon.oslo_config_glue [-] oslo_reports.log_dir = None {{(pid=96416) log_opt_values /opt/stack/data/venv/lib/python3.12/site-packages/oslo_config/cfg.py:3253}}
Jun 24 12:47:08.043926 np0000003542 nova-scheduler[96416]: DEBUG cotyledon.oslo_config_glue [-] ******************************************************************************** {{(pid=96416) log_opt_values /opt/stack/data/venv/lib/python3.12/site-packages/oslo_config/cfg.py:3260}}
Jun 24 12:47:08.043926 np0000003542 nova-scheduler[96416]: DEBUG cotyledon._service_worker [-] Run service ServiceWrapper(2) [96416] {{(pid=96416) wait_forever /opt/stack/data/venv/lib/python3.12/site-packages/cotyledon/_service_worker.py:218}}
Jun 24 12:47:08.043926 np0000003542 nova-scheduler[96416]: INFO nova.service [-] Starting scheduler node (version 33.1.0)
Jun 24 12:47:08.043926 np0000003542 nova-scheduler[96416]: INFO dbcounter [None req-54ceec78-5710-4872-960e-caecf27c2029 None None] Registered counter for database nova_cell0
Jun 24 12:47:08.044102 np0000003542 nova-scheduler[96412]: DEBUG oslo_db.sqlalchemy.engines [None req-bbd9b2e8-7ad7-469e-9f72-97a598d2dee8 None None] MySQL server mode set to STRICT_TRANS_TABLES,STRICT_ALL_TABLES,NO_ZERO_IN_DATE,NO_ZERO_DATE,ERROR_FOR_DIVISION_BY_ZERO,TRADITIONAL,NO_ENGINE_SUBSTITUTION {{(pid=96412) _check_effective_sql_mode /opt/stack/data/venv/lib/python3.12/site-packages/oslo_db/sqlalchemy/engines.py:325}}
Jun 24 12:47:08.044102 np0000003542 nova-scheduler[96412]: DEBUG dbcounter [-] [96412] Writer thread running {{(pid=96412) stat_writer /opt/stack/data/venv/lib/python3.12/site-packages/dbcounter.py:102}}
Jun 24 12:47:08.044179 np0000003542 nova-scheduler[96414]: DEBUG oslo_db.sqlalchemy.engines [None req-3c2e73a3-e71d-4824-9fc8-253e4c82ea44 None None] MySQL server mode set to STRICT_TRANS_TABLES,STRICT_ALL_TABLES,NO_ZERO_IN_DATE,NO_ZERO_DATE,ERROR_FOR_DIVISION_BY_ZERO,TRADITIONAL,NO_ENGINE_SUBSTITUTION {{(pid=96414) _check_effective_sql_mode /opt/stack/data/venv/lib/python3.12/site-packages/oslo_db/sqlalchemy/engines.py:325}}
Jun 24 12:47:08.046005 np0000003542 nova-scheduler[96414]: DEBUG dbcounter [-] [96414] Writer thread running {{(pid=96414) stat_writer /opt/stack/data/venv/lib/python3.12/site-packages/dbcounter.py:102}}
Jun 24 12:47:08.049791 np0000003542 nova-scheduler[96418]: DEBUG oslo_db.sqlalchemy.engines [None req-f95e825b-ef96-4ca3-b680-85204b2223a2 None None] MySQL server mode set to STRICT_TRANS_TABLES,STRICT_ALL_TABLES,NO_ZERO_IN_DATE,NO_ZERO_DATE,ERROR_FOR_DIVISION_BY_ZERO,TRADITIONAL,NO_ENGINE_SUBSTITUTION {{(pid=96418) _check_effective_sql_mode /opt/stack/data/venv/lib/python3.12/site-packages/oslo_db/sqlalchemy/engines.py:325}}
Jun 24 12:47:08.059011 np0000003542 nova-scheduler[96412]: DEBUG nova.service [None req-bbd9b2e8-7ad7-469e-9f72-97a598d2dee8 None None] Creating RPC server for service: nova-scheduler on topic: scheduler {{(pid=96412) start /opt/stack/nova/nova/service.py:196}}
Jun 24 12:47:08.062732 np0000003542 nova-scheduler[96418]: DEBUG dbcounter [-] [96418] Writer thread running {{(pid=96418) stat_writer /opt/stack/data/venv/lib/python3.12/site-packages/dbcounter.py:102}}
Jun 24 12:47:08.063807 np0000003542 nova-scheduler[96416]: DEBUG oslo_db.sqlalchemy.engines [None req-54ceec78-5710-4872-960e-caecf27c2029 None None] MySQL server mode set to STRICT_TRANS_TABLES,STRICT_ALL_TABLES,NO_ZERO_IN_DATE,NO_ZERO_DATE,ERROR_FOR_DIVISION_BY_ZERO,TRADITIONAL,NO_ENGINE_SUBSTITUTION {{(pid=96416) _check_effective_sql_mode /opt/stack/data/venv/lib/python3.12/site-packages/oslo_db/sqlalchemy/engines.py:325}}
Jun 24 12:47:08.067143 np0000003542 nova-scheduler[96418]: DEBUG nova.service [None req-f95e825b-ef96-4ca3-b680-85204b2223a2 None None] Creating RPC server for service: nova-scheduler on topic: scheduler {{(pid=96418) start /opt/stack/nova/nova/service.py:196}}
Jun 24 12:47:08.068625 np0000003542 nova-scheduler[96414]: DEBUG nova.service [None req-3c2e73a3-e71d-4824-9fc8-253e4c82ea44 None None] Creating RPC server for service: nova-scheduler on topic: scheduler {{(pid=96414) start /opt/stack/nova/nova/service.py:196}}
Jun 24 12:47:08.076478 np0000003542 nova-scheduler[96416]: DEBUG dbcounter [-] [96416] Writer thread running {{(pid=96416) stat_writer /opt/stack/data/venv/lib/python3.12/site-packages/dbcounter.py:102}}
Jun 24 12:47:08.083434 np0000003542 nova-scheduler[96416]: DEBUG nova.service [None req-54ceec78-5710-4872-960e-caecf27c2029 None None] Creating RPC server for service: nova-scheduler on topic: scheduler {{(pid=96416) start /opt/stack/nova/nova/service.py:196}}
Jun 24 12:47:08.108496 np0000003542 nova-scheduler[96418]: DEBUG nova.service [None req-f95e825b-ef96-4ca3-b680-85204b2223a2 None None] Join ServiceGroup membership for this service scheduler {{(pid=96418) start /opt/stack/nova/nova/service.py:222}}
Jun 24 12:47:08.109216 np0000003542 nova-scheduler[96418]: DEBUG nova.servicegroup.drivers.db [None req-f95e825b-ef96-4ca3-b680-85204b2223a2 None None] DB_Driver: join new ServiceGroup member np0000003542 to the scheduler group, service = {{(pid=96418) join /opt/stack/nova/nova/servicegroup/drivers/db.py:44}}
Jun 24 12:47:08.109358 np0000003542 nova-scheduler[96414]: DEBUG nova.service [None req-3c2e73a3-e71d-4824-9fc8-253e4c82ea44 None None] Join ServiceGroup membership for this service scheduler {{(pid=96414) start /opt/stack/nova/nova/service.py:222}}
Jun 24 12:47:08.109869 np0000003542 nova-scheduler[96414]: DEBUG nova.servicegroup.drivers.db [None req-3c2e73a3-e71d-4824-9fc8-253e4c82ea44 None None] DB_Driver: join new ServiceGroup member np0000003542 to the scheduler group, service = {{(pid=96414) join /opt/stack/nova/nova/servicegroup/drivers/db.py:44}}
Jun 24 12:47:08.113370 np0000003542 nova-scheduler[96416]: DEBUG nova.service [None req-54ceec78-5710-4872-960e-caecf27c2029 None None] Join ServiceGroup membership for this service scheduler {{(pid=96416) start /opt/stack/nova/nova/service.py:222}}
Jun 24 12:47:08.113370 np0000003542 nova-scheduler[96416]: DEBUG nova.servicegroup.drivers.db [None req-54ceec78-5710-4872-960e-caecf27c2029 None None] DB_Driver: join new ServiceGroup member np0000003542 to the scheduler group, service = {{(pid=96416) join /opt/stack/nova/nova/servicegroup/drivers/db.py:44}}
Jun 24 12:47:08.113924 np0000003542 nova-scheduler[96412]: DEBUG nova.service [None req-bbd9b2e8-7ad7-469e-9f72-97a598d2dee8 None None] Join ServiceGroup membership for this service scheduler {{(pid=96412) start /opt/stack/nova/nova/service.py:222}}
Jun 24 12:47:08.114458 np0000003542 nova-scheduler[96412]: DEBUG nova.servicegroup.drivers.db [None req-bbd9b2e8-7ad7-469e-9f72-97a598d2dee8 None None] DB_Driver: join new ServiceGroup member np0000003542 to the scheduler group, service = {{(pid=96412) join /opt/stack/nova/nova/servicegroup/drivers/db.py:44}}
Jun 24 12:47:13.130852 np0000003542 nova-scheduler[96414]: DEBUG oslo.service.backend._threading.loopingcall [-] Fixed interval looping call 'nova.servicegroup.drivers.db.DbDriver._report_state' sleeping for 119.98 seconds {{(pid=96414) _run_loop /opt/stack/data/venv/lib/python3.12/site-packages/oslo_service/backend/_threading/loopingcall.py:125}}
Jun 24 12:47:13.131431 np0000003542 nova-scheduler[96412]: DEBUG oslo.service.backend._threading.loopingcall [-] Fixed interval looping call 'nova.servicegroup.drivers.db.DbDriver._report_state' sleeping for 119.99 seconds {{(pid=96412) _run_loop /opt/stack/data/venv/lib/python3.12/site-packages/oslo_service/backend/_threading/loopingcall.py:125}}
Jun 24 12:47:13.133340 np0000003542 nova-scheduler[96416]: DEBUG oslo.service.backend._threading.loopingcall [-] Fixed interval looping call 'nova.servicegroup.drivers.db.DbDriver._report_state' sleeping for 119.98 seconds {{(pid=96416) _run_loop /opt/stack/data/venv/lib/python3.12/site-packages/oslo_service/backend/_threading/loopingcall.py:125}}
Jun 24 12:47:13.135154 np0000003542 nova-scheduler[96418]: DEBUG oslo.service.backend._threading.loopingcall [-] Fixed interval looping call 'nova.servicegroup.drivers.db.DbDriver._report_state' sleeping for 119.98 seconds {{(pid=96418) _run_loop /opt/stack/data/venv/lib/python3.12/site-packages/oslo_service/backend/_threading/loopingcall.py:125}}
Jun 24 12:47:16.528120 np0000003542 nova-scheduler[95126]: DEBUG dbcounter [-] [95126] Writing DB stats nova_api:SELECT=3 {{(pid=95126) stat_writer /opt/stack/data/venv/lib/python3.12/site-packages/dbcounter.py:115}}
Jun 24 12:47:16.719717 np0000003542 nova-scheduler[95126]: DEBUG dbcounter [-] [95126] Writing DB stats nova_cell0:SELECT=1 {{(pid=95126) stat_writer /opt/stack/data/venv/lib/python3.12/site-packages/dbcounter.py:115}}
Jun 24 12:47:16.724732 np0000003542 nova-scheduler[95126]: DEBUG dbcounter [-] [95126] Writing DB stats nova_cell1:SELECT=1 {{(pid=95126) stat_writer /opt/stack/data/venv/lib/python3.12/site-packages/dbcounter.py:115}}
Jun 24 12:47:23.122923 np0000003542 nova-scheduler[96414]: DEBUG dbcounter [-] [96414] Writing DB stats nova_cell0:SELECT=5,nova_cell0:INSERT=1,nova_cell0:UPDATE=1 {{(pid=96414) stat_writer /opt/stack/data/venv/lib/python3.12/site-packages/dbcounter.py:115}}
Jun 24 12:47:23.124973 np0000003542 nova-scheduler[96412]: DEBUG dbcounter [-] [96412] Writing DB stats nova_cell0:SELECT=4,nova_cell0:INSERT=1,nova_cell0:UPDATE=1 {{(pid=96412) stat_writer /opt/stack/data/venv/lib/python3.12/site-packages/dbcounter.py:115}}
Jun 24 12:47:23.126174 np0000003542 nova-scheduler[96416]: DEBUG dbcounter [-] [96416] Writing DB stats nova_cell0:SELECT=3,nova_cell0:UPDATE=1 {{(pid=96416) stat_writer /opt/stack/data/venv/lib/python3.12/site-packages/dbcounter.py:115}}
Jun 24 12:47:23.126782 np0000003542 nova-scheduler[96418]: DEBUG dbcounter [-] [96418] Writing DB stats nova_cell0:SELECT=3,nova_cell0:UPDATE=1 {{(pid=96418) stat_writer /opt/stack/data/venv/lib/python3.12/site-packages/dbcounter.py:115}}
Jun 24 12:47:28.113096 np0000003542 nova-scheduler[96418]: DEBUG oslo.service.backend._threading.loopingcall [None req-d3ee271c-b3bc-4be9-a76b-1e3a5adb5141 None None] Dynamic interval looping call 'nova.service.Service.periodic_tasks' sleeping for 60.00 seconds {{(pid=96418) _run_loop /opt/stack/data/venv/lib/python3.12/site-packages/oslo_service/backend/_threading/loopingcall.py:125}}
Jun 24 12:47:28.114260 np0000003542 nova-scheduler[96414]: DEBUG oslo.service.backend._threading.loopingcall [None req-4bfa7467-9e03-4aec-b1c1-6383b14e142a None None] Dynamic interval looping call 'nova.service.Service.periodic_tasks' sleeping for 60.00 seconds {{(pid=96414) _run_loop /opt/stack/data/venv/lib/python3.12/site-packages/oslo_service/backend/_threading/loopingcall.py:125}}
Jun 24 12:47:54.116319 np0000003542 nova-scheduler[96416]: DEBUG oslo.service.backend._threading.loopingcall [None req-35976a7a-63bf-440d-9372-70fc2d8fb57a None None] Dynamic interval looping call 'nova.service.Service.periodic_tasks' sleeping for 60.00 seconds {{(pid=96416) _run_loop /opt/stack/data/venv/lib/python3.12/site-packages/oslo_service/backend/_threading/loopingcall.py:125}}
Jun 24 12:48:00.117205 np0000003542 nova-scheduler[96412]: DEBUG oslo.service.backend._threading.loopingcall [None req-13814ebc-5988-454a-8baa-1927aed9a557 None None] Dynamic interval looping call 'nova.service.Service.periodic_tasks' sleeping for 60.00 seconds {{(pid=96412) _run_loop /opt/stack/data/venv/lib/python3.12/site-packages/oslo_service/backend/_threading/loopingcall.py:125}}
Jun 24 12:48:28.113545 np0000003542 nova-scheduler[96418]: DEBUG oslo.service.backend._threading.loopingcall [None req-d3ee271c-b3bc-4be9-a76b-1e3a5adb5141 None None] Dynamic interval looping call 'nova.service.Service.periodic_tasks' sleeping for 60.00 seconds {{(pid=96418) _run_loop /opt/stack/data/venv/lib/python3.12/site-packages/oslo_service/backend/_threading/loopingcall.py:125}}
Jun 24 12:48:28.115636 np0000003542 nova-scheduler[96414]: DEBUG oslo.service.backend._threading.loopingcall [None req-4bfa7467-9e03-4aec-b1c1-6383b14e142a None None] Dynamic interval looping call 'nova.service.Service.periodic_tasks' sleeping for 60.00 seconds {{(pid=96414) _run_loop /opt/stack/data/venv/lib/python3.12/site-packages/oslo_service/backend/_threading/loopingcall.py:125}}
Jun 24 12:48:54.116832 np0000003542 nova-scheduler[96416]: DEBUG oslo.service.backend._threading.loopingcall [None req-35976a7a-63bf-440d-9372-70fc2d8fb57a None None] Dynamic interval looping call 'nova.service.Service.periodic_tasks' sleeping for 60.00 seconds {{(pid=96416) _run_loop /opt/stack/data/venv/lib/python3.12/site-packages/oslo_service/backend/_threading/loopingcall.py:125}}
Jun 24 12:49:00.117732 np0000003542 nova-scheduler[96412]: DEBUG oslo.service.backend._threading.loopingcall [None req-13814ebc-5988-454a-8baa-1927aed9a557 None None] Dynamic interval looping call 'nova.service.Service.periodic_tasks' sleeping for 60.00 seconds {{(pid=96412) _run_loop /opt/stack/data/venv/lib/python3.12/site-packages/oslo_service/backend/_threading/loopingcall.py:125}}
Jun 24 12:49:13.118211 np0000003542 nova-scheduler[96414]: DEBUG oslo.service.backend._threading.loopingcall [-] Fixed interval looping call 'nova.servicegroup.drivers.db.DbDriver._report_state' sleeping for 119.99 seconds {{(pid=96414) _run_loop /opt/stack/data/venv/lib/python3.12/site-packages/oslo_service/backend/_threading/loopingcall.py:125}}
Jun 24 12:49:13.118837 np0000003542 nova-scheduler[96416]: DEBUG oslo.service.backend._threading.loopingcall [-] Fixed interval looping call 'nova.servicegroup.drivers.db.DbDriver._report_state' sleeping for 120.00 seconds {{(pid=96416) _run_loop /opt/stack/data/venv/lib/python3.12/site-packages/oslo_service/backend/_threading/loopingcall.py:125}}
Jun 24 12:49:13.119144 np0000003542 nova-scheduler[96418]: DEBUG oslo.service.backend._threading.loopingcall [-] Fixed interval looping call 'nova.servicegroup.drivers.db.DbDriver._report_state' sleeping for 120.00 seconds {{(pid=96418) _run_loop /opt/stack/data/venv/lib/python3.12/site-packages/oslo_service/backend/_threading/loopingcall.py:125}}
Jun 24 12:49:13.125573 np0000003542 nova-scheduler[96412]: DEBUG oslo.service.backend._threading.loopingcall [-] Fixed interval looping call 'nova.servicegroup.drivers.db.DbDriver._report_state' sleeping for 120.00 seconds {{(pid=96412) _run_loop /opt/stack/data/venv/lib/python3.12/site-packages/oslo_service/backend/_threading/loopingcall.py:125}}
Jun 24 12:49:23.114517 np0000003542 nova-scheduler[96414]: DEBUG dbcounter [-] [96414] Writing DB stats nova_cell0:SELECT=1,nova_cell0:UPDATE=1 {{(pid=96414) stat_writer /opt/stack/data/venv/lib/python3.12/site-packages/dbcounter.py:115}}
Jun 24 12:49:23.116948 np0000003542 nova-scheduler[96418]: DEBUG dbcounter [-] [96418] Writing DB stats nova_cell0:SELECT=1 {{(pid=96418) stat_writer /opt/stack/data/venv/lib/python3.12/site-packages/dbcounter.py:115}}
Jun 24 12:49:23.117309 np0000003542 nova-scheduler[96416]: DEBUG dbcounter [-] [96416] Writing DB stats nova_cell0:SELECT=1,nova_cell0:UPDATE=1 {{(pid=96416) stat_writer /opt/stack/data/venv/lib/python3.12/site-packages/dbcounter.py:115}}
Jun 24 12:49:23.123783 np0000003542 nova-scheduler[96412]: DEBUG dbcounter [-] [96412] Writing DB stats nova_cell0:SELECT=1 {{(pid=96412) stat_writer /opt/stack/data/venv/lib/python3.12/site-packages/dbcounter.py:115}}
Jun 24 12:49:28.114073 np0000003542 nova-scheduler[96418]: DEBUG oslo.service.backend._threading.loopingcall [None req-d3ee271c-b3bc-4be9-a76b-1e3a5adb5141 None None] Dynamic interval looping call 'nova.service.Service.periodic_tasks' sleeping for 60.00 seconds {{(pid=96418) _run_loop /opt/stack/data/venv/lib/python3.12/site-packages/oslo_service/backend/_threading/loopingcall.py:125}}
Jun 24 12:49:28.115270 np0000003542 nova-scheduler[96414]: DEBUG oslo.service.backend._threading.loopingcall [None req-4bfa7467-9e03-4aec-b1c1-6383b14e142a None None] Dynamic interval looping call 'nova.service.Service.periodic_tasks' sleeping for 60.00 seconds {{(pid=96414) _run_loop /opt/stack/data/venv/lib/python3.12/site-packages/oslo_service/backend/_threading/loopingcall.py:125}}
Jun 24 12:49:54.117290 np0000003542 nova-scheduler[96416]: DEBUG oslo.service.backend._threading.loopingcall [None req-35976a7a-63bf-440d-9372-70fc2d8fb57a None None] Dynamic interval looping call 'nova.service.Service.periodic_tasks' sleeping for 60.00 seconds {{(pid=96416) _run_loop /opt/stack/data/venv/lib/python3.12/site-packages/oslo_service/backend/_threading/loopingcall.py:125}}
Jun 24 12:49:56.394362 np0000003542 nova-scheduler[96418]: DEBUG nova.scheduler.manager [None req-34773ec2-2b8c-462c-ad19-4fc92974c6af tempest-DeleteServersTestJSON-670526179 tempest-DeleteServersTestJSON-670526179-project-member] Starting to schedule for instances: ['158c3823-e210-4d76-ba90-4999723d1cb5'] {{(pid=96418) select_destinations /opt/stack/nova/nova/scheduler/manager.py:210}}
Jun 24 12:49:56.395535 np0000003542 nova-scheduler[96418]: DEBUG nova.scheduler.request_filter [None req-34773ec2-2b8c-462c-ad19-4fc92974c6af tempest-DeleteServersTestJSON-670526179 tempest-DeleteServersTestJSON-670526179-project-member] compute_status_filter request filter added forbidden trait COMPUTE_STATUS_DISABLED {{(pid=96418) compute_status_filter /opt/stack/nova/nova/scheduler/request_filter.py:253}}
Jun 24 12:49:56.395661 np0000003542 nova-scheduler[96418]: DEBUG nova.scheduler.request_filter [None req-34773ec2-2b8c-462c-ad19-4fc92974c6af tempest-DeleteServersTestJSON-670526179 tempest-DeleteServersTestJSON-670526179-project-member] Request filter 'compute_status_filter' took 0.0 seconds {{(pid=96418) wrapper /opt/stack/nova/nova/scheduler/request_filter.py:46}}
Jun 24 12:49:56.395926 np0000003542 nova-scheduler[96418]: DEBUG nova.scheduler.request_filter [None req-34773ec2-2b8c-462c-ad19-4fc92974c6af tempest-DeleteServersTestJSON-670526179 tempest-DeleteServersTestJSON-670526179-project-member] Request filter 'accelerators_filter' took 0.0 seconds {{(pid=96418) wrapper /opt/stack/nova/nova/scheduler/request_filter.py:46}}
Jun 24 12:49:56.397334 np0000003542 nova-scheduler[96418]: DEBUG nova.scheduler.request_filter [None req-34773ec2-2b8c-462c-ad19-4fc92974c6af tempest-DeleteServersTestJSON-670526179 tempest-DeleteServersTestJSON-670526179-project-member] Request filter 'packed_virtqueue_filter' took 0.0 seconds {{(pid=96418) wrapper /opt/stack/nova/nova/scheduler/request_filter.py:46}}
Jun 24 12:49:56.397334 np0000003542 nova-scheduler[96418]: DEBUG nova.scheduler.request_filter [None req-34773ec2-2b8c-462c-ad19-4fc92974c6af tempest-DeleteServersTestJSON-670526179 tempest-DeleteServersTestJSON-670526179-project-member] Request filter 'remote_managed_ports_filter' took 0.0 seconds {{(pid=96418) wrapper /opt/stack/nova/nova/scheduler/request_filter.py:46}}
Jun 24 12:49:56.397856 np0000003542 nova-scheduler[96418]: DEBUG nova.scheduler.request_filter [None req-34773ec2-2b8c-462c-ad19-4fc92974c6af tempest-DeleteServersTestJSON-670526179 tempest-DeleteServersTestJSON-670526179-project-member] ephemeral_encryption_filter skipped {{(pid=96418) ephemeral_encryption_filter /opt/stack/nova/nova/scheduler/request_filter.py:426}}
Jun 24 12:49:56.397856 np0000003542 nova-scheduler[96418]: DEBUG nova.scheduler.request_filter [None req-34773ec2-2b8c-462c-ad19-4fc92974c6af tempest-DeleteServersTestJSON-670526179 tempest-DeleteServersTestJSON-670526179-project-member] virtio_sound_filter skipped {{(pid=96418) virtio_sound_filter /opt/stack/nova/nova/scheduler/request_filter.py:460}}
Jun 24 12:49:56.397972 np0000003542 nova-scheduler[96418]: DEBUG nova.scheduler.request_filter [None req-34773ec2-2b8c-462c-ad19-4fc92974c6af tempest-DeleteServersTestJSON-670526179 tempest-DeleteServersTestJSON-670526179-project-member] tpm_secret_security_filter skipped {{(pid=96418) tpm_secret_security_filter /opt/stack/nova/nova/scheduler/request_filter.py:477}}
Jun 24 12:49:56.927402 np0000003542 nova-scheduler[96414]: DEBUG nova.scheduler.manager [None req-37189922-d132-4a32-873c-b6792710aeef tempest-AttachVolumeNegativeTest-1558242380 tempest-AttachVolumeNegativeTest-1558242380-project-member] Starting to schedule for instances: ['c5e64442-1cc4-4514-8a63-95b74dca49f2'] {{(pid=96414) select_destinations /opt/stack/nova/nova/scheduler/manager.py:210}}
Jun 24 12:49:56.929752 np0000003542 nova-scheduler[96414]: DEBUG nova.scheduler.request_filter [None req-37189922-d132-4a32-873c-b6792710aeef tempest-AttachVolumeNegativeTest-1558242380 tempest-AttachVolumeNegativeTest-1558242380-project-member] compute_status_filter request filter added forbidden trait COMPUTE_STATUS_DISABLED {{(pid=96414) compute_status_filter /opt/stack/nova/nova/scheduler/request_filter.py:253}}
Jun 24 12:49:56.929752 np0000003542 nova-scheduler[96414]: DEBUG nova.scheduler.request_filter [None req-37189922-d132-4a32-873c-b6792710aeef tempest-AttachVolumeNegativeTest-1558242380 tempest-AttachVolumeNegativeTest-1558242380-project-member] Request filter 'compute_status_filter' took 0.0 seconds {{(pid=96414) wrapper /opt/stack/nova/nova/scheduler/request_filter.py:46}}
Jun 24 12:49:56.929752 np0000003542 nova-scheduler[96414]: DEBUG nova.scheduler.request_filter [None req-37189922-d132-4a32-873c-b6792710aeef tempest-AttachVolumeNegativeTest-1558242380 tempest-AttachVolumeNegativeTest-1558242380-project-member] Request filter 'accelerators_filter' took 0.0 seconds {{(pid=96414) wrapper /opt/stack/nova/nova/scheduler/request_filter.py:46}}
Jun 24 12:49:56.929752 np0000003542 nova-scheduler[96414]: DEBUG nova.scheduler.request_filter [None req-37189922-d132-4a32-873c-b6792710aeef tempest-AttachVolumeNegativeTest-1558242380 tempest-AttachVolumeNegativeTest-1558242380-project-member] Request filter 'packed_virtqueue_filter' took 0.0 seconds {{(pid=96414) wrapper /opt/stack/nova/nova/scheduler/request_filter.py:46}}
Jun 24 12:49:56.929927 np0000003542 nova-scheduler[96414]: DEBUG nova.scheduler.request_filter [None req-37189922-d132-4a32-873c-b6792710aeef tempest-AttachVolumeNegativeTest-1558242380 tempest-AttachVolumeNegativeTest-1558242380-project-member] Request filter 'remote_managed_ports_filter' took 0.0 seconds {{(pid=96414) wrapper /opt/stack/nova/nova/scheduler/request_filter.py:46}}
Jun 24 12:49:56.930034 np0000003542 nova-scheduler[96414]: DEBUG nova.scheduler.request_filter [None req-37189922-d132-4a32-873c-b6792710aeef tempest-AttachVolumeNegativeTest-1558242380 tempest-AttachVolumeNegativeTest-1558242380-project-member] ephemeral_encryption_filter skipped {{(pid=96414) ephemeral_encryption_filter /opt/stack/nova/nova/scheduler/request_filter.py:426}}
Jun 24 12:49:56.930112 np0000003542 nova-scheduler[96414]: DEBUG nova.scheduler.request_filter [None req-37189922-d132-4a32-873c-b6792710aeef tempest-AttachVolumeNegativeTest-1558242380 tempest-AttachVolumeNegativeTest-1558242380-project-member] virtio_sound_filter skipped {{(pid=96414) virtio_sound_filter /opt/stack/nova/nova/scheduler/request_filter.py:460}}
Jun 24 12:49:56.930229 np0000003542 nova-scheduler[96414]: DEBUG nova.scheduler.request_filter [None req-37189922-d132-4a32-873c-b6792710aeef tempest-AttachVolumeNegativeTest-1558242380 tempest-AttachVolumeNegativeTest-1558242380-project-member] tpm_secret_security_filter skipped {{(pid=96414) tpm_secret_security_filter /opt/stack/nova/nova/scheduler/request_filter.py:477}}
Jun 24 12:49:57.206607 np0000003542 nova-scheduler[96418]: INFO nova.utils [None req-34773ec2-2b8c-462c-ad19-4fc92974c6af tempest-DeleteServersTestJSON-670526179 tempest-DeleteServersTestJSON-670526179-project-member] The cell worker thread pool ForkProcess-4.cell_worker is initialized
Jun 24 12:49:57.207080 np0000003542 nova-scheduler[96418]: DEBUG oslo_concurrency.lockutils [None req-34773ec2-2b8c-462c-ad19-4fc92974c6af tempest-DeleteServersTestJSON-670526179 tempest-DeleteServersTestJSON-670526179-project-member] Acquiring lock "04024c57-4c9a-4ab4-9de9-4958ddd62578" by "nova.context.set_target_cell..get_or_set_cached_cell_and_set_connections" {{(pid=96418) inner /opt/stack/data/venv/lib/python3.12/site-packages/oslo_concurrency/lockutils.py:511}}
Jun 24 12:49:57.207343 np0000003542 nova-scheduler[96418]: DEBUG oslo_concurrency.lockutils [None req-34773ec2-2b8c-462c-ad19-4fc92974c6af tempest-DeleteServersTestJSON-670526179 tempest-DeleteServersTestJSON-670526179-project-member] Lock "04024c57-4c9a-4ab4-9de9-4958ddd62578" acquired by "nova.context.set_target_cell..get_or_set_cached_cell_and_set_connections" :: waited 0.000s {{(pid=96418) inner /opt/stack/data/venv/lib/python3.12/site-packages/oslo_concurrency/lockutils.py:524}}
Jun 24 12:49:57.208719 np0000003542 nova-scheduler[96418]: DEBUG oslo_concurrency.lockutils [None req-34773ec2-2b8c-462c-ad19-4fc92974c6af tempest-DeleteServersTestJSON-670526179 tempest-DeleteServersTestJSON-670526179-project-member] Lock "04024c57-4c9a-4ab4-9de9-4958ddd62578" "released" by "nova.context.set_target_cell..get_or_set_cached_cell_and_set_connections" :: held 0.001s {{(pid=96418) inner /opt/stack/data/venv/lib/python3.12/site-packages/oslo_concurrency/lockutils.py:543}}
Jun 24 12:49:57.211118 np0000003542 nova-scheduler[96418]: INFO dbcounter [None req-34773ec2-2b8c-462c-ad19-4fc92974c6af tempest-DeleteServersTestJSON-670526179 tempest-DeleteServersTestJSON-670526179-project-member] Registered counter for database nova_cell1
Jun 24 12:49:57.256367 np0000003542 nova-scheduler[96418]: DEBUG oslo_db.sqlalchemy.engines [None req-34773ec2-2b8c-462c-ad19-4fc92974c6af tempest-DeleteServersTestJSON-670526179 tempest-DeleteServersTestJSON-670526179-project-member] MySQL server mode set to STRICT_TRANS_TABLES,STRICT_ALL_TABLES,NO_ZERO_IN_DATE,NO_ZERO_DATE,ERROR_FOR_DIVISION_BY_ZERO,TRADITIONAL,NO_ENGINE_SUBSTITUTION {{(pid=96418) _check_effective_sql_mode /opt/stack/data/venv/lib/python3.12/site-packages/oslo_db/sqlalchemy/engines.py:325}}
Jun 24 12:49:57.263541 np0000003542 nova-scheduler[96418]: DEBUG dbcounter [-] [96418] Writer thread running {{(pid=96418) stat_writer /opt/stack/data/venv/lib/python3.12/site-packages/dbcounter.py:102}}
Jun 24 12:49:57.280030 np0000003542 nova-scheduler[96418]: DEBUG oslo_db.sqlalchemy.engines [None req-34773ec2-2b8c-462c-ad19-4fc92974c6af tempest-DeleteServersTestJSON-670526179 tempest-DeleteServersTestJSON-670526179-project-member] Parent process 95126 forked (96418) with an open database connection, which is being discarded and recreated. {{(pid=96418) checkout /opt/stack/data/venv/lib/python3.12/site-packages/oslo_db/sqlalchemy/engines.py:402}}
Jun 24 12:49:57.331942 np0000003542 nova-scheduler[96418]: DEBUG dbcounter [-] [96418] Writer thread running {{(pid=96418) stat_writer /opt/stack/data/venv/lib/python3.12/site-packages/dbcounter.py:102}}
Jun 24 12:49:57.334850 np0000003542 nova-scheduler[96418]: DEBUG oslo_concurrency.lockutils [None req-34773ec2-2b8c-462c-ad19-4fc92974c6af tempest-DeleteServersTestJSON-670526179 tempest-DeleteServersTestJSON-670526179-project-member] Acquiring lock "04024c57-4c9a-4ab4-9de9-4958ddd62578" by "nova.context.set_target_cell..get_or_set_cached_cell_and_set_connections" {{(pid=96418) inner /opt/stack/data/venv/lib/python3.12/site-packages/oslo_concurrency/lockutils.py:511}}
Jun 24 12:49:57.334974 np0000003542 nova-scheduler[96418]: DEBUG oslo_concurrency.lockutils [None req-34773ec2-2b8c-462c-ad19-4fc92974c6af tempest-DeleteServersTestJSON-670526179 tempest-DeleteServersTestJSON-670526179-project-member] Lock "04024c57-4c9a-4ab4-9de9-4958ddd62578" acquired by "nova.context.set_target_cell..get_or_set_cached_cell_and_set_connections" :: waited 0.000s {{(pid=96418) inner /opt/stack/data/venv/lib/python3.12/site-packages/oslo_concurrency/lockutils.py:524}}
Jun 24 12:49:57.335095 np0000003542 nova-scheduler[96418]: DEBUG oslo_concurrency.lockutils [None req-34773ec2-2b8c-462c-ad19-4fc92974c6af tempest-DeleteServersTestJSON-670526179 tempest-DeleteServersTestJSON-670526179-project-member] Lock "04024c57-4c9a-4ab4-9de9-4958ddd62578" "released" by "nova.context.set_target_cell..get_or_set_cached_cell_and_set_connections" :: held 0.000s {{(pid=96418) inner /opt/stack/data/venv/lib/python3.12/site-packages/oslo_concurrency/lockutils.py:543}}
Jun 24 12:49:57.338325 np0000003542 nova-scheduler[96418]: DEBUG oslo_concurrency.lockutils [None req-34773ec2-2b8c-462c-ad19-4fc92974c6af tempest-DeleteServersTestJSON-670526179 tempest-DeleteServersTestJSON-670526179-project-member] Acquiring lock "('np0000003542', 'np0000003542')" by "nova.scheduler.host_manager.HostState.update.._locked_update" {{(pid=96418) inner /opt/stack/data/venv/lib/python3.12/site-packages/oslo_concurrency/lockutils.py:511}}
Jun 24 12:49:57.338521 np0000003542 nova-scheduler[96418]: DEBUG oslo_concurrency.lockutils [None req-34773ec2-2b8c-462c-ad19-4fc92974c6af tempest-DeleteServersTestJSON-670526179 tempest-DeleteServersTestJSON-670526179-project-member] Lock "('np0000003542', 'np0000003542')" acquired by "nova.scheduler.host_manager.HostState.update.._locked_update" :: waited 0.000s {{(pid=96418) inner /opt/stack/data/venv/lib/python3.12/site-packages/oslo_concurrency/lockutils.py:524}}
