Jun 24 12:47:13.803319 np0000003542 nova-conductor[98840]: DEBUG cotyledon.oslo_config_glue [-] profiler.filter_error_trace = False {{(pid=98840) log_opt_values /opt/stack/data/venv/lib/python3.12/site-packages/oslo_config/cfg.py:3253}}
Jun 24 12:47:13.803319 np0000003542 nova-conductor[98840]: DEBUG cotyledon.oslo_config_glue [-] profiler.hmac_keys = **** {{(pid=98840) log_opt_values /opt/stack/data/venv/lib/python3.12/site-packages/oslo_config/cfg.py:3253}}
Jun 24 12:47:13.803319 np0000003542 nova-conductor[98840]: DEBUG cotyledon.oslo_config_glue [-] profiler.sentinel_service_name = mymaster {{(pid=98840) log_opt_values /opt/stack/data/venv/lib/python3.12/site-packages/oslo_config/cfg.py:3253}}
Jun 24 12:47:13.803319 np0000003542 nova-conductor[98840]: DEBUG cotyledon.oslo_config_glue [-] profiler.socket_timeout = 0.1 {{(pid=98840) log_opt_values /opt/stack/data/venv/lib/python3.12/site-packages/oslo_config/cfg.py:3253}}
Jun 24 12:47:13.803319 np0000003542 nova-conductor[98840]: DEBUG cotyledon.oslo_config_glue [-] profiler.trace_requests = False {{(pid=98840) log_opt_values /opt/stack/data/venv/lib/python3.12/site-packages/oslo_config/cfg.py:3253}}
Jun 24 12:47:13.803319 np0000003542 nova-conductor[98840]: DEBUG cotyledon.oslo_config_glue [-] profiler.trace_sqlalchemy = False {{(pid=98840) log_opt_values /opt/stack/data/venv/lib/python3.12/site-packages/oslo_config/cfg.py:3253}}
Jun 24 12:47:13.803319 np0000003542 nova-conductor[98840]: DEBUG cotyledon.oslo_config_glue [-] profiler_jaeger.process_tags = {} {{(pid=98840) log_opt_values /opt/stack/data/venv/lib/python3.12/site-packages/oslo_config/cfg.py:3253}}
Jun 24 12:47:13.803319 np0000003542 nova-conductor[98840]: DEBUG cotyledon.oslo_config_glue [-] profiler_jaeger.service_name_prefix = None {{(pid=98840) log_opt_values /opt/stack/data/venv/lib/python3.12/site-packages/oslo_config/cfg.py:3253}}
Jun 24 12:47:13.803602 np0000003542 nova-conductor[98840]: DEBUG cotyledon.oslo_config_glue [-] profiler_otlp.service_name_prefix = None {{(pid=98840) log_opt_values /opt/stack/data/venv/lib/python3.12/site-packages/oslo_config/cfg.py:3253}}
Jun 24 12:47:13.803602 np0000003542 nova-conductor[98840]: DEBUG cotyledon.oslo_config_glue [-] oslo_messaging_rabbit.amqp_auto_delete = False {{(pid=98840) log_opt_values /opt/stack/data/venv/lib/python3.12/site-packages/oslo_config/cfg.py:3253}}
Jun 24 12:47:13.803602 np0000003542 nova-conductor[98840]: DEBUG cotyledon.oslo_config_glue [-] oslo_messaging_rabbit.amqp_durable_queues = False {{(pid=98840) log_opt_values /opt/stack/data/venv/lib/python3.12/site-packages/oslo_config/cfg.py:3253}}
Jun 24 12:47:13.803602 np0000003542 nova-conductor[98840]: DEBUG cotyledon.oslo_config_glue [-] oslo_messaging_rabbit.conn_pool_min_size = 2 {{(pid=98840) log_opt_values /opt/stack/data/venv/lib/python3.12/site-packages/oslo_config/cfg.py:3253}}
Jun 24 12:47:13.803602 np0000003542 nova-conductor[98840]: DEBUG cotyledon.oslo_config_glue [-] oslo_messaging_rabbit.conn_pool_ttl = 1200 {{(pid=98840) log_opt_values /opt/stack/data/venv/lib/python3.12/site-packages/oslo_config/cfg.py:3253}}
Jun 24 12:47:13.803602 np0000003542 nova-conductor[98840]: DEBUG cotyledon.oslo_config_glue [-] oslo_messaging_rabbit.direct_mandatory_flag = True {{(pid=98840) log_opt_values /opt/stack/data/venv/lib/python3.12/site-packages/oslo_config/cfg.py:3253}}
Jun 24 12:47:13.803602 np0000003542 nova-conductor[98840]: DEBUG cotyledon.oslo_config_glue [-] oslo_messaging_rabbit.enable_cancel_on_failover = False {{(pid=98840) log_opt_values /opt/stack/data/venv/lib/python3.12/site-packages/oslo_config/cfg.py:3253}}
Jun 24 12:47:13.803602 np0000003542 nova-conductor[98840]: DEBUG cotyledon.oslo_config_glue [-] oslo_messaging_rabbit.heartbeat_rate = 3 {{(pid=98840) log_opt_values /opt/stack/data/venv/lib/python3.12/site-packages/oslo_config/cfg.py:3253}}
Jun 24 12:47:13.803602 np0000003542 nova-conductor[98840]: DEBUG cotyledon.oslo_config_glue [-] oslo_messaging_rabbit.heartbeat_timeout_threshold = 60 {{(pid=98840) log_opt_values /opt/stack/data/venv/lib/python3.12/site-packages/oslo_config/cfg.py:3253}}
Jun 24 12:47:13.803947 np0000003542 nova-conductor[98840]: DEBUG cotyledon.oslo_config_glue [-] oslo_messaging_rabbit.hostname = np0000003542 {{(pid=98840) log_opt_values /opt/stack/data/venv/lib/python3.12/site-packages/oslo_config/cfg.py:3253}}
Jun 24 12:47:13.803947 np0000003542 nova-conductor[98840]: DEBUG cotyledon.oslo_config_glue [-] oslo_messaging_rabbit.kombu_compression = None {{(pid=98840) log_opt_values /opt/stack/data/venv/lib/python3.12/site-packages/oslo_config/cfg.py:3253}}
Jun 24 12:47:13.803947 np0000003542 nova-conductor[98840]: DEBUG cotyledon.oslo_config_glue [-] oslo_messaging_rabbit.kombu_failover_strategy = round-robin {{(pid=98840) log_opt_values /opt/stack/data/venv/lib/python3.12/site-packages/oslo_config/cfg.py:3253}}
Jun 24 12:47:13.803947 np0000003542 nova-conductor[98840]: DEBUG cotyledon.oslo_config_glue [-] oslo_messaging_rabbit.kombu_missing_consumer_retry_timeout = 60 {{(pid=98840) log_opt_values /opt/stack/data/venv/lib/python3.12/site-packages/oslo_config/cfg.py:3253}}
Jun 24 12:47:13.803947 np0000003542 nova-conductor[98840]: DEBUG cotyledon.oslo_config_glue [-] oslo_messaging_rabbit.kombu_reconnect_delay = 1.0 {{(pid=98840) log_opt_values /opt/stack/data/venv/lib/python3.12/site-packages/oslo_config/cfg.py:3253}}
Jun 24 12:47:13.803947 np0000003542 nova-conductor[98840]: DEBUG cotyledon.oslo_config_glue [-] oslo_messaging_rabbit.kombu_reconnect_splay = 0.0 {{(pid=98840) log_opt_values /opt/stack/data/venv/lib/python3.12/site-packages/oslo_config/cfg.py:3253}}
Jun 24 12:47:13.803947 np0000003542 nova-conductor[98840]: DEBUG cotyledon.oslo_config_glue [-] oslo_messaging_rabbit.processname = nova-conductor {{(pid=98840) log_opt_values /opt/stack/data/venv/lib/python3.12/site-packages/oslo_config/cfg.py:3253}}
Jun 24 12:47:13.803947 np0000003542 nova-conductor[98840]: DEBUG cotyledon.oslo_config_glue [-] oslo_messaging_rabbit.rabbit_ha_queues = False {{(pid=98840) log_opt_values /opt/stack/data/venv/lib/python3.12/site-packages/oslo_config/cfg.py:3253}}
Jun 24 12:47:13.803947 np0000003542 nova-conductor[98840]: DEBUG cotyledon.oslo_config_glue [-] oslo_messaging_rabbit.rabbit_interval_max = 30 {{(pid=98840) log_opt_values /opt/stack/data/venv/lib/python3.12/site-packages/oslo_config/cfg.py:3253}}
Jun 24 12:47:13.804268 np0000003542 nova-conductor[98840]: DEBUG cotyledon.oslo_config_glue [-] oslo_messaging_rabbit.rabbit_login_method = AMQPLAIN {{(pid=98840) log_opt_values /opt/stack/data/venv/lib/python3.12/site-packages/oslo_config/cfg.py:3253}}
Jun 24 12:47:13.804268 np0000003542 nova-conductor[98840]: DEBUG cotyledon.oslo_config_glue [-] oslo_messaging_rabbit.rabbit_qos_prefetch_count = 0 {{(pid=98840) log_opt_values /opt/stack/data/venv/lib/python3.12/site-packages/oslo_config/cfg.py:3253}}
Jun 24 12:47:13.804268 np0000003542 nova-conductor[98840]: DEBUG cotyledon.oslo_config_glue [-] oslo_messaging_rabbit.rabbit_quorum_delivery_limit = 0 {{(pid=98840) log_opt_values /opt/stack/data/venv/lib/python3.12/site-packages/oslo_config/cfg.py:3253}}
Jun 24 12:47:13.804268 np0000003542 nova-conductor[98840]: DEBUG cotyledon.oslo_config_glue [-] oslo_messaging_rabbit.rabbit_quorum_max_memory_bytes = 0 {{(pid=98840) log_opt_values /opt/stack/data/venv/lib/python3.12/site-packages/oslo_config/cfg.py:3253}}
Jun 24 12:47:13.804268 np0000003542 nova-conductor[98840]: DEBUG cotyledon.oslo_config_glue [-] oslo_messaging_rabbit.rabbit_quorum_max_memory_length = 0 {{(pid=98840) log_opt_values /opt/stack/data/venv/lib/python3.12/site-packages/oslo_config/cfg.py:3253}}
Jun 24 12:47:13.804268 np0000003542 nova-conductor[98840]: DEBUG cotyledon.oslo_config_glue [-] oslo_messaging_rabbit.rabbit_quorum_queue = False {{(pid=98840) log_opt_values /opt/stack/data/venv/lib/python3.12/site-packages/oslo_config/cfg.py:3253}}
Jun 24 12:47:13.804268 np0000003542 nova-conductor[98840]: DEBUG cotyledon.oslo_config_glue [-] oslo_messaging_rabbit.rabbit_retry_backoff = 2 {{(pid=98840) log_opt_values /opt/stack/data/venv/lib/python3.12/site-packages/oslo_config/cfg.py:3253}}
Jun 24 12:47:13.804268 np0000003542 nova-conductor[98840]: DEBUG cotyledon.oslo_config_glue [-] oslo_messaging_rabbit.rabbit_retry_interval = 1 {{(pid=98840) log_opt_values /opt/stack/data/venv/lib/python3.12/site-packages/oslo_config/cfg.py:3253}}
Jun 24 12:47:13.804268 np0000003542 nova-conductor[98840]: DEBUG cotyledon.oslo_config_glue [-] oslo_messaging_rabbit.rabbit_stream_fanout = False {{(pid=98840) log_opt_values /opt/stack/data/venv/lib/python3.12/site-packages/oslo_config/cfg.py:3253}}
Jun 24 12:47:13.804581 np0000003542 nova-conductor[98840]: DEBUG cotyledon.oslo_config_glue [-] oslo_messaging_rabbit.rabbit_transient_queues_ttl = 1800 {{(pid=98840) log_opt_values /opt/stack/data/venv/lib/python3.12/site-packages/oslo_config/cfg.py:3253}}
Jun 24 12:47:13.804581 np0000003542 nova-conductor[98840]: DEBUG cotyledon.oslo_config_glue [-] oslo_messaging_rabbit.rabbit_transient_quorum_queue = False {{(pid=98840) log_opt_values /opt/stack/data/venv/lib/python3.12/site-packages/oslo_config/cfg.py:3253}}
Jun 24 12:47:13.804581 np0000003542 nova-conductor[98840]: DEBUG cotyledon.oslo_config_glue [-] oslo_messaging_rabbit.rpc_conn_pool_size = 30 {{(pid=98840) log_opt_values /opt/stack/data/venv/lib/python3.12/site-packages/oslo_config/cfg.py:3253}}
Jun 24 12:47:13.804581 np0000003542 nova-conductor[98840]: DEBUG cotyledon.oslo_config_glue [-] oslo_messaging_rabbit.ssl = False {{(pid=98840) log_opt_values /opt/stack/data/venv/lib/python3.12/site-packages/oslo_config/cfg.py:3253}}
Jun 24 12:47:13.804581 np0000003542 nova-conductor[98840]: DEBUG cotyledon.oslo_config_glue [-] oslo_messaging_rabbit.ssl_ca_file = {{(pid=98840) log_opt_values /opt/stack/data/venv/lib/python3.12/site-packages/oslo_config/cfg.py:3253}}
Jun 24 12:47:13.804581 np0000003542 nova-conductor[98840]: DEBUG cotyledon.oslo_config_glue [-] oslo_messaging_rabbit.ssl_cert_file = {{(pid=98840) log_opt_values /opt/stack/data/venv/lib/python3.12/site-packages/oslo_config/cfg.py:3253}}
Jun 24 12:47:13.804581 np0000003542 nova-conductor[98840]: DEBUG cotyledon.oslo_config_glue [-] oslo_messaging_rabbit.ssl_enforce_fips_mode = False {{(pid=98840) log_opt_values /opt/stack/data/venv/lib/python3.12/site-packages/oslo_config/cfg.py:3253}}
Jun 24 12:47:13.804581 np0000003542 nova-conductor[98840]: DEBUG cotyledon.oslo_config_glue [-] oslo_messaging_rabbit.ssl_enforce_hostname_verification = True {{(pid=98840) log_opt_values /opt/stack/data/venv/lib/python3.12/site-packages/oslo_config/cfg.py:3253}}
Jun 24 12:47:13.804581 np0000003542 nova-conductor[98840]: DEBUG cotyledon.oslo_config_glue [-] oslo_messaging_rabbit.ssl_key_file = {{(pid=98840) log_opt_values /opt/stack/data/venv/lib/python3.12/site-packages/oslo_config/cfg.py:3253}}
Jun 24 12:47:13.804959 np0000003542 nova-conductor[98840]: DEBUG cotyledon.oslo_config_glue [-] oslo_messaging_rabbit.ssl_version = {{(pid=98840) log_opt_values /opt/stack/data/venv/lib/python3.12/site-packages/oslo_config/cfg.py:3253}}
Jun 24 12:47:13.804959 np0000003542 nova-conductor[98840]: DEBUG cotyledon.oslo_config_glue [-] oslo_messaging_rabbit.use_queue_manager = False {{(pid=98840) log_opt_values /opt/stack/data/venv/lib/python3.12/site-packages/oslo_config/cfg.py:3253}}
Jun 24 12:47:13.804959 np0000003542 nova-conductor[98840]: DEBUG cotyledon.oslo_config_glue [-] oslo_messaging_notifications.driver = ['messagingv2'] {{(pid=98840) log_opt_values /opt/stack/data/venv/lib/python3.12/site-packages/oslo_config/cfg.py:3253}}
Jun 24 12:47:13.804959 np0000003542 nova-conductor[98840]: DEBUG cotyledon.oslo_config_glue [-] oslo_messaging_notifications.retry = -1 {{(pid=98840) log_opt_values /opt/stack/data/venv/lib/python3.12/site-packages/oslo_config/cfg.py:3253}}
Jun 24 12:47:13.804959 np0000003542 nova-conductor[98840]: DEBUG cotyledon.oslo_config_glue [-] oslo_messaging_notifications.topics = ['notifications'] {{(pid=98840) log_opt_values /opt/stack/data/venv/lib/python3.12/site-packages/oslo_config/cfg.py:3253}}
Jun 24 12:47:13.804959 np0000003542 nova-conductor[98840]: DEBUG cotyledon.oslo_config_glue [-] oslo_messaging_notifications.transport_url = **** {{(pid=98840) log_opt_values /opt/stack/data/venv/lib/python3.12/site-packages/oslo_config/cfg.py:3253}}
Jun 24 12:47:13.804959 np0000003542 nova-conductor[98840]: DEBUG cotyledon.oslo_config_glue [-] oslo_limit.auth_section = None {{(pid=98840) log_opt_values /opt/stack/data/venv/lib/python3.12/site-packages/oslo_config/cfg.py:3253}}
Jun 24 12:47:13.804959 np0000003542 nova-conductor[98840]: DEBUG cotyledon.oslo_config_glue [-] oslo_limit.auth_type = None {{(pid=98840) log_opt_values /opt/stack/data/venv/lib/python3.12/site-packages/oslo_config/cfg.py:3253}}
Jun 24 12:47:13.804959 np0000003542 nova-conductor[98840]: DEBUG cotyledon.oslo_config_glue [-] oslo_limit.cafile = None {{(pid=98840) log_opt_values /opt/stack/data/venv/lib/python3.12/site-packages/oslo_config/cfg.py:3253}}
Jun 24 12:47:13.805273 np0000003542 nova-conductor[98840]: DEBUG cotyledon.oslo_config_glue [-] oslo_limit.certfile = None {{(pid=98840) log_opt_values /opt/stack/data/venv/lib/python3.12/site-packages/oslo_config/cfg.py:3253}}
Jun 24 12:47:13.805273 np0000003542 nova-conductor[98840]: DEBUG cotyledon.oslo_config_glue [-] oslo_limit.collect_timing = False {{(pid=98840) log_opt_values /opt/stack/data/venv/lib/python3.12/site-packages/oslo_config/cfg.py:3253}}
Jun 24 12:47:13.805273 np0000003542 nova-conductor[98840]: DEBUG cotyledon.oslo_config_glue [-] oslo_limit.connect_retries = None {{(pid=98840) log_opt_values /opt/stack/data/venv/lib/python3.12/site-packages/oslo_config/cfg.py:3253}}
Jun 24 12:47:13.805273 np0000003542 nova-conductor[98840]: DEBUG cotyledon.oslo_config_glue [-] oslo_limit.connect_retry_delay = None {{(pid=98840) log_opt_values /opt/stack/data/venv/lib/python3.12/site-packages/oslo_config/cfg.py:3253}}
Jun 24 12:47:13.805273 np0000003542 nova-conductor[98840]: DEBUG cotyledon.oslo_config_glue [-] oslo_limit.endpoint_id = None {{(pid=98840) log_opt_values /opt/stack/data/venv/lib/python3.12/site-packages/oslo_config/cfg.py:3253}}
Jun 24 12:47:13.805273 np0000003542 nova-conductor[98840]: DEBUG cotyledon.oslo_config_glue [-] oslo_limit.endpoint_interface = public {{(pid=98840) log_opt_values /opt/stack/data/venv/lib/python3.12/site-packages/oslo_config/cfg.py:3253}}
Jun 24 12:47:13.805273 np0000003542 nova-conductor[98840]: DEBUG cotyledon.oslo_config_glue [-] oslo_limit.endpoint_override = None {{(pid=98840) log_opt_values /opt/stack/data/venv/lib/python3.12/site-packages/oslo_config/cfg.py:3253}}
Jun 24 12:47:13.805273 np0000003542 nova-conductor[98840]: DEBUG cotyledon.oslo_config_glue [-] oslo_limit.endpoint_region_name = None {{(pid=98840) log_opt_values /opt/stack/data/venv/lib/python3.12/site-packages/oslo_config/cfg.py:3253}}
Jun 24 12:47:13.805273 np0000003542 nova-conductor[98840]: DEBUG cotyledon.oslo_config_glue [-] oslo_limit.endpoint_service_name = None {{(pid=98840) log_opt_values /opt/stack/data/venv/lib/python3.12/site-packages/oslo_config/cfg.py:3253}}
Jun 24 12:47:13.805633 np0000003542 nova-conductor[98840]: DEBUG cotyledon.oslo_config_glue [-] oslo_limit.endpoint_service_type = None {{(pid=98840) log_opt_values /opt/stack/data/venv/lib/python3.12/site-packages/oslo_config/cfg.py:3253}}
Jun 24 12:47:13.805633 np0000003542 nova-conductor[98840]: DEBUG cotyledon.oslo_config_glue [-] oslo_limit.insecure = False {{(pid=98840) log_opt_values /opt/stack/data/venv/lib/python3.12/site-packages/oslo_config/cfg.py:3253}}
Jun 24 12:47:13.805633 np0000003542 nova-conductor[98840]: DEBUG cotyledon.oslo_config_glue [-] oslo_limit.keyfile = None {{(pid=98840) log_opt_values /opt/stack/data/venv/lib/python3.12/site-packages/oslo_config/cfg.py:3253}}
Jun 24 12:47:13.805633 np0000003542 nova-conductor[98840]: DEBUG cotyledon.oslo_config_glue [-] oslo_limit.max_version = None {{(pid=98840) log_opt_values /opt/stack/data/venv/lib/python3.12/site-packages/oslo_config/cfg.py:3253}}
Jun 24 12:47:13.805633 np0000003542 nova-conductor[98840]: DEBUG cotyledon.oslo_config_glue [-] oslo_limit.min_version = None {{(pid=98840) log_opt_values /opt/stack/data/venv/lib/python3.12/site-packages/oslo_config/cfg.py:3253}}
Jun 24 12:47:13.805633 np0000003542 nova-conductor[98840]: DEBUG cotyledon.oslo_config_glue [-] oslo_limit.region_name = None {{(pid=98840) log_opt_values /opt/stack/data/venv/lib/python3.12/site-packages/oslo_config/cfg.py:3253}}
Jun 24 12:47:13.805633 np0000003542 nova-conductor[98840]: DEBUG cotyledon.oslo_config_glue [-] oslo_limit.retriable_status_codes = None {{(pid=98840) log_opt_values /opt/stack/data/venv/lib/python3.12/site-packages/oslo_config/cfg.py:3253}}
Jun 24 12:47:13.805633 np0000003542 nova-conductor[98840]: DEBUG cotyledon.oslo_config_glue [-] oslo_limit.service_name = None {{(pid=98840) log_opt_values /opt/stack/data/venv/lib/python3.12/site-packages/oslo_config/cfg.py:3253}}
Jun 24 12:47:13.805633 np0000003542 nova-conductor[98840]: DEBUG cotyledon.oslo_config_glue [-] oslo_limit.service_type = None {{(pid=98840) log_opt_values /opt/stack/data/venv/lib/python3.12/site-packages/oslo_config/cfg.py:3253}}
Jun 24 12:47:13.805959 np0000003542 nova-conductor[98840]: DEBUG cotyledon.oslo_config_glue [-] oslo_limit.split_loggers = False {{(pid=98840) log_opt_values /opt/stack/data/venv/lib/python3.12/site-packages/oslo_config/cfg.py:3253}}
Jun 24 12:47:13.805959 np0000003542 nova-conductor[98840]: DEBUG cotyledon.oslo_config_glue [-] oslo_limit.status_code_retries = None {{(pid=98840) log_opt_values /opt/stack/data/venv/lib/python3.12/site-packages/oslo_config/cfg.py:3253}}
Jun 24 12:47:13.805959 np0000003542 nova-conductor[98840]: DEBUG cotyledon.oslo_config_glue [-] oslo_limit.status_code_retry_delay = None {{(pid=98840) log_opt_values /opt/stack/data/venv/lib/python3.12/site-packages/oslo_config/cfg.py:3253}}
Jun 24 12:47:13.805959 np0000003542 nova-conductor[98840]: DEBUG cotyledon.oslo_config_glue [-] oslo_limit.timeout = None {{(pid=98840) log_opt_values /opt/stack/data/venv/lib/python3.12/site-packages/oslo_config/cfg.py:3253}}
Jun 24 12:47:13.805959 np0000003542 nova-conductor[98840]: DEBUG cotyledon.oslo_config_glue [-] oslo_limit.valid_interfaces = None {{(pid=98840) log_opt_values /opt/stack/data/venv/lib/python3.12/site-packages/oslo_config/cfg.py:3253}}
Jun 24 12:47:13.805959 np0000003542 nova-conductor[98840]: DEBUG cotyledon.oslo_config_glue [-] oslo_limit.version = None {{(pid=98840) log_opt_values /opt/stack/data/venv/lib/python3.12/site-packages/oslo_config/cfg.py:3253}}
Jun 24 12:47:13.805959 np0000003542 nova-conductor[98840]: DEBUG cotyledon.oslo_config_glue [-] oslo_reports.file_event_handler = None {{(pid=98840) log_opt_values /opt/stack/data/venv/lib/python3.12/site-packages/oslo_config/cfg.py:3253}}
Jun 24 12:47:13.805959 np0000003542 nova-conductor[98840]: DEBUG cotyledon.oslo_config_glue [-] oslo_reports.file_event_handler_interval = 1 {{(pid=98840) log_opt_values /opt/stack/data/venv/lib/python3.12/site-packages/oslo_config/cfg.py:3253}}
Jun 24 12:47:13.805959 np0000003542 nova-conductor[98840]: DEBUG cotyledon.oslo_config_glue [-] oslo_reports.log_dir = None {{(pid=98840) log_opt_values /opt/stack/data/venv/lib/python3.12/site-packages/oslo_config/cfg.py:3253}}
Jun 24 12:47:13.806258 np0000003542 nova-conductor[98840]: DEBUG cotyledon.oslo_config_glue [-] ******************************************************************************** {{(pid=98840) log_opt_values /opt/stack/data/venv/lib/python3.12/site-packages/oslo_config/cfg.py:3260}}
Jun 24 12:47:13.806258 np0000003542 nova-conductor[98840]: DEBUG cotyledon._service_worker [-] Run service ServiceWrapper(3) [98840] {{(pid=98840) wait_forever /opt/stack/data/venv/lib/python3.12/site-packages/cotyledon/_service_worker.py:218}}
Jun 24 12:47:13.806258 np0000003542 nova-conductor[98840]: INFO nova.service [-] Starting conductor node (version 33.1.0)
Jun 24 12:47:13.806375 np0000003542 nova-conductor[98810]: DEBUG oslo_db.sqlalchemy.engines [None req-f5dd67fa-3ace-4129-9445-93b22ecbcc28 None None] MySQL server mode set to STRICT_TRANS_TABLES,STRICT_ALL_TABLES,NO_ZERO_IN_DATE,NO_ZERO_DATE,ERROR_FOR_DIVISION_BY_ZERO,TRADITIONAL,NO_ENGINE_SUBSTITUTION {{(pid=98810) _check_effective_sql_mode /opt/stack/data/venv/lib/python3.12/site-packages/oslo_db/sqlalchemy/engines.py:325}}
Jun 24 12:47:13.806424 np0000003542 nova-conductor[98840]: INFO dbcounter [None req-d32a806d-4568-48de-9ecc-67d75cf5e40c None None] Registered counter for database nova_cell0
Jun 24 12:47:13.806467 np0000003542 nova-conductor[98810]: DEBUG dbcounter [-] [98810] Writer thread running {{(pid=98810) stat_writer /opt/stack/data/venv/lib/python3.12/site-packages/dbcounter.py:102}}
Jun 24 12:47:13.806509 np0000003542 nova-conductor[98818]: DEBUG oslo_db.sqlalchemy.engines [None req-e851936b-f316-42ee-94db-d4d1e7ad0f0d None None] MySQL server mode set to STRICT_TRANS_TABLES,STRICT_ALL_TABLES,NO_ZERO_IN_DATE,NO_ZERO_DATE,ERROR_FOR_DIVISION_BY_ZERO,TRADITIONAL,NO_ENGINE_SUBSTITUTION {{(pid=98818) _check_effective_sql_mode /opt/stack/data/venv/lib/python3.12/site-packages/oslo_db/sqlalchemy/engines.py:325}}
Jun 24 12:47:13.806563 np0000003542 nova-conductor[98810]: DEBUG nova.service [None req-f5dd67fa-3ace-4129-9445-93b22ecbcc28 None None] Creating RPC server for service: nova-conductor on topic: conductor {{(pid=98810) start /opt/stack/nova/nova/service.py:196}}
Jun 24 12:47:13.806613 np0000003542 nova-conductor[98831]: DEBUG oslo_db.sqlalchemy.engines [None req-88e51f62-6c6c-464a-a7e5-dc331871634a None None] MySQL server mode set to STRICT_TRANS_TABLES,STRICT_ALL_TABLES,NO_ZERO_IN_DATE,NO_ZERO_DATE,ERROR_FOR_DIVISION_BY_ZERO,TRADITIONAL,NO_ENGINE_SUBSTITUTION {{(pid=98831) _check_effective_sql_mode /opt/stack/data/venv/lib/python3.12/site-packages/oslo_db/sqlalchemy/engines.py:325}}
Jun 24 12:47:13.810156 np0000003542 nova-conductor[98818]: DEBUG dbcounter [-] [98818] Writer thread running {{(pid=98818) stat_writer /opt/stack/data/venv/lib/python3.12/site-packages/dbcounter.py:102}}
Jun 24 12:47:13.813881 np0000003542 nova-conductor[98831]: DEBUG dbcounter [-] [98831] Writer thread running {{(pid=98831) stat_writer /opt/stack/data/venv/lib/python3.12/site-packages/dbcounter.py:102}}
Jun 24 12:47:13.814348 np0000003542 nova-conductor[98818]: DEBUG nova.service [None req-e851936b-f316-42ee-94db-d4d1e7ad0f0d None None] Creating RPC server for service: nova-conductor on topic: conductor {{(pid=98818) start /opt/stack/nova/nova/service.py:196}}
Jun 24 12:47:13.817374 np0000003542 nova-conductor[98831]: DEBUG nova.service [None req-88e51f62-6c6c-464a-a7e5-dc331871634a None None] Creating RPC server for service: nova-conductor on topic: conductor {{(pid=98831) start /opt/stack/nova/nova/service.py:196}}
Jun 24 12:47:13.827249 np0000003542 nova-conductor[98840]: DEBUG oslo_db.sqlalchemy.engines [None req-d32a806d-4568-48de-9ecc-67d75cf5e40c None None] MySQL server mode set to STRICT_TRANS_TABLES,STRICT_ALL_TABLES,NO_ZERO_IN_DATE,NO_ZERO_DATE,ERROR_FOR_DIVISION_BY_ZERO,TRADITIONAL,NO_ENGINE_SUBSTITUTION {{(pid=98840) _check_effective_sql_mode /opt/stack/data/venv/lib/python3.12/site-packages/oslo_db/sqlalchemy/engines.py:325}}
Jun 24 12:47:13.834583 np0000003542 nova-conductor[98810]: DEBUG nova.service [None req-f5dd67fa-3ace-4129-9445-93b22ecbcc28 None None] Join ServiceGroup membership for this service conductor {{(pid=98810) start /opt/stack/nova/nova/service.py:222}}
Jun 24 12:47:13.834761 np0000003542 nova-conductor[98818]: DEBUG nova.service [None req-e851936b-f316-42ee-94db-d4d1e7ad0f0d None None] Join ServiceGroup membership for this service conductor {{(pid=98818) start /opt/stack/nova/nova/service.py:222}}
Jun 24 12:47:13.834874 np0000003542 nova-conductor[98810]: DEBUG nova.servicegroup.drivers.db [None req-f5dd67fa-3ace-4129-9445-93b22ecbcc28 None None] DB_Driver: join new ServiceGroup member np0000003542 to the conductor group, service = {{(pid=98810) join /opt/stack/nova/nova/servicegroup/drivers/db.py:44}}
Jun 24 12:47:13.834943 np0000003542 nova-conductor[98818]: DEBUG nova.servicegroup.drivers.db [None req-e851936b-f316-42ee-94db-d4d1e7ad0f0d None None] DB_Driver: join new ServiceGroup member np0000003542 to the conductor group, service = {{(pid=98818) join /opt/stack/nova/nova/servicegroup/drivers/db.py:44}}
Jun 24 12:47:13.839184 np0000003542 nova-conductor[98840]: DEBUG dbcounter [-] [98840] Writer thread running {{(pid=98840) stat_writer /opt/stack/data/venv/lib/python3.12/site-packages/dbcounter.py:102}}
Jun 24 12:47:13.841512 np0000003542 nova-conductor[98831]: DEBUG nova.service [None req-88e51f62-6c6c-464a-a7e5-dc331871634a None None] Join ServiceGroup membership for this service conductor {{(pid=98831) start /opt/stack/nova/nova/service.py:222}}
Jun 24 12:47:13.841984 np0000003542 nova-conductor[98831]: DEBUG nova.servicegroup.drivers.db [None req-88e51f62-6c6c-464a-a7e5-dc331871634a None None] DB_Driver: join new ServiceGroup member np0000003542 to the conductor group, service = {{(pid=98831) join /opt/stack/nova/nova/servicegroup/drivers/db.py:44}}
Jun 24 12:47:13.842137 np0000003542 nova-conductor[98840]: DEBUG nova.service [None req-d32a806d-4568-48de-9ecc-67d75cf5e40c None None] Creating RPC server for service: nova-conductor on topic: conductor {{(pid=98840) start /opt/stack/nova/nova/service.py:196}}
Jun 24 12:47:13.859887 np0000003542 nova-conductor[98840]: DEBUG nova.service [None req-d32a806d-4568-48de-9ecc-67d75cf5e40c None None] Join ServiceGroup membership for this service conductor {{(pid=98840) start /opt/stack/nova/nova/service.py:222}}
Jun 24 12:47:13.860001 np0000003542 nova-conductor[98840]: DEBUG nova.servicegroup.drivers.db [None req-d32a806d-4568-48de-9ecc-67d75cf5e40c None None] DB_Driver: join new ServiceGroup member np0000003542 to the conductor group, service = {{(pid=98840) join /opt/stack/nova/nova/servicegroup/drivers/db.py:44}}
Jun 24 12:47:18.854195 np0000003542 nova-conductor[98810]: DEBUG oslo.service.backend._threading.loopingcall [-] Fixed interval looping call 'nova.servicegroup.drivers.db.DbDriver._report_state' sleeping for 119.98 seconds {{(pid=98810) _run_loop /opt/stack/data/venv/lib/python3.12/site-packages/oslo_service/backend/_threading/loopingcall.py:125}}
Jun 24 12:47:18.854746 np0000003542 nova-conductor[98818]: DEBUG oslo.service.backend._threading.loopingcall [-] Fixed interval looping call 'nova.servicegroup.drivers.db.DbDriver._report_state' sleeping for 119.98 seconds {{(pid=98818) _run_loop /opt/stack/data/venv/lib/python3.12/site-packages/oslo_service/backend/_threading/loopingcall.py:125}}
Jun 24 12:47:18.857773 np0000003542 nova-conductor[98831]: DEBUG oslo.service.backend._threading.loopingcall [-] Fixed interval looping call 'nova.servicegroup.drivers.db.DbDriver._report_state' sleeping for 119.99 seconds {{(pid=98831) _run_loop /opt/stack/data/venv/lib/python3.12/site-packages/oslo_service/backend/_threading/loopingcall.py:125}}
Jun 24 12:47:18.871188 np0000003542 nova-conductor[98840]: DEBUG oslo.service.backend._threading.loopingcall [-] Fixed interval looping call 'nova.servicegroup.drivers.db.DbDriver._report_state' sleeping for 119.99 seconds {{(pid=98840) _run_loop /opt/stack/data/venv/lib/python3.12/site-packages/oslo_service/backend/_threading/loopingcall.py:125}}
Jun 24 12:47:22.348486 np0000003542 nova-conductor[97368]: DEBUG dbcounter [-] [97368] Writing DB stats nova_api:SELECT=1 {{(pid=97368) stat_writer /opt/stack/data/venv/lib/python3.12/site-packages/dbcounter.py:115}}
Jun 24 12:47:22.502660 np0000003542 nova-conductor[97368]: DEBUG dbcounter [-] [97368] Writing DB stats nova_cell1:SELECT=1 {{(pid=97368) stat_writer /opt/stack/data/venv/lib/python3.12/site-packages/dbcounter.py:115}}
Jun 24 12:47:22.505561 np0000003542 nova-conductor[97368]: DEBUG dbcounter [-] [97368] Writing DB stats nova_cell0:SELECT=1 {{(pid=97368) stat_writer /opt/stack/data/venv/lib/python3.12/site-packages/dbcounter.py:115}}
Jun 24 12:47:28.850801 np0000003542 nova-conductor[98810]: DEBUG dbcounter [-] [98810] Writing DB stats nova_cell0:SELECT=4,nova_cell0:INSERT=1,nova_cell0:UPDATE=1 {{(pid=98810) stat_writer /opt/stack/data/venv/lib/python3.12/site-packages/dbcounter.py:115}}
Jun 24 12:47:28.851183 np0000003542 nova-conductor[98818]: DEBUG dbcounter [-] [98818] Writing DB stats nova_cell0:SELECT=3,nova_cell0:UPDATE=1 {{(pid=98818) stat_writer /opt/stack/data/venv/lib/python3.12/site-packages/dbcounter.py:115}}
Jun 24 12:47:28.855985 np0000003542 nova-conductor[98831]: DEBUG dbcounter [-] [98831] Writing DB stats nova_cell0:SELECT=3,nova_cell0:UPDATE=1 {{(pid=98831) stat_writer /opt/stack/data/venv/lib/python3.12/site-packages/dbcounter.py:115}}
Jun 24 12:47:28.868403 np0000003542 nova-conductor[98840]: DEBUG dbcounter [-] [98840] Writing DB stats nova_cell0:SELECT=3 {{(pid=98840) stat_writer /opt/stack/data/venv/lib/python3.12/site-packages/dbcounter.py:115}}
Jun 24 12:47:32.845341 np0000003542 nova-conductor[98831]: DEBUG oslo.service.backend._threading.loopingcall [None req-973ac417-0799-4819-bbce-41a543f19f0e None None] Dynamic interval looping call 'nova.service.Service.periodic_tasks' sleeping for 60.00 seconds {{(pid=98831) _run_loop /opt/stack/data/venv/lib/python3.12/site-packages/oslo_service/backend/_threading/loopingcall.py:125}}
Jun 24 12:47:33.837123 np0000003542 nova-conductor[98810]: DEBUG oslo.service.backend._threading.loopingcall [None req-5c25024e-0824-455d-8877-1369d7a7cfd2 None None] Dynamic interval looping call 'nova.service.Service.periodic_tasks' sleeping for 60.00 seconds {{(pid=98810) _run_loop /opt/stack/data/venv/lib/python3.12/site-packages/oslo_service/backend/_threading/loopingcall.py:125}}
Jun 24 12:47:39.862340 np0000003542 nova-conductor[98840]: DEBUG oslo.service.backend._threading.loopingcall [None req-43ac9b48-cb0a-4eed-af90-dbf634c4c6ad None None] Dynamic interval looping call 'nova.service.Service.periodic_tasks' sleeping for 60.00 seconds {{(pid=98840) _run_loop /opt/stack/data/venv/lib/python3.12/site-packages/oslo_service/backend/_threading/loopingcall.py:125}}
Jun 24 12:47:43.837616 np0000003542 nova-conductor[98818]: DEBUG oslo.service.backend._threading.loopingcall [None req-3c5373d6-d817-494a-b041-4fc3738ed171 None None] Dynamic interval looping call 'nova.service.Service.periodic_tasks' sleeping for 60.00 seconds {{(pid=98818) _run_loop /opt/stack/data/venv/lib/python3.12/site-packages/oslo_service/backend/_threading/loopingcall.py:125}}
Jun 24 12:48:32.845909 np0000003542 nova-conductor[98831]: DEBUG oslo.service.backend._threading.loopingcall [None req-973ac417-0799-4819-bbce-41a543f19f0e None None] Dynamic interval looping call 'nova.service.Service.periodic_tasks' sleeping for 60.00 seconds {{(pid=98831) _run_loop /opt/stack/data/venv/lib/python3.12/site-packages/oslo_service/backend/_threading/loopingcall.py:125}}
Jun 24 12:48:33.837580 np0000003542 nova-conductor[98810]: DEBUG oslo.service.backend._threading.loopingcall [None req-5c25024e-0824-455d-8877-1369d7a7cfd2 None None] Dynamic interval looping call 'nova.service.Service.periodic_tasks' sleeping for 60.00 seconds {{(pid=98810) _run_loop /opt/stack/data/venv/lib/python3.12/site-packages/oslo_service/backend/_threading/loopingcall.py:125}}
Jun 24 12:48:39.862878 np0000003542 nova-conductor[98840]: DEBUG oslo.service.backend._threading.loopingcall [None req-43ac9b48-cb0a-4eed-af90-dbf634c4c6ad None None] Dynamic interval looping call 'nova.service.Service.periodic_tasks' sleeping for 60.00 seconds {{(pid=98840) _run_loop /opt/stack/data/venv/lib/python3.12/site-packages/oslo_service/backend/_threading/loopingcall.py:125}}
Jun 24 12:48:43.838145 np0000003542 nova-conductor[98818]: DEBUG oslo.service.backend._threading.loopingcall [None req-3c5373d6-d817-494a-b041-4fc3738ed171 None None] Dynamic interval looping call 'nova.service.Service.periodic_tasks' sleeping for 60.00 seconds {{(pid=98818) _run_loop /opt/stack/data/venv/lib/python3.12/site-packages/oslo_service/backend/_threading/loopingcall.py:125}}
Jun 24 12:49:18.840763 np0000003542 nova-conductor[98810]: DEBUG oslo.service.backend._threading.loopingcall [-] Fixed interval looping call 'nova.servicegroup.drivers.db.DbDriver._report_state' sleeping for 119.99 seconds {{(pid=98810) _run_loop /opt/stack/data/venv/lib/python3.12/site-packages/oslo_service/backend/_threading/loopingcall.py:125}}
Jun 24 12:49:18.841168 np0000003542 nova-conductor[98818]: DEBUG oslo.service.backend._threading.loopingcall [-] Fixed interval looping call 'nova.servicegroup.drivers.db.DbDriver._report_state' sleeping for 119.99 seconds {{(pid=98818) _run_loop /opt/stack/data/venv/lib/python3.12/site-packages/oslo_service/backend/_threading/loopingcall.py:125}}
Jun 24 12:49:18.852595 np0000003542 nova-conductor[98831]: DEBUG oslo.service.backend._threading.loopingcall [-] Fixed interval looping call 'nova.servicegroup.drivers.db.DbDriver._report_state' sleeping for 120.00 seconds {{(pid=98831) _run_loop /opt/stack/data/venv/lib/python3.12/site-packages/oslo_service/backend/_threading/loopingcall.py:125}}
Jun 24 12:49:18.864770 np0000003542 nova-conductor[98840]: DEBUG oslo.service.backend._threading.loopingcall [-] Fixed interval looping call 'nova.servicegroup.drivers.db.DbDriver._report_state' sleeping for 120.00 seconds {{(pid=98840) _run_loop /opt/stack/data/venv/lib/python3.12/site-packages/oslo_service/backend/_threading/loopingcall.py:125}}
Jun 24 12:49:28.837477 np0000003542 nova-conductor[98810]: DEBUG dbcounter [-] [98810] Writing DB stats nova_cell0:SELECT=1,nova_cell0:UPDATE=1 {{(pid=98810) stat_writer /opt/stack/data/venv/lib/python3.12/site-packages/dbcounter.py:115}}
Jun 24 12:49:28.838370 np0000003542 nova-conductor[98818]: DEBUG dbcounter [-] [98818] Writing DB stats nova_cell0:SELECT=1,nova_cell0:UPDATE=1 {{(pid=98818) stat_writer /opt/stack/data/venv/lib/python3.12/site-packages/dbcounter.py:115}}
Jun 24 12:49:28.850145 np0000003542 nova-conductor[98831]: DEBUG dbcounter [-] [98831] Writing DB stats nova_cell0:SELECT=1 {{(pid=98831) stat_writer /opt/stack/data/venv/lib/python3.12/site-packages/dbcounter.py:115}}
Jun 24 12:49:28.862962 np0000003542 nova-conductor[98840]: DEBUG dbcounter [-] [98840] Writing DB stats nova_cell0:SELECT=1 {{(pid=98840) stat_writer /opt/stack/data/venv/lib/python3.12/site-packages/dbcounter.py:115}}
Jun 24 12:49:32.846618 np0000003542 nova-conductor[98831]: DEBUG oslo.service.backend._threading.loopingcall [None req-973ac417-0799-4819-bbce-41a543f19f0e None None] Dynamic interval looping call 'nova.service.Service.periodic_tasks' sleeping for 60.00 seconds {{(pid=98831) _run_loop /opt/stack/data/venv/lib/python3.12/site-packages/oslo_service/backend/_threading/loopingcall.py:125}}
Jun 24 12:49:33.838185 np0000003542 nova-conductor[98810]: DEBUG oslo.service.backend._threading.loopingcall [None req-5c25024e-0824-455d-8877-1369d7a7cfd2 None None] Dynamic interval looping call 'nova.service.Service.periodic_tasks' sleeping for 60.00 seconds {{(pid=98810) _run_loop /opt/stack/data/venv/lib/python3.12/site-packages/oslo_service/backend/_threading/loopingcall.py:125}}
Jun 24 12:49:39.863295 np0000003542 nova-conductor[98840]: DEBUG oslo.service.backend._threading.loopingcall [None req-43ac9b48-cb0a-4eed-af90-dbf634c4c6ad None None] Dynamic interval looping call 'nova.service.Service.periodic_tasks' sleeping for 60.00 seconds {{(pid=98840) _run_loop /opt/stack/data/venv/lib/python3.12/site-packages/oslo_service/backend/_threading/loopingcall.py:125}}
Jun 24 12:49:43.839009 np0000003542 nova-conductor[98818]: DEBUG oslo.service.backend._threading.loopingcall [None req-3c5373d6-d817-494a-b041-4fc3738ed171 None None] Dynamic interval looping call 'nova.service.Service.periodic_tasks' sleeping for 60.00 seconds {{(pid=98818) _run_loop /opt/stack/data/venv/lib/python3.12/site-packages/oslo_service/backend/_threading/loopingcall.py:125}}
Jun 24 12:49:56.305997 np0000003542 nova-conductor[98810]: DEBUG oslo_db.sqlalchemy.engines [None req-34773ec2-2b8c-462c-ad19-4fc92974c6af tempest-DeleteServersTestJSON-670526179 tempest-DeleteServersTestJSON-670526179-project-member] Parent process 97368 forked (98810) with an open database connection, which is being discarded and recreated. {{(pid=98810) checkout /opt/stack/data/venv/lib/python3.12/site-packages/oslo_db/sqlalchemy/engines.py:402}}
Jun 24 12:49:56.360756 np0000003542 nova-conductor[98810]: DEBUG dbcounter [-] [98810] Writer thread running {{(pid=98810) stat_writer /opt/stack/data/venv/lib/python3.12/site-packages/dbcounter.py:102}}
Jun 24 12:49:56.893738 np0000003542 nova-conductor[98818]: DEBUG dbcounter [-] [98818] Writer thread running {{(pid=98818) stat_writer /opt/stack/data/venv/lib/python3.12/site-packages/dbcounter.py:102}}
Jun 24 12:49:57.889303 np0000003542 nova-conductor[98810]: DEBUG nova.conductor.manager [None req-34773ec2-2b8c-462c-ad19-4fc92974c6af tempest-DeleteServersTestJSON-670526179 tempest-DeleteServersTestJSON-670526179-project-member] Took 1.53 seconds to select destinations for 1 instance(s). {{(pid=98810) _schedule_instances /opt/stack/nova/nova/conductor/manager.py:968}}
Jun 24 12:49:57.923124 np0000003542 nova-conductor[98810]: DEBUG oslo_concurrency.lockutils [None req-34773ec2-2b8c-462c-ad19-4fc92974c6af tempest-DeleteServersTestJSON-670526179 tempest-DeleteServersTestJSON-670526179-project-member] Acquiring lock "04024c57-4c9a-4ab4-9de9-4958ddd62578" by "nova.context.set_target_cell..get_or_set_cached_cell_and_set_connections" {{(pid=98810) inner /opt/stack/data/venv/lib/python3.12/site-packages/oslo_concurrency/lockutils.py:511}}
Jun 24 12:49:57.923538 np0000003542 nova-conductor[98810]: DEBUG oslo_concurrency.lockutils [None req-34773ec2-2b8c-462c-ad19-4fc92974c6af tempest-DeleteServersTestJSON-670526179 tempest-DeleteServersTestJSON-670526179-project-member] Lock "04024c57-4c9a-4ab4-9de9-4958ddd62578" acquired by "nova.context.set_target_cell..get_or_set_cached_cell_and_set_connections" :: waited 0.001s {{(pid=98810) inner /opt/stack/data/venv/lib/python3.12/site-packages/oslo_concurrency/lockutils.py:524}}
Jun 24 12:49:57.924584 np0000003542 nova-conductor[98818]: DEBUG nova.conductor.manager [None req-37189922-d132-4a32-873c-b6792710aeef tempest-AttachVolumeNegativeTest-1558242380 tempest-AttachVolumeNegativeTest-1558242380-project-member] Took 1.03 seconds to select destinations for 1 instance(s). {{(pid=98818) _schedule_instances /opt/stack/nova/nova/conductor/manager.py:968}}
Jun 24 12:49:57.925657 np0000003542 nova-conductor[98810]: DEBUG oslo_concurrency.lockutils [None req-34773ec2-2b8c-462c-ad19-4fc92974c6af tempest-DeleteServersTestJSON-670526179 tempest-DeleteServersTestJSON-670526179-project-member] Lock "04024c57-4c9a-4ab4-9de9-4958ddd62578" "released" by "nova.context.set_target_cell..get_or_set_cached_cell_and_set_connections" :: held 0.002s {{(pid=98810) inner /opt/stack/data/venv/lib/python3.12/site-packages/oslo_concurrency/lockutils.py:543}}
Jun 24 12:49:57.927958 np0000003542 nova-conductor[98810]: INFO dbcounter [None req-34773ec2-2b8c-462c-ad19-4fc92974c6af tempest-DeleteServersTestJSON-670526179 tempest-DeleteServersTestJSON-670526179-project-member] Registered counter for database nova_cell1
Jun 24 12:49:57.956502 np0000003542 nova-conductor[98818]: DEBUG oslo_concurrency.lockutils [None req-37189922-d132-4a32-873c-b6792710aeef tempest-AttachVolumeNegativeTest-1558242380 tempest-AttachVolumeNegativeTest-1558242380-project-member] Acquiring lock "04024c57-4c9a-4ab4-9de9-4958ddd62578" by "nova.context.set_target_cell..get_or_set_cached_cell_and_set_connections" {{(pid=98818) inner /opt/stack/data/venv/lib/python3.12/site-packages/oslo_concurrency/lockutils.py:511}}
Jun 24 12:49:57.956811 np0000003542 nova-conductor[98818]: DEBUG oslo_concurrency.lockutils [None req-37189922-d132-4a32-873c-b6792710aeef tempest-AttachVolumeNegativeTest-1558242380 tempest-AttachVolumeNegativeTest-1558242380-project-member] Lock "04024c57-4c9a-4ab4-9de9-4958ddd62578" acquired by "nova.context.set_target_cell..get_or_set_cached_cell_and_set_connections" :: waited 0.000s {{(pid=98818) inner /opt/stack/data/venv/lib/python3.12/site-packages/oslo_concurrency/lockutils.py:524}}
Jun 24 12:49:57.958650 np0000003542 nova-conductor[98818]: DEBUG oslo_concurrency.lockutils [None req-37189922-d132-4a32-873c-b6792710aeef tempest-AttachVolumeNegativeTest-1558242380 tempest-AttachVolumeNegativeTest-1558242380-project-member] Lock "04024c57-4c9a-4ab4-9de9-4958ddd62578" "released" by "nova.context.set_target_cell..get_or_set_cached_cell_and_set_connections" :: held 0.002s {{(pid=98818) inner /opt/stack/data/venv/lib/python3.12/site-packages/oslo_concurrency/lockutils.py:543}}
Jun 24 12:49:57.961399 np0000003542 nova-conductor[98818]: INFO dbcounter [None req-37189922-d132-4a32-873c-b6792710aeef tempest-AttachVolumeNegativeTest-1558242380 tempest-AttachVolumeNegativeTest-1558242380-project-member] Registered counter for database nova_cell1
Jun 24 12:49:57.972397 np0000003542 nova-conductor[98810]: DEBUG oslo_db.sqlalchemy.engines [None req-34773ec2-2b8c-462c-ad19-4fc92974c6af tempest-DeleteServersTestJSON-670526179 tempest-DeleteServersTestJSON-670526179-project-member] MySQL server mode set to STRICT_TRANS_TABLES,STRICT_ALL_TABLES,NO_ZERO_IN_DATE,NO_ZERO_DATE,ERROR_FOR_DIVISION_BY_ZERO,TRADITIONAL,NO_ENGINE_SUBSTITUTION {{(pid=98810) _check_effective_sql_mode /opt/stack/data/venv/lib/python3.12/site-packages/oslo_db/sqlalchemy/engines.py:325}}
Jun 24 12:49:57.981302 np0000003542 nova-conductor[98810]: DEBUG dbcounter [-] [98810] Writer thread running {{(pid=98810) stat_writer /opt/stack/data/venv/lib/python3.12/site-packages/dbcounter.py:102}}
Jun 24 12:49:58.013413 np0000003542 nova-conductor[98818]: DEBUG oslo_db.sqlalchemy.engines [None req-37189922-d132-4a32-873c-b6792710aeef tempest-AttachVolumeNegativeTest-1558242380 tempest-AttachVolumeNegativeTest-1558242380-project-member] MySQL server mode set to STRICT_TRANS_TABLES,STRICT_ALL_TABLES,NO_ZERO_IN_DATE,NO_ZERO_DATE,ERROR_FOR_DIVISION_BY_ZERO,TRADITIONAL,NO_ENGINE_SUBSTITUTION {{(pid=98818) _check_effective_sql_mode /opt/stack/data/venv/lib/python3.12/site-packages/oslo_db/sqlalchemy/engines.py:325}}
Jun 24 12:49:58.019900 np0000003542 nova-conductor[98818]: DEBUG dbcounter [-] [98818] Writer thread running {{(pid=98818) stat_writer /opt/stack/data/venv/lib/python3.12/site-packages/dbcounter.py:102}}
Jun 24 12:49:58.039998 np0000003542 nova-conductor[98810]: INFO nova.utils [None req-34773ec2-2b8c-462c-ad19-4fc92974c6af tempest-DeleteServersTestJSON-670526179 tempest-DeleteServersTestJSON-670526179-project-member] The cell worker thread pool ForkProcess-1.cell_worker is initialized
Jun 24 12:49:58.040266 np0000003542 nova-conductor[98810]: DEBUG oslo_concurrency.lockutils [None req-34773ec2-2b8c-462c-ad19-4fc92974c6af tempest-DeleteServersTestJSON-670526179 tempest-DeleteServersTestJSON-670526179-project-member] Acquiring lock "00000000-0000-0000-0000-000000000000" by "nova.context.set_target_cell..get_or_set_cached_cell_and_set_connections" {{(pid=98810) inner /opt/stack/data/venv/lib/python3.12/site-packages/oslo_concurrency/lockutils.py:511}}
Jun 24 12:49:58.040664 np0000003542 nova-conductor[98810]: DEBUG oslo_concurrency.lockutils [None req-34773ec2-2b8c-462c-ad19-4fc92974c6af tempest-DeleteServersTestJSON-670526179 tempest-DeleteServersTestJSON-670526179-project-member] Lock "00000000-0000-0000-0000-000000000000" acquired by "nova.context.set_target_cell..get_or_set_cached_cell_and_set_connections" :: waited 0.000s {{(pid=98810) inner /opt/stack/data/venv/lib/python3.12/site-packages/oslo_concurrency/lockutils.py:524}}
Jun 24 12:49:58.040748 np0000003542 nova-conductor[98810]: DEBUG oslo_concurrency.lockutils [None req-34773ec2-2b8c-462c-ad19-4fc92974c6af tempest-DeleteServersTestJSON-670526179 tempest-DeleteServersTestJSON-670526179-project-member] Lock "00000000-0000-0000-0000-000000000000" "released" by "nova.context.set_target_cell..get_or_set_cached_cell_and_set_connections" :: held 0.000s {{(pid=98810) inner /opt/stack/data/venv/lib/python3.12/site-packages/oslo_concurrency/lockutils.py:543}}
Jun 24 12:49:58.041266 np0000003542 nova-conductor[98810]: DEBUG oslo_concurrency.lockutils [None req-34773ec2-2b8c-462c-ad19-4fc92974c6af tempest-DeleteServersTestJSON-670526179 tempest-DeleteServersTestJSON-670526179-project-member] Acquiring lock "04024c57-4c9a-4ab4-9de9-4958ddd62578" by "nova.context.set_target_cell..get_or_set_cached_cell_and_set_connections" {{(pid=98810) inner /opt/stack/data/venv/lib/python3.12/site-packages/oslo_concurrency/lockutils.py:511}}
Jun 24 12:49:58.041385 np0000003542 nova-conductor[98810]: DEBUG oslo_concurrency.lockutils [None req-34773ec2-2b8c-462c-ad19-4fc92974c6af tempest-DeleteServersTestJSON-670526179 tempest-DeleteServersTestJSON-670526179-project-member] Lock "04024c57-4c9a-4ab4-9de9-4958ddd62578" acquired by "nova.context.set_target_cell..get_or_set_cached_cell_and_set_connections" :: waited 0.000s {{(pid=98810) inner /opt/stack/data/venv/lib/python3.12/site-packages/oslo_concurrency/lockutils.py:524}}
Jun 24 12:49:58.043053 np0000003542 nova-conductor[98810]: DEBUG oslo_concurrency.lockutils [None req-34773ec2-2b8c-462c-ad19-4fc92974c6af tempest-DeleteServersTestJSON-670526179 tempest-DeleteServersTestJSON-670526179-project-member] Lock "04024c57-4c9a-4ab4-9de9-4958ddd62578" "released" by "nova.context.set_target_cell..get_or_set_cached_cell_and_set_connections" :: held 0.001s {{(pid=98810) inner /opt/stack/data/venv/lib/python3.12/site-packages/oslo_concurrency/lockutils.py:543}}
Jun 24 12:49:58.044889 np0000003542 nova-conductor[98810]: INFO dbcounter [None req-34773ec2-2b8c-462c-ad19-4fc92974c6af tempest-DeleteServersTestJSON-670526179 tempest-DeleteServersTestJSON-670526179-project-member] Registered counter for database nova_cell0
Jun 24 12:49:58.074510 np0000003542 nova-conductor[98818]: INFO nova.utils [None req-37189922-d132-4a32-873c-b6792710aeef tempest-AttachVolumeNegativeTest-1558242380 tempest-AttachVolumeNegativeTest-1558242380-project-member] The cell worker thread pool ForkProcess-2.cell_worker is initialized
Jun 24 12:49:58.074870 np0000003542 nova-conductor[98818]: DEBUG oslo_concurrency.lockutils [None req-37189922-d132-4a32-873c-b6792710aeef tempest-AttachVolumeNegativeTest-1558242380 tempest-AttachVolumeNegativeTest-1558242380-project-member] Acquiring lock "00000000-0000-0000-0000-000000000000" by "nova.context.set_target_cell..get_or_set_cached_cell_and_set_connections" {{(pid=98818) inner /opt/stack/data/venv/lib/python3.12/site-packages/oslo_concurrency/lockutils.py:511}}
Jun 24 12:49:58.075054 np0000003542 nova-conductor[98818]: DEBUG oslo_concurrency.lockutils [None req-37189922-d132-4a32-873c-b6792710aeef tempest-AttachVolumeNegativeTest-1558242380 tempest-AttachVolumeNegativeTest-1558242380-project-member] Lock "00000000-0000-0000-0000-000000000000" acquired by "nova.context.set_target_cell..get_or_set_cached_cell_and_set_connections" :: waited 0.000s {{(pid=98818) inner /opt/stack/data/venv/lib/python3.12/site-packages/oslo_concurrency/lockutils.py:524}}
Jun 24 12:49:58.075528 np0000003542 nova-conductor[98818]: DEBUG oslo_concurrency.lockutils [None req-37189922-d132-4a32-873c-b6792710aeef tempest-AttachVolumeNegativeTest-1558242380 tempest-AttachVolumeNegativeTest-1558242380-project-member] Lock "00000000-0000-0000-0000-000000000000" "released" by "nova.context.set_target_cell..get_or_set_cached_cell_and_set_connections" :: held 0.000s {{(pid=98818) inner /opt/stack/data/venv/lib/python3.12/site-packages/oslo_concurrency/lockutils.py:543}}
Jun 24 12:49:58.076283 np0000003542 nova-conductor[98818]: DEBUG oslo_concurrency.lockutils [None req-37189922-d132-4a32-873c-b6792710aeef tempest-AttachVolumeNegativeTest-1558242380 tempest-AttachVolumeNegativeTest-1558242380-project-member] Acquiring lock "04024c57-4c9a-4ab4-9de9-4958ddd62578" by "nova.context.set_target_cell..get_or_set_cached_cell_and_set_connections" {{(pid=98818) inner /opt/stack/data/venv/lib/python3.12/site-packages/oslo_concurrency/lockutils.py:511}}
Jun 24 12:49:58.076445 np0000003542 nova-conductor[98818]: DEBUG oslo_concurrency.lockutils [None req-37189922-d132-4a32-873c-b6792710aeef tempest-AttachVolumeNegativeTest-1558242380 tempest-AttachVolumeNegativeTest-1558242380-project-member] Lock "04024c57-4c9a-4ab4-9de9-4958ddd62578" acquired by "nova.context.set_target_cell..get_or_set_cached_cell_and_set_connections" :: waited 0.000s {{(pid=98818) inner /opt/stack/data/venv/lib/python3.12/site-packages/oslo_concurrency/lockutils.py:524}}
Jun 24 12:49:58.076619 np0000003542 nova-conductor[98818]: DEBUG oslo_concurrency.lockutils [None req-37189922-d132-4a32-873c-b6792710aeef tempest-AttachVolumeNegativeTest-1558242380 tempest-AttachVolumeNegativeTest-1558242380-project-member] Lock "04024c57-4c9a-4ab4-9de9-4958ddd62578" "released" by "nova.context.set_target_cell..get_or_set_cached_cell_and_set_connections" :: held 0.000s {{(pid=98818) inner /opt/stack/data/venv/lib/python3.12/site-packages/oslo_concurrency/lockutils.py:543}}
Jun 24 12:49:58.078744 np0000003542 nova-conductor[98818]: INFO dbcounter [None req-37189922-d132-4a32-873c-b6792710aeef tempest-AttachVolumeNegativeTest-1558242380 tempest-AttachVolumeNegativeTest-1558242380-project-member] Registered counter for database nova_cell0
