May 28 06:26:42.755051 np0000001595 nova-scheduler[95620]: DEBUG cotyledon.oslo_config_glue [-] oslo_limit.connect_retries = None {{(pid=95620) log_opt_values /opt/stack/data/venv/lib/python3.12/site-packages/oslo_config/cfg.py:3256}}
May 28 06:26:42.755094 np0000001595 nova-scheduler[95620]: DEBUG cotyledon.oslo_config_glue [-] oslo_limit.connect_retry_delay = None {{(pid=95620) log_opt_values /opt/stack/data/venv/lib/python3.12/site-packages/oslo_config/cfg.py:3256}}
May 28 06:26:42.755139 np0000001595 nova-scheduler[95620]: DEBUG cotyledon.oslo_config_glue [-] oslo_limit.endpoint_id = None {{(pid=95620) log_opt_values /opt/stack/data/venv/lib/python3.12/site-packages/oslo_config/cfg.py:3256}}
May 28 06:26:42.755185 np0000001595 nova-scheduler[95620]: DEBUG cotyledon.oslo_config_glue [-] oslo_limit.endpoint_interface = public {{(pid=95620) log_opt_values /opt/stack/data/venv/lib/python3.12/site-packages/oslo_config/cfg.py:3256}}
May 28 06:26:42.755226 np0000001595 nova-scheduler[95620]: DEBUG cotyledon.oslo_config_glue [-] oslo_limit.endpoint_override = None {{(pid=95620) log_opt_values /opt/stack/data/venv/lib/python3.12/site-packages/oslo_config/cfg.py:3256}}
May 28 06:26:42.755262 np0000001595 nova-scheduler[95620]: DEBUG cotyledon.oslo_config_glue [-] oslo_limit.endpoint_region_name = None {{(pid=95620) log_opt_values /opt/stack/data/venv/lib/python3.12/site-packages/oslo_config/cfg.py:3256}}
May 28 06:26:42.755315 np0000001595 nova-scheduler[95620]: DEBUG cotyledon.oslo_config_glue [-] oslo_limit.endpoint_service_name = None {{(pid=95620) log_opt_values /opt/stack/data/venv/lib/python3.12/site-packages/oslo_config/cfg.py:3256}}
May 28 06:26:42.755347 np0000001595 nova-scheduler[95620]: DEBUG cotyledon.oslo_config_glue [-] oslo_limit.endpoint_service_type = None {{(pid=95620) log_opt_values /opt/stack/data/venv/lib/python3.12/site-packages/oslo_config/cfg.py:3256}}
May 28 06:26:42.755414 np0000001595 nova-scheduler[95620]: DEBUG cotyledon.oslo_config_glue [-] oslo_limit.insecure = False {{(pid=95620) log_opt_values /opt/stack/data/venv/lib/python3.12/site-packages/oslo_config/cfg.py:3256}}
May 28 06:26:42.755455 np0000001595 nova-scheduler[95620]: DEBUG cotyledon.oslo_config_glue [-] oslo_limit.keyfile = None {{(pid=95620) log_opt_values /opt/stack/data/venv/lib/python3.12/site-packages/oslo_config/cfg.py:3256}}
May 28 06:26:42.755491 np0000001595 nova-scheduler[95620]: DEBUG cotyledon.oslo_config_glue [-] oslo_limit.max_version = None {{(pid=95620) log_opt_values /opt/stack/data/venv/lib/python3.12/site-packages/oslo_config/cfg.py:3256}}
May 28 06:26:42.755537 np0000001595 nova-scheduler[95620]: DEBUG cotyledon.oslo_config_glue [-] oslo_limit.min_version = None {{(pid=95620) log_opt_values /opt/stack/data/venv/lib/python3.12/site-packages/oslo_config/cfg.py:3256}}
May 28 06:26:42.755580 np0000001595 nova-scheduler[95620]: DEBUG cotyledon.oslo_config_glue [-] oslo_limit.region_name = None {{(pid=95620) log_opt_values /opt/stack/data/venv/lib/python3.12/site-packages/oslo_config/cfg.py:3256}}
May 28 06:26:42.755624 np0000001595 nova-scheduler[95620]: DEBUG cotyledon.oslo_config_glue [-] oslo_limit.retriable_status_codes = None {{(pid=95620) log_opt_values /opt/stack/data/venv/lib/python3.12/site-packages/oslo_config/cfg.py:3256}}
May 28 06:26:42.755682 np0000001595 nova-scheduler[95620]: DEBUG cotyledon.oslo_config_glue [-] oslo_limit.service_name = None {{(pid=95620) log_opt_values /opt/stack/data/venv/lib/python3.12/site-packages/oslo_config/cfg.py:3256}}
May 28 06:26:42.755735 np0000001595 nova-scheduler[95620]: DEBUG cotyledon.oslo_config_glue [-] oslo_limit.service_type = None {{(pid=95620) log_opt_values /opt/stack/data/venv/lib/python3.12/site-packages/oslo_config/cfg.py:3256}}
May 28 06:26:42.755780 np0000001595 nova-scheduler[95620]: DEBUG cotyledon.oslo_config_glue [-] oslo_limit.split_loggers = False {{(pid=95620) log_opt_values /opt/stack/data/venv/lib/python3.12/site-packages/oslo_config/cfg.py:3256}}
May 28 06:26:42.755807 np0000001595 nova-scheduler[95574]: DEBUG oslo_db.sqlalchemy.engines [None req-1a9a11bd-e3c3-4310-bc53-27a685865f54 None None] MySQL server mode set to STRICT_TRANS_TABLES,STRICT_ALL_TABLES,NO_ZERO_IN_DATE,NO_ZERO_DATE,ERROR_FOR_DIVISION_BY_ZERO,TRADITIONAL,NO_ENGINE_SUBSTITUTION {{(pid=95574) _check_effective_sql_mode /opt/stack/data/venv/lib/python3.12/site-packages/oslo_db/sqlalchemy/engines.py:325}}
May 28 06:26:42.755837 np0000001595 nova-scheduler[95620]: DEBUG cotyledon.oslo_config_glue [-] oslo_limit.status_code_retries = None {{(pid=95620) log_opt_values /opt/stack/data/venv/lib/python3.12/site-packages/oslo_config/cfg.py:3256}}
May 28 06:26:42.755867 np0000001595 nova-scheduler[95620]: DEBUG cotyledon.oslo_config_glue [-] oslo_limit.status_code_retry_delay = None {{(pid=95620) log_opt_values /opt/stack/data/venv/lib/python3.12/site-packages/oslo_config/cfg.py:3256}}
May 28 06:26:42.755896 np0000001595 nova-scheduler[95620]: DEBUG cotyledon.oslo_config_glue [-] oslo_limit.timeout = None {{(pid=95620) log_opt_values /opt/stack/data/venv/lib/python3.12/site-packages/oslo_config/cfg.py:3256}}
May 28 06:26:42.755947 np0000001595 nova-scheduler[95620]: DEBUG cotyledon.oslo_config_glue [-] oslo_limit.valid_interfaces = None {{(pid=95620) log_opt_values /opt/stack/data/venv/lib/python3.12/site-packages/oslo_config/cfg.py:3256}}
May 28 06:26:42.755990 np0000001595 nova-scheduler[95620]: DEBUG cotyledon.oslo_config_glue [-] oslo_limit.version = None {{(pid=95620) log_opt_values /opt/stack/data/venv/lib/python3.12/site-packages/oslo_config/cfg.py:3256}}
May 28 06:26:42.756059 np0000001595 nova-scheduler[95620]: DEBUG cotyledon.oslo_config_glue [-] oslo_reports.file_event_handler = None {{(pid=95620) log_opt_values /opt/stack/data/venv/lib/python3.12/site-packages/oslo_config/cfg.py:3256}}
May 28 06:26:42.756114 np0000001595 nova-scheduler[95620]: DEBUG cotyledon.oslo_config_glue [-] oslo_reports.file_event_handler_interval = 1 {{(pid=95620) log_opt_values /opt/stack/data/venv/lib/python3.12/site-packages/oslo_config/cfg.py:3256}}
May 28 06:26:42.756164 np0000001595 nova-scheduler[95620]: DEBUG cotyledon.oslo_config_glue [-] oslo_reports.log_dir = None {{(pid=95620) log_opt_values /opt/stack/data/venv/lib/python3.12/site-packages/oslo_config/cfg.py:3256}}
May 28 06:26:42.756210 np0000001595 nova-scheduler[95620]: DEBUG cotyledon.oslo_config_glue [-] ******************************************************************************** {{(pid=95620) log_opt_values /opt/stack/data/venv/lib/python3.12/site-packages/oslo_config/cfg.py:3263}}
May 28 06:26:42.756388 np0000001595 nova-scheduler[95620]: DEBUG cotyledon._service_worker [-] Run service ServiceWrapper(2) [95620] {{(pid=95620) wait_forever /opt/stack/data/venv/lib/python3.12/site-packages/cotyledon/_service_worker.py:218}}
May 28 06:26:42.757684 np0000001595 nova-scheduler[95620]: INFO nova.service [-] Starting scheduler node (version 33.1.0)
May 28 06:26:42.762529 np0000001595 nova-scheduler[95620]: INFO dbcounter [None req-f68eb4dc-489d-4c39-82ac-6fb038867a20 None None] Registered counter for database nova_cell0
May 28 06:26:42.765262 np0000001595 nova-scheduler[95574]: DEBUG dbcounter [-] [95574] Writer thread running {{(pid=95574) stat_writer /opt/stack/data/venv/lib/python3.12/site-packages/dbcounter.py:102}}
May 28 06:26:42.784701 np0000001595 nova-scheduler[95574]: DEBUG nova.service [None req-1a9a11bd-e3c3-4310-bc53-27a685865f54 None None] Creating RPC server for service: nova-scheduler on topic: scheduler {{(pid=95574) start /opt/stack/nova/nova/service.py:195}}
May 28 06:26:42.796233 np0000001595 nova-scheduler[95600]: DEBUG oslo_db.sqlalchemy.engines [None req-2c4c44ac-0713-4442-837a-c66ada466f18 None None] MySQL server mode set to STRICT_TRANS_TABLES,STRICT_ALL_TABLES,NO_ZERO_IN_DATE,NO_ZERO_DATE,ERROR_FOR_DIVISION_BY_ZERO,TRADITIONAL,NO_ENGINE_SUBSTITUTION {{(pid=95600) _check_effective_sql_mode /opt/stack/data/venv/lib/python3.12/site-packages/oslo_db/sqlalchemy/engines.py:325}}
May 28 06:26:42.805104 np0000001595 nova-scheduler[95600]: DEBUG dbcounter [-] [95600] Writer thread running {{(pid=95600) stat_writer /opt/stack/data/venv/lib/python3.12/site-packages/dbcounter.py:102}}
May 28 06:26:42.807051 np0000001595 nova-scheduler[95620]: DEBUG oslo_db.sqlalchemy.engines [None req-f68eb4dc-489d-4c39-82ac-6fb038867a20 None None] MySQL server mode set to STRICT_TRANS_TABLES,STRICT_ALL_TABLES,NO_ZERO_IN_DATE,NO_ZERO_DATE,ERROR_FOR_DIVISION_BY_ZERO,TRADITIONAL,NO_ENGINE_SUBSTITUTION {{(pid=95620) _check_effective_sql_mode /opt/stack/data/venv/lib/python3.12/site-packages/oslo_db/sqlalchemy/engines.py:325}}
May 28 06:26:42.807518 np0000001595 nova-scheduler[95600]: DEBUG nova.service [None req-2c4c44ac-0713-4442-837a-c66ada466f18 None None] Creating RPC server for service: nova-scheduler on topic: scheduler {{(pid=95600) start /opt/stack/nova/nova/service.py:195}}
May 28 06:26:42.815370 np0000001595 nova-scheduler[95574]: DEBUG nova.service [None req-1a9a11bd-e3c3-4310-bc53-27a685865f54 None None] Join ServiceGroup membership for this service scheduler {{(pid=95574) start /opt/stack/nova/nova/service.py:221}}
May 28 06:26:42.815649 np0000001595 nova-scheduler[95574]: DEBUG nova.servicegroup.drivers.db [None req-1a9a11bd-e3c3-4310-bc53-27a685865f54 None None] DB_Driver: join new ServiceGroup member np0000001595 to the scheduler group, service = {{(pid=95574) join /opt/stack/nova/nova/servicegroup/drivers/db.py:44}}
May 28 06:26:42.816478 np0000001595 nova-scheduler[95620]: DEBUG dbcounter [-] [95620] Writer thread running {{(pid=95620) stat_writer /opt/stack/data/venv/lib/python3.12/site-packages/dbcounter.py:102}}
May 28 06:26:42.819231 np0000001595 nova-scheduler[95620]: DEBUG nova.service [None req-f68eb4dc-489d-4c39-82ac-6fb038867a20 None None] Creating RPC server for service: nova-scheduler on topic: scheduler {{(pid=95620) start /opt/stack/nova/nova/service.py:195}}
May 28 06:26:42.825445 np0000001595 nova-scheduler[95600]: DEBUG nova.service [None req-2c4c44ac-0713-4442-837a-c66ada466f18 None None] Join ServiceGroup membership for this service scheduler {{(pid=95600) start /opt/stack/nova/nova/service.py:221}}
May 28 06:26:42.825713 np0000001595 nova-scheduler[95600]: DEBUG nova.servicegroup.drivers.db [None req-2c4c44ac-0713-4442-837a-c66ada466f18 None None] DB_Driver: join new ServiceGroup member np0000001595 to the scheduler group, service = {{(pid=95600) join /opt/stack/nova/nova/servicegroup/drivers/db.py:44}}
May 28 06:26:42.840934 np0000001595 nova-scheduler[95620]: DEBUG nova.service [None req-f68eb4dc-489d-4c39-82ac-6fb038867a20 None None] Join ServiceGroup membership for this service scheduler {{(pid=95620) start /opt/stack/nova/nova/service.py:221}}
May 28 06:26:42.841112 np0000001595 nova-scheduler[95620]: DEBUG nova.servicegroup.drivers.db [None req-f68eb4dc-489d-4c39-82ac-6fb038867a20 None None] DB_Driver: join new ServiceGroup member np0000001595 to the scheduler group, service = {{(pid=95620) join /opt/stack/nova/nova/servicegroup/drivers/db.py:44}}
May 28 06:26:47.832068 np0000001595 nova-scheduler[95574]: DEBUG oslo.service.backend._threading.loopingcall [-] Fixed interval looping call 'nova.servicegroup.drivers.db.DbDriver._report_state' sleeping for 119.99 seconds {{(pid=95574) _run_loop /opt/stack/data/venv/lib/python3.12/site-packages/oslo_service/backend/_threading/loopingcall.py:125}}
May 28 06:26:47.838330 np0000001595 nova-scheduler[95600]: DEBUG oslo.service.backend._threading.loopingcall [-] Fixed interval looping call 'nova.servicegroup.drivers.db.DbDriver._report_state' sleeping for 119.99 seconds {{(pid=95600) _run_loop /opt/stack/data/venv/lib/python3.12/site-packages/oslo_service/backend/_threading/loopingcall.py:125}}
May 28 06:26:47.852823 np0000001595 nova-scheduler[95620]: DEBUG oslo.service.backend._threading.loopingcall [-] Fixed interval looping call 'nova.servicegroup.drivers.db.DbDriver._report_state' sleeping for 119.99 seconds {{(pid=95620) _run_loop /opt/stack/data/venv/lib/python3.12/site-packages/oslo_service/backend/_threading/loopingcall.py:125}}
May 28 06:26:51.396339 np0000001595 nova-scheduler[94363]: DEBUG dbcounter [-] [94363] Writing DB stats nova_api:SELECT=3 {{(pid=94363) stat_writer /opt/stack/data/venv/lib/python3.12/site-packages/dbcounter.py:115}}
May 28 06:26:51.520750 np0000001595 nova-scheduler[94363]: DEBUG dbcounter [-] [94363] Writing DB stats nova_cell0:SELECT=1 {{(pid=94363) stat_writer /opt/stack/data/venv/lib/python3.12/site-packages/dbcounter.py:115}}
May 28 06:26:51.524351 np0000001595 nova-scheduler[94363]: DEBUG dbcounter [-] [94363] Writing DB stats nova_cell1:SELECT=1 {{(pid=94363) stat_writer /opt/stack/data/venv/lib/python3.12/site-packages/dbcounter.py:115}}
May 28 06:26:57.825610 np0000001595 nova-scheduler[95574]: DEBUG dbcounter [-] [95574] Writing DB stats nova_cell0:SELECT=4,nova_cell0:INSERT=1,nova_cell0:UPDATE=1 {{(pid=95574) stat_writer /opt/stack/data/venv/lib/python3.12/site-packages/dbcounter.py:115}}
May 28 06:26:57.837651 np0000001595 nova-scheduler[95600]: DEBUG dbcounter [-] [95600] Writing DB stats nova_cell0:SELECT=3 {{(pid=95600) stat_writer /opt/stack/data/venv/lib/python3.12/site-packages/dbcounter.py:115}}
May 28 06:26:57.849540 np0000001595 nova-scheduler[95620]: DEBUG dbcounter [-] [95620] Writing DB stats nova_cell0:SELECT=3 {{(pid=95620) stat_writer /opt/stack/data/venv/lib/python3.12/site-packages/dbcounter.py:115}}
May 28 06:27:10.843076 np0000001595 nova-scheduler[95620]: DEBUG oslo.service.backend._threading.loopingcall [None req-69fb6c32-1815-458b-89f8-4bf64f1f473e None None] Dynamic interval looping call 'nova.service.Service.periodic_tasks' sleeping for 60.00 seconds {{(pid=95620) _run_loop /opt/stack/data/venv/lib/python3.12/site-packages/oslo_service/backend/_threading/loopingcall.py:125}}
May 28 06:27:17.817930 np0000001595 nova-scheduler[95574]: DEBUG oslo.service.backend._threading.loopingcall [None req-650cf8db-82e0-4c70-9acd-3acea2f782eb None None] Dynamic interval looping call 'nova.service.Service.periodic_tasks' sleeping for 60.00 seconds {{(pid=95574) _run_loop /opt/stack/data/venv/lib/python3.12/site-packages/oslo_service/backend/_threading/loopingcall.py:125}}
May 28 06:27:21.827507 np0000001595 nova-scheduler[95600]: DEBUG oslo.service.backend._threading.loopingcall [None req-b4e8bcc6-9f81-4fe9-92f0-7b9a5c163902 None None] Dynamic interval looping call 'nova.service.Service.periodic_tasks' sleeping for 60.00 seconds {{(pid=95600) _run_loop /opt/stack/data/venv/lib/python3.12/site-packages/oslo_service/backend/_threading/loopingcall.py:125}}
May 28 06:28:10.843628 np0000001595 nova-scheduler[95620]: DEBUG oslo.service.backend._threading.loopingcall [None req-69fb6c32-1815-458b-89f8-4bf64f1f473e None None] Dynamic interval looping call 'nova.service.Service.periodic_tasks' sleeping for 60.00 seconds {{(pid=95620) _run_loop /opt/stack/data/venv/lib/python3.12/site-packages/oslo_service/backend/_threading/loopingcall.py:125}}
May 28 06:28:17.818591 np0000001595 nova-scheduler[95574]: DEBUG oslo.service.backend._threading.loopingcall [None req-650cf8db-82e0-4c70-9acd-3acea2f782eb None None] Dynamic interval looping call 'nova.service.Service.periodic_tasks' sleeping for 60.00 seconds {{(pid=95574) _run_loop /opt/stack/data/venv/lib/python3.12/site-packages/oslo_service/backend/_threading/loopingcall.py:125}}
May 28 06:28:21.827984 np0000001595 nova-scheduler[95600]: DEBUG oslo.service.backend._threading.loopingcall [None req-b4e8bcc6-9f81-4fe9-92f0-7b9a5c163902 None None] Dynamic interval looping call 'nova.service.Service.periodic_tasks' sleeping for 60.00 seconds {{(pid=95600) _run_loop /opt/stack/data/venv/lib/python3.12/site-packages/oslo_service/backend/_threading/loopingcall.py:125}}
May 28 06:28:47.828097 np0000001595 nova-scheduler[95574]: DEBUG oslo.service.backend._threading.loopingcall [-] Fixed interval looping call 'nova.servicegroup.drivers.db.DbDriver._report_state' sleeping for 119.99 seconds {{(pid=95574) _run_loop /opt/stack/data/venv/lib/python3.12/site-packages/oslo_service/backend/_threading/loopingcall.py:125}}
May 28 06:28:47.831401 np0000001595 nova-scheduler[95600]: DEBUG oslo.service.backend._threading.loopingcall [-] Fixed interval looping call 'nova.servicegroup.drivers.db.DbDriver._report_state' sleeping for 120.00 seconds {{(pid=95600) _run_loop /opt/stack/data/venv/lib/python3.12/site-packages/oslo_service/backend/_threading/loopingcall.py:125}}
May 28 06:28:47.845917 np0000001595 nova-scheduler[95620]: DEBUG oslo.service.backend._threading.loopingcall [-] Fixed interval looping call 'nova.servicegroup.drivers.db.DbDriver._report_state' sleeping for 120.00 seconds {{(pid=95620) _run_loop /opt/stack/data/venv/lib/python3.12/site-packages/oslo_service/backend/_threading/loopingcall.py:125}}
May 28 06:28:57.825207 np0000001595 nova-scheduler[95574]: DEBUG dbcounter [-] [95574] Writing DB stats nova_cell0:SELECT=1,nova_cell0:UPDATE=1 {{(pid=95574) stat_writer /opt/stack/data/venv/lib/python3.12/site-packages/dbcounter.py:115}}
May 28 06:28:57.830108 np0000001595 nova-scheduler[95600]: DEBUG dbcounter [-] [95600] Writing DB stats nova_cell0:SELECT=1 {{(pid=95600) stat_writer /opt/stack/data/venv/lib/python3.12/site-packages/dbcounter.py:115}}
May 28 06:28:57.844441 np0000001595 nova-scheduler[95620]: DEBUG dbcounter [-] [95620] Writing DB stats nova_cell0:SELECT=1 {{(pid=95620) stat_writer /opt/stack/data/venv/lib/python3.12/site-packages/dbcounter.py:115}}
May 28 06:29:10.844102 np0000001595 nova-scheduler[95620]: DEBUG oslo.service.backend._threading.loopingcall [None req-69fb6c32-1815-458b-89f8-4bf64f1f473e None None] Dynamic interval looping call 'nova.service.Service.periodic_tasks' sleeping for 60.00 seconds {{(pid=95620) _run_loop /opt/stack/data/venv/lib/python3.12/site-packages/oslo_service/backend/_threading/loopingcall.py:125}}
May 28 06:29:17.819216 np0000001595 nova-scheduler[95574]: DEBUG oslo.service.backend._threading.loopingcall [None req-650cf8db-82e0-4c70-9acd-3acea2f782eb None None] Dynamic interval looping call 'nova.service.Service.periodic_tasks' sleeping for 60.00 seconds {{(pid=95574) _run_loop /opt/stack/data/venv/lib/python3.12/site-packages/oslo_service/backend/_threading/loopingcall.py:125}}
May 28 06:29:21.828482 np0000001595 nova-scheduler[95600]: DEBUG oslo.service.backend._threading.loopingcall [None req-b4e8bcc6-9f81-4fe9-92f0-7b9a5c163902 None None] Dynamic interval looping call 'nova.service.Service.periodic_tasks' sleeping for 60.00 seconds {{(pid=95600) _run_loop /opt/stack/data/venv/lib/python3.12/site-packages/oslo_service/backend/_threading/loopingcall.py:125}}
May 28 06:29:36.943409 np0000001595 nova-scheduler[95574]: DEBUG nova.scheduler.manager [None req-3433071a-7458-4efb-bc60-292138cdceb0 tempest-DeleteServersTestJSON-1838740412 tempest-DeleteServersTestJSON-1838740412-project-member] Starting to schedule for instances: ['50f873aa-6b1b-4070-9be6-b80000e02365'] {{(pid=95574) select_destinations /opt/stack/nova/nova/scheduler/manager.py:210}}
May 28 06:29:36.944056 np0000001595 nova-scheduler[95574]: DEBUG nova.scheduler.request_filter [None req-3433071a-7458-4efb-bc60-292138cdceb0 tempest-DeleteServersTestJSON-1838740412 tempest-DeleteServersTestJSON-1838740412-project-member] compute_status_filter request filter added forbidden trait COMPUTE_STATUS_DISABLED {{(pid=95574) compute_status_filter /opt/stack/nova/nova/scheduler/request_filter.py:253}}
May 28 06:29:36.944501 np0000001595 nova-scheduler[95574]: DEBUG nova.scheduler.request_filter [None req-3433071a-7458-4efb-bc60-292138cdceb0 tempest-DeleteServersTestJSON-1838740412 tempest-DeleteServersTestJSON-1838740412-project-member] Request filter 'compute_status_filter' took 0.0 seconds {{(pid=95574) wrapper /opt/stack/nova/nova/scheduler/request_filter.py:46}}
May 28 06:29:36.944774 np0000001595 nova-scheduler[95574]: DEBUG nova.scheduler.request_filter [None req-3433071a-7458-4efb-bc60-292138cdceb0 tempest-DeleteServersTestJSON-1838740412 tempest-DeleteServersTestJSON-1838740412-project-member] Request filter 'accelerators_filter' took 0.0 seconds {{(pid=95574) wrapper /opt/stack/nova/nova/scheduler/request_filter.py:46}}
May 28 06:29:36.944984 np0000001595 nova-scheduler[95574]: DEBUG nova.scheduler.request_filter [None req-3433071a-7458-4efb-bc60-292138cdceb0 tempest-DeleteServersTestJSON-1838740412 tempest-DeleteServersTestJSON-1838740412-project-member] Request filter 'packed_virtqueue_filter' took 0.0 seconds {{(pid=95574) wrapper /opt/stack/nova/nova/scheduler/request_filter.py:46}}
May 28 06:29:36.946416 np0000001595 nova-scheduler[95574]: DEBUG nova.scheduler.request_filter [None req-3433071a-7458-4efb-bc60-292138cdceb0 tempest-DeleteServersTestJSON-1838740412 tempest-DeleteServersTestJSON-1838740412-project-member] Request filter 'remote_managed_ports_filter' took 0.0 seconds {{(pid=95574) wrapper /opt/stack/nova/nova/scheduler/request_filter.py:46}}
May 28 06:29:36.946416 np0000001595 nova-scheduler[95574]: DEBUG nova.scheduler.request_filter [None req-3433071a-7458-4efb-bc60-292138cdceb0 tempest-DeleteServersTestJSON-1838740412 tempest-DeleteServersTestJSON-1838740412-project-member] ephemeral_encryption_filter skipped {{(pid=95574) ephemeral_encryption_filter /opt/stack/nova/nova/scheduler/request_filter.py:426}}
May 28 06:29:36.946416 np0000001595 nova-scheduler[95574]: DEBUG nova.scheduler.request_filter [None req-3433071a-7458-4efb-bc60-292138cdceb0 tempest-DeleteServersTestJSON-1838740412 tempest-DeleteServersTestJSON-1838740412-project-member] virtio_sound_filter skipped {{(pid=95574) virtio_sound_filter /opt/stack/nova/nova/scheduler/request_filter.py:460}}
May 28 06:29:36.946416 np0000001595 nova-scheduler[95574]: DEBUG nova.scheduler.request_filter [None req-3433071a-7458-4efb-bc60-292138cdceb0 tempest-DeleteServersTestJSON-1838740412 tempest-DeleteServersTestJSON-1838740412-project-member] tpm_secret_security_filter skipped {{(pid=95574) tpm_secret_security_filter /opt/stack/nova/nova/scheduler/request_filter.py:477}}
May 28 06:29:37.594910 np0000001595 nova-scheduler[95574]: INFO nova.utils [None req-3433071a-7458-4efb-bc60-292138cdceb0 tempest-DeleteServersTestJSON-1838740412 tempest-DeleteServersTestJSON-1838740412-project-member] The cell worker thread pool ForkProcess-1.cell_worker is initialized
May 28 06:29:37.595439 np0000001595 nova-scheduler[95574]: DEBUG oslo_concurrency.lockutils [None req-3433071a-7458-4efb-bc60-292138cdceb0 tempest-DeleteServersTestJSON-1838740412 tempest-DeleteServersTestJSON-1838740412-project-member] Acquiring lock "01375d16-6cb2-4c03-a53a-ac9d9116d66b" by "nova.context.set_target_cell..get_or_set_cached_cell_and_set_connections" {{(pid=95574) inner /opt/stack/data/venv/lib/python3.12/site-packages/oslo_concurrency/lockutils.py:511}}
May 28 06:29:37.595746 np0000001595 nova-scheduler[95574]: DEBUG oslo_concurrency.lockutils [None req-3433071a-7458-4efb-bc60-292138cdceb0 tempest-DeleteServersTestJSON-1838740412 tempest-DeleteServersTestJSON-1838740412-project-member] Lock "01375d16-6cb2-4c03-a53a-ac9d9116d66b" acquired by "nova.context.set_target_cell..get_or_set_cached_cell_and_set_connections" :: waited 0.000s {{(pid=95574) inner /opt/stack/data/venv/lib/python3.12/site-packages/oslo_concurrency/lockutils.py:524}}
May 28 06:29:37.598004 np0000001595 nova-scheduler[95574]: DEBUG oslo_concurrency.lockutils [None req-3433071a-7458-4efb-bc60-292138cdceb0 tempest-DeleteServersTestJSON-1838740412 tempest-DeleteServersTestJSON-1838740412-project-member] Lock "01375d16-6cb2-4c03-a53a-ac9d9116d66b" "released" by "nova.context.set_target_cell..get_or_set_cached_cell_and_set_connections" :: held 0.002s {{(pid=95574) inner /opt/stack/data/venv/lib/python3.12/site-packages/oslo_concurrency/lockutils.py:543}}
May 28 06:29:37.600543 np0000001595 nova-scheduler[95574]: INFO dbcounter [None req-3433071a-7458-4efb-bc60-292138cdceb0 tempest-DeleteServersTestJSON-1838740412 tempest-DeleteServersTestJSON-1838740412-project-member] Registered counter for database nova_cell1
May 28 06:29:37.643639 np0000001595 nova-scheduler[95574]: DEBUG oslo_db.sqlalchemy.engines [None req-3433071a-7458-4efb-bc60-292138cdceb0 tempest-DeleteServersTestJSON-1838740412 tempest-DeleteServersTestJSON-1838740412-project-member] MySQL server mode set to STRICT_TRANS_TABLES,STRICT_ALL_TABLES,NO_ZERO_IN_DATE,NO_ZERO_DATE,ERROR_FOR_DIVISION_BY_ZERO,TRADITIONAL,NO_ENGINE_SUBSTITUTION {{(pid=95574) _check_effective_sql_mode /opt/stack/data/venv/lib/python3.12/site-packages/oslo_db/sqlalchemy/engines.py:325}}
May 28 06:29:37.651318 np0000001595 nova-scheduler[95574]: DEBUG dbcounter [-] [95574] Writer thread running {{(pid=95574) stat_writer /opt/stack/data/venv/lib/python3.12/site-packages/dbcounter.py:102}}
May 28 06:29:37.668764 np0000001595 nova-scheduler[95574]: DEBUG oslo_db.sqlalchemy.engines [None req-3433071a-7458-4efb-bc60-292138cdceb0 tempest-DeleteServersTestJSON-1838740412 tempest-DeleteServersTestJSON-1838740412-project-member] Parent process 94363 forked (95574) with an open database connection, which is being discarded and recreated. {{(pid=95574) checkout /opt/stack/data/venv/lib/python3.12/site-packages/oslo_db/sqlalchemy/engines.py:402}}
May 28 06:29:37.717184 np0000001595 nova-scheduler[95574]: DEBUG dbcounter [-] [95574] Writer thread running {{(pid=95574) stat_writer /opt/stack/data/venv/lib/python3.12/site-packages/dbcounter.py:102}}
May 28 06:29:37.720243 np0000001595 nova-scheduler[95574]: DEBUG oslo_concurrency.lockutils [None req-3433071a-7458-4efb-bc60-292138cdceb0 tempest-DeleteServersTestJSON-1838740412 tempest-DeleteServersTestJSON-1838740412-project-member] Acquiring lock "01375d16-6cb2-4c03-a53a-ac9d9116d66b" by "nova.context.set_target_cell..get_or_set_cached_cell_and_set_connections" {{(pid=95574) inner /opt/stack/data/venv/lib/python3.12/site-packages/oslo_concurrency/lockutils.py:511}}
May 28 06:29:37.720395 np0000001595 nova-scheduler[95574]: DEBUG oslo_concurrency.lockutils [None req-3433071a-7458-4efb-bc60-292138cdceb0 tempest-DeleteServersTestJSON-1838740412 tempest-DeleteServersTestJSON-1838740412-project-member] Lock "01375d16-6cb2-4c03-a53a-ac9d9116d66b" acquired by "nova.context.set_target_cell..get_or_set_cached_cell_and_set_connections" :: waited 0.000s {{(pid=95574) inner /opt/stack/data/venv/lib/python3.12/site-packages/oslo_concurrency/lockutils.py:524}}
May 28 06:29:37.721201 np0000001595 nova-scheduler[95574]: DEBUG oslo_concurrency.lockutils [None req-3433071a-7458-4efb-bc60-292138cdceb0 tempest-DeleteServersTestJSON-1838740412 tempest-DeleteServersTestJSON-1838740412-project-member] Lock "01375d16-6cb2-4c03-a53a-ac9d9116d66b" "released" by "nova.context.set_target_cell..get_or_set_cached_cell_and_set_connections" :: held 0.000s {{(pid=95574) inner /opt/stack/data/venv/lib/python3.12/site-packages/oslo_concurrency/lockutils.py:543}}
May 28 06:29:37.726028 np0000001595 nova-scheduler[95574]: DEBUG oslo_concurrency.lockutils [None req-3433071a-7458-4efb-bc60-292138cdceb0 tempest-DeleteServersTestJSON-1838740412 tempest-DeleteServersTestJSON-1838740412-project-member] Acquiring lock "('np0000001595', 'np0000001595')" by "nova.scheduler.host_manager.HostState.update.._locked_update" {{(pid=95574) inner /opt/stack/data/venv/lib/python3.12/site-packages/oslo_concurrency/lockutils.py:511}}
May 28 06:29:37.726447 np0000001595 nova-scheduler[95574]: DEBUG oslo_concurrency.lockutils [None req-3433071a-7458-4efb-bc60-292138cdceb0 tempest-DeleteServersTestJSON-1838740412 tempest-DeleteServersTestJSON-1838740412-project-member] Lock "('np0000001595', 'np0000001595')" acquired by "nova.scheduler.host_manager.HostState.update.._locked_update" :: waited 0.000s {{(pid=95574) inner /opt/stack/data/venv/lib/python3.12/site-packages/oslo_concurrency/lockutils.py:524}}
May 28 06:29:37.727122 np0000001595 nova-scheduler[95574]: DEBUG nova.scheduler.host_manager [None req-3433071a-7458-4efb-bc60-292138cdceb0 tempest-DeleteServersTestJSON-1838740412 tempest-DeleteServersTestJSON-1838740412-project-member] Update host state from compute node: ComputeNode(cpu_allocation_ratio=4.0,cpu_info='{"arch": "x86_64", "model": "EPYC-Milan", "vendor": "AMD", "topology": {"cells": 1, "sockets": 12, "cores": 1, "threads": 1}, "maxphysaddr": {"mode": "emulate", "bits": 40}, "features": ["de", "clwb", "pku", "arch-capabilities", "f16c", "mca", "xsave", "pdpe1gb", "svm", "vpclmulqdq", "fma", "no-nested-data-bp", "osvw", "popcnt", "hypervisor", "vme", "movbe", "cmov", "misalignsse", "vmcb-clean", "cx8", "arat", "sse4.1", "clflush", "npt", "umip", "msr", "ibpb", "fsrm", "mmxext", "lahf_lm", "fxsr", "bmi2", "mce", "amd-ssbd", "sse4a", "topoext", "pae", "virt-ssbd", "sse", "pse36", "rdrand", "lbrv", "smap", "amd-psfd", "gds-no", "abm", "perfctr_core", "adx", "tsc-scale", "pge", "rdpid", "avx", "syscall", "flushbyasid", "ssbd", "pause-filter", "pcid", "vaes", "vgif", "sse4.2", "stibp-always-on", "erms", "mds-no", "stibp", "lm", "mmx", "mtrr", "wbnoinvd", "tsc-deadline", "xsaves", "apic", "sep", "tsc_adjust", "sse2", "avx2", "null-sel-clr-base", "spec-ctrl", "xgetbv1", "cmp_legacy", "pclmuldq", "3dnowprefetch", "skip-l1dfl-vmentry", "nx", "ibrs", "smep", "lfence-always-serializing", "pfthreshold", "rdctl-no", "rdseed", "sha-ni", "svme-addr-chk", "cr8legacy", "xsaveerptr", "v-vmsave-vmload", "clzero", "invpcid", "rdtscp", "bmi1", "clflushopt", "xsaveopt", "pschange-mc-no", "aes", "pse", "fsgsbase", "tsc", "fxsr_opt", "pni", "cx16", "pat", "amd-stibp", "xsavec", "nrip-save", "x2apic", "fpu", "ssse3"]}',created_at=2026-05-28T06:27:08Z,current_workload=0,deleted=False,deleted_at=None,disk_allocation_ratio=1.0,disk_available_least=74,free_disk_gb=95,free_ram_mb=23518,host='np0000001595',host_ip=10.4.3.193,hypervisor_hostname='np0000001595',hypervisor_type='QEMU',hypervisor_version=8002002,id=1,local_gb=95,local_gb_used=0,mapped=1,memory_mb=24030,memory_mb_used=512,metrics='[]',numa_topology='{"nova_object.name": "NUMATopology", "nova_object.namespace": "nova", "nova_object.version": "1.2", "nova_object.data": {"cells": [{"nova_object.name": "NUMACell", "nova_object.namespace": "nova", "nova_object.version": "1.5", "nova_object.data": {"id": 0, "cpuset": [0, 1, 2, 3, 4, 5, 6, 7, 8, 9, 10, 11], "pcpuset": [0, 1, 2, 3, 4, 5, 6, 7, 8, 9, 10, 11], "memory": 24030, "cpu_usage": 0, "memory_usage": 0, "pinned_cpus": [], "siblings": [[6], [2], [5], [11], [8], [4], [1], [7], [10], [0], [3], [9]], "mempages": [{"nova_object.name": "NUMAPagesTopology", "nova_object.namespace": "nova", "nova_object.version": "1.1", "nova_object.data": {"size_kb": 4, "total": 6151798, "used": 0, "reserved": 0}, "nova_object.changes": ["total", "reserved", "used", "size_kb"]}, {"nova_object.name": "NUMAPagesTopology", "nova_object.namespace": "nova", "nova_object.version": "1.1", "nova_object.data": {"size_kb": 2048, "total": 0, "used": 0, "reserved": 0}, "nova_object.changes": ["total", "reserved", "used", "size_kb"]}, {"nova_object.name": "NUMAPagesTopology", "nova_object.namespace": "nova", "nova_object.version": "1.1", "nova_object.data": {"size_kb": 1048576, "total": 0, "used": 0, "reserved": 0}, "nova_object.changes": ["total", "reserved", "used", "size_kb"]}], "network_metadata": {"nova_object.name": "NetworkMetadata", "nova_object.namespace": "nova", "nova_object.version": "1.0", "nova_object.data": {"physnets": [], "tunneled": false}, "nova_object.changes": ["tunneled", "physnets"]}, "socket": null}, "nova_object.changes": ["id", "memory", "memory_usage", "cpuset", "socket", "cpu_usage", "pcpuset", "siblings", "network_metadata", "pinned_cpus", "mempages"]}]}, "nova_object.changes": ["cells"]}',pci_device_pools=PciDevicePoolList,ram_allocation_ratio=1.0,running_vms=0,service_id=2,stats={failed_builds='0',uptime=' 06:28:54 up 28 min, 2 users, load average: 1.17, 1.27, 0.75
May 28 06:29:37.727122 np0000001595 nova-scheduler[95574]: '},supported_hv_specs=[HVSpec,HVSpec,HVSpec,HVSpec,HVSpec,HVSpec,HVSpec,HVSpec,HVSpec,HVSpec,HVSpec,HVSpec,HVSpec,HVSpec,HVSpec,HVSpec,HVSpec,HVSpec,HVSpec,HVSpec,HVSpec,HVSpec,HVSpec,HVSpec,HVSpec],updated_at=2026-05-28T06:28:56Z,uuid=fc82479a-6b58-4ee3-8717-04ea05364cef,vcpus=12,vcpus_used=0) {{(pid=95574) _locked_update /opt/stack/nova/nova/scheduler/host_manager.py:168}}
May 28 06:29:37.727862 np0000001595 nova-scheduler[95574]: DEBUG nova.scheduler.host_manager [None req-3433071a-7458-4efb-bc60-292138cdceb0 tempest-DeleteServersTestJSON-1838740412 tempest-DeleteServersTestJSON-1838740412-project-member] Update host state with aggregates: [] {{(pid=95574) _locked_update /opt/stack/nova/nova/scheduler/host_manager.py:171}}
May 28 06:29:37.728009 np0000001595 nova-scheduler[95574]: DEBUG nova.scheduler.host_manager [None req-3433071a-7458-4efb-bc60-292138cdceb0 tempest-DeleteServersTestJSON-1838740412 tempest-DeleteServersTestJSON-1838740412-project-member] Update host state with service dict: {'id': 2, 'uuid': 'ea66f7d8-0a72-435d-b309-559b9933356f', 'host': 'np0000001595', 'binary': 'nova-compute', 'topic': 'compute', 'report_count': 2, 'disabled': False, 'disabled_reason': None, 'last_seen_up': datetime.datetime(2026, 5, 28, 6, 29, 16, tzinfo=datetime.timezone.utc), 'forced_down': False, 'version': 72, 'created_at': datetime.datetime(2026, 5, 28, 6, 27, 6, tzinfo=datetime.timezone.utc), 'updated_at': datetime.datetime(2026, 5, 28, 6, 29, 16, tzinfo=datetime.timezone.utc), 'deleted_at': None, 'deleted': False} {{(pid=95574) _locked_update /opt/stack/nova/nova/scheduler/host_manager.py:174}}
May 28 06:29:37.728118 np0000001595 nova-scheduler[95574]: DEBUG nova.scheduler.host_manager [None req-3433071a-7458-4efb-bc60-292138cdceb0 tempest-DeleteServersTestJSON-1838740412 tempest-DeleteServersTestJSON-1838740412-project-member] Update host state with instances: [] {{(pid=95574) _locked_update /opt/stack/nova/nova/scheduler/host_manager.py:177}}
May 28 06:29:37.728289 np0000001595 nova-scheduler[95574]: DEBUG oslo_concurrency.lockutils [None req-3433071a-7458-4efb-bc60-292138cdceb0 tempest-DeleteServersTestJSON-1838740412 tempest-DeleteServersTestJSON-1838740412-project-member] Lock "('np0000001595', 'np0000001595')" "released" by "nova.scheduler.host_manager.HostState.update.._locked_update" :: held 0.002s {{(pid=95574) inner /opt/stack/data/venv/lib/python3.12/site-packages/oslo_concurrency/lockutils.py:543}}
May 28 06:29:37.728672 np0000001595 nova-scheduler[95574]: DEBUG nova.filters [None req-3433071a-7458-4efb-bc60-292138cdceb0 tempest-DeleteServersTestJSON-1838740412 tempest-DeleteServersTestJSON-1838740412-project-member] Starting with 1 host(s) {{(pid=95574) get_filtered_objects /opt/stack/nova/nova/filters.py:70}}
May 28 06:29:37.728968 np0000001595 nova-scheduler[95574]: DEBUG nova.filters [None req-3433071a-7458-4efb-bc60-292138cdceb0 tempest-DeleteServersTestJSON-1838740412 tempest-DeleteServersTestJSON-1838740412-project-member] Filter ComputeFilter returned 1 host(s) {{(pid=95574) get_filtered_objects /opt/stack/nova/nova/filters.py:102}}
May 28 06:29:37.728968 np0000001595 nova-scheduler[95574]: DEBUG nova.filters [None req-3433071a-7458-4efb-bc60-292138cdceb0 tempest-DeleteServersTestJSON-1838740412 tempest-DeleteServersTestJSON-1838740412-project-member] Filter ComputeCapabilitiesFilter returned 1 host(s) {{(pid=95574) get_filtered_objects /opt/stack/nova/nova/filters.py:102}}
May 28 06:29:37.729391 np0000001595 nova-scheduler[95574]: DEBUG nova.filters [None req-3433071a-7458-4efb-bc60-292138cdceb0 tempest-DeleteServersTestJSON-1838740412 tempest-DeleteServersTestJSON-1838740412-project-member] Filter ImagePropertiesFilter returned 1 host(s) {{(pid=95574) get_filtered_objects /opt/stack/nova/nova/filters.py:102}}
May 28 06:29:37.729623 np0000001595 nova-scheduler[95574]: DEBUG nova.filters [None req-3433071a-7458-4efb-bc60-292138cdceb0 tempest-DeleteServersTestJSON-1838740412 tempest-DeleteServersTestJSON-1838740412-project-member] Filter ServerGroupAntiAffinityFilter returned 1 host(s) {{(pid=95574) get_filtered_objects /opt/stack/nova/nova/filters.py:102}}
May 28 06:29:37.729792 np0000001595 nova-scheduler[95574]: DEBUG nova.filters [None req-3433071a-7458-4efb-bc60-292138cdceb0 tempest-DeleteServersTestJSON-1838740412 tempest-DeleteServersTestJSON-1838740412-project-member] Filter ServerGroupAffinityFilter returned 1 host(s) {{(pid=95574) get_filtered_objects /opt/stack/nova/nova/filters.py:102}}
May 28 06:29:37.729972 np0000001595 nova-scheduler[95574]: DEBUG nova.filters [None req-3433071a-7458-4efb-bc60-292138cdceb0 tempest-DeleteServersTestJSON-1838740412 tempest-DeleteServersTestJSON-1838740412-project-member] Filter SameHostFilter returned 1 host(s) {{(pid=95574) get_filtered_objects /opt/stack/nova/nova/filters.py:102}}
May 28 06:29:37.730119 np0000001595 nova-scheduler[95574]: DEBUG nova.filters [None req-3433071a-7458-4efb-bc60-292138cdceb0 tempest-DeleteServersTestJSON-1838740412 tempest-DeleteServersTestJSON-1838740412-project-member] Filter DifferentHostFilter returned 1 host(s) {{(pid=95574) get_filtered_objects /opt/stack/nova/nova/filters.py:102}}
May 28 06:29:37.730963 np0000001595 nova-scheduler[95574]: DEBUG nova.scheduler.manager [None req-3433071a-7458-4efb-bc60-292138cdceb0 tempest-DeleteServersTestJSON-1838740412 tempest-DeleteServersTestJSON-1838740412-project-member] Filtered [(np0000001595, np0000001595) ram: 23518MB disk: 75776MB io_ops: 0 instances: 0, allocation_candidates: 1] {{(pid=95574) _get_sorted_hosts /opt/stack/nova/nova/scheduler/manager.py:743}}
May 28 06:29:37.731222 np0000001595 nova-scheduler[95574]: DEBUG nova.scheduler.manager [None req-3433071a-7458-4efb-bc60-292138cdceb0 tempest-DeleteServersTestJSON-1838740412 tempest-DeleteServersTestJSON-1838740412-project-member] Weighed [WeighedHost [host: (np0000001595, np0000001595) ram: 23518MB disk: 75776MB io_ops: 0 instances: 0, allocation_candidates: 1, weight: 0.0]] {{(pid=95574) _get_sorted_hosts /opt/stack/nova/nova/scheduler/manager.py:765}}
May 28 06:29:37.731677 np0000001595 nova-scheduler[95574]: DEBUG nova.scheduler.utils [None req-3433071a-7458-4efb-bc60-292138cdceb0 tempest-DeleteServersTestJSON-1838740412 tempest-DeleteServersTestJSON-1838740412-project-member] Attempting to claim resources in the placement API for instance 50f873aa-6b1b-4070-9be6-b80000e02365 {{(pid=95574) claim_resources /opt/stack/nova/nova/scheduler/utils.py:1304}}
May 28 06:29:37.894330 np0000001595 nova-scheduler[95574]: DEBUG nova.scheduler.manager [None req-3433071a-7458-4efb-bc60-292138cdceb0 tempest-DeleteServersTestJSON-1838740412 tempest-DeleteServersTestJSON-1838740412-project-member] [instance: 50f873aa-6b1b-4070-9be6-b80000e02365] Selected host: (np0000001595, np0000001595) ram: 23518MB disk: 75776MB io_ops: 0 instances: 0, allocation_candidates: 1 {{(pid=95574) _consume_selected_host /opt/stack/nova/nova/scheduler/manager.py:625}}
May 28 06:29:37.894848 np0000001595 nova-scheduler[95574]: DEBUG oslo_concurrency.lockutils [None req-3433071a-7458-4efb-bc60-292138cdceb0 tempest-DeleteServersTestJSON-1838740412 tempest-DeleteServersTestJSON-1838740412-project-member] Acquiring lock "('np0000001595', 'np0000001595')" by "nova.scheduler.host_manager.HostState.consume_from_request.._locked" {{(pid=95574) inner /opt/stack/data/venv/lib/python3.12/site-packages/oslo_concurrency/lockutils.py:511}}
May 28 06:29:37.894848 np0000001595 nova-scheduler[95574]: DEBUG oslo_concurrency.lockutils [None req-3433071a-7458-4efb-bc60-292138cdceb0 tempest-DeleteServersTestJSON-1838740412 tempest-DeleteServersTestJSON-1838740412-project-member] Lock "('np0000001595', 'np0000001595')" acquired by "nova.scheduler.host_manager.HostState.consume_from_request.._locked" :: waited 0.000s {{(pid=95574) inner /opt/stack/data/venv/lib/python3.12/site-packages/oslo_concurrency/lockutils.py:524}}
May 28 06:29:37.894948 np0000001595 nova-scheduler[95574]: DEBUG oslo_concurrency.lockutils [None req-3433071a-7458-4efb-bc60-292138cdceb0 tempest-DeleteServersTestJSON-1838740412 tempest-DeleteServersTestJSON-1838740412-project-member] Lock "('np0000001595', 'np0000001595')" "released" by "nova.scheduler.host_manager.HostState.consume_from_request.._locked" :: held 0.000s {{(pid=95574) inner /opt/stack/data/venv/lib/python3.12/site-packages/oslo_concurrency/lockutils.py:543}}
May 28 06:29:47.723458 np0000001595 nova-scheduler[95574]: DEBUG dbcounter [-] [95574] Writing DB stats nova_cell1:SELECT=3 {{(pid=95574) stat_writer /opt/stack/data/venv/lib/python3.12/site-packages/dbcounter.py:115}}
May 28 06:29:48.007544 np0000001595 nova-scheduler[95600]: DEBUG nova.scheduler.manager [None req-0e150f49-faec-4890-809b-e0fb22343315 tempest-VolumesAssistedSnapshotsTest-271016285 tempest-VolumesAssistedSnapshotsTest-271016285-project-member] Starting to schedule for instances: ['4c3b3ca7-5ac2-4b35-8ffd-ebf2093f00d3'] {{(pid=95600) select_destinations /opt/stack/nova/nova/scheduler/manager.py:210}}
May 28 06:29:48.007544 np0000001595 nova-scheduler[95600]: DEBUG nova.scheduler.request_filter [None req-0e150f49-faec-4890-809b-e0fb22343315 tempest-VolumesAssistedSnapshotsTest-271016285 tempest-VolumesAssistedSnapshotsTest-271016285-project-member] compute_status_filter request filter added forbidden trait COMPUTE_STATUS_DISABLED {{(pid=95600) compute_status_filter /opt/stack/nova/nova/scheduler/request_filter.py:253}}
May 28 06:29:48.007544 np0000001595 nova-scheduler[95600]: DEBUG nova.scheduler.request_filter [None req-0e150f49-faec-4890-809b-e0fb22343315 tempest-VolumesAssistedSnapshotsTest-271016285 tempest-VolumesAssistedSnapshotsTest-271016285-project-member] Request filter 'compute_status_filter' took 0.0 seconds {{(pid=95600) wrapper /opt/stack/nova/nova/scheduler/request_filter.py:46}}
May 28 06:29:48.008160 np0000001595 nova-scheduler[95600]: DEBUG nova.scheduler.request_filter [None req-0e150f49-faec-4890-809b-e0fb22343315 tempest-VolumesAssistedSnapshotsTest-271016285 tempest-VolumesAssistedSnapshotsTest-271016285-project-member] Request filter 'accelerators_filter' took 0.0 seconds {{(pid=95600) wrapper /opt/stack/nova/nova/scheduler/request_filter.py:46}}
May 28 06:29:48.008767 np0000001595 nova-scheduler[95600]: DEBUG nova.scheduler.request_filter [None req-0e150f49-faec-4890-809b-e0fb22343315 tempest-VolumesAssistedSnapshotsTest-271016285 tempest-VolumesAssistedSnapshotsTest-271016285-project-member] Request filter 'packed_virtqueue_filter' took 0.0 seconds {{(pid=95600) wrapper /opt/stack/nova/nova/scheduler/request_filter.py:46}}
May 28 06:29:48.009192 np0000001595 nova-scheduler[95600]: DEBUG nova.scheduler.request_filter [None req-0e150f49-faec-4890-809b-e0fb22343315 tempest-VolumesAssistedSnapshotsTest-271016285 tempest-VolumesAssistedSnapshotsTest-271016285-project-member] Request filter 'remote_managed_ports_filter' took 0.0 seconds {{(pid=95600) wrapper /opt/stack/nova/nova/scheduler/request_filter.py:46}}
May 28 06:29:48.009500 np0000001595 nova-scheduler[95600]: DEBUG nova.scheduler.request_filter [None req-0e150f49-faec-4890-809b-e0fb22343315 tempest-VolumesAssistedSnapshotsTest-271016285 tempest-VolumesAssistedSnapshotsTest-271016285-project-member] ephemeral_encryption_filter skipped {{(pid=95600) ephemeral_encryption_filter /opt/stack/nova/nova/scheduler/request_filter.py:426}}
May 28 06:29:48.009779 np0000001595 nova-scheduler[95600]: DEBUG nova.scheduler.request_filter [None req-0e150f49-faec-4890-809b-e0fb22343315 tempest-VolumesAssistedSnapshotsTest-271016285 tempest-VolumesAssistedSnapshotsTest-271016285-project-member] virtio_sound_filter skipped {{(pid=95600) virtio_sound_filter /opt/stack/nova/nova/scheduler/request_filter.py:460}}
May 28 06:29:48.010054 np0000001595 nova-scheduler[95600]: DEBUG nova.scheduler.request_filter [None req-0e150f49-faec-4890-809b-e0fb22343315 tempest-VolumesAssistedSnapshotsTest-271016285 tempest-VolumesAssistedSnapshotsTest-271016285-project-member] tpm_secret_security_filter skipped {{(pid=95600) tpm_secret_security_filter /opt/stack/nova/nova/scheduler/request_filter.py:477}}
May 28 06:29:48.117780 np0000001595 nova-scheduler[95600]: INFO nova.utils [None req-0e150f49-faec-4890-809b-e0fb22343315 tempest-VolumesAssistedSnapshotsTest-271016285 tempest-VolumesAssistedSnapshotsTest-271016285-project-member] The cell worker thread pool ForkProcess-2.cell_worker is initialized
May 28 06:29:48.117780 np0000001595 nova-scheduler[95600]: DEBUG oslo_concurrency.lockutils [None req-0e150f49-faec-4890-809b-e0fb22343315 tempest-VolumesAssistedSnapshotsTest-271016285 tempest-VolumesAssistedSnapshotsTest-271016285-project-member] Acquiring lock "01375d16-6cb2-4c03-a53a-ac9d9116d66b" by "nova.context.set_target_cell..get_or_set_cached_cell_and_set_connections" {{(pid=95600) inner /opt/stack/data/venv/lib/python3.12/site-packages/oslo_concurrency/lockutils.py:511}}
May 28 06:29:48.117780 np0000001595 nova-scheduler[95600]: DEBUG oslo_concurrency.lockutils [None req-0e150f49-faec-4890-809b-e0fb22343315 tempest-VolumesAssistedSnapshotsTest-271016285 tempest-VolumesAssistedSnapshotsTest-271016285-project-member] Lock "01375d16-6cb2-4c03-a53a-ac9d9116d66b" acquired by "nova.context.set_target_cell..get_or_set_cached_cell_and_set_connections" :: waited 0.000s {{(pid=95600) inner /opt/stack/data/venv/lib/python3.12/site-packages/oslo_concurrency/lockutils.py:524}}
May 28 06:29:48.118607 np0000001595 nova-scheduler[95600]: DEBUG oslo_concurrency.lockutils [None req-0e150f49-faec-4890-809b-e0fb22343315 tempest-VolumesAssistedSnapshotsTest-271016285 tempest-VolumesAssistedSnapshotsTest-271016285-project-member] Lock "01375d16-6cb2-4c03-a53a-ac9d9116d66b" "released" by "nova.context.set_target_cell..get_or_set_cached_cell_and_set_connections" :: held 0.001s {{(pid=95600) inner /opt/stack/data/venv/lib/python3.12/site-packages/oslo_concurrency/lockutils.py:543}}
May 28 06:29:48.120004 np0000001595 nova-scheduler[95600]: INFO dbcounter [None req-0e150f49-faec-4890-809b-e0fb22343315 tempest-VolumesAssistedSnapshotsTest-271016285 tempest-VolumesAssistedSnapshotsTest-271016285-project-member] Registered counter for database nova_cell1
May 28 06:29:48.168399 np0000001595 nova-scheduler[95620]: DEBUG nova.scheduler.manager [None req-e3939c88-e09d-471b-a5ce-b36894d4bee1 tempest-AttachSCSIVolumeTestJSON-615958326 tempest-AttachSCSIVolumeTestJSON-615958326-project-member] Starting to schedule for instances: ['c4be10e0-e655-4a0f-bc36-fe0c4f57a0f3'] {{(pid=95620) select_destinations /opt/stack/nova/nova/scheduler/manager.py:210}}
May 28 06:29:48.168399 np0000001595 nova-scheduler[95620]: DEBUG nova.scheduler.request_filter [None req-e3939c88-e09d-471b-a5ce-b36894d4bee1 tempest-AttachSCSIVolumeTestJSON-615958326 tempest-AttachSCSIVolumeTestJSON-615958326-project-member] compute_status_filter request filter added forbidden trait COMPUTE_STATUS_DISABLED {{(pid=95620) compute_status_filter /opt/stack/nova/nova/scheduler/request_filter.py:253}}
May 28 06:29:48.168399 np0000001595 nova-scheduler[95620]: DEBUG nova.scheduler.request_filter [None req-e3939c88-e09d-471b-a5ce-b36894d4bee1 tempest-AttachSCSIVolumeTestJSON-615958326 tempest-AttachSCSIVolumeTestJSON-615958326-project-member] Request filter 'compute_status_filter' took 0.0 seconds {{(pid=95620) wrapper /opt/stack/nova/nova/scheduler/request_filter.py:46}}
May 28 06:29:48.168399 np0000001595 nova-scheduler[95620]: DEBUG nova.scheduler.request_filter [None req-e3939c88-e09d-471b-a5ce-b36894d4bee1 tempest-AttachSCSIVolumeTestJSON-615958326 tempest-AttachSCSIVolumeTestJSON-615958326-project-member] Request filter 'accelerators_filter' took 0.0 seconds {{(pid=95620) wrapper /opt/stack/nova/nova/scheduler/request_filter.py:46}}
May 28 06:29:48.168399 np0000001595 nova-scheduler[95620]: DEBUG nova.scheduler.request_filter [None req-e3939c88-e09d-471b-a5ce-b36894d4bee1 tempest-AttachSCSIVolumeTestJSON-615958326 tempest-AttachSCSIVolumeTestJSON-615958326-project-member] Request filter 'packed_virtqueue_filter' took 0.0 seconds {{(pid=95620) wrapper /opt/stack/nova/nova/scheduler/request_filter.py:46}}
May 28 06:29:48.169112 np0000001595 nova-scheduler[95620]: DEBUG nova.scheduler.request_filter [None req-e3939c88-e09d-471b-a5ce-b36894d4bee1 tempest-AttachSCSIVolumeTestJSON-615958326 tempest-AttachSCSIVolumeTestJSON-615958326-project-member] Request filter 'remote_managed_ports_filter' took 0.0 seconds {{(pid=95620) wrapper /opt/stack/nova/nova/scheduler/request_filter.py:46}}
May 28 06:29:48.169637 np0000001595 nova-scheduler[95620]: DEBUG nova.scheduler.request_filter [None req-e3939c88-e09d-471b-a5ce-b36894d4bee1 tempest-AttachSCSIVolumeTestJSON-615958326 tempest-AttachSCSIVolumeTestJSON-615958326-project-member] ephemeral_encryption_filter skipped {{(pid=95620) ephemeral_encryption_filter /opt/stack/nova/nova/scheduler/request_filter.py:426}}
May 28 06:29:48.169857 np0000001595 nova-scheduler[95620]: DEBUG nova.scheduler.request_filter [None req-e3939c88-e09d-471b-a5ce-b36894d4bee1 tempest-AttachSCSIVolumeTestJSON-615958326 tempest-AttachSCSIVolumeTestJSON-615958326-project-member] virtio_sound_filter skipped {{(pid=95620) virtio_sound_filter /opt/stack/nova/nova/scheduler/request_filter.py:460}}
May 28 06:29:48.170137 np0000001595 nova-scheduler[95620]: DEBUG nova.scheduler.request_filter [None req-e3939c88-e09d-471b-a5ce-b36894d4bee1 tempest-AttachSCSIVolumeTestJSON-615958326 tempest-AttachSCSIVolumeTestJSON-615958326-project-member] tpm_secret_security_filter skipped {{(pid=95620) tpm_secret_security_filter /opt/stack/nova/nova/scheduler/request_filter.py:477}}
