Jul 28 08:36:03.014452 np0000005969 devstack@g-api.service[99722]: DEBUG glance_store.location [-] Registering scheme swift+https with {'store': , 'location_class': , 'store_entry': 'swift'} {{(pid=99722) register_scheme_map /opt/stack/data/venv/lib/python3.12/site-packages/glance_store/location.py:146}}
Jul 28 08:36:03.014490 np0000005969 devstack@g-api.service[99720]: DEBUG glance_store.location [-] Registering scheme swift+https with {'store': , 'location_class': , 'store_entry': 'swift'} {{(pid=99720) register_scheme_map /opt/stack/data/venv/lib/python3.12/site-packages/glance_store/location.py:146}}
Jul 28 08:36:03.014525 np0000005969 devstack@g-api.service[99722]: DEBUG glance_store.location [-] Registering scheme swift with {'store': , 'location_class': , 'store_entry': 'swift'} {{(pid=99722) register_scheme_map /opt/stack/data/venv/lib/python3.12/site-packages/glance_store/location.py:146}}
Jul 28 08:36:03.014560 np0000005969 devstack@g-api.service[99721]: DEBUG glance_store.location [-] Registering scheme swift+https with {'store': , 'location_class': , 'store_entry': 'swift'} {{(pid=99721) register_scheme_map /opt/stack/data/venv/lib/python3.12/site-packages/glance_store/location.py:146}}
Jul 28 08:36:03.014597 np0000005969 devstack@g-api.service[99722]: DEBUG glance_store.location [-] Registering scheme swift+http with {'store': , 'location_class': , 'store_entry': 'swift'} {{(pid=99722) register_scheme_map /opt/stack/data/venv/lib/python3.12/site-packages/glance_store/location.py:146}}
Jul 28 08:36:03.014633 np0000005969 devstack@g-api.service[99720]: DEBUG glance_store.location [-] Registering scheme swift with {'store': , 'location_class': , 'store_entry': 'swift'} {{(pid=99720) register_scheme_map /opt/stack/data/venv/lib/python3.12/site-packages/glance_store/location.py:146}}
Jul 28 08:36:03.014676 np0000005969 devstack@g-api.service[99721]: DEBUG glance_store.location [-] Registering scheme swift with {'store': , 'location_class': , 'store_entry': 'swift'} {{(pid=99721) register_scheme_map /opt/stack/data/venv/lib/python3.12/site-packages/glance_store/location.py:146}}
Jul 28 08:36:03.014714 np0000005969 devstack@g-api.service[99722]: DEBUG glance_store.location [-] Registering scheme swift+config with {'store': , 'location_class': , 'store_entry': 'swift'} {{(pid=99722) register_scheme_map /opt/stack/data/venv/lib/python3.12/site-packages/glance_store/location.py:146}}
Jul 28 08:36:03.014750 np0000005969 devstack@g-api.service[99720]: DEBUG glance_store.location [-] Registering scheme swift+https with {'store': , 'location_class': , 'store_entry': 'swift'} {{(pid=99720) register_scheme_map /opt/stack/data/venv/lib/python3.12/site-packages/glance_store/location.py:146}}
Jul 28 08:36:03.014784 np0000005969 devstack@g-api.service[99721]: DEBUG glance_store.location [-] Registering scheme swift+https with {'store': , 'location_class': , 'store_entry': 'swift'} {{(pid=99721) register_scheme_map /opt/stack/data/venv/lib/python3.12/site-packages/glance_store/location.py:146}}
Jul 28 08:36:03.014820 np0000005969 devstack@g-api.service[99720]: DEBUG glance_store.location [-] Registering scheme swift with {'store': , 'location_class': , 'store_entry': 'swift'} {{(pid=99720) register_scheme_map /opt/stack/data/venv/lib/python3.12/site-packages/glance_store/location.py:146}}
Jul 28 08:36:03.014855 np0000005969 devstack@g-api.service[99721]: DEBUG glance_store.location [-] Registering scheme swift with {'store': , 'location_class': , 'store_entry': 'swift'} {{(pid=99721) register_scheme_map /opt/stack/data/venv/lib/python3.12/site-packages/glance_store/location.py:146}}
Jul 28 08:36:03.014890 np0000005969 devstack@g-api.service[99720]: DEBUG glance_store.location [-] Registering scheme swift+http with {'store': , 'location_class': , 'store_entry': 'swift'} {{(pid=99720) register_scheme_map /opt/stack/data/venv/lib/python3.12/site-packages/glance_store/location.py:146}}
Jul 28 08:36:03.014941 np0000005969 devstack@g-api.service[99721]: DEBUG glance_store.location [-] Registering scheme swift+http with {'store': , 'location_class': , 'store_entry': 'swift'} {{(pid=99721) register_scheme_map /opt/stack/data/venv/lib/python3.12/site-packages/glance_store/location.py:146}}
Jul 28 08:36:03.015002 np0000005969 devstack@g-api.service[99720]: DEBUG glance_store.location [-] Registering scheme swift+https with {'store': , 'location_class': , 'store_entry': 'swift'} {{(pid=99720) register_scheme_map /opt/stack/data/venv/lib/python3.12/site-packages/glance_store/location.py:146}}
Jul 28 08:36:03.015040 np0000005969 devstack@g-api.service[99721]: DEBUG glance_store.location [-] Registering scheme swift+https with {'store': , 'location_class': , 'store_entry': 'swift'} {{(pid=99721) register_scheme_map /opt/stack/data/venv/lib/python3.12/site-packages/glance_store/location.py:146}}
Jul 28 08:36:03.015075 np0000005969 devstack@g-api.service[99720]: DEBUG glance_store.location [-] Registering scheme swift with {'store': , 'location_class': , 'store_entry': 'swift'} {{(pid=99720) register_scheme_map /opt/stack/data/venv/lib/python3.12/site-packages/glance_store/location.py:146}}
Jul 28 08:36:03.015075 np0000005969 devstack@g-api.service[99720]: DEBUG glance_store.location [-] Registering scheme swift+http with {'store': , 'location_class': , 'store_entry': 'swift'} {{(pid=99720) register_scheme_map /opt/stack/data/venv/lib/python3.12/site-packages/glance_store/location.py:146}}
Jul 28 08:36:03.015140 np0000005969 devstack@g-api.service[99721]: DEBUG glance_store.location [-] Registering scheme swift with {'store': , 'location_class': , 'store_entry': 'swift'} {{(pid=99721) register_scheme_map /opt/stack/data/venv/lib/python3.12/site-packages/glance_store/location.py:146}}
Jul 28 08:36:03.015175 np0000005969 devstack@g-api.service[99722]: DEBUG glance.sqlite_migration [-] SQLite caching database not located, skipping migration {{(pid=99722) get_db_path /opt/stack/glance/glance/sqlite_migration.py:68}}
Jul 28 08:36:03.015217 np0000005969 devstack@g-api.service[99720]: DEBUG glance_store.location [-] Registering scheme swift+config with {'store': , 'location_class': , 'store_entry': 'swift'} {{(pid=99720) register_scheme_map /opt/stack/data/venv/lib/python3.12/site-packages/glance_store/location.py:146}}
Jul 28 08:36:03.015254 np0000005969 devstack@g-api.service[99721]: DEBUG glance_store.location [-] Registering scheme swift+http with {'store': , 'location_class': , 'store_entry': 'swift'} {{(pid=99721) register_scheme_map /opt/stack/data/venv/lib/python3.12/site-packages/glance_store/location.py:146}}
Jul 28 08:36:03.015254 np0000005969 devstack@g-api.service[99721]: DEBUG glance_store.location [-] Registering scheme swift+config with {'store': , 'location_class': , 'store_entry': 'swift'} {{(pid=99721) register_scheme_map /opt/stack/data/venv/lib/python3.12/site-packages/glance_store/location.py:146}}
Jul 28 08:36:03.015324 np0000005969 devstack@g-api.service[99722]: WARNING glance.common.wsgi_app [-] Import methods are enabled but staging directory /tmp/staging/ does not exist; Imports will fail!
Jul 28 08:36:03.015381 np0000005969 devstack@g-api.service[99720]: DEBUG glance.sqlite_migration [-] SQLite caching database not located, skipping migration {{(pid=99720) get_db_path /opt/stack/glance/glance/sqlite_migration.py:68}}
Jul 28 08:36:03.015418 np0000005969 devstack@g-api.service[99721]: DEBUG glance.sqlite_migration [-] SQLite caching database not located, skipping migration {{(pid=99721) get_db_path /opt/stack/glance/glance/sqlite_migration.py:68}}
Jul 28 08:36:03.015454 np0000005969 devstack@g-api.service[99720]: WARNING glance.common.wsgi_app [-] Import methods are enabled but staging directory /tmp/staging/ does not exist; Imports will fail!
Jul 28 08:36:03.015488 np0000005969 devstack@g-api.service[99721]: WARNING glance.common.wsgi_app [-] Import methods are enabled but staging directory /tmp/staging/ does not exist; Imports will fail!
Jul 28 08:36:03.138256 np0000005969 devstack@g-api.service[99722]: DEBUG glance.common.config [None req-cb22e05f-1359-4251-934f-710445dc3ebe None None] Loading glance-api-keystone+cachemanagement from /etc/glance/glance-api-paste.ini {{(pid=99722) load_paste_app /opt/stack/glance/glance/common/config.py:765}}
Jul 28 08:36:03.140133 np0000005969 devstack@g-api.service[99721]: DEBUG glance.common.config [None req-f2802e7c-e505-4ad3-bbfe-0e6ab5090dfe None None] Loading glance-api-keystone+cachemanagement from /etc/glance/glance-api-paste.ini {{(pid=99721) load_paste_app /opt/stack/glance/glance/common/config.py:765}}
Jul 28 08:36:03.147308 np0000005969 devstack@g-api.service[99720]: DEBUG glance.common.config [None req-49b34ea6-84bd-4ca1-9e63-308d2c06ed59 None None] Loading glance-api-keystone+cachemanagement from /etc/glance/glance-api-paste.ini {{(pid=99720) load_paste_app /opt/stack/glance/glance/common/config.py:765}}
Jul 28 08:36:03.716742 np0000005969 devstack@g-api.service[99720]: INFO glance.image_cache [None req-49b34ea6-84bd-4ca1-9e63-308d2c06ed59 None None] Image cache loaded driver 'centralized_db'.
Jul 28 08:36:03.722615 np0000005969 devstack@g-api.service[99721]: INFO glance.image_cache [None req-f2802e7c-e505-4ad3-bbfe-0e6ab5090dfe None None] Image cache loaded driver 'centralized_db'.
Jul 28 08:36:03.733168 np0000005969 devstack@g-api.service[99722]: INFO glance.image_cache [None req-cb22e05f-1359-4251-934f-710445dc3ebe None None] Image cache loaded driver 'centralized_db'.
Jul 28 08:36:03.761026 np0000005969 devstack@g-api.service[99720]: INFO dbcounter [None req-49b34ea6-84bd-4ca1-9e63-308d2c06ed59 None None] Registered counter for database glance
Jul 28 08:36:03.767279 np0000005969 devstack@g-api.service[99721]: INFO dbcounter [None req-f2802e7c-e505-4ad3-bbfe-0e6ab5090dfe None None] Registered counter for database glance
Jul 28 08:36:03.777326 np0000005969 devstack@g-api.service[99722]: INFO dbcounter [None req-cb22e05f-1359-4251-934f-710445dc3ebe None None] Registered counter for database glance
Jul 28 08:36:03.798233 np0000005969 devstack@g-api.service[99720]: DEBUG oslo_db.sqlalchemy.engines [None req-49b34ea6-84bd-4ca1-9e63-308d2c06ed59 None None] MySQL server mode set to STRICT_TRANS_TABLES,STRICT_ALL_TABLES,NO_ZERO_IN_DATE,NO_ZERO_DATE,ERROR_FOR_DIVISION_BY_ZERO,TRADITIONAL,NO_ENGINE_SUBSTITUTION {{(pid=99720) _check_effective_sql_mode /opt/stack/data/venv/lib/python3.12/site-packages/oslo_db/sqlalchemy/engines.py:325}}
Jul 28 08:36:03.805189 np0000005969 devstack@g-api.service[99721]: DEBUG oslo_db.sqlalchemy.engines [None req-f2802e7c-e505-4ad3-bbfe-0e6ab5090dfe None None] MySQL server mode set to STRICT_TRANS_TABLES,STRICT_ALL_TABLES,NO_ZERO_IN_DATE,NO_ZERO_DATE,ERROR_FOR_DIVISION_BY_ZERO,TRADITIONAL,NO_ENGINE_SUBSTITUTION {{(pid=99721) _check_effective_sql_mode /opt/stack/data/venv/lib/python3.12/site-packages/oslo_db/sqlalchemy/engines.py:325}}
Jul 28 08:36:03.814373 np0000005969 devstack@g-api.service[99722]: DEBUG oslo_db.sqlalchemy.engines [None req-cb22e05f-1359-4251-934f-710445dc3ebe None None] MySQL server mode set to STRICT_TRANS_TABLES,STRICT_ALL_TABLES,NO_ZERO_IN_DATE,NO_ZERO_DATE,ERROR_FOR_DIVISION_BY_ZERO,TRADITIONAL,NO_ENGINE_SUBSTITUTION {{(pid=99722) _check_effective_sql_mode /opt/stack/data/venv/lib/python3.12/site-packages/oslo_db/sqlalchemy/engines.py:325}}
Jul 28 08:36:03.818535 np0000005969 devstack@g-api.service[99720]: DEBUG dbcounter [-] [99720] Writer thread running {{(pid=99720) stat_writer /opt/stack/data/venv/lib/python3.12/site-packages/dbcounter.py:102}}
Jul 28 08:36:03.825877 np0000005969 devstack@g-api.service[99721]: DEBUG dbcounter [-] [99721] Writer thread running {{(pid=99721) stat_writer /opt/stack/data/venv/lib/python3.12/site-packages/dbcounter.py:102}}
Jul 28 08:36:03.828466 np0000005969 devstack@g-api.service[99721]: DEBUG glance.image_cache.drivers.centralized_db [None req-f2802e7c-e505-4ad3-bbfe-0e6ab5090dfe None None] Node reference is already recorded, ignoring it {{(pid=99721) configure /opt/stack/glance/glance/image_cache/drivers/centralized_db.py:71}}
Jul 28 08:36:03.828630 np0000005969 devstack@g-api.service[99720]: INFO glance.image_cache [None req-49b34ea6-84bd-4ca1-9e63-308d2c06ed59 None None] Image cache loaded driver 'centralized_db'.
Jul 28 08:36:03.836122 np0000005969 devstack@g-api.service[99722]: DEBUG dbcounter [-] [99722] Writer thread running {{(pid=99722) stat_writer /opt/stack/data/venv/lib/python3.12/site-packages/dbcounter.py:102}}
Jul 28 08:36:03.837498 np0000005969 devstack@g-api.service[99720]: DEBUG glance.image_cache.drivers.centralized_db [None req-49b34ea6-84bd-4ca1-9e63-308d2c06ed59 None None] Node reference is already recorded, ignoring it {{(pid=99720) configure /opt/stack/glance/glance/image_cache/drivers/centralized_db.py:71}}
Jul 28 08:36:03.838977 np0000005969 devstack@g-api.service[99722]: DEBUG glance.image_cache.drivers.centralized_db [None req-cb22e05f-1359-4251-934f-710445dc3ebe None None] Node reference is already recorded, ignoring it {{(pid=99722) configure /opt/stack/glance/glance/image_cache/drivers/centralized_db.py:71}}
Jul 28 08:36:03.923682 np0000005969 devstack@g-api.service[99721]: INFO glance.image_cache [None req-f2802e7c-e505-4ad3-bbfe-0e6ab5090dfe None None] Image cache loaded driver 'centralized_db'.
Jul 28 08:36:03.924243 np0000005969 devstack@g-api.service[99720]: DEBUG glance.api.v2.cached_images [None req-49b34ea6-84bd-4ca1-9e63-308d2c06ed59 None None] Started cache worker thread {{(pid=99720) __init__ /opt/stack/glance/glance/api/v2/cached_images.py:71}}
Jul 28 08:36:03.924982 np0000005969 devstack@g-api.service[99720]: INFO glance.image_cache [None req-49b34ea6-84bd-4ca1-9e63-308d2c06ed59 None None] Image cache loaded driver 'centralized_db'.
Jul 28 08:36:03.926462 np0000005969 devstack@g-api.service[99722]: INFO glance.image_cache [None req-cb22e05f-1359-4251-934f-710445dc3ebe None None] Image cache loaded driver 'centralized_db'.
Jul 28 08:36:03.931833 np0000005969 devstack@g-api.service[99721]: DEBUG glance.image_cache.drivers.centralized_db [None req-f2802e7c-e505-4ad3-bbfe-0e6ab5090dfe None None] Node reference is already recorded, ignoring it {{(pid=99721) configure /opt/stack/glance/glance/image_cache/drivers/centralized_db.py:71}}
Jul 28 08:36:03.932028 np0000005969 devstack@g-api.service[99720]: DEBUG glance.image_cache.drivers.centralized_db [None req-49b34ea6-84bd-4ca1-9e63-308d2c06ed59 None None] Node reference is already recorded, ignoring it {{(pid=99720) configure /opt/stack/glance/glance/image_cache/drivers/centralized_db.py:71}}
Jul 28 08:36:03.932776 np0000005969 devstack@g-api.service[99722]: DEBUG glance.image_cache.drivers.centralized_db [None req-cb22e05f-1359-4251-934f-710445dc3ebe None None] Node reference is already recorded, ignoring it {{(pid=99722) configure /opt/stack/glance/glance/image_cache/drivers/centralized_db.py:71}}
Jul 28 08:36:03.936206 np0000005969 devstack@g-api.service[99720]: INFO glance.api.middleware.cache_manage [None req-49b34ea6-84bd-4ca1-9e63-308d2c06ed59 None None] Initialized image cache management middleware
Jul 28 08:36:03.936373 np0000005969 devstack@g-api.service[99720]: INFO glance.image_cache [None req-49b34ea6-84bd-4ca1-9e63-308d2c06ed59 None None] Image cache loaded driver 'centralized_db'.
Jul 28 08:36:03.936565 np0000005969 devstack@g-api.service[99721]: DEBUG glance.api.v2.cached_images [None req-f2802e7c-e505-4ad3-bbfe-0e6ab5090dfe None None] Started cache worker thread {{(pid=99721) __init__ /opt/stack/glance/glance/api/v2/cached_images.py:71}}
Jul 28 08:36:03.937532 np0000005969 devstack@g-api.service[99721]: INFO glance.image_cache [None req-f2802e7c-e505-4ad3-bbfe-0e6ab5090dfe None None] Image cache loaded driver 'centralized_db'.
Jul 28 08:36:03.937647 np0000005969 devstack@g-api.service[99722]: DEBUG glance.api.v2.cached_images [None req-cb22e05f-1359-4251-934f-710445dc3ebe None None] Started cache worker thread {{(pid=99722) __init__ /opt/stack/glance/glance/api/v2/cached_images.py:71}}
Jul 28 08:36:03.938592 np0000005969 devstack@g-api.service[99722]: INFO glance.image_cache [None req-cb22e05f-1359-4251-934f-710445dc3ebe None None] Image cache loaded driver 'centralized_db'.
Jul 28 08:36:03.942462 np0000005969 devstack@g-api.service[99720]: DEBUG glance.image_cache.drivers.centralized_db [None req-49b34ea6-84bd-4ca1-9e63-308d2c06ed59 None None] Node reference is already recorded, ignoring it {{(pid=99720) configure /opt/stack/glance/glance/image_cache/drivers/centralized_db.py:71}}
Jul 28 08:36:03.945728 np0000005969 devstack@g-api.service[99720]: INFO glance.api.middleware.cache [None req-49b34ea6-84bd-4ca1-9e63-308d2c06ed59 None None] Initialized image cache middleware
Jul 28 08:36:03.947346 np0000005969 devstack@g-api.service[99721]: DEBUG glance.image_cache.drivers.centralized_db [None req-f2802e7c-e505-4ad3-bbfe-0e6ab5090dfe None None] Node reference is already recorded, ignoring it {{(pid=99721) configure /opt/stack/glance/glance/image_cache/drivers/centralized_db.py:71}}
Jul 28 08:36:03.948496 np0000005969 devstack@g-api.service[99722]: DEBUG glance.image_cache.drivers.centralized_db [None req-cb22e05f-1359-4251-934f-710445dc3ebe None None] Node reference is already recorded, ignoring it {{(pid=99722) configure /opt/stack/glance/glance/image_cache/drivers/centralized_db.py:71}}
Jul 28 08:36:03.953664 np0000005969 devstack@g-api.service[99721]: INFO glance.api.middleware.cache_manage [None req-f2802e7c-e505-4ad3-bbfe-0e6ab5090dfe None None] Initialized image cache management middleware
Jul 28 08:36:03.953837 np0000005969 devstack@g-api.service[99721]: INFO glance.image_cache [None req-f2802e7c-e505-4ad3-bbfe-0e6ab5090dfe None None] Image cache loaded driver 'centralized_db'.
Jul 28 08:36:03.955053 np0000005969 devstack@g-api.service[99722]: INFO glance.api.middleware.cache_manage [None req-cb22e05f-1359-4251-934f-710445dc3ebe None None] Initialized image cache management middleware
Jul 28 08:36:03.955223 np0000005969 devstack@g-api.service[99722]: INFO glance.image_cache [None req-cb22e05f-1359-4251-934f-710445dc3ebe None None] Image cache loaded driver 'centralized_db'.
Jul 28 08:36:03.956160 np0000005969 devstack@g-api.service[99720]: DEBUG glance.common.config [None req-49b34ea6-84bd-4ca1-9e63-308d2c06ed59 None None] ******************************************************************************** {{(pid=99720) log_opt_values /opt/stack/data/venv/lib/python3.12/site-packages/oslo_config/cfg.py:3226}}
Jul 28 08:36:03.956245 np0000005969 devstack@g-api.service[99720]: DEBUG glance.common.config [None req-49b34ea6-84bd-4ca1-9e63-308d2c06ed59 None None] Configuration options gathered from: {{(pid=99720) log_opt_values /opt/stack/data/venv/lib/python3.12/site-packages/oslo_config/cfg.py:3227}}
Jul 28 08:36:03.956508 np0000005969 devstack@g-api.service[99720]: DEBUG glance.common.config [None req-49b34ea6-84bd-4ca1-9e63-308d2c06ed59 None None] command line args: [] {{(pid=99720) log_opt_values /opt/stack/data/venv/lib/python3.12/site-packages/oslo_config/cfg.py:3228}}
Jul 28 08:36:03.956633 np0000005969 devstack@g-api.service[99720]: DEBUG glance.common.config [None req-49b34ea6-84bd-4ca1-9e63-308d2c06ed59 None None] config files: ['/etc/glance/glance-image-import.conf', '/etc/glance/glance-api.conf'] {{(pid=99720) log_opt_values /opt/stack/data/venv/lib/python3.12/site-packages/oslo_config/cfg.py:3229}}
Jul 28 08:36:03.956710 np0000005969 devstack@g-api.service[99720]: DEBUG glance.common.config [None req-49b34ea6-84bd-4ca1-9e63-308d2c06ed59 None None] ================================================================================ {{(pid=99720) log_opt_values /opt/stack/data/venv/lib/python3.12/site-packages/oslo_config/cfg.py:3234}}
Jul 28 08:36:03.956826 np0000005969 devstack@g-api.service[99720]: DEBUG glance.common.config [None req-49b34ea6-84bd-4ca1-9e63-308d2c06ed59 None None] allow_anonymous_access = False {{(pid=99720) log_opt_values /opt/stack/data/venv/lib/python3.12/site-packages/oslo_config/cfg.py:3242}}
Jul 28 08:36:03.956929 np0000005969 devstack@g-api.service[99720]: DEBUG glance.common.config [None req-49b34ea6-84bd-4ca1-9e63-308d2c06ed59 None None] api_limit_max = 1000 {{(pid=99720) log_opt_values /opt/stack/data/venv/lib/python3.12/site-packages/oslo_config/cfg.py:3242}}
Jul 28 08:36:03.957044 np0000005969 devstack@g-api.service[99720]: DEBUG glance.common.config [None req-49b34ea6-84bd-4ca1-9e63-308d2c06ed59 None None] config_dir = [] {{(pid=99720) log_opt_values /opt/stack/data/venv/lib/python3.12/site-packages/oslo_config/cfg.py:3242}}
Jul 28 08:36:03.957121 np0000005969 devstack@g-api.service[99720]: DEBUG glance.common.config [None req-49b34ea6-84bd-4ca1-9e63-308d2c06ed59 None None] config_file = ['/etc/glance/glance-image-import.conf', '/etc/glance/glance-api.conf'] {{(pid=99720) log_opt_values /opt/stack/data/venv/lib/python3.12/site-packages/oslo_config/cfg.py:3242}}
Jul 28 08:36:03.957214 np0000005969 devstack@g-api.service[99720]: DEBUG glance.common.config [None req-49b34ea6-84bd-4ca1-9e63-308d2c06ed59 None None] config_source = [] {{(pid=99720) log_opt_values /opt/stack/data/venv/lib/python3.12/site-packages/oslo_config/cfg.py:3242}}
Jul 28 08:36:03.957314 np0000005969 devstack@g-api.service[99720]: DEBUG glance.common.config [None req-49b34ea6-84bd-4ca1-9e63-308d2c06ed59 None None] control_exchange = glance {{(pid=99720) log_opt_values /opt/stack/data/venv/lib/python3.12/site-packages/oslo_config/cfg.py:3242}}
Jul 28 08:36:03.957395 np0000005969 devstack@g-api.service[99720]: DEBUG glance.common.config [None req-49b34ea6-84bd-4ca1-9e63-308d2c06ed59 None None] debug = True {{(pid=99720) log_opt_values /opt/stack/data/venv/lib/python3.12/site-packages/oslo_config/cfg.py:3242}}
Jul 28 08:36:03.957563 np0000005969 devstack@g-api.service[99720]: DEBUG glance.common.config [None req-49b34ea6-84bd-4ca1-9e63-308d2c06ed59 None None] default_log_levels = ['amqp=WARN', 'boto=WARN', 'sqlalchemy=WARN', 'suds=INFO', 'oslo.messaging=INFO', 'oslo_messaging=INFO', 'iso8601=WARN', 'requests.packages.urllib3.connectionpool=WARN', 'urllib3.connectionpool=WARN', 'websocket=WARN', 'requests.packages.urllib3.util.retry=WARN', 'urllib3.util.retry=WARN', 'keystonemiddleware=WARN', 'routes.middleware=WARN', 'stevedore=WARN', 'taskflow=WARN', 'keystoneauth=WARN', 'oslo.cache=INFO', 'oslo_policy=INFO', 'dogpile.core.dogpile=INFO'] {{(pid=99720) log_opt_values /opt/stack/data/venv/lib/python3.12/site-packages/oslo_config/cfg.py:3242}}
Jul 28 08:36:03.957658 np0000005969 devstack@g-api.service[99720]: DEBUG glance.common.config [None req-49b34ea6-84bd-4ca1-9e63-308d2c06ed59 None None] default_publisher_id = image.localhost {{(pid=99720) log_opt_values /opt/stack/data/venv/lib/python3.12/site-packages/oslo_config/cfg.py:3242}}
Jul 28 08:36:03.957747 np0000005969 devstack@g-api.service[99720]: DEBUG glance.common.config [None req-49b34ea6-84bd-4ca1-9e63-308d2c06ed59 None None] delayed_delete = False {{(pid=99720) log_opt_values /opt/stack/data/venv/lib/python3.12/site-packages/oslo_config/cfg.py:3242}}
Jul 28 08:36:03.957842 np0000005969 devstack@g-api.service[99720]: DEBUG glance.common.config [None req-49b34ea6-84bd-4ca1-9e63-308d2c06ed59 None None] digest_algorithm = sha256 {{(pid=99720) log_opt_values /opt/stack/data/venv/lib/python3.12/site-packages/oslo_config/cfg.py:3242}}
Jul 28 08:36:03.957932 np0000005969 devstack@g-api.service[99720]: DEBUG glance.common.config [None req-49b34ea6-84bd-4ca1-9e63-308d2c06ed59 None None] disabled_notifications = [] {{(pid=99720) log_opt_values /opt/stack/data/venv/lib/python3.12/site-packages/oslo_config/cfg.py:3242}}
Jul 28 08:36:03.958386 np0000005969 devstack@g-api.service[99720]: DEBUG glance.common.config [None req-49b34ea6-84bd-4ca1-9e63-308d2c06ed59 None None] do_secure_hash = True {{(pid=99720) log_opt_values /opt/stack/data/venv/lib/python3.12/site-packages/oslo_config/cfg.py:3242}}
Jul 28 08:36:03.958499 np0000005969 devstack@g-api.service[99720]: DEBUG glance.common.config [None req-49b34ea6-84bd-4ca1-9e63-308d2c06ed59 None None] enabled_backends = None {{(pid=99720) log_opt_values /opt/stack/data/venv/lib/python3.12/site-packages/oslo_config/cfg.py:3242}}
Jul 28 08:36:03.958619 np0000005969 devstack@g-api.service[99720]: DEBUG glance.common.config [None req-49b34ea6-84bd-4ca1-9e63-308d2c06ed59 None None] enabled_import_methods = ['glance-direct', 'web-download', 'copy-image'] {{(pid=99720) log_opt_values /opt/stack/data/venv/lib/python3.12/site-packages/oslo_config/cfg.py:3242}}
Jul 28 08:36:03.958718 np0000005969 devstack@g-api.service[99720]: DEBUG glance.common.config [None req-49b34ea6-84bd-4ca1-9e63-308d2c06ed59 None None] fatal_deprecations = False {{(pid=99720) log_opt_values /opt/stack/data/venv/lib/python3.12/site-packages/oslo_config/cfg.py:3242}}
Jul 28 08:36:03.958816 np0000005969 devstack@g-api.service[99720]: DEBUG glance.common.config [None req-49b34ea6-84bd-4ca1-9e63-308d2c06ed59 None None] hashing_algorithm = sha512 {{(pid=99720) log_opt_values /opt/stack/data/venv/lib/python3.12/site-packages/oslo_config/cfg.py:3242}}
Jul 28 08:36:03.958906 np0000005969 devstack@g-api.service[99720]: DEBUG glance.common.config [None req-49b34ea6-84bd-4ca1-9e63-308d2c06ed59 None None] http_retries = 3 {{(pid=99720) log_opt_values /opt/stack/data/venv/lib/python3.12/site-packages/oslo_config/cfg.py:3242}}
Jul 28 08:36:03.959021 np0000005969 devstack@g-api.service[99720]: DEBUG glance.common.config [None req-49b34ea6-84bd-4ca1-9e63-308d2c06ed59 None None] image_cache_dir = /opt/stack/data/glance/cache/ {{(pid=99720) log_opt_values /opt/stack/data/venv/lib/python3.12/site-packages/oslo_config/cfg.py:3242}}
Jul 28 08:36:03.959118 np0000005969 devstack@g-api.service[99720]: DEBUG glance.common.config [None req-49b34ea6-84bd-4ca1-9e63-308d2c06ed59 None None] image_cache_driver = centralized_db {{(pid=99720) log_opt_values /opt/stack/data/venv/lib/python3.12/site-packages/oslo_config/cfg.py:3242}}
Jul 28 08:36:03.959209 np0000005969 devstack@g-api.service[99720]: DEBUG glance.common.config [None req-49b34ea6-84bd-4ca1-9e63-308d2c06ed59 None None] image_cache_max_size = 10737418240 {{(pid=99720) log_opt_values /opt/stack/data/venv/lib/python3.12/site-packages/oslo_config/cfg.py:3242}}
Jul 28 08:36:03.959302 np0000005969 devstack@g-api.service[99720]: DEBUG glance.common.config [None req-49b34ea6-84bd-4ca1-9e63-308d2c06ed59 None None] image_cache_sqlite_db = cache.db {{(pid=99720) log_opt_values /opt/stack/data/venv/lib/python3.12/site-packages/oslo_config/cfg.py:3242}}
Jul 28 08:36:03.959400 np0000005969 devstack@g-api.service[99720]: DEBUG glance.common.config [None req-49b34ea6-84bd-4ca1-9e63-308d2c06ed59 None None] image_cache_stall_time = 86400 {{(pid=99720) log_opt_values /opt/stack/data/venv/lib/python3.12/site-packages/oslo_config/cfg.py:3242}}
Jul 28 08:36:03.959490 np0000005969 devstack@g-api.service[99720]: DEBUG glance.common.config [None req-49b34ea6-84bd-4ca1-9e63-308d2c06ed59 None None] image_location_quota = 10 {{(pid=99720) log_opt_values /opt/stack/data/venv/lib/python3.12/site-packages/oslo_config/cfg.py:3242}}
Jul 28 08:36:03.959598 np0000005969 devstack@g-api.service[99720]: DEBUG glance.common.config [None req-49b34ea6-84bd-4ca1-9e63-308d2c06ed59 None None] image_member_quota = 128 {{(pid=99720) log_opt_values /opt/stack/data/venv/lib/python3.12/site-packages/oslo_config/cfg.py:3242}}
Jul 28 08:36:03.959663 np0000005969 devstack@g-api.service[99720]: DEBUG glance.common.config [None req-49b34ea6-84bd-4ca1-9e63-308d2c06ed59 None None] image_property_quota = 128 {{(pid=99720) log_opt_values /opt/stack/data/venv/lib/python3.12/site-packages/oslo_config/cfg.py:3242}}
Jul 28 08:36:03.959756 np0000005969 devstack@g-api.service[99720]: DEBUG glance.common.config [None req-49b34ea6-84bd-4ca1-9e63-308d2c06ed59 None None] image_size_cap = 1099511627776 {{(pid=99720) log_opt_values /opt/stack/data/venv/lib/python3.12/site-packages/oslo_config/cfg.py:3242}}
Jul 28 08:36:03.959843 np0000005969 devstack@g-api.service[99720]: DEBUG glance.common.config [None req-49b34ea6-84bd-4ca1-9e63-308d2c06ed59 None None] image_tag_quota = 128 {{(pid=99720) log_opt_values /opt/stack/data/venv/lib/python3.12/site-packages/oslo_config/cfg.py:3242}}
Jul 28 08:36:03.959935 np0000005969 devstack@g-api.service[99720]: DEBUG glance.common.config [None req-49b34ea6-84bd-4ca1-9e63-308d2c06ed59 None None] instance_format = [instance: %(uuid)s] {{(pid=99720) log_opt_values /opt/stack/data/venv/lib/python3.12/site-packages/oslo_config/cfg.py:3242}}
Jul 28 08:36:03.960059 np0000005969 devstack@g-api.service[99720]: DEBUG glance.common.config [None req-49b34ea6-84bd-4ca1-9e63-308d2c06ed59 None None] instance_uuid_format = [instance: %(uuid)s] {{(pid=99720) log_opt_values /opt/stack/data/venv/lib/python3.12/site-packages/oslo_config/cfg.py:3242}}
Jul 28 08:36:03.960169 np0000005969 devstack@g-api.service[99720]: DEBUG glance.common.config [None req-49b34ea6-84bd-4ca1-9e63-308d2c06ed59 None None] limit_param_default = 25 {{(pid=99720) log_opt_values /opt/stack/data/venv/lib/python3.12/site-packages/oslo_config/cfg.py:3242}}
Jul 28 08:36:03.960266 np0000005969 devstack@g-api.service[99720]: DEBUG glance.common.config [None req-49b34ea6-84bd-4ca1-9e63-308d2c06ed59 None None] log_color = False {{(pid=99720) log_opt_values /opt/stack/data/venv/lib/python3.12/site-packages/oslo_config/cfg.py:3242}}
Jul 28 08:36:03.960369 np0000005969 devstack@g-api.service[99720]: DEBUG glance.common.config [None req-49b34ea6-84bd-4ca1-9e63-308d2c06ed59 None None] log_config_append = None {{(pid=99720) log_opt_values /opt/stack/data/venv/lib/python3.12/site-packages/oslo_config/cfg.py:3242}}
Jul 28 08:36:03.960467 np0000005969 devstack@g-api.service[99720]: DEBUG glance.common.config [None req-49b34ea6-84bd-4ca1-9e63-308d2c06ed59 None None] log_date_format = %Y-%m-%d %H:%M:%S {{(pid=99720) log_opt_values /opt/stack/data/venv/lib/python3.12/site-packages/oslo_config/cfg.py:3242}}
Jul 28 08:36:03.960555 np0000005969 devstack@g-api.service[99720]: DEBUG glance.common.config [None req-49b34ea6-84bd-4ca1-9e63-308d2c06ed59 None None] log_dir = None {{(pid=99720) log_opt_values /opt/stack/data/venv/lib/python3.12/site-packages/oslo_config/cfg.py:3242}}
Jul 28 08:36:03.960641 np0000005969 devstack@g-api.service[99720]: DEBUG glance.common.config [None req-49b34ea6-84bd-4ca1-9e63-308d2c06ed59 None None] log_file = None {{(pid=99720) log_opt_values /opt/stack/data/venv/lib/python3.12/site-packages/oslo_config/cfg.py:3242}}
Jul 28 08:36:03.960729 np0000005969 devstack@g-api.service[99720]: DEBUG glance.common.config [None req-49b34ea6-84bd-4ca1-9e63-308d2c06ed59 None None] log_rotate_interval = 1 {{(pid=99720) log_opt_values /opt/stack/data/venv/lib/python3.12/site-packages/oslo_config/cfg.py:3242}}
Jul 28 08:36:03.960822 np0000005969 devstack@g-api.service[99720]: DEBUG glance.common.config [None req-49b34ea6-84bd-4ca1-9e63-308d2c06ed59 None None] log_rotate_interval_type = days {{(pid=99720) log_opt_values /opt/stack/data/venv/lib/python3.12/site-packages/oslo_config/cfg.py:3242}}
Jul 28 08:36:03.960913 np0000005969 devstack@g-api.service[99720]: DEBUG glance.common.config [None req-49b34ea6-84bd-4ca1-9e63-308d2c06ed59 None None] log_rotation_type = none {{(pid=99720) log_opt_values /opt/stack/data/venv/lib/python3.12/site-packages/oslo_config/cfg.py:3242}}
Jul 28 08:36:03.961002 np0000005969 devstack@g-api.service[99720]: DEBUG glance.common.config [None req-49b34ea6-84bd-4ca1-9e63-308d2c06ed59 None None] logging_context_format_string = %(color)s%(levelname)s %(name)s [%(global_request_id)s %(request_id)s %(project_name)s %(user_name)s%(color)s] %(instance)s%(color)s%(message)s {{(pid=99720) log_opt_values /opt/stack/data/venv/lib/python3.12/site-packages/oslo_config/cfg.py:3242}}
Jul 28 08:36:03.961199 np0000005969 devstack@g-api.service[99720]: DEBUG glance.common.config [None req-49b34ea6-84bd-4ca1-9e63-308d2c06ed59 None None] logging_debug_format_suffix = {{(pid=%(process)d) %(funcName)s %(pathname)s:%(lineno)d}} {{(pid=99720) log_opt_values /opt/stack/data/venv/lib/python3.12/site-packages/oslo_config/cfg.py:3242}}
Jul 28 08:36:03.961199 np0000005969 devstack@g-api.service[99720]: DEBUG glance.common.config [None req-49b34ea6-84bd-4ca1-9e63-308d2c06ed59 None None] logging_default_format_string = %(color)s%(levelname)s %(name)s [-%(color)s] %(instance)s%(color)s%(message)s {{(pid=99720) log_opt_values /opt/stack/data/venv/lib/python3.12/site-packages/oslo_config/cfg.py:3242}}
Jul 28 08:36:03.961302 np0000005969 devstack@g-api.service[99720]: DEBUG glance.common.config [None req-49b34ea6-84bd-4ca1-9e63-308d2c06ed59 None None] logging_exception_prefix = ERROR %(name)s %(instance)s {{(pid=99720) log_opt_values /opt/stack/data/venv/lib/python3.12/site-packages/oslo_config/cfg.py:3242}}
Jul 28 08:36:03.961302 np0000005969 devstack@g-api.service[99720]: DEBUG glance.common.config [None req-49b34ea6-84bd-4ca1-9e63-308d2c06ed59 None None] logging_user_identity_format = %(user)s %(project)s %(domain)s %(system_scope)s %(user_domain)s %(project_domain)s {{(pid=99720) log_opt_values /opt/stack/data/venv/lib/python3.12/site-packages/oslo_config/cfg.py:3242}}
Jul 28 08:36:03.961410 np0000005969 devstack@g-api.service[99720]: DEBUG glance.common.config [None req-49b34ea6-84bd-4ca1-9e63-308d2c06ed59 None None] max_logfile_count = 30 {{(pid=99720) log_opt_values /opt/stack/data/venv/lib/python3.12/site-packages/oslo_config/cfg.py:3242}}
Jul 28 08:36:03.961491 np0000005969 devstack@g-api.service[99720]: DEBUG glance.common.config [None req-49b34ea6-84bd-4ca1-9e63-308d2c06ed59 None None] max_logfile_size_mb = 200 {{(pid=99720) log_opt_values /opt/stack/data/venv/lib/python3.12/site-packages/oslo_config/cfg.py:3242}}
Jul 28 08:36:03.961581 np0000005969 devstack@g-api.service[99720]: DEBUG glance.common.config [None req-49b34ea6-84bd-4ca1-9e63-308d2c06ed59 None None] max_request_id_length = 64 {{(pid=99720) log_opt_values /opt/stack/data/venv/lib/python3.12/site-packages/oslo_config/cfg.py:3242}}
Jul 28 08:36:03.961655 np0000005969 devstack@g-api.service[99720]: DEBUG glance.common.config [None req-49b34ea6-84bd-4ca1-9e63-308d2c06ed59 None None] metadata_encryption_key = **** {{(pid=99720) log_opt_values /opt/stack/data/venv/lib/python3.12/site-packages/oslo_config/cfg.py:3242}}
Jul 28 08:36:03.961750 np0000005969 devstack@g-api.service[99720]: DEBUG glance.common.config [None req-49b34ea6-84bd-4ca1-9e63-308d2c06ed59 None None] node_staging_uri = file:///tmp/staging/ {{(pid=99720) log_opt_values /opt/stack/data/venv/lib/python3.12/site-packages/oslo_config/cfg.py:3242}}
Jul 28 08:36:03.961834 np0000005969 devstack@g-api.service[99720]: DEBUG glance.common.config [None req-49b34ea6-84bd-4ca1-9e63-308d2c06ed59 None None] property_protection_file = None {{(pid=99720) log_opt_values /opt/stack/data/venv/lib/python3.12/site-packages/oslo_config/cfg.py:3242}}
Jul 28 08:36:03.961925 np0000005969 devstack@g-api.service[99720]: DEBUG glance.common.config [None req-49b34ea6-84bd-4ca1-9e63-308d2c06ed59 None None] property_protection_rule_format = roles {{(pid=99720) log_opt_values /opt/stack/data/venv/lib/python3.12/site-packages/oslo_config/cfg.py:3242}}
Jul 28 08:36:03.962041 np0000005969 devstack@g-api.service[99720]: DEBUG glance.common.config [None req-49b34ea6-84bd-4ca1-9e63-308d2c06ed59 None None] public_endpoint = https://10.4.3.80/image {{(pid=99720) log_opt_values /opt/stack/data/venv/lib/python3.12/site-packages/oslo_config/cfg.py:3242}}
Jul 28 08:36:03.962162 np0000005969 devstack@g-api.service[99721]: DEBUG glance.image_cache.drivers.centralized_db [None req-f2802e7c-e505-4ad3-bbfe-0e6ab5090dfe None None] Node reference is already recorded, ignoring it {{(pid=99721) configure /opt/stack/glance/glance/image_cache/drivers/centralized_db.py:71}}
Jul 28 08:36:03.962195 np0000005969 devstack@g-api.service[99720]: DEBUG glance.common.config [None req-49b34ea6-84bd-4ca1-9e63-308d2c06ed59 None None] publish_errors = False {{(pid=99720) log_opt_values /opt/stack/data/venv/lib/python3.12/site-packages/oslo_config/cfg.py:3242}}
Jul 28 08:36:03.962224 np0000005969 devstack@g-api.service[99720]: DEBUG glance.common.config [None req-49b34ea6-84bd-4ca1-9e63-308d2c06ed59 None None] pydev_worker_debug_host = None {{(pid=99720) log_opt_values /opt/stack/data/venv/lib/python3.12/site-packages/oslo_config/cfg.py:3242}}
Jul 28 08:36:03.962301 np0000005969 devstack@g-api.service[99720]: DEBUG glance.common.config [None req-49b34ea6-84bd-4ca1-9e63-308d2c06ed59 None None] pydev_worker_debug_port = 5678 {{(pid=99720) log_opt_values /opt/stack/data/venv/lib/python3.12/site-packages/oslo_config/cfg.py:3242}}
Jul 28 08:36:03.962397 np0000005969 devstack@g-api.service[99720]: DEBUG glance.common.config [None req-49b34ea6-84bd-4ca1-9e63-308d2c06ed59 None None] rate_limit_burst = 0 {{(pid=99720) log_opt_values /opt/stack/data/venv/lib/python3.12/site-packages/oslo_config/cfg.py:3242}}
Jul 28 08:36:03.962489 np0000005969 devstack@g-api.service[99720]: DEBUG glance.common.config [None req-49b34ea6-84bd-4ca1-9e63-308d2c06ed59 None None] rate_limit_except_level = CRITICAL {{(pid=99720) log_opt_values /opt/stack/data/venv/lib/python3.12/site-packages/oslo_config/cfg.py:3242}}
Jul 28 08:36:03.962578 np0000005969 devstack@g-api.service[99720]: DEBUG glance.common.config [None req-49b34ea6-84bd-4ca1-9e63-308d2c06ed59 None None] rate_limit_interval = 0 {{(pid=99720) log_opt_values /opt/stack/data/venv/lib/python3.12/site-packages/oslo_config/cfg.py:3242}}
Jul 28 08:36:03.962663 np0000005969 devstack@g-api.service[99720]: DEBUG glance.common.config [None req-49b34ea6-84bd-4ca1-9e63-308d2c06ed59 None None] scrub_pool_size = 1 {{(pid=99720) log_opt_values /opt/stack/data/venv/lib/python3.12/site-packages/oslo_config/cfg.py:3242}}
Jul 28 08:36:03.962748 np0000005969 devstack@g-api.service[99720]: DEBUG glance.common.config [None req-49b34ea6-84bd-4ca1-9e63-308d2c06ed59 None None] scrub_time = 0 {{(pid=99720) log_opt_values /opt/stack/data/venv/lib/python3.12/site-packages/oslo_config/cfg.py:3242}}
Jul 28 08:36:03.962833 np0000005969 devstack@g-api.service[99720]: DEBUG glance.common.config [None req-49b34ea6-84bd-4ca1-9e63-308d2c06ed59 None None] shell_completion = None {{(pid=99720) log_opt_values /opt/stack/data/venv/lib/python3.12/site-packages/oslo_config/cfg.py:3242}}
Jul 28 08:36:03.962927 np0000005969 devstack@g-api.service[99720]: DEBUG glance.common.config [None req-49b34ea6-84bd-4ca1-9e63-308d2c06ed59 None None] show_image_direct_url = False {{(pid=99720) log_opt_values /opt/stack/data/venv/lib/python3.12/site-packages/oslo_config/cfg.py:3242}}
Jul 28 08:36:03.963157 np0000005969 devstack@g-api.service[99720]: WARNING oslo_config.cfg [None req-49b34ea6-84bd-4ca1-9e63-308d2c06ed59 None None] Deprecated: Option "show_multiple_locations" from group "DEFAULT" is deprecated for removal (Use of this option, deprecated since Newton, is a security risk and will be removed once we figure out a way to satisfy those use cases that currently require it. An earlier announcement that the same functionality can be achieved with greater granularity by using policies is incorrect. You cannot work around this option via policy configuration at the present time, though that is the direction we believe the fix will take. Please keep an eye on the Glance release notes to stay up to date on progress in addressing this issue.). Its value may be silently ignored in the future.
Jul 28 08:36:03.963260 np0000005969 devstack@g-api.service[99720]: DEBUG glance.common.config [None req-49b34ea6-84bd-4ca1-9e63-308d2c06ed59 None None] show_multiple_locations = False {{(pid=99720) log_opt_values /opt/stack/data/venv/lib/python3.12/site-packages/oslo_config/cfg.py:3242}}
Jul 28 08:36:03.963293 np0000005969 devstack@g-api.service[99722]: DEBUG glance.image_cache.drivers.centralized_db [None req-cb22e05f-1359-4251-934f-710445dc3ebe None None] Node reference is already recorded, ignoring it {{(pid=99722) configure /opt/stack/glance/glance/image_cache/drivers/centralized_db.py:71}}
Jul 28 08:36:03.963368 np0000005969 devstack@g-api.service[99720]: DEBUG glance.common.config [None req-49b34ea6-84bd-4ca1-9e63-308d2c06ed59 None None] syslog_log_facility = LOG_USER {{(pid=99720) log_opt_values /opt/stack/data/venv/lib/python3.12/site-packages/oslo_config/cfg.py:3242}}
Jul 28 08:36:03.963463 np0000005969 devstack@g-api.service[99720]: DEBUG glance.common.config [None req-49b34ea6-84bd-4ca1-9e63-308d2c06ed59 None None] transport_url = **** {{(pid=99720) log_opt_values /opt/stack/data/venv/lib/python3.12/site-packages/oslo_config/cfg.py:3242}}
Jul 28 08:36:03.963552 np0000005969 devstack@g-api.service[99720]: DEBUG glance.common.config [None req-49b34ea6-84bd-4ca1-9e63-308d2c06ed59 None None] use_journal = False {{(pid=99720) log_opt_values /opt/stack/data/venv/lib/python3.12/site-packages/oslo_config/cfg.py:3242}}
Jul 28 08:36:03.963640 np0000005969 devstack@g-api.service[99720]: DEBUG glance.common.config [None req-49b34ea6-84bd-4ca1-9e63-308d2c06ed59 None None] use_json = False {{(pid=99720) log_opt_values /opt/stack/data/venv/lib/python3.12/site-packages/oslo_config/cfg.py:3242}}
Jul 28 08:36:03.963732 np0000005969 devstack@g-api.service[99720]: DEBUG glance.common.config [None req-49b34ea6-84bd-4ca1-9e63-308d2c06ed59 None None] use_keystone_limits = True {{(pid=99720) log_opt_values /opt/stack/data/venv/lib/python3.12/site-packages/oslo_config/cfg.py:3242}}
Jul 28 08:36:03.963819 np0000005969 devstack@g-api.service[99720]: DEBUG glance.common.config [None req-49b34ea6-84bd-4ca1-9e63-308d2c06ed59 None None] use_stderr = False {{(pid=99720) log_opt_values /opt/stack/data/venv/lib/python3.12/site-packages/oslo_config/cfg.py:3242}}
Jul 28 08:36:03.963910 np0000005969 devstack@g-api.service[99720]: DEBUG glance.common.config [None req-49b34ea6-84bd-4ca1-9e63-308d2c06ed59 None None] use_syslog = False {{(pid=99720) log_opt_values /opt/stack/data/venv/lib/python3.12/site-packages/oslo_config/cfg.py:3242}}
Jul 28 08:36:03.964021 np0000005969 devstack@g-api.service[99720]: DEBUG glance.common.config [None req-49b34ea6-84bd-4ca1-9e63-308d2c06ed59 None None] user_storage_quota = 0 {{(pid=99720) log_opt_values /opt/stack/data/venv/lib/python3.12/site-packages/oslo_config/cfg.py:3242}}
Jul 28 08:36:03.964111 np0000005969 devstack@g-api.service[99720]: DEBUG glance.common.config [None req-49b34ea6-84bd-4ca1-9e63-308d2c06ed59 None None] worker_self_reference_url = http://127.0.0.1:60999 {{(pid=99720) log_opt_values /opt/stack/data/venv/lib/python3.12/site-packages/oslo_config/cfg.py:3242}}
Jul 28 08:36:03.964213 np0000005969 devstack@g-api.service[99720]: DEBUG glance.common.config [None req-49b34ea6-84bd-4ca1-9e63-308d2c06ed59 None None] oslo_concurrency.disable_process_locking = False {{(pid=99720) log_opt_values /opt/stack/data/venv/lib/python3.12/site-packages/oslo_config/cfg.py:3253}}
Jul 28 08:36:03.964310 np0000005969 devstack@g-api.service[99720]: DEBUG glance.common.config [None req-49b34ea6-84bd-4ca1-9e63-308d2c06ed59 None None] oslo_concurrency.lock_path = /opt/stack/data/glance/locks {{(pid=99720) log_opt_values /opt/stack/data/venv/lib/python3.12/site-packages/oslo_config/cfg.py:3253}}
Jul 28 08:36:03.964421 np0000005969 devstack@g-api.service[99720]: DEBUG glance.common.config [None req-49b34ea6-84bd-4ca1-9e63-308d2c06ed59 None None] oslo_middleware.enable_proxy_headers_parsing = False {{(pid=99720) log_opt_values /opt/stack/data/venv/lib/python3.12/site-packages/oslo_config/cfg.py:3253}}
Jul 28 08:36:03.964516 np0000005969 devstack@g-api.service[99720]: DEBUG glance.common.config [None req-49b34ea6-84bd-4ca1-9e63-308d2c06ed59 None None] oslo_middleware.http_basic_auth_user_file = /etc/htpasswd {{(pid=99720) log_opt_values /opt/stack/data/venv/lib/python3.12/site-packages/oslo_config/cfg.py:3253}}
Jul 28 08:36:03.964608 np0000005969 devstack@g-api.service[99720]: DEBUG glance.common.config [None req-49b34ea6-84bd-4ca1-9e63-308d2c06ed59 None None] paste_deploy.config_file = None {{(pid=99720) log_opt_values /opt/stack/data/venv/lib/python3.12/site-packages/oslo_config/cfg.py:3253}}
Jul 28 08:36:03.964699 np0000005969 devstack@g-api.service[99720]: DEBUG glance.common.config [None req-49b34ea6-84bd-4ca1-9e63-308d2c06ed59 None None] paste_deploy.flavor = keystone+cachemanagement {{(pid=99720) log_opt_values /opt/stack/data/venv/lib/python3.12/site-packages/oslo_config/cfg.py:3253}}
Jul 28 08:36:03.964823 np0000005969 devstack@g-api.service[99720]: DEBUG glance.common.config [None req-49b34ea6-84bd-4ca1-9e63-308d2c06ed59 None None] image_format.container_formats = ['ami', 'ari', 'aki', 'bare', 'ovf', 'ova', 'docker', 'compressed'] {{(pid=99720) log_opt_values /opt/stack/data/venv/lib/python3.12/site-packages/oslo_config/cfg.py:3253}}
Jul 28 08:36:03.964949 np0000005969 devstack@g-api.service[99720]: DEBUG glance.common.config [None req-49b34ea6-84bd-4ca1-9e63-308d2c06ed59 None None] image_format.disk_formats = ['ami', 'ari', 'aki', 'vhd', 'vhdx', 'vmdk', 'raw', 'qcow2', 'vdi', 'iso', 'ploop'] {{(pid=99720) log_opt_values /opt/stack/data/venv/lib/python3.12/site-packages/oslo_config/cfg.py:3253}}
Jul 28 08:36:03.965067 np0000005969 devstack@g-api.service[99720]: DEBUG glance.common.config [None req-49b34ea6-84bd-4ca1-9e63-308d2c06ed59 None None] image_format.gpt_safety_checks_nonfatal = [] {{(pid=99720) log_opt_values /opt/stack/data/venv/lib/python3.12/site-packages/oslo_config/cfg.py:3253}}
Jul 28 08:36:03.965163 np0000005969 devstack@g-api.service[99720]: DEBUG glance.common.config [None req-49b34ea6-84bd-4ca1-9e63-308d2c06ed59 None None] image_format.require_image_format_match = True {{(pid=99720) log_opt_values /opt/stack/data/venv/lib/python3.12/site-packages/oslo_config/cfg.py:3253}}
Jul 28 08:36:03.965263 np0000005969 devstack@g-api.service[99720]: DEBUG glance.common.config [None req-49b34ea6-84bd-4ca1-9e63-308d2c06ed59 None None] image_format.vmdk_allowed_types = ['streamOptimized', 'monolithicSparse'] {{(pid=99720) log_opt_values /opt/stack/data/venv/lib/python3.12/site-packages/oslo_config/cfg.py:3253}}
Jul 28 08:36:03.965408 np0000005969 devstack@g-api.service[99720]: DEBUG glance.common.config [None req-49b34ea6-84bd-4ca1-9e63-308d2c06ed59 None None] task.task_executor = taskflow {{(pid=99720) log_opt_values /opt/stack/data/venv/lib/python3.12/site-packages/oslo_config/cfg.py:3253}}
Jul 28 08:36:03.965528 np0000005969 devstack@g-api.service[99720]: DEBUG glance.common.config [None req-49b34ea6-84bd-4ca1-9e63-308d2c06ed59 None None] task.task_time_to_live = 48 {{(pid=99720) log_opt_values /opt/stack/data/venv/lib/python3.12/site-packages/oslo_config/cfg.py:3253}}
Jul 28 08:36:03.965620 np0000005969 devstack@g-api.service[99720]: DEBUG glance.common.config [None req-49b34ea6-84bd-4ca1-9e63-308d2c06ed59 None None] task.work_dir = None {{(pid=99720) log_opt_values /opt/stack/data/venv/lib/python3.12/site-packages/oslo_config/cfg.py:3253}}
Jul 28 08:36:03.965720 np0000005969 devstack@g-api.service[99720]: DEBUG glance.common.config [None req-49b34ea6-84bd-4ca1-9e63-308d2c06ed59 None None] wsgi.python_interpreter = /opt/stack/data/venv/bin/python3 {{(pid=99720) log_opt_values /opt/stack/data/venv/lib/python3.12/site-packages/oslo_config/cfg.py:3253}}
Jul 28 08:36:03.965809 np0000005969 devstack@g-api.service[99720]: DEBUG glance.common.config [None req-49b34ea6-84bd-4ca1-9e63-308d2c06ed59 None None] wsgi.task_pool_threads = 16 {{(pid=99720) log_opt_values /opt/stack/data/venv/lib/python3.12/site-packages/oslo_config/cfg.py:3253}}
Jul 28 08:36:03.965908 np0000005969 devstack@g-api.service[99720]: DEBUG glance.common.config [None req-49b34ea6-84bd-4ca1-9e63-308d2c06ed59 None None] import_filtering_opts.allowed_hosts = [] {{(pid=99720) log_opt_values /opt/stack/data/venv/lib/python3.12/site-packages/oslo_config/cfg.py:3253}}
Jul 28 08:36:03.966023 np0000005969 devstack@g-api.service[99720]: DEBUG glance.common.config [None req-49b34ea6-84bd-4ca1-9e63-308d2c06ed59 None None] import_filtering_opts.allowed_ports = [80, 443] {{(pid=99720) log_opt_values /opt/stack/data/venv/lib/python3.12/site-packages/oslo_config/cfg.py:3253}}
Jul 28 08:36:03.966129 np0000005969 devstack@g-api.service[99720]: DEBUG glance.common.config [None req-49b34ea6-84bd-4ca1-9e63-308d2c06ed59 None None] import_filtering_opts.allowed_schemes = ['http', 'https'] {{(pid=99720) log_opt_values /opt/stack/data/venv/lib/python3.12/site-packages/oslo_config/cfg.py:3253}}
Jul 28 08:36:03.966223 np0000005969 devstack@g-api.service[99720]: DEBUG glance.common.config [None req-49b34ea6-84bd-4ca1-9e63-308d2c06ed59 None None] import_filtering_opts.disallowed_hosts = [] {{(pid=99720) log_opt_values /opt/stack/data/venv/lib/python3.12/site-packages/oslo_config/cfg.py:3253}}
Jul 28 08:36:03.966314 np0000005969 devstack@g-api.service[99720]: DEBUG glance.common.config [None req-49b34ea6-84bd-4ca1-9e63-308d2c06ed59 None None] import_filtering_opts.disallowed_ports = [] {{(pid=99720) log_opt_values /opt/stack/data/venv/lib/python3.12/site-packages/oslo_config/cfg.py:3253}}
Jul 28 08:36:03.966431 np0000005969 devstack@g-api.service[99720]: DEBUG glance.common.config [None req-49b34ea6-84bd-4ca1-9e63-308d2c06ed59 None None] import_filtering_opts.disallowed_schemes = [] {{(pid=99720) log_opt_values /opt/stack/data/venv/lib/python3.12/site-packages/oslo_config/cfg.py:3253}}
Jul 28 08:36:03.966534 np0000005969 devstack@g-api.service[99720]: DEBUG glance.common.config [None req-49b34ea6-84bd-4ca1-9e63-308d2c06ed59 None None] oslo_messaging_metrics.metrics_buffer_size = 1000 {{(pid=99720) log_opt_values /opt/stack/data/venv/lib/python3.12/site-packages/oslo_config/cfg.py:3253}}
