Jun 26 04:43:58.289592 np0000003695 devstack@g-api.service[102723]: DEBUG keystoneclient.auth.identity.v3.base [None req-893f3152-0430-40fe-8f8d-0f4b854be7cc tempest-ServerBootFromVolumeStableRescueTest-410657299 tempest-ServerBootFromVolumeStableRescueTest-410657299-project-member] {"token": {"methods": ["password"], "user": {"domain": {"id": "default", "name": "Default"}, "id": "a471962edf994ad28c5682b810295e64", "name": "glance-swift", "password_expires_at": null}, "audit_ids": ["HS_W9_i5SyeUCcg3jOwGWQ"], "expires_at": "2026-06-26T05:43:58.000000Z", "issued_at": "2026-06-26T04:43:58.000000Z", "project": {"domain": {"id": "default", "name": "Default"}, "id": "3e77ab17820545d6976976de3615cafd", "name": "service"}, "is_domain": false, "roles": [{"id": "840e1e9c65b544829ffab35ffd373fd8", "name": "ResellerAdmin"}, {"id": "3d02f0f1f5c449018b3bc6cd5a600f34", "name": "service"}], "catalog": [{"endpoints": [{"id": "1cc7a4e433084e0c962c4aad8802d0ef", "interface": "public", "region_id": "RegionOne", "url": "https://10.4.3.92/identity", "region": "RegionOne"}], "id": "053fe4684cce45178f3f55dad3a95d19", "type": "identity", "name": "keystone"}, {"endpoints": [{"id": "ec1f7d03e0d54ed9af9e04e7b7d252e1", "interface": "public", "region_id": "RegionOne", "url": "https://10.4.3.92/compute/v2.1", "region": "RegionOne"}], "id": "3407b0e8e5fc4ca0b3cb080e43f94bf2", "type": "compute", "name": "nova"}, {"endpoints": [{"id": "6f0195a6617142c4b410ab8afd36cfca", "interface": "public", "region_id": "RegionOne", "url": "https://10.4.3.92/placement", "region": "RegionOne"}], "id": "7e9d24e7e0e14707836055e1f21aed26", "type": "placement", "name": "placement"}, {"endpoints": [{"id": "ac58f12c7bab4b708cd0f9310fae0eda", "interface": "public", "region_id": "RegionOne", "url": "https://10.4.3.92/image", "region": "RegionOne"}], "id": "b27b2f7353054c1995817e7004ce0a0f", "type": "image", "name": "glance"}, {"endpoints": [{"id": "02a13859e1824405964197607b7f9e49", "interface": "public", "region_id": "RegionOne", "url": "https://10.4.3.92/networking", "region": "RegionOne"}], "id": "c4c173d83c45421196d2c62a94d3aedb", "type": "network", "name": "neutron"}, {"endpoints": [{"id": "4a90734142ec46b69a690b61e6948237", "interface": "public", "region_id": "RegionOne", "url": "https://10.4.3.92/volume/v3", "region": "RegionOne"}], "id": "c96d8d78ec5a48f38ed74b921f06591e", "type": "block-storage", "name": "cinder"}, {"endpoints": [{"id": "ec58c368ea55487da57571e1e1ab996a", "interface": "public", "region_id": "RegionOne", "url": "https://10.4.3.92/compute/v2/3e77ab17820545d6976976de3615cafd", "region": "RegionOne"}], "id": "ef1fc610f57847599e3d6502e8622cf1", "type": "compute_legacy", "name": "nova_legacy"}, {"endpoints": [{"id": "762d315a122c4f12976a0dcd6fa8e42e", "interface": "admin", "region_id": "RegionOne", "url": "https://10.4.3.92:8080", "region": "RegionOne"}, {"id": "78c7187e82ae494cb0caf97febaa767d", "interface": "public", "region_id": "RegionOne", "url": "https://10.4.3.92:8080/v1/AUTH_3e77ab17820545d6976976de3615cafd", "region": "RegionOne"}], "id": "fa6dd220e8d541e296ab71b9d38fb90b", "type": "object-store", "name": "swift"}]}} {{(pid=102723) get_auth_ref /opt/stack/data/venv/lib/python3.12/site-packages/keystoneclient/auth/identity/v3/base.py:190}}
Jun 26 04:43:58.289592 np0000003695 devstack@g-api.service[102723]: DEBUG keystoneclient.httpclient [None req-893f3152-0430-40fe-8f8d-0f4b854be7cc tempest-ServerBootFromVolumeStableRescueTest-410657299 tempest-ServerBootFromVolumeStableRescueTest-410657299-project-member] Failed to find endpoint for management url admin endpoint for identity service not found {{(pid=102723) _process_management_url /opt/stack/data/venv/lib/python3.12/site-packages/keystoneclient/httpclient.py:670}}
Jun 26 04:43:58.328095 np0000003695 devstack@g-api.service[102721]: DEBUG glance.location [None req-10a7ab15-f297-4df9-9d13-593fd87e9df1 tempest-ServerStableDeviceRescueTest-265312925 tempest-ServerStableDeviceRescueTest-265312925-project-member] Enabling in-flight format inspection for qcow2 {{(pid=102721) set_data /opt/stack/glance/glance/location.py:616}}
Jun 26 04:43:58.328095 np0000003695 devstack@g-api.service[102721]: DEBUG glance_store.backend [None req-10a7ab15-f297-4df9-9d13-593fd87e9df1 tempest-ServerStableDeviceRescueTest-265312925 tempest-ServerStableDeviceRescueTest-265312925-project-member] Attempting to import store swift {{(pid=102721) _load_store /opt/stack/data/venv/lib/python3.12/site-packages/glance_store/backend.py:215}}
Jun 26 04:43:58.328095 np0000003695 devstack@g-api.service[102721]: DEBUG glance_store.capabilities [None req-10a7ab15-f297-4df9-9d13-593fd87e9df1 tempest-ServerStableDeviceRescueTest-265312925 tempest-ServerStableDeviceRescueTest-265312925-project-member] Store glance_store._drivers.swift.store.SingleTenantStore doesn't support updating dynamic storage capabilities. Please overwrite 'update_capabilities' method of the store to implement updating logics if needed. {{(pid=102721) update_capabilities /opt/stack/data/venv/lib/python3.12/site-packages/glance_store/capabilities.py:91}}
Jun 26 04:43:58.328095 np0000003695 devstack@g-api.service[102721]: DEBUG glance_store.driver [None req-10a7ab15-f297-4df9-9d13-593fd87e9df1 tempest-ServerStableDeviceRescueTest-265312925 tempest-ServerStableDeviceRescueTest-265312925-project-member] Late loading location class glance_store._drivers.swift.store.StoreLocation {{(pid=102721) get_store_location_class /opt/stack/data/venv/lib/python3.12/site-packages/glance_store/driver.py:134}}
Jun 26 04:43:58.328095 np0000003695 devstack@g-api.service[102721]: DEBUG glance_store.location [None req-10a7ab15-f297-4df9-9d13-593fd87e9df1 tempest-ServerStableDeviceRescueTest-265312925 tempest-ServerStableDeviceRescueTest-265312925-project-member] Registering scheme swift+https with {'store': , 'location_class': , 'store_entry': 'swift'} {{(pid=102721) register_scheme_map /opt/stack/data/venv/lib/python3.12/site-packages/glance_store/location.py:146}}
Jun 26 04:43:58.328095 np0000003695 devstack@g-api.service[102721]: DEBUG glance_store.location [None req-10a7ab15-f297-4df9-9d13-593fd87e9df1 tempest-ServerStableDeviceRescueTest-265312925 tempest-ServerStableDeviceRescueTest-265312925-project-member] Registering scheme swift+https with {'store': , 'location_class': , 'store_entry': 'swift'} {{(pid=102721) register_scheme_map /opt/stack/data/venv/lib/python3.12/site-packages/glance_store/location.py:146}}
Jun 26 04:43:58.328095 np0000003695 devstack@g-api.service[102721]: DEBUG glance_store.location [None req-10a7ab15-f297-4df9-9d13-593fd87e9df1 tempest-ServerStableDeviceRescueTest-265312925 tempest-ServerStableDeviceRescueTest-265312925-project-member] Registering scheme swift with {'store': , 'location_class': , 'store_entry': 'swift'} {{(pid=102721) register_scheme_map /opt/stack/data/venv/lib/python3.12/site-packages/glance_store/location.py:146}}
Jun 26 04:43:58.328095 np0000003695 devstack@g-api.service[102721]: DEBUG glance_store.location [None req-10a7ab15-f297-4df9-9d13-593fd87e9df1 tempest-ServerStableDeviceRescueTest-265312925 tempest-ServerStableDeviceRescueTest-265312925-project-member] Registering scheme swift+https with {'store': , 'location_class': , 'store_entry': 'swift'} {{(pid=102721) register_scheme_map /opt/stack/data/venv/lib/python3.12/site-packages/glance_store/location.py:146}}
Jun 26 04:43:58.328095 np0000003695 devstack@g-api.service[102721]: DEBUG glance_store.location [None req-10a7ab15-f297-4df9-9d13-593fd87e9df1 tempest-ServerStableDeviceRescueTest-265312925 tempest-ServerStableDeviceRescueTest-265312925-project-member] Registering scheme swift with {'store': , 'location_class': , 'store_entry': 'swift'} {{(pid=102721) register_scheme_map /opt/stack/data/venv/lib/python3.12/site-packages/glance_store/location.py:146}}
Jun 26 04:43:58.328095 np0000003695 devstack@g-api.service[102721]: DEBUG glance_store.location [None req-10a7ab15-f297-4df9-9d13-593fd87e9df1 tempest-ServerStableDeviceRescueTest-265312925 tempest-ServerStableDeviceRescueTest-265312925-project-member] Registering scheme swift+http with {'store': , 'location_class': , 'store_entry': 'swift'} {{(pid=102721) register_scheme_map /opt/stack/data/venv/lib/python3.12/site-packages/glance_store/location.py:146}}
Jun 26 04:43:58.328095 np0000003695 devstack@g-api.service[102721]: DEBUG glance_store.location [None req-10a7ab15-f297-4df9-9d13-593fd87e9df1 tempest-ServerStableDeviceRescueTest-265312925 tempest-ServerStableDeviceRescueTest-265312925-project-member] Registering scheme swift+https with {'store': , 'location_class': , 'store_entry': 'swift'} {{(pid=102721) register_scheme_map /opt/stack/data/venv/lib/python3.12/site-packages/glance_store/location.py:146}}
Jun 26 04:43:58.328597 np0000003695 devstack@g-api.service[102721]: DEBUG glance_store.location [None req-10a7ab15-f297-4df9-9d13-593fd87e9df1 tempest-ServerStableDeviceRescueTest-265312925 tempest-ServerStableDeviceRescueTest-265312925-project-member] Registering scheme swift with {'store': , 'location_class': , 'store_entry': 'swift'} {{(pid=102721) register_scheme_map /opt/stack/data/venv/lib/python3.12/site-packages/glance_store/location.py:146}}
Jun 26 04:43:58.328597 np0000003695 devstack@g-api.service[102721]: DEBUG glance_store.location [None req-10a7ab15-f297-4df9-9d13-593fd87e9df1 tempest-ServerStableDeviceRescueTest-265312925 tempest-ServerStableDeviceRescueTest-265312925-project-member] Registering scheme swift+http with {'store': , 'location_class': , 'store_entry': 'swift'} {{(pid=102721) register_scheme_map /opt/stack/data/venv/lib/python3.12/site-packages/glance_store/location.py:146}}
Jun 26 04:43:58.328597 np0000003695 devstack@g-api.service[102721]: DEBUG glance_store.location [None req-10a7ab15-f297-4df9-9d13-593fd87e9df1 tempest-ServerStableDeviceRescueTest-265312925 tempest-ServerStableDeviceRescueTest-265312925-project-member] Registering scheme swift+config with {'store': , 'location_class': , 'store_entry': 'swift'} {{(pid=102721) register_scheme_map /opt/stack/data/venv/lib/python3.12/site-packages/glance_store/location.py:146}}
Jun 26 04:43:58.499527 np0000003695 devstack@g-api.service[102723]: DEBUG swiftclient [None req-893f3152-0430-40fe-8f8d-0f4b854be7cc tempest-ServerBootFromVolumeStableRescueTest-410657299 tempest-ServerBootFromVolumeStableRescueTest-410657299-project-member] REQ: curl -i https://10.4.3.92:8080/v1/AUTH_3e77ab17820545d6976976de3615cafd/glance/2c6d1bde-7809-42d4-94bc-fd675013cd2e -I -H "X-Auth-Token: gAAAAABqPgOOLo1B..." {{(pid=102723) http_log /opt/stack/data/venv/lib/python3.12/site-packages/swiftclient/client.py:160}}
Jun 26 04:43:58.499527 np0000003695 devstack@g-api.service[102723]: DEBUG swiftclient [None req-893f3152-0430-40fe-8f8d-0f4b854be7cc tempest-ServerBootFromVolumeStableRescueTest-410657299 tempest-ServerBootFromVolumeStableRescueTest-410657299-project-member] RESP STATUS: 200 OK {{(pid=102723) http_log /opt/stack/data/venv/lib/python3.12/site-packages/swiftclient/client.py:161}}
Jun 26 04:43:58.499527 np0000003695 devstack@g-api.service[102723]: DEBUG swiftclient [None req-893f3152-0430-40fe-8f8d-0f4b854be7cc tempest-ServerBootFromVolumeStableRescueTest-410657299 tempest-ServerBootFromVolumeStableRescueTest-410657299-project-member] RESP HEADERS: {'Date': 'Fri, 26 Jun 2026 04:43:58 GMT', 'Server': 'Apache/2.4.58 (Ubuntu)', 'Content-Type': 'application/octet-stream', 'Content-Length': '23527424', 'X-Object-Manifest': 'glance/2c6d1bde-7809-42d4-94bc-fd675013cd2e-', 'Last-Modified': 'Fri, 26 Jun 2026 04:42:48 GMT', 'X-Timestamp': '1782448967.28777', 'Accept-Ranges': 'bytes', 'Etag': '"9c424351ecc3b84373f916fa8ecd34a2"', 'X-Trans-Id': 'tx80f508685f64494db5ccb-006a3e038e', 'X-Openstack-Request-Id': 'tx80f508685f64494db5ccb-006a3e038e', 'Connection': 'close'} {{(pid=102723) http_log /opt/stack/data/venv/lib/python3.12/site-packages/swiftclient/client.py:162}}
Jun 26 04:43:58.508217 np0000003695 devstack@g-api.service[102721]: DEBUG swiftclient [None req-10a7ab15-f297-4df9-9d13-593fd87e9df1 tempest-ServerStableDeviceRescueTest-265312925 tempest-ServerStableDeviceRescueTest-265312925-project-member] REQ: curl -i https://10.4.3.92:8080/v1/AUTH_3e77ab17820545d6976976de3615cafd/glance -I -H "X-Auth-Token: gAAAAABqPgOO8Uxg..." {{(pid=102721) http_log /opt/stack/data/venv/lib/python3.12/site-packages/swiftclient/client.py:160}}
Jun 26 04:43:58.508217 np0000003695 devstack@g-api.service[102721]: DEBUG swiftclient [None req-10a7ab15-f297-4df9-9d13-593fd87e9df1 tempest-ServerStableDeviceRescueTest-265312925 tempest-ServerStableDeviceRescueTest-265312925-project-member] RESP STATUS: 204 No Content {{(pid=102721) http_log /opt/stack/data/venv/lib/python3.12/site-packages/swiftclient/client.py:161}}
Jun 26 04:43:58.508217 np0000003695 devstack@g-api.service[102721]: DEBUG swiftclient [None req-10a7ab15-f297-4df9-9d13-593fd87e9df1 tempest-ServerStableDeviceRescueTest-265312925 tempest-ServerStableDeviceRescueTest-265312925-project-member] RESP HEADERS: {'Date': 'Fri, 26 Jun 2026 04:43:58 GMT', 'Server': 'Apache/2.4.58 (Ubuntu)', 'Content-Type': 'text/plain; charset=utf-8', 'X-Container-Object-Count': '7', 'X-Container-Bytes-Used': '111411200', 'X-Timestamp': '1782448507.96841', 'Last-Modified': 'Fri, 26 Jun 2026 04:35:08 GMT', 'Accept-Ranges': 'bytes', 'X-Storage-Policy': 'Policy-0', 'X-Container-Sharding': 'False', 'Vary': 'Accept', 'X-Trans-Id': 'tx5cbb43e53b814207a53e6-006a3e038e', 'X-Openstack-Request-Id': 'tx5cbb43e53b814207a53e6-006a3e038e', 'Connection': 'close'} {{(pid=102721) http_log /opt/stack/data/venv/lib/python3.12/site-packages/swiftclient/client.py:162}}
Jun 26 04:43:58.508217 np0000003695 devstack@g-api.service[102721]: DEBUG glance_store._drivers.swift.store [None req-10a7ab15-f297-4df9-9d13-593fd87e9df1 tempest-ServerStableDeviceRescueTest-265312925 tempest-ServerStableDeviceRescueTest-265312925-project-member] Adding image object '02bd3cda-ab92-4b17-b08c-7b832e6488f8' to Swift {{(pid=102721) add /opt/stack/data/venv/lib/python3.12/site-packages/glance_store/_drivers/swift/store.py:970}}
Jun 26 04:43:58.508217 np0000003695 devstack@g-api.service[102721]: DEBUG glance_store._drivers.swift.store [None req-10a7ab15-f297-4df9-9d13-593fd87e9df1 tempest-ServerStableDeviceRescueTest-265312925 tempest-ServerStableDeviceRescueTest-265312925-project-member] Cannot determine image size because it is either not provided in the request or chunked-transfer encoding is used. Adding image as a segmented object to Swift. {{(pid=102721) add /opt/stack/data/venv/lib/python3.12/site-packages/glance_store/_drivers/swift/store.py:994}}
Jun 26 04:43:58.508928 np0000003695 devstack@g-api.service[102723]: DEBUG swiftclient [None req-893f3152-0430-40fe-8f8d-0f4b854be7cc tempest-ServerBootFromVolumeStableRescueTest-410657299 tempest-ServerBootFromVolumeStableRescueTest-410657299-project-member] REQ: curl -i https://10.4.3.92:8080/v1/AUTH_3e77ab17820545d6976976de3615cafd/glance?format=json&prefix=2c6d1bde-7809-42d4-94bc-fd675013cd2e- -X GET -H "X-Auth-Token: gAAAAABqPgOOLo1B..." -H "Accept-Encoding: gzip" {{(pid=102723) http_log /opt/stack/data/venv/lib/python3.12/site-packages/swiftclient/client.py:160}}
Jun 26 04:43:58.508928 np0000003695 devstack@g-api.service[102723]: DEBUG swiftclient [None req-893f3152-0430-40fe-8f8d-0f4b854be7cc tempest-ServerBootFromVolumeStableRescueTest-410657299 tempest-ServerBootFromVolumeStableRescueTest-410657299-project-member] RESP STATUS: 200 OK {{(pid=102723) http_log /opt/stack/data/venv/lib/python3.12/site-packages/swiftclient/client.py:161}}
Jun 26 04:43:58.508928 np0000003695 devstack@g-api.service[102723]: DEBUG swiftclient [None req-893f3152-0430-40fe-8f8d-0f4b854be7cc tempest-ServerBootFromVolumeStableRescueTest-410657299 tempest-ServerBootFromVolumeStableRescueTest-410657299-project-member] RESP HEADERS: {'Date': 'Fri, 26 Jun 2026 04:43:58 GMT', 'Server': 'Apache/2.4.58 (Ubuntu)', 'Content-Type': 'application/json; charset=utf-8', 'Content-Length': '210', 'X-Container-Object-Count': '7', 'X-Container-Bytes-Used': '111411200', 'X-Timestamp': '1782448507.96841', 'Last-Modified': 'Fri, 26 Jun 2026 04:35:08 GMT', 'Accept-Ranges': 'bytes', 'X-Storage-Policy': 'Policy-0', 'X-Container-Sharding': 'False', 'X-Trans-Id': 'tx5ffe429b2703472bab587-006a3e038e', 'X-Openstack-Request-Id': 'tx5ffe429b2703472bab587-006a3e038e', 'Connection': 'close'} {{(pid=102723) http_log /opt/stack/data/venv/lib/python3.12/site-packages/swiftclient/client.py:162}}
Jun 26 04:43:58.508928 np0000003695 devstack@g-api.service[102723]: DEBUG swiftclient [None req-893f3152-0430-40fe-8f8d-0f4b854be7cc tempest-ServerBootFromVolumeStableRescueTest-410657299 tempest-ServerBootFromVolumeStableRescueTest-410657299-project-member] RESP BODY: b'[{"bytes": 23527424, "hash": "4fa343ee581d8d2e78533191fd1ac3e1", "name": "2c6d1bde-7809-42d4-94bc-fd675013cd2e-00001", "content_type": "application/octet-stream", "last_modified": "2026-06-26T04:42:47.044790"}]' {{(pid=102723) http_log /opt/stack/data/venv/lib/python3.12/site-packages/swiftclient/client.py:166}}
Jun 26 04:43:58.509317 np0000003695 devstack@g-api.service[102721]: DEBUG oslo_utils.imageutils.format_inspector [None req-10a7ab15-f297-4df9-9d13-593fd87e9df1 tempest-ServerStableDeviceRescueTest-265312925 tempest-ServerStableDeviceRescueTest-265312925-project-member] Format inspector for vmdk does not match, excluding from consideration (Signature KDMV not found: b'QFI\xfb') {{(pid=102721) _process_chunk /opt/stack/data/venv/lib/python3.12/site-packages/oslo_utils/imageutils/format_inspector.py:1758}}
Jun 26 04:43:58.509317 np0000003695 devstack@g-api.service[102721]: DEBUG oslo_utils.imageutils.format_inspector [None req-10a7ab15-f297-4df9-9d13-593fd87e9df1 tempest-ServerStableDeviceRescueTest-265312925 tempest-ServerStableDeviceRescueTest-265312925-project-member] Format inspector for vhdx does not match, excluding from consideration (Region signature not found at 30000) {{(pid=102721) _process_chunk /opt/stack/data/venv/lib/python3.12/site-packages/oslo_utils/imageutils/format_inspector.py:1758}}
Jun 26 04:43:58.560128 np0000003695 devstack@g-api.service[102723]: DEBUG swiftclient [None req-893f3152-0430-40fe-8f8d-0f4b854be7cc tempest-ServerBootFromVolumeStableRescueTest-410657299 tempest-ServerBootFromVolumeStableRescueTest-410657299-project-member] REQ: curl -i https://10.4.3.92:8080/v1/AUTH_3e77ab17820545d6976976de3615cafd/glance/2c6d1bde-7809-42d4-94bc-fd675013cd2e-00001 DELETE -H "X-Auth-Token: gAAAAABqPgOOLo1B..." {{(pid=102723) http_log /opt/stack/data/venv/lib/python3.12/site-packages/swiftclient/client.py:160}}
Jun 26 04:43:58.560128 np0000003695 devstack@g-api.service[102723]: DEBUG swiftclient [None req-893f3152-0430-40fe-8f8d-0f4b854be7cc tempest-ServerBootFromVolumeStableRescueTest-410657299 tempest-ServerBootFromVolumeStableRescueTest-410657299-project-member] RESP STATUS: 204 No Content {{(pid=102723) http_log /opt/stack/data/venv/lib/python3.12/site-packages/swiftclient/client.py:161}}
Jun 26 04:43:58.560128 np0000003695 devstack@g-api.service[102723]: DEBUG swiftclient [None req-893f3152-0430-40fe-8f8d-0f4b854be7cc tempest-ServerBootFromVolumeStableRescueTest-410657299 tempest-ServerBootFromVolumeStableRescueTest-410657299-project-member] RESP HEADERS: {'Date': 'Fri, 26 Jun 2026 04:43:58 GMT', 'Server': 'Apache/2.4.58 (Ubuntu)', 'Content-Type': 'text/html; charset=UTF-8', 'X-Trans-Id': 'tx45bec6bc2d08404baa5b2-006a3e038e', 'X-Openstack-Request-Id': 'tx45bec6bc2d08404baa5b2-006a3e038e', 'Connection': 'close'} {{(pid=102723) http_log /opt/stack/data/venv/lib/python3.12/site-packages/swiftclient/client.py:162}}
Jun 26 04:43:58.564412 np0000003695 devstack@g-api.service[102722]: DEBUG glance.api.middleware.version_negotiation [None req-49420af3-879b-4fb7-9588-ed48a05a2465 tempest-ServerStableDeviceRescueTest-265312925 tempest-ServerStableDeviceRescueTest-265312925-project-member] Determining version of request: GET /v2/images/02bd3cda-ab92-4b17-b08c-7b832e6488f8 Accept: */* {{(pid=102722) process_request /opt/stack/glance/glance/api/middleware/version_negotiation.py:44}}
Jun 26 04:43:58.564880 np0000003695 devstack@g-api.service[102722]: DEBUG glance.api.middleware.version_negotiation [None req-49420af3-879b-4fb7-9588-ed48a05a2465 tempest-ServerStableDeviceRescueTest-265312925 tempest-ServerStableDeviceRescueTest-265312925-project-member] Using url versioning {{(pid=102722) process_request /opt/stack/glance/glance/api/middleware/version_negotiation.py:57}}
Jun 26 04:43:58.565408 np0000003695 devstack@g-api.service[102722]: DEBUG glance.api.middleware.version_negotiation [None req-49420af3-879b-4fb7-9588-ed48a05a2465 tempest-ServerStableDeviceRescueTest-265312925 tempest-ServerStableDeviceRescueTest-265312925-project-member] Matched version: v2 {{(pid=102722) process_request /opt/stack/glance/glance/api/middleware/version_negotiation.py:69}}
Jun 26 04:43:58.565408 np0000003695 devstack@g-api.service[102722]: DEBUG glance.api.middleware.version_negotiation [None req-49420af3-879b-4fb7-9588-ed48a05a2465 tempest-ServerStableDeviceRescueTest-265312925 tempest-ServerStableDeviceRescueTest-265312925-project-member] new path /v2/images/02bd3cda-ab92-4b17-b08c-7b832e6488f8 {{(pid=102722) process_request /opt/stack/glance/glance/api/middleware/version_negotiation.py:70}}
Jun 26 04:43:58.591003 np0000003695 devstack@g-api.service[102722]: [pid: 102722|app: 0|req: 92/360] 127.0.0.1 () {44 vars in 1111 bytes} [Fri Jun 26 04:43:58 2026] GET /v2/images/02bd3cda-ab92-4b17-b08c-7b832e6488f8 => generated 1444 bytes in 27 msecs (HTTP/1.1 200) 4 headers in 158 bytes (1 switches on core 0)
Jun 26 04:43:58.616597 np0000003695 devstack@g-api.service[102723]: DEBUG swiftclient [None req-893f3152-0430-40fe-8f8d-0f4b854be7cc tempest-ServerBootFromVolumeStableRescueTest-410657299 tempest-ServerBootFromVolumeStableRescueTest-410657299-project-member] REQ: curl -i https://10.4.3.92:8080/v1/AUTH_3e77ab17820545d6976976de3615cafd/glance/2c6d1bde-7809-42d4-94bc-fd675013cd2e DELETE -H "X-Auth-Token: gAAAAABqPgOOLo1B..." {{(pid=102723) http_log /opt/stack/data/venv/lib/python3.12/site-packages/swiftclient/client.py:160}}
Jun 26 04:43:58.616712 np0000003695 devstack@g-api.service[102723]: DEBUG swiftclient [None req-893f3152-0430-40fe-8f8d-0f4b854be7cc tempest-ServerBootFromVolumeStableRescueTest-410657299 tempest-ServerBootFromVolumeStableRescueTest-410657299-project-member] RESP STATUS: 204 No Content {{(pid=102723) http_log /opt/stack/data/venv/lib/python3.12/site-packages/swiftclient/client.py:161}}
Jun 26 04:43:58.616869 np0000003695 devstack@g-api.service[102723]: DEBUG swiftclient [None req-893f3152-0430-40fe-8f8d-0f4b854be7cc tempest-ServerBootFromVolumeStableRescueTest-410657299 tempest-ServerBootFromVolumeStableRescueTest-410657299-project-member] RESP HEADERS: {'Date': 'Fri, 26 Jun 2026 04:43:58 GMT', 'Server': 'Apache/2.4.58 (Ubuntu)', 'Content-Type': 'text/html; charset=UTF-8', 'X-Trans-Id': 'tx44250014a86b46f4bb477-006a3e038e', 'X-Openstack-Request-Id': 'tx44250014a86b46f4bb477-006a3e038e', 'Connection': 'close'} {{(pid=102723) http_log /opt/stack/data/venv/lib/python3.12/site-packages/swiftclient/client.py:162}}
Jun 26 04:43:58.641770 np0000003695 devstack@g-api.service[102724]: DEBUG glance.api.middleware.version_negotiation [None req-49420af3-879b-4fb7-9588-ed48a05a2465 tempest-ServerStableDeviceRescueTest-265312925 tempest-ServerStableDeviceRescueTest-265312925-project-member] Determining version of request: GET /v2/schemas/image Accept: */* {{(pid=102724) process_request /opt/stack/glance/glance/api/middleware/version_negotiation.py:44}}
Jun 26 04:43:58.642172 np0000003695 devstack@g-api.service[102724]: DEBUG glance.api.middleware.version_negotiation [None req-49420af3-879b-4fb7-9588-ed48a05a2465 tempest-ServerStableDeviceRescueTest-265312925 tempest-ServerStableDeviceRescueTest-265312925-project-member] Using url versioning {{(pid=102724) process_request /opt/stack/glance/glance/api/middleware/version_negotiation.py:57}}
Jun 26 04:43:58.642172 np0000003695 devstack@g-api.service[102724]: DEBUG glance.api.middleware.version_negotiation [None req-49420af3-879b-4fb7-9588-ed48a05a2465 tempest-ServerStableDeviceRescueTest-265312925 tempest-ServerStableDeviceRescueTest-265312925-project-member] Matched version: v2 {{(pid=102724) process_request /opt/stack/glance/glance/api/middleware/version_negotiation.py:69}}
Jun 26 04:43:58.642300 np0000003695 devstack@g-api.service[102724]: DEBUG glance.api.middleware.version_negotiation [None req-49420af3-879b-4fb7-9588-ed48a05a2465 tempest-ServerStableDeviceRescueTest-265312925 tempest-ServerStableDeviceRescueTest-265312925-project-member] new path /v2/schemas/image {{(pid=102724) process_request /opt/stack/glance/glance/api/middleware/version_negotiation.py:70}}
Jun 26 04:43:58.646089 np0000003695 devstack@g-api.service[102724]: [pid: 102724|app: 0|req: 90/361] 127.0.0.1 () {44 vars in 1051 bytes} [Fri Jun 26 04:43:58 2026] GET /v2/schemas/image => generated 6083 bytes in 4 msecs (HTTP/1.1 200) 4 headers in 158 bytes (1 switches on core 0)
Jun 26 04:43:59.112307 np0000003695 devstack@g-api.service[102723]: DEBUG glance.api.middleware.cache [None req-893f3152-0430-40fe-8f8d-0f4b854be7cc tempest-ServerBootFromVolumeStableRescueTest-410657299 tempest-ServerBootFromVolumeStableRescueTest-410657299-project-member] Removing image 2c6d1bde-7809-42d4-94bc-fd675013cd2e from cache {{(pid=102723) _process_DELETE_response /opt/stack/glance/glance/api/middleware/cache.py:264}}
Jun 26 04:43:59.112307 np0000003695 devstack@g-api.service[102723]: DEBUG glance.image_cache.drivers.centralized_db [None req-893f3152-0430-40fe-8f8d-0f4b854be7cc tempest-ServerBootFromVolumeStableRescueTest-410657299 tempest-ServerBootFromVolumeStableRescueTest-410657299-project-member] Deleting image cache file '/opt/stack/data/glance/cache/2c6d1bde-7809-42d4-94bc-fd675013cd2e' {{(pid=102723) delete_cached_file /opt/stack/glance/glance/image_cache/drivers/centralized_db.py:400}}
Jun 26 04:43:59.153189 np0000003695 devstack@g-api.service[102723]: [pid: 102723|app: 0|req: 91/362] 127.0.0.1 () {40 vars in 837 bytes} [Fri Jun 26 04:43:57 2026] DELETE /v2/images/2c6d1bde-7809-42d4-94bc-fd675013cd2e => generated 0 bytes in 1319 msecs (HTTP/1.1 204) 4 headers in 171 bytes (1 switches on core 0)
Jun 26 04:43:59.713973 np0000003695 devstack@g-api.service[102722]: DEBUG glance.api.middleware.version_negotiation [None req-fc9c75d2-d8d0-4d53-b369-bcbfe3af5792 tempest-ServerStableDeviceRescueTest-265312925 tempest-ServerStableDeviceRescueTest-265312925-project-member] Determining version of request: GET /v2/images/02bd3cda-ab92-4b17-b08c-7b832e6488f8 Accept: */* {{(pid=102722) process_request /opt/stack/glance/glance/api/middleware/version_negotiation.py:44}}
Jun 26 04:43:59.713973 np0000003695 devstack@g-api.service[102722]: DEBUG glance.api.middleware.version_negotiation [None req-fc9c75d2-d8d0-4d53-b369-bcbfe3af5792 tempest-ServerStableDeviceRescueTest-265312925 tempest-ServerStableDeviceRescueTest-265312925-project-member] Using url versioning {{(pid=102722) process_request /opt/stack/glance/glance/api/middleware/version_negotiation.py:57}}
Jun 26 04:43:59.713973 np0000003695 devstack@g-api.service[102722]: DEBUG glance.api.middleware.version_negotiation [None req-fc9c75d2-d8d0-4d53-b369-bcbfe3af5792 tempest-ServerStableDeviceRescueTest-265312925 tempest-ServerStableDeviceRescueTest-265312925-project-member] Matched version: v2 {{(pid=102722) process_request /opt/stack/glance/glance/api/middleware/version_negotiation.py:69}}
Jun 26 04:43:59.713973 np0000003695 devstack@g-api.service[102722]: DEBUG glance.api.middleware.version_negotiation [None req-fc9c75d2-d8d0-4d53-b369-bcbfe3af5792 tempest-ServerStableDeviceRescueTest-265312925 tempest-ServerStableDeviceRescueTest-265312925-project-member] new path /v2/images/02bd3cda-ab92-4b17-b08c-7b832e6488f8 {{(pid=102722) process_request /opt/stack/glance/glance/api/middleware/version_negotiation.py:70}}
Jun 26 04:43:59.718796 np0000003695 devstack@g-api.service[102721]: DEBUG swiftclient [None req-10a7ab15-f297-4df9-9d13-593fd87e9df1 tempest-ServerStableDeviceRescueTest-265312925 tempest-ServerStableDeviceRescueTest-265312925-project-member] REQ: curl -i https://10.4.3.92:8080/v1/AUTH_3e77ab17820545d6976976de3615cafd/glance/02bd3cda-ab92-4b17-b08c-7b832e6488f8-00001 -X PUT -H "X-Auth-Token: gAAAAABqPgOO8Uxg..." {{(pid=102721) http_log /opt/stack/data/venv/lib/python3.12/site-packages/swiftclient/client.py:160}}
Jun 26 04:43:59.718796 np0000003695 devstack@g-api.service[102721]: DEBUG swiftclient [None req-10a7ab15-f297-4df9-9d13-593fd87e9df1 tempest-ServerStableDeviceRescueTest-265312925 tempest-ServerStableDeviceRescueTest-265312925-project-member] RESP STATUS: 201 Created {{(pid=102721) http_log /opt/stack/data/venv/lib/python3.12/site-packages/swiftclient/client.py:161}}
Jun 26 04:43:59.718796 np0000003695 devstack@g-api.service[102721]: DEBUG swiftclient [None req-10a7ab15-f297-4df9-9d13-593fd87e9df1 tempest-ServerStableDeviceRescueTest-265312925 tempest-ServerStableDeviceRescueTest-265312925-project-member] RESP HEADERS: {'Date': 'Fri, 26 Jun 2026 04:43:59 GMT', 'Server': 'Apache/2.4.58 (Ubuntu)', 'Content-Type': 'text/html; charset=UTF-8', 'Content-Length': '0', 'Etag': 'aace734145b9cc4402036b7a141c89bd', 'Last-Modified': 'Fri, 26 Jun 2026 04:43:59 GMT', 'X-Trans-Id': 'txe4f31762e30d4a10a04b5-006a3e038e', 'X-Openstack-Request-Id': 'txe4f31762e30d4a10a04b5-006a3e038e', 'Connection': 'close'} {{(pid=102721) http_log /opt/stack/data/venv/lib/python3.12/site-packages/swiftclient/client.py:162}}
Jun 26 04:43:59.718796 np0000003695 devstack@g-api.service[102721]: DEBUG glance_store._drivers.swift.store [None req-10a7ab15-f297-4df9-9d13-593fd87e9df1 tempest-ServerStableDeviceRescueTest-265312925 tempest-ServerStableDeviceRescueTest-265312925-project-member] Wrote chunk 02bd3cda-ab92-4b17-b08c-7b832e6488f8-00001 (1/?) of length 53608448 to Swift returning MD5 of content: aace734145b9cc4402036b7a141c89bd {{(pid=102721) add /opt/stack/data/venv/lib/python3.12/site-packages/glance_store/_drivers/swift/store.py:1059}}
Jun 26 04:43:59.718796 np0000003695 devstack@g-api.service[102721]: DEBUG glance_store._drivers.swift.store [None req-10a7ab15-f297-4df9-9d13-593fd87e9df1 tempest-ServerStableDeviceRescueTest-265312925 tempest-ServerStableDeviceRescueTest-265312925-project-member] Not writing zero-length chunk. {{(pid=102721) add /opt/stack/data/venv/lib/python3.12/site-packages/glance_store/_drivers/swift/store.py:1028}}
Jun 26 04:43:59.748233 np0000003695 devstack@g-api.service[102722]: [pid: 102722|app: 0|req: 93/363] 127.0.0.1 () {44 vars in 1111 bytes} [Fri Jun 26 04:43:59 2026] GET /v2/images/02bd3cda-ab92-4b17-b08c-7b832e6488f8 => generated 1444 bytes in 36 msecs (HTTP/1.1 200) 4 headers in 158 bytes (1 switches on core 0)
Jun 26 04:43:59.749954 np0000003695 devstack@g-api.service[102721]: DEBUG swiftclient [None req-10a7ab15-f297-4df9-9d13-593fd87e9df1 tempest-ServerStableDeviceRescueTest-265312925 tempest-ServerStableDeviceRescueTest-265312925-project-member] REQ: curl -i https://10.4.3.92:8080/v1/AUTH_3e77ab17820545d6976976de3615cafd/glance/02bd3cda-ab92-4b17-b08c-7b832e6488f8 -X PUT -H "X-Object-Manifest: glance/02bd3cda-ab92-4b17-b08c-7b832e6488f8-" -H "X-Auth-Token: gAAAAABqPgOO8Uxg..." -H "Content-Length: 0" {{(pid=102721) http_log /opt/stack/data/venv/lib/python3.12/site-packages/swiftclient/client.py:160}}
Jun 26 04:43:59.750077 np0000003695 devstack@g-api.service[102721]: DEBUG swiftclient [None req-10a7ab15-f297-4df9-9d13-593fd87e9df1 tempest-ServerStableDeviceRescueTest-265312925 tempest-ServerStableDeviceRescueTest-265312925-project-member] RESP STATUS: 201 Created {{(pid=102721) http_log /opt/stack/data/venv/lib/python3.12/site-packages/swiftclient/client.py:161}}
Jun 26 04:43:59.750266 np0000003695 devstack@g-api.service[102721]: DEBUG swiftclient [None req-10a7ab15-f297-4df9-9d13-593fd87e9df1 tempest-ServerStableDeviceRescueTest-265312925 tempest-ServerStableDeviceRescueTest-265312925-project-member] RESP HEADERS: {'Date': 'Fri, 26 Jun 2026 04:43:59 GMT', 'Server': 'Apache/2.4.58 (Ubuntu)', 'Content-Type': 'text/html; charset=UTF-8', 'Content-Length': '0', 'Etag': 'd41d8cd98f00b204e9800998ecf8427e', 'Last-Modified': 'Fri, 26 Jun 2026 04:44:00 GMT', 'X-Trans-Id': 'txad40957125244b2ebc941-006a3e038f', 'X-Openstack-Request-Id': 'txad40957125244b2ebc941-006a3e038f', 'Connection': 'close'} {{(pid=102721) http_log /opt/stack/data/venv/lib/python3.12/site-packages/swiftclient/client.py:162}}
Jun 26 04:43:59.750851 np0000003695 devstack@g-api.service[102721]: INFO glance.location [None req-10a7ab15-f297-4df9-9d13-593fd87e9df1 tempest-ServerStableDeviceRescueTest-265312925 tempest-ServerStableDeviceRescueTest-265312925-project-member] Image format matched and virtual size computed: 1073741824
Jun 26 04:43:59.792433 np0000003695 devstack@g-api.service[102724]: DEBUG glance.api.middleware.version_negotiation [None req-fc9c75d2-d8d0-4d53-b369-bcbfe3af5792 tempest-ServerStableDeviceRescueTest-265312925 tempest-ServerStableDeviceRescueTest-265312925-project-member] Determining version of request: GET /v2/schemas/image Accept: */* {{(pid=102724) process_request /opt/stack/glance/glance/api/middleware/version_negotiation.py:44}}
Jun 26 04:43:59.802320 np0000003695 devstack@g-api.service[102724]: DEBUG glance.api.middleware.version_negotiation [None req-fc9c75d2-d8d0-4d53-b369-bcbfe3af5792 tempest-ServerStableDeviceRescueTest-265312925 tempest-ServerStableDeviceRescueTest-265312925-project-member] Using url versioning {{(pid=102724) process_request /opt/stack/glance/glance/api/middleware/version_negotiation.py:57}}
Jun 26 04:43:59.802320 np0000003695 devstack@g-api.service[102724]: DEBUG glance.api.middleware.version_negotiation [None req-fc9c75d2-d8d0-4d53-b369-bcbfe3af5792 tempest-ServerStableDeviceRescueTest-265312925 tempest-ServerStableDeviceRescueTest-265312925-project-member] Matched version: v2 {{(pid=102724) process_request /opt/stack/glance/glance/api/middleware/version_negotiation.py:69}}
Jun 26 04:43:59.802320 np0000003695 devstack@g-api.service[102724]: DEBUG glance.api.middleware.version_negotiation [None req-fc9c75d2-d8d0-4d53-b369-bcbfe3af5792 tempest-ServerStableDeviceRescueTest-265312925 tempest-ServerStableDeviceRescueTest-265312925-project-member] new path /v2/schemas/image {{(pid=102724) process_request /opt/stack/glance/glance/api/middleware/version_negotiation.py:70}}
Jun 26 04:43:59.802320 np0000003695 devstack@g-api.service[102724]: [pid: 102724|app: 0|req: 91/364] 127.0.0.1 () {44 vars in 1051 bytes} [Fri Jun 26 04:43:59 2026] GET /v2/schemas/image => generated 6083 bytes in 3 msecs (HTTP/1.1 200) 4 headers in 158 bytes (1 switches on core 0)
Jun 26 04:43:59.863134 np0000003695 devstack@g-api.service[102721]: DEBUG glance_store.backend [None req-10a7ab15-f297-4df9-9d13-593fd87e9df1 tempest-ServerStableDeviceRescueTest-265312925 tempest-ServerStableDeviceRescueTest-265312925-project-member] Attempting to import store swift {{(pid=102721) _load_store /opt/stack/data/venv/lib/python3.12/site-packages/glance_store/backend.py:215}}
Jun 26 04:43:59.870296 np0000003695 devstack@g-api.service[102721]: DEBUG glance_store.capabilities [None req-10a7ab15-f297-4df9-9d13-593fd87e9df1 tempest-ServerStableDeviceRescueTest-265312925 tempest-ServerStableDeviceRescueTest-265312925-project-member] Store glance_store._drivers.swift.store.SingleTenantStore doesn't support updating dynamic storage capabilities. Please overwrite 'update_capabilities' method of the store to implement updating logics if needed. {{(pid=102721) update_capabilities /opt/stack/data/venv/lib/python3.12/site-packages/glance_store/capabilities.py:91}}
Jun 26 04:43:59.870296 np0000003695 devstack@g-api.service[102721]: DEBUG glance_store.driver [None req-10a7ab15-f297-4df9-9d13-593fd87e9df1 tempest-ServerStableDeviceRescueTest-265312925 tempest-ServerStableDeviceRescueTest-265312925-project-member] Late loading location class glance_store._drivers.swift.store.StoreLocation {{(pid=102721) get_store_location_class /opt/stack/data/venv/lib/python3.12/site-packages/glance_store/driver.py:134}}
Jun 26 04:43:59.870296 np0000003695 devstack@g-api.service[102721]: DEBUG glance_store.location [None req-10a7ab15-f297-4df9-9d13-593fd87e9df1 tempest-ServerStableDeviceRescueTest-265312925 tempest-ServerStableDeviceRescueTest-265312925-project-member] Registering scheme swift+https with {'store': , 'location_class': , 'store_entry': 'swift'} {{(pid=102721) register_scheme_map /opt/stack/data/venv/lib/python3.12/site-packages/glance_store/location.py:146}}
Jun 26 04:43:59.870296 np0000003695 devstack@g-api.service[102721]: DEBUG glance_store.location [None req-10a7ab15-f297-4df9-9d13-593fd87e9df1 tempest-ServerStableDeviceRescueTest-265312925 tempest-ServerStableDeviceRescueTest-265312925-project-member] Registering scheme swift+https with {'store': , 'location_class': , 'store_entry': 'swift'} {{(pid=102721) register_scheme_map /opt/stack/data/venv/lib/python3.12/site-packages/glance_store/location.py:146}}
Jun 26 04:43:59.870296 np0000003695 devstack@g-api.service[102721]: DEBUG glance_store.location [None req-10a7ab15-f297-4df9-9d13-593fd87e9df1 tempest-ServerStableDeviceRescueTest-265312925 tempest-ServerStableDeviceRescueTest-265312925-project-member] Registering scheme swift with {'store': , 'location_class': , 'store_entry': 'swift'} {{(pid=102721) register_scheme_map /opt/stack/data/venv/lib/python3.12/site-packages/glance_store/location.py:146}}
Jun 26 04:43:59.870296 np0000003695 devstack@g-api.service[102721]: DEBUG glance_store.location [None req-10a7ab15-f297-4df9-9d13-593fd87e9df1 tempest-ServerStableDeviceRescueTest-265312925 tempest-ServerStableDeviceRescueTest-265312925-project-member] Registering scheme swift+https with {'store': , 'location_class': , 'store_entry': 'swift'} {{(pid=102721) register_scheme_map /opt/stack/data/venv/lib/python3.12/site-packages/glance_store/location.py:146}}
Jun 26 04:43:59.870296 np0000003695 devstack@g-api.service[102721]: DEBUG glance_store.location [None req-10a7ab15-f297-4df9-9d13-593fd87e9df1 tempest-ServerStableDeviceRescueTest-265312925 tempest-ServerStableDeviceRescueTest-265312925-project-member] Registering scheme swift with {'store': , 'location_class': , 'store_entry': 'swift'} {{(pid=102721) register_scheme_map /opt/stack/data/venv/lib/python3.12/site-packages/glance_store/location.py:146}}
Jun 26 04:43:59.870296 np0000003695 devstack@g-api.service[102721]: DEBUG glance_store.location [None req-10a7ab15-f297-4df9-9d13-593fd87e9df1 tempest-ServerStableDeviceRescueTest-265312925 tempest-ServerStableDeviceRescueTest-265312925-project-member] Registering scheme swift+http with {'store': , 'location_class': , 'store_entry': 'swift'} {{(pid=102721) register_scheme_map /opt/stack/data/venv/lib/python3.12/site-packages/glance_store/location.py:146}}
Jun 26 04:43:59.870296 np0000003695 devstack@g-api.service[102721]: DEBUG glance_store.location [None req-10a7ab15-f297-4df9-9d13-593fd87e9df1 tempest-ServerStableDeviceRescueTest-265312925 tempest-ServerStableDeviceRescueTest-265312925-project-member] Registering scheme swift+https with {'store': , 'location_class': , 'store_entry': 'swift'} {{(pid=102721) register_scheme_map /opt/stack/data/venv/lib/python3.12/site-packages/glance_store/location.py:146}}
Jun 26 04:43:59.870296 np0000003695 devstack@g-api.service[102721]: DEBUG glance_store.location [None req-10a7ab15-f297-4df9-9d13-593fd87e9df1 tempest-ServerStableDeviceRescueTest-265312925 tempest-ServerStableDeviceRescueTest-265312925-project-member] Registering scheme swift with {'store': , 'location_class': , 'store_entry': 'swift'} {{(pid=102721) register_scheme_map /opt/stack/data/venv/lib/python3.12/site-packages/glance_store/location.py:146}}
Jun 26 04:43:59.870296 np0000003695 devstack@g-api.service[102721]: DEBUG glance_store.location [None req-10a7ab15-f297-4df9-9d13-593fd87e9df1 tempest-ServerStableDeviceRescueTest-265312925 tempest-ServerStableDeviceRescueTest-265312925-project-member] Registering scheme swift+http with {'store': , 'location_class': , 'store_entry': 'swift'} {{(pid=102721) register_scheme_map /opt/stack/data/venv/lib/python3.12/site-packages/glance_store/location.py:146}}
Jun 26 04:43:59.870757 np0000003695 devstack@g-api.service[102721]: DEBUG glance_store.location [None req-10a7ab15-f297-4df9-9d13-593fd87e9df1 tempest-ServerStableDeviceRescueTest-265312925 tempest-ServerStableDeviceRescueTest-265312925-project-member] Registering scheme swift+config with {'store': , 'location_class': , 'store_entry': 'swift'} {{(pid=102721) register_scheme_map /opt/stack/data/venv/lib/python3.12/site-packages/glance_store/location.py:146}}
Jun 26 04:43:59.870757 np0000003695 devstack@g-api.service[102721]: DEBUG glance_store.backend [None req-10a7ab15-f297-4df9-9d13-593fd87e9df1 tempest-ServerStableDeviceRescueTest-265312925 tempest-ServerStableDeviceRescueTest-265312925-project-member] Skipping store.set_acls... not implemented. {{(pid=102721) set_acls /opt/stack/data/venv/lib/python3.12/site-packages/glance_store/backend.py:507}}
Jun 26 04:43:59.870757 np0000003695 devstack@g-api.service[102721]: [pid: 102721|app: 0|req: 90/365] 127.0.0.1 () {46 vars in 1154 bytes} [Fri Jun 26 04:43:56 2026] PUT /v2/images/02bd3cda-ab92-4b17-b08c-7b832e6488f8/file => generated 0 bytes in 2928 msecs (HTTP/1.1 204) 4 headers in 171 bytes (1 switches on core 0)
Jun 26 04:43:59.950433 np0000003695 devstack@g-api.service[102723]: DEBUG glance.api.middleware.version_negotiation [None req-893f3152-0430-40fe-8f8d-0f4b854be7cc tempest-ServerBootFromVolumeStableRescueTest-410657299 tempest-ServerBootFromVolumeStableRescueTest-410657299-project-member] Determining version of request: GET /v2/images/02bd3cda-ab92-4b17-b08c-7b832e6488f8 Accept: */* {{(pid=102723) process_request /opt/stack/glance/glance/api/middleware/version_negotiation.py:44}}
Jun 26 04:43:59.973525 np0000003695 devstack@g-api.service[102723]: DEBUG glance.api.middleware.version_negotiation [None req-893f3152-0430-40fe-8f8d-0f4b854be7cc tempest-ServerBootFromVolumeStableRescueTest-410657299 tempest-ServerBootFromVolumeStableRescueTest-410657299-project-member] Using url versioning {{(pid=102723) process_request /opt/stack/glance/glance/api/middleware/version_negotiation.py:57}}
Jun 26 04:43:59.973525 np0000003695 devstack@g-api.service[102723]: DEBUG glance.api.middleware.version_negotiation [None req-893f3152-0430-40fe-8f8d-0f4b854be7cc tempest-ServerBootFromVolumeStableRescueTest-410657299 tempest-ServerBootFromVolumeStableRescueTest-410657299-project-member] Matched version: v2 {{(pid=102723) process_request /opt/stack/glance/glance/api/middleware/version_negotiation.py:69}}
Jun 26 04:43:59.973525 np0000003695 devstack@g-api.service[102723]: DEBUG glance.api.middleware.version_negotiation [None req-893f3152-0430-40fe-8f8d-0f4b854be7cc tempest-ServerBootFromVolumeStableRescueTest-410657299 tempest-ServerBootFromVolumeStableRescueTest-410657299-project-member] new path /v2/images/02bd3cda-ab92-4b17-b08c-7b832e6488f8 {{(pid=102723) process_request /opt/stack/glance/glance/api/middleware/version_negotiation.py:70}}
Jun 26 04:43:59.973525 np0000003695 devstack@g-api.service[102723]: [pid: 102723|app: 0|req: 92/366] 127.0.0.1 () {44 vars in 1111 bytes} [Fri Jun 26 04:43:59 2026] GET /v2/images/02bd3cda-ab92-4b17-b08c-7b832e6488f8 => generated 1614 bytes in 14 msecs (HTTP/1.1 200) 4 headers in 158 bytes (1 switches on core 0)
Jun 26 04:44:00.069115 np0000003695 devstack@g-api.service[102722]: DEBUG glance.api.middleware.version_negotiation [None req-fac0ebf9-e224-4efe-b5df-593a2a5455c9 tempest-ServerStableDeviceRescueTest-265312925 tempest-ServerStableDeviceRescueTest-265312925-project-member] Determining version of request: GET /v2/schemas/image Accept: */* {{(pid=102722) process_request /opt/stack/glance/glance/api/middleware/version_negotiation.py:44}}
Jun 26 04:44:00.069235 np0000003695 devstack@g-api.service[102722]: DEBUG glance.api.middleware.version_negotiation [None req-fac0ebf9-e224-4efe-b5df-593a2a5455c9 tempest-ServerStableDeviceRescueTest-265312925 tempest-ServerStableDeviceRescueTest-265312925-project-member] Using url versioning {{(pid=102722) process_request /opt/stack/glance/glance/api/middleware/version_negotiation.py:57}}
Jun 26 04:44:00.069326 np0000003695 devstack@g-api.service[102722]: DEBUG glance.api.middleware.version_negotiation [None req-fac0ebf9-e224-4efe-b5df-593a2a5455c9 tempest-ServerStableDeviceRescueTest-265312925 tempest-ServerStableDeviceRescueTest-265312925-project-member] Matched version: v2 {{(pid=102722) process_request /opt/stack/glance/glance/api/middleware/version_negotiation.py:69}}
Jun 26 04:44:00.117347 np0000003695 devstack@g-api.service[102722]: DEBUG glance.api.middleware.version_negotiation [None req-fac0ebf9-e224-4efe-b5df-593a2a5455c9 tempest-ServerStableDeviceRescueTest-265312925 tempest-ServerStableDeviceRescueTest-265312925-project-member] new path /v2/schemas/image {{(pid=102722) process_request /opt/stack/glance/glance/api/middleware/version_negotiation.py:70}}
Jun 26 04:44:00.117347 np0000003695 devstack@g-api.service[102722]: [pid: 102722|app: 0|req: 94/367] 127.0.0.1 () {44 vars in 1051 bytes} [Fri Jun 26 04:44:00 2026] GET /v2/schemas/image => generated 6083 bytes in 9 msecs (HTTP/1.1 200) 4 headers in 158 bytes (1 switches on core 0)
Jun 26 04:44:00.865828 np0000003695 devstack@g-api.service[102724]: DEBUG glance.api.middleware.version_negotiation [None req-fac0ebf9-e224-4efe-b5df-593a2a5455c9 tempest-ServerStableDeviceRescueTest-265312925 tempest-ServerStableDeviceRescueTest-265312925-project-member] Determining version of request: GET /v2/images/02bd3cda-ab92-4b17-b08c-7b832e6488f8 Accept: */* {{(pid=102724) process_request /opt/stack/glance/glance/api/middleware/version_negotiation.py:44}}
Jun 26 04:44:00.866247 np0000003695 devstack@g-api.service[102724]: DEBUG glance.api.middleware.version_negotiation [None req-fac0ebf9-e224-4efe-b5df-593a2a5455c9 tempest-ServerStableDeviceRescueTest-265312925 tempest-ServerStableDeviceRescueTest-265312925-project-member] Using url versioning {{(pid=102724) process_request /opt/stack/glance/glance/api/middleware/version_negotiation.py:57}}
Jun 26 04:44:00.866247 np0000003695 devstack@g-api.service[102724]: DEBUG glance.api.middleware.version_negotiation [None req-fac0ebf9-e224-4efe-b5df-593a2a5455c9 tempest-ServerStableDeviceRescueTest-265312925 tempest-ServerStableDeviceRescueTest-265312925-project-member] Matched version: v2 {{(pid=102724) process_request /opt/stack/glance/glance/api/middleware/version_negotiation.py:69}}
Jun 26 04:44:00.866247 np0000003695 devstack@g-api.service[102724]: DEBUG glance.api.middleware.version_negotiation [None req-fac0ebf9-e224-4efe-b5df-593a2a5455c9 tempest-ServerStableDeviceRescueTest-265312925 tempest-ServerStableDeviceRescueTest-265312925-project-member] new path /v2/images/02bd3cda-ab92-4b17-b08c-7b832e6488f8 {{(pid=102724) process_request /opt/stack/glance/glance/api/middleware/version_negotiation.py:70}}
Jun 26 04:44:00.981761 np0000003695 devstack@g-api.service[102724]: [pid: 102724|app: 0|req: 92/368] 127.0.0.1 () {44 vars in 1111 bytes} [Fri Jun 26 04:44:00 2026] GET /v2/images/02bd3cda-ab92-4b17-b08c-7b832e6488f8 => generated 1614 bytes in 116 msecs (HTTP/1.1 200) 4 headers in 158 bytes (1 switches on core 0)
Jun 26 04:44:01.023876 np0000003695 devstack@g-api.service[102721]: DEBUG glance.api.middleware.version_negotiation [None req-10a7ab15-f297-4df9-9d13-593fd87e9df1 tempest-ServerStableDeviceRescueTest-265312925 tempest-ServerStableDeviceRescueTest-265312925-project-member] Determining version of request: GET /v2/schemas/image Accept: */* {{(pid=102721) process_request /opt/stack/glance/glance/api/middleware/version_negotiation.py:44}}
Jun 26 04:44:01.028437 np0000003695 devstack@g-api.service[102721]: DEBUG glance.api.middleware.version_negotiation [None req-10a7ab15-f297-4df9-9d13-593fd87e9df1 tempest-ServerStableDeviceRescueTest-265312925 tempest-ServerStableDeviceRescueTest-265312925-project-member] Using url versioning {{(pid=102721) process_request /opt/stack/glance/glance/api/middleware/version_negotiation.py:57}}
Jun 26 04:44:01.028437 np0000003695 devstack@g-api.service[102721]: DEBUG glance.api.middleware.version_negotiation [None req-10a7ab15-f297-4df9-9d13-593fd87e9df1 tempest-ServerStableDeviceRescueTest-265312925 tempest-ServerStableDeviceRescueTest-265312925-project-member] Matched version: v2 {{(pid=102721) process_request /opt/stack/glance/glance/api/middleware/version_negotiation.py:69}}
Jun 26 04:44:01.028437 np0000003695 devstack@g-api.service[102721]: DEBUG glance.api.middleware.version_negotiation [None req-10a7ab15-f297-4df9-9d13-593fd87e9df1 tempest-ServerStableDeviceRescueTest-265312925 tempest-ServerStableDeviceRescueTest-265312925-project-member] new path /v2/schemas/image {{(pid=102721) process_request /opt/stack/glance/glance/api/middleware/version_negotiation.py:70}}
Jun 26 04:44:01.028437 np0000003695 devstack@g-api.service[102721]: [pid: 102721|app: 0|req: 91/369] 127.0.0.1 () {44 vars in 1051 bytes} [Fri Jun 26 04:44:01 2026] GET /v2/schemas/image => generated 6083 bytes in 3 msecs (HTTP/1.1 200) 4 headers in 158 bytes (1 switches on core 0)
Jun 26 04:44:01.081542 np0000003695 devstack@g-api.service[102723]: DEBUG glance.api.middleware.version_negotiation [None req-10a7ab15-f297-4df9-9d13-593fd87e9df1 tempest-ServerStableDeviceRescueTest-265312925 tempest-ServerStableDeviceRescueTest-265312925-project-member] Determining version of request: GET /v2/images/02bd3cda-ab92-4b17-b08c-7b832e6488f8 Accept: */* {{(pid=102723) process_request /opt/stack/glance/glance/api/middleware/version_negotiation.py:44}}
