Jun 26 04:34:37.721544 np0000003695 nova-scheduler[96318]: DEBUG cotyledon.oslo_config_glue [-] profiler.enabled = False {{(pid=96318) log_opt_values /opt/stack/data/venv/lib/python3.12/site-packages/oslo_config/cfg.py:3253}}
Jun 26 04:34:37.721544 np0000003695 nova-scheduler[96318]: DEBUG cotyledon.oslo_config_glue [-] profiler.es_doc_type = notification {{(pid=96318) log_opt_values /opt/stack/data/venv/lib/python3.12/site-packages/oslo_config/cfg.py:3253}}
Jun 26 04:34:37.721544 np0000003695 nova-scheduler[96318]: DEBUG cotyledon.oslo_config_glue [-] profiler.es_scroll_size = 10000 {{(pid=96318) log_opt_values /opt/stack/data/venv/lib/python3.12/site-packages/oslo_config/cfg.py:3253}}
Jun 26 04:34:37.721544 np0000003695 nova-scheduler[96318]: DEBUG cotyledon.oslo_config_glue [-] profiler.es_scroll_time = 2m {{(pid=96318) log_opt_values /opt/stack/data/venv/lib/python3.12/site-packages/oslo_config/cfg.py:3253}}
Jun 26 04:34:37.721544 np0000003695 nova-scheduler[96318]: DEBUG cotyledon.oslo_config_glue [-] profiler.filter_error_trace = False {{(pid=96318) log_opt_values /opt/stack/data/venv/lib/python3.12/site-packages/oslo_config/cfg.py:3253}}
Jun 26 04:34:37.721544 np0000003695 nova-scheduler[96318]: DEBUG cotyledon.oslo_config_glue [-] profiler.hmac_keys = **** {{(pid=96318) log_opt_values /opt/stack/data/venv/lib/python3.12/site-packages/oslo_config/cfg.py:3253}}
Jun 26 04:34:37.721842 np0000003695 nova-scheduler[96318]: DEBUG cotyledon.oslo_config_glue [-] profiler.sentinel_service_name = mymaster {{(pid=96318) log_opt_values /opt/stack/data/venv/lib/python3.12/site-packages/oslo_config/cfg.py:3253}}
Jun 26 04:34:37.721842 np0000003695 nova-scheduler[96318]: DEBUG cotyledon.oslo_config_glue [-] profiler.socket_timeout = 0.1 {{(pid=96318) log_opt_values /opt/stack/data/venv/lib/python3.12/site-packages/oslo_config/cfg.py:3253}}
Jun 26 04:34:37.721842 np0000003695 nova-scheduler[96318]: DEBUG cotyledon.oslo_config_glue [-] profiler.trace_requests = False {{(pid=96318) log_opt_values /opt/stack/data/venv/lib/python3.12/site-packages/oslo_config/cfg.py:3253}}
Jun 26 04:34:37.721842 np0000003695 nova-scheduler[96318]: DEBUG cotyledon.oslo_config_glue [-] profiler.trace_sqlalchemy = False {{(pid=96318) log_opt_values /opt/stack/data/venv/lib/python3.12/site-packages/oslo_config/cfg.py:3253}}
Jun 26 04:34:37.721842 np0000003695 nova-scheduler[96318]: DEBUG cotyledon.oslo_config_glue [-] profiler_jaeger.process_tags = {} {{(pid=96318) log_opt_values /opt/stack/data/venv/lib/python3.12/site-packages/oslo_config/cfg.py:3253}}
Jun 26 04:34:37.721842 np0000003695 nova-scheduler[96318]: DEBUG cotyledon.oslo_config_glue [-] profiler_jaeger.service_name_prefix = None {{(pid=96318) log_opt_values /opt/stack/data/venv/lib/python3.12/site-packages/oslo_config/cfg.py:3253}}
Jun 26 04:34:37.721842 np0000003695 nova-scheduler[96318]: DEBUG cotyledon.oslo_config_glue [-] profiler_otlp.service_name_prefix = None {{(pid=96318) log_opt_values /opt/stack/data/venv/lib/python3.12/site-packages/oslo_config/cfg.py:3253}}
Jun 26 04:34:37.721842 np0000003695 nova-scheduler[96318]: DEBUG cotyledon.oslo_config_glue [-] oslo_messaging_rabbit.amqp_auto_delete = False {{(pid=96318) log_opt_values /opt/stack/data/venv/lib/python3.12/site-packages/oslo_config/cfg.py:3253}}
Jun 26 04:34:37.721842 np0000003695 nova-scheduler[96318]: DEBUG cotyledon.oslo_config_glue [-] oslo_messaging_rabbit.amqp_durable_queues = False {{(pid=96318) log_opt_values /opt/stack/data/venv/lib/python3.12/site-packages/oslo_config/cfg.py:3253}}
Jun 26 04:34:37.722133 np0000003695 nova-scheduler[96318]: DEBUG cotyledon.oslo_config_glue [-] oslo_messaging_rabbit.conn_pool_min_size = 2 {{(pid=96318) log_opt_values /opt/stack/data/venv/lib/python3.12/site-packages/oslo_config/cfg.py:3253}}
Jun 26 04:34:37.722133 np0000003695 nova-scheduler[96318]: DEBUG cotyledon.oslo_config_glue [-] oslo_messaging_rabbit.conn_pool_ttl = 1200 {{(pid=96318) log_opt_values /opt/stack/data/venv/lib/python3.12/site-packages/oslo_config/cfg.py:3253}}
Jun 26 04:34:37.722133 np0000003695 nova-scheduler[96318]: DEBUG cotyledon.oslo_config_glue [-] oslo_messaging_rabbit.direct_mandatory_flag = True {{(pid=96318) log_opt_values /opt/stack/data/venv/lib/python3.12/site-packages/oslo_config/cfg.py:3253}}
Jun 26 04:34:37.722133 np0000003695 nova-scheduler[96318]: DEBUG cotyledon.oslo_config_glue [-] oslo_messaging_rabbit.enable_cancel_on_failover = False {{(pid=96318) log_opt_values /opt/stack/data/venv/lib/python3.12/site-packages/oslo_config/cfg.py:3253}}
Jun 26 04:34:37.722133 np0000003695 nova-scheduler[96318]: DEBUG cotyledon.oslo_config_glue [-] oslo_messaging_rabbit.heartbeat_rate = 3 {{(pid=96318) log_opt_values /opt/stack/data/venv/lib/python3.12/site-packages/oslo_config/cfg.py:3253}}
Jun 26 04:34:37.722133 np0000003695 nova-scheduler[96318]: DEBUG cotyledon.oslo_config_glue [-] oslo_messaging_rabbit.heartbeat_timeout_threshold = 60 {{(pid=96318) log_opt_values /opt/stack/data/venv/lib/python3.12/site-packages/oslo_config/cfg.py:3253}}
Jun 26 04:34:37.722133 np0000003695 nova-scheduler[96318]: DEBUG cotyledon.oslo_config_glue [-] oslo_messaging_rabbit.hostname = np0000003695 {{(pid=96318) log_opt_values /opt/stack/data/venv/lib/python3.12/site-packages/oslo_config/cfg.py:3253}}
Jun 26 04:34:37.722133 np0000003695 nova-scheduler[96318]: DEBUG cotyledon.oslo_config_glue [-] oslo_messaging_rabbit.kombu_compression = None {{(pid=96318) log_opt_values /opt/stack/data/venv/lib/python3.12/site-packages/oslo_config/cfg.py:3253}}
Jun 26 04:34:37.722133 np0000003695 nova-scheduler[96318]: DEBUG cotyledon.oslo_config_glue [-] oslo_messaging_rabbit.kombu_failover_strategy = round-robin {{(pid=96318) log_opt_values /opt/stack/data/venv/lib/python3.12/site-packages/oslo_config/cfg.py:3253}}
Jun 26 04:34:37.722457 np0000003695 nova-scheduler[96318]: DEBUG cotyledon.oslo_config_glue [-] oslo_messaging_rabbit.kombu_missing_consumer_retry_timeout = 60 {{(pid=96318) log_opt_values /opt/stack/data/venv/lib/python3.12/site-packages/oslo_config/cfg.py:3253}}
Jun 26 04:34:37.722457 np0000003695 nova-scheduler[96318]: DEBUG cotyledon.oslo_config_glue [-] oslo_messaging_rabbit.kombu_reconnect_delay = 1.0 {{(pid=96318) log_opt_values /opt/stack/data/venv/lib/python3.12/site-packages/oslo_config/cfg.py:3253}}
Jun 26 04:34:37.722457 np0000003695 nova-scheduler[96318]: DEBUG cotyledon.oslo_config_glue [-] oslo_messaging_rabbit.kombu_reconnect_splay = 0.0 {{(pid=96318) log_opt_values /opt/stack/data/venv/lib/python3.12/site-packages/oslo_config/cfg.py:3253}}
Jun 26 04:34:37.722457 np0000003695 nova-scheduler[96318]: DEBUG cotyledon.oslo_config_glue [-] oslo_messaging_rabbit.processname = nova-scheduler {{(pid=96318) log_opt_values /opt/stack/data/venv/lib/python3.12/site-packages/oslo_config/cfg.py:3253}}
Jun 26 04:34:37.722457 np0000003695 nova-scheduler[96318]: DEBUG cotyledon.oslo_config_glue [-] oslo_messaging_rabbit.rabbit_ha_queues = False {{(pid=96318) log_opt_values /opt/stack/data/venv/lib/python3.12/site-packages/oslo_config/cfg.py:3253}}
Jun 26 04:34:37.722457 np0000003695 nova-scheduler[96318]: DEBUG cotyledon.oslo_config_glue [-] oslo_messaging_rabbit.rabbit_interval_max = 30 {{(pid=96318) log_opt_values /opt/stack/data/venv/lib/python3.12/site-packages/oslo_config/cfg.py:3253}}
Jun 26 04:34:37.722457 np0000003695 nova-scheduler[96318]: DEBUG cotyledon.oslo_config_glue [-] oslo_messaging_rabbit.rabbit_login_method = AMQPLAIN {{(pid=96318) log_opt_values /opt/stack/data/venv/lib/python3.12/site-packages/oslo_config/cfg.py:3253}}
Jun 26 04:34:37.722457 np0000003695 nova-scheduler[96318]: DEBUG cotyledon.oslo_config_glue [-] oslo_messaging_rabbit.rabbit_qos_prefetch_count = 0 {{(pid=96318) log_opt_values /opt/stack/data/venv/lib/python3.12/site-packages/oslo_config/cfg.py:3253}}
Jun 26 04:34:37.722457 np0000003695 nova-scheduler[96318]: DEBUG cotyledon.oslo_config_glue [-] oslo_messaging_rabbit.rabbit_quorum_delivery_limit = 0 {{(pid=96318) log_opt_values /opt/stack/data/venv/lib/python3.12/site-packages/oslo_config/cfg.py:3253}}
Jun 26 04:34:37.722785 np0000003695 nova-scheduler[96318]: DEBUG cotyledon.oslo_config_glue [-] oslo_messaging_rabbit.rabbit_quorum_max_memory_bytes = 0 {{(pid=96318) log_opt_values /opt/stack/data/venv/lib/python3.12/site-packages/oslo_config/cfg.py:3253}}
Jun 26 04:34:37.722785 np0000003695 nova-scheduler[96318]: DEBUG cotyledon.oslo_config_glue [-] oslo_messaging_rabbit.rabbit_quorum_max_memory_length = 0 {{(pid=96318) log_opt_values /opt/stack/data/venv/lib/python3.12/site-packages/oslo_config/cfg.py:3253}}
Jun 26 04:34:37.722785 np0000003695 nova-scheduler[96318]: DEBUG cotyledon.oslo_config_glue [-] oslo_messaging_rabbit.rabbit_quorum_queue = False {{(pid=96318) log_opt_values /opt/stack/data/venv/lib/python3.12/site-packages/oslo_config/cfg.py:3253}}
Jun 26 04:34:37.722785 np0000003695 nova-scheduler[96318]: DEBUG cotyledon.oslo_config_glue [-] oslo_messaging_rabbit.rabbit_retry_backoff = 2 {{(pid=96318) log_opt_values /opt/stack/data/venv/lib/python3.12/site-packages/oslo_config/cfg.py:3253}}
Jun 26 04:34:37.722785 np0000003695 nova-scheduler[96318]: DEBUG cotyledon.oslo_config_glue [-] oslo_messaging_rabbit.rabbit_retry_interval = 1 {{(pid=96318) log_opt_values /opt/stack/data/venv/lib/python3.12/site-packages/oslo_config/cfg.py:3253}}
Jun 26 04:34:37.722785 np0000003695 nova-scheduler[96318]: DEBUG cotyledon.oslo_config_glue [-] oslo_messaging_rabbit.rabbit_stream_fanout = False {{(pid=96318) log_opt_values /opt/stack/data/venv/lib/python3.12/site-packages/oslo_config/cfg.py:3253}}
Jun 26 04:34:37.722785 np0000003695 nova-scheduler[96318]: DEBUG cotyledon.oslo_config_glue [-] oslo_messaging_rabbit.rabbit_transient_queues_ttl = 1800 {{(pid=96318) log_opt_values /opt/stack/data/venv/lib/python3.12/site-packages/oslo_config/cfg.py:3253}}
Jun 26 04:34:37.722785 np0000003695 nova-scheduler[96318]: DEBUG cotyledon.oslo_config_glue [-] oslo_messaging_rabbit.rabbit_transient_quorum_queue = False {{(pid=96318) log_opt_values /opt/stack/data/venv/lib/python3.12/site-packages/oslo_config/cfg.py:3253}}
Jun 26 04:34:37.723130 np0000003695 nova-scheduler[96318]: DEBUG cotyledon.oslo_config_glue [-] oslo_messaging_rabbit.rpc_conn_pool_size = 30 {{(pid=96318) log_opt_values /opt/stack/data/venv/lib/python3.12/site-packages/oslo_config/cfg.py:3253}}
Jun 26 04:34:37.723130 np0000003695 nova-scheduler[96318]: DEBUG cotyledon.oslo_config_glue [-] oslo_messaging_rabbit.ssl = False {{(pid=96318) log_opt_values /opt/stack/data/venv/lib/python3.12/site-packages/oslo_config/cfg.py:3253}}
Jun 26 04:34:37.723130 np0000003695 nova-scheduler[96318]: DEBUG cotyledon.oslo_config_glue [-] oslo_messaging_rabbit.ssl_ca_file = {{(pid=96318) log_opt_values /opt/stack/data/venv/lib/python3.12/site-packages/oslo_config/cfg.py:3253}}
Jun 26 04:34:37.723130 np0000003695 nova-scheduler[96318]: DEBUG cotyledon.oslo_config_glue [-] oslo_messaging_rabbit.ssl_cert_file = {{(pid=96318) log_opt_values /opt/stack/data/venv/lib/python3.12/site-packages/oslo_config/cfg.py:3253}}
Jun 26 04:34:37.723130 np0000003695 nova-scheduler[96318]: DEBUG cotyledon.oslo_config_glue [-] oslo_messaging_rabbit.ssl_enforce_fips_mode = False {{(pid=96318) log_opt_values /opt/stack/data/venv/lib/python3.12/site-packages/oslo_config/cfg.py:3253}}
Jun 26 04:34:37.723130 np0000003695 nova-scheduler[96318]: DEBUG cotyledon.oslo_config_glue [-] oslo_messaging_rabbit.ssl_enforce_hostname_verification = True {{(pid=96318) log_opt_values /opt/stack/data/venv/lib/python3.12/site-packages/oslo_config/cfg.py:3253}}
Jun 26 04:34:37.723130 np0000003695 nova-scheduler[96318]: DEBUG cotyledon.oslo_config_glue [-] oslo_messaging_rabbit.ssl_key_file = {{(pid=96318) log_opt_values /opt/stack/data/venv/lib/python3.12/site-packages/oslo_config/cfg.py:3253}}
Jun 26 04:34:37.723130 np0000003695 nova-scheduler[96318]: DEBUG cotyledon.oslo_config_glue [-] oslo_messaging_rabbit.ssl_version = {{(pid=96318) log_opt_values /opt/stack/data/venv/lib/python3.12/site-packages/oslo_config/cfg.py:3253}}
Jun 26 04:34:37.723130 np0000003695 nova-scheduler[96318]: DEBUG cotyledon.oslo_config_glue [-] oslo_messaging_rabbit.use_queue_manager = False {{(pid=96318) log_opt_values /opt/stack/data/venv/lib/python3.12/site-packages/oslo_config/cfg.py:3253}}
Jun 26 04:34:37.723466 np0000003695 nova-scheduler[96318]: DEBUG cotyledon.oslo_config_glue [-] oslo_messaging_notifications.driver = ['messagingv2'] {{(pid=96318) log_opt_values /opt/stack/data/venv/lib/python3.12/site-packages/oslo_config/cfg.py:3253}}
Jun 26 04:34:37.723466 np0000003695 nova-scheduler[96318]: DEBUG cotyledon.oslo_config_glue [-] oslo_messaging_notifications.retry = -1 {{(pid=96318) log_opt_values /opt/stack/data/venv/lib/python3.12/site-packages/oslo_config/cfg.py:3253}}
Jun 26 04:34:37.723466 np0000003695 nova-scheduler[96318]: DEBUG cotyledon.oslo_config_glue [-] oslo_messaging_notifications.topics = ['notifications'] {{(pid=96318) log_opt_values /opt/stack/data/venv/lib/python3.12/site-packages/oslo_config/cfg.py:3253}}
Jun 26 04:34:37.723466 np0000003695 nova-scheduler[96318]: DEBUG cotyledon.oslo_config_glue [-] oslo_messaging_notifications.transport_url = **** {{(pid=96318) log_opt_values /opt/stack/data/venv/lib/python3.12/site-packages/oslo_config/cfg.py:3253}}
Jun 26 04:34:37.723466 np0000003695 nova-scheduler[96318]: DEBUG cotyledon.oslo_config_glue [-] oslo_limit.auth_section = None {{(pid=96318) log_opt_values /opt/stack/data/venv/lib/python3.12/site-packages/oslo_config/cfg.py:3253}}
Jun 26 04:34:37.723466 np0000003695 nova-scheduler[96318]: DEBUG cotyledon.oslo_config_glue [-] oslo_limit.auth_type = None {{(pid=96318) log_opt_values /opt/stack/data/venv/lib/python3.12/site-packages/oslo_config/cfg.py:3253}}
Jun 26 04:34:37.723466 np0000003695 nova-scheduler[96318]: DEBUG cotyledon.oslo_config_glue [-] oslo_limit.cafile = None {{(pid=96318) log_opt_values /opt/stack/data/venv/lib/python3.12/site-packages/oslo_config/cfg.py:3253}}
Jun 26 04:34:37.723466 np0000003695 nova-scheduler[96318]: DEBUG cotyledon.oslo_config_glue [-] oslo_limit.certfile = None {{(pid=96318) log_opt_values /opt/stack/data/venv/lib/python3.12/site-packages/oslo_config/cfg.py:3253}}
Jun 26 04:34:37.723466 np0000003695 nova-scheduler[96318]: DEBUG cotyledon.oslo_config_glue [-] oslo_limit.collect_timing = False {{(pid=96318) log_opt_values /opt/stack/data/venv/lib/python3.12/site-packages/oslo_config/cfg.py:3253}}
Jun 26 04:34:37.723827 np0000003695 nova-scheduler[96318]: DEBUG cotyledon.oslo_config_glue [-] oslo_limit.connect_retries = None {{(pid=96318) log_opt_values /opt/stack/data/venv/lib/python3.12/site-packages/oslo_config/cfg.py:3253}}
Jun 26 04:34:37.723827 np0000003695 nova-scheduler[96318]: DEBUG cotyledon.oslo_config_glue [-] oslo_limit.connect_retry_delay = None {{(pid=96318) log_opt_values /opt/stack/data/venv/lib/python3.12/site-packages/oslo_config/cfg.py:3253}}
Jun 26 04:34:37.723827 np0000003695 nova-scheduler[96318]: DEBUG cotyledon.oslo_config_glue [-] oslo_limit.endpoint_id = None {{(pid=96318) log_opt_values /opt/stack/data/venv/lib/python3.12/site-packages/oslo_config/cfg.py:3253}}
Jun 26 04:34:37.723827 np0000003695 nova-scheduler[96318]: DEBUG cotyledon.oslo_config_glue [-] oslo_limit.endpoint_interface = public {{(pid=96318) log_opt_values /opt/stack/data/venv/lib/python3.12/site-packages/oslo_config/cfg.py:3253}}
Jun 26 04:34:37.723827 np0000003695 nova-scheduler[96318]: DEBUG cotyledon.oslo_config_glue [-] oslo_limit.endpoint_override = None {{(pid=96318) log_opt_values /opt/stack/data/venv/lib/python3.12/site-packages/oslo_config/cfg.py:3253}}
Jun 26 04:34:37.723827 np0000003695 nova-scheduler[96318]: DEBUG cotyledon.oslo_config_glue [-] oslo_limit.endpoint_region_name = None {{(pid=96318) log_opt_values /opt/stack/data/venv/lib/python3.12/site-packages/oslo_config/cfg.py:3253}}
Jun 26 04:34:37.723827 np0000003695 nova-scheduler[96318]: DEBUG cotyledon.oslo_config_glue [-] oslo_limit.endpoint_service_name = None {{(pid=96318) log_opt_values /opt/stack/data/venv/lib/python3.12/site-packages/oslo_config/cfg.py:3253}}
Jun 26 04:34:37.723827 np0000003695 nova-scheduler[96318]: DEBUG cotyledon.oslo_config_glue [-] oslo_limit.endpoint_service_type = None {{(pid=96318) log_opt_values /opt/stack/data/venv/lib/python3.12/site-packages/oslo_config/cfg.py:3253}}
Jun 26 04:34:37.723827 np0000003695 nova-scheduler[96318]: DEBUG cotyledon.oslo_config_glue [-] oslo_limit.insecure = False {{(pid=96318) log_opt_values /opt/stack/data/venv/lib/python3.12/site-packages/oslo_config/cfg.py:3253}}
Jun 26 04:34:37.724180 np0000003695 nova-scheduler[96318]: DEBUG cotyledon.oslo_config_glue [-] oslo_limit.keyfile = None {{(pid=96318) log_opt_values /opt/stack/data/venv/lib/python3.12/site-packages/oslo_config/cfg.py:3253}}
Jun 26 04:34:37.724180 np0000003695 nova-scheduler[96318]: DEBUG cotyledon.oslo_config_glue [-] oslo_limit.max_version = None {{(pid=96318) log_opt_values /opt/stack/data/venv/lib/python3.12/site-packages/oslo_config/cfg.py:3253}}
Jun 26 04:34:37.724180 np0000003695 nova-scheduler[96318]: DEBUG cotyledon.oslo_config_glue [-] oslo_limit.min_version = None {{(pid=96318) log_opt_values /opt/stack/data/venv/lib/python3.12/site-packages/oslo_config/cfg.py:3253}}
Jun 26 04:34:37.724180 np0000003695 nova-scheduler[96318]: DEBUG cotyledon.oslo_config_glue [-] oslo_limit.region_name = None {{(pid=96318) log_opt_values /opt/stack/data/venv/lib/python3.12/site-packages/oslo_config/cfg.py:3253}}
Jun 26 04:34:37.724180 np0000003695 nova-scheduler[96318]: DEBUG cotyledon.oslo_config_glue [-] oslo_limit.retriable_status_codes = None {{(pid=96318) log_opt_values /opt/stack/data/venv/lib/python3.12/site-packages/oslo_config/cfg.py:3253}}
Jun 26 04:34:37.724180 np0000003695 nova-scheduler[96318]: DEBUG cotyledon.oslo_config_glue [-] oslo_limit.service_name = None {{(pid=96318) log_opt_values /opt/stack/data/venv/lib/python3.12/site-packages/oslo_config/cfg.py:3253}}
Jun 26 04:34:37.724180 np0000003695 nova-scheduler[96318]: DEBUG cotyledon.oslo_config_glue [-] oslo_limit.service_type = None {{(pid=96318) log_opt_values /opt/stack/data/venv/lib/python3.12/site-packages/oslo_config/cfg.py:3253}}
Jun 26 04:34:37.724180 np0000003695 nova-scheduler[96318]: DEBUG cotyledon.oslo_config_glue [-] oslo_limit.split_loggers = False {{(pid=96318) log_opt_values /opt/stack/data/venv/lib/python3.12/site-packages/oslo_config/cfg.py:3253}}
Jun 26 04:34:37.724180 np0000003695 nova-scheduler[96318]: DEBUG cotyledon.oslo_config_glue [-] oslo_limit.status_code_retries = None {{(pid=96318) log_opt_values /opt/stack/data/venv/lib/python3.12/site-packages/oslo_config/cfg.py:3253}}
Jun 26 04:34:37.724511 np0000003695 nova-scheduler[96318]: DEBUG cotyledon.oslo_config_glue [-] oslo_limit.status_code_retry_delay = None {{(pid=96318) log_opt_values /opt/stack/data/venv/lib/python3.12/site-packages/oslo_config/cfg.py:3253}}
Jun 26 04:34:37.724511 np0000003695 nova-scheduler[96318]: DEBUG cotyledon.oslo_config_glue [-] oslo_limit.timeout = None {{(pid=96318) log_opt_values /opt/stack/data/venv/lib/python3.12/site-packages/oslo_config/cfg.py:3253}}
Jun 26 04:34:37.724511 np0000003695 nova-scheduler[96318]: DEBUG cotyledon.oslo_config_glue [-] oslo_limit.valid_interfaces = None {{(pid=96318) log_opt_values /opt/stack/data/venv/lib/python3.12/site-packages/oslo_config/cfg.py:3253}}
Jun 26 04:34:37.724511 np0000003695 nova-scheduler[96318]: DEBUG cotyledon.oslo_config_glue [-] oslo_limit.version = None {{(pid=96318) log_opt_values /opt/stack/data/venv/lib/python3.12/site-packages/oslo_config/cfg.py:3253}}
Jun 26 04:34:37.724511 np0000003695 nova-scheduler[96318]: DEBUG cotyledon.oslo_config_glue [-] oslo_reports.file_event_handler = None {{(pid=96318) log_opt_values /opt/stack/data/venv/lib/python3.12/site-packages/oslo_config/cfg.py:3253}}
Jun 26 04:34:37.724511 np0000003695 nova-scheduler[96318]: DEBUG cotyledon.oslo_config_glue [-] oslo_reports.file_event_handler_interval = 1 {{(pid=96318) log_opt_values /opt/stack/data/venv/lib/python3.12/site-packages/oslo_config/cfg.py:3253}}
Jun 26 04:34:37.724511 np0000003695 nova-scheduler[96318]: DEBUG cotyledon.oslo_config_glue [-] oslo_reports.log_dir = None {{(pid=96318) log_opt_values /opt/stack/data/venv/lib/python3.12/site-packages/oslo_config/cfg.py:3253}}
Jun 26 04:34:37.724511 np0000003695 nova-scheduler[96318]: DEBUG cotyledon.oslo_config_glue [-] ******************************************************************************** {{(pid=96318) log_opt_values /opt/stack/data/venv/lib/python3.12/site-packages/oslo_config/cfg.py:3260}}
Jun 26 04:34:37.724511 np0000003695 nova-scheduler[96318]: DEBUG cotyledon._service_worker [-] Run service ServiceWrapper(2) [96318] {{(pid=96318) wait_forever /opt/stack/data/venv/lib/python3.12/site-packages/cotyledon/_service_worker.py:218}}
Jun 26 04:34:37.724813 np0000003695 nova-scheduler[96309]: DEBUG dbcounter [-] [96309] Writer thread running {{(pid=96309) stat_writer /opt/stack/data/venv/lib/python3.12/site-packages/dbcounter.py:102}}
Jun 26 04:34:37.724873 np0000003695 nova-scheduler[96318]: INFO nova.service [-] Starting scheduler node (version 33.1.0)
Jun 26 04:34:37.724873 np0000003695 nova-scheduler[96318]: INFO dbcounter [None req-c30a5a9a-9290-400f-99af-14eef235df3b None None] Registered counter for database nova_cell0
Jun 26 04:34:37.724960 np0000003695 nova-scheduler[96313]: DEBUG oslo_db.sqlalchemy.engines [None req-8fbd6b68-68f6-42e4-bad0-dd4687e82e22 None None] MySQL server mode set to STRICT_TRANS_TABLES,STRICT_ALL_TABLES,NO_ZERO_IN_DATE,NO_ZERO_DATE,ERROR_FOR_DIVISION_BY_ZERO,TRADITIONAL,NO_ENGINE_SUBSTITUTION {{(pid=96313) _check_effective_sql_mode /opt/stack/data/venv/lib/python3.12/site-packages/oslo_db/sqlalchemy/engines.py:325}}
Jun 26 04:34:37.724960 np0000003695 nova-scheduler[96313]: DEBUG dbcounter [-] [96313] Writer thread running {{(pid=96313) stat_writer /opt/stack/data/venv/lib/python3.12/site-packages/dbcounter.py:102}}
Jun 26 04:34:37.725055 np0000003695 nova-scheduler[96309]: DEBUG nova.service [None req-c318c8c9-6bb3-4698-a52c-d5f8f3ff8ce2 None None] Creating RPC server for service: nova-scheduler on topic: scheduler {{(pid=96309) start /opt/stack/nova/nova/service.py:196}}
Jun 26 04:34:37.725103 np0000003695 nova-scheduler[96320]: DEBUG oslo_db.sqlalchemy.engines [None req-fbe6f0ac-5a6b-4d81-a582-4d5307d2b5f7 None None] MySQL server mode set to STRICT_TRANS_TABLES,STRICT_ALL_TABLES,NO_ZERO_IN_DATE,NO_ZERO_DATE,ERROR_FOR_DIVISION_BY_ZERO,TRADITIONAL,NO_ENGINE_SUBSTITUTION {{(pid=96320) _check_effective_sql_mode /opt/stack/data/venv/lib/python3.12/site-packages/oslo_db/sqlalchemy/engines.py:325}}
Jun 26 04:34:37.725150 np0000003695 nova-scheduler[96313]: DEBUG nova.service [None req-8fbd6b68-68f6-42e4-bad0-dd4687e82e22 None None] Creating RPC server for service: nova-scheduler on topic: scheduler {{(pid=96313) start /opt/stack/nova/nova/service.py:196}}
Jun 26 04:34:37.725194 np0000003695 nova-scheduler[96318]: DEBUG oslo_db.sqlalchemy.engines [None req-c30a5a9a-9290-400f-99af-14eef235df3b None None] MySQL server mode set to STRICT_TRANS_TABLES,STRICT_ALL_TABLES,NO_ZERO_IN_DATE,NO_ZERO_DATE,ERROR_FOR_DIVISION_BY_ZERO,TRADITIONAL,NO_ENGINE_SUBSTITUTION {{(pid=96318) _check_effective_sql_mode /opt/stack/data/venv/lib/python3.12/site-packages/oslo_db/sqlalchemy/engines.py:325}}
Jun 26 04:34:37.725241 np0000003695 nova-scheduler[96320]: DEBUG dbcounter [-] [96320] Writer thread running {{(pid=96320) stat_writer /opt/stack/data/venv/lib/python3.12/site-packages/dbcounter.py:102}}
Jun 26 04:34:37.725241 np0000003695 nova-scheduler[96320]: DEBUG nova.service [None req-fbe6f0ac-5a6b-4d81-a582-4d5307d2b5f7 None None] Creating RPC server for service: nova-scheduler on topic: scheduler {{(pid=96320) start /opt/stack/nova/nova/service.py:196}}
Jun 26 04:34:37.725333 np0000003695 nova-scheduler[96318]: DEBUG dbcounter [-] [96318] Writer thread running {{(pid=96318) stat_writer /opt/stack/data/venv/lib/python3.12/site-packages/dbcounter.py:102}}
Jun 26 04:34:37.725383 np0000003695 nova-scheduler[96313]: DEBUG nova.service [None req-8fbd6b68-68f6-42e4-bad0-dd4687e82e22 None None] Join ServiceGroup membership for this service scheduler {{(pid=96313) start /opt/stack/nova/nova/service.py:222}}
Jun 26 04:34:37.725383 np0000003695 nova-scheduler[96313]: DEBUG nova.servicegroup.drivers.db [None req-8fbd6b68-68f6-42e4-bad0-dd4687e82e22 None None] DB_Driver: join new ServiceGroup member np0000003695 to the scheduler group, service = {{(pid=96313) join /opt/stack/nova/nova/servicegroup/drivers/db.py:44}}
Jun 26 04:34:37.725466 np0000003695 nova-scheduler[96318]: DEBUG nova.service [None req-c30a5a9a-9290-400f-99af-14eef235df3b None None] Creating RPC server for service: nova-scheduler on topic: scheduler {{(pid=96318) start /opt/stack/nova/nova/service.py:196}}
Jun 26 04:34:37.725511 np0000003695 nova-scheduler[96309]: DEBUG nova.service [None req-c318c8c9-6bb3-4698-a52c-d5f8f3ff8ce2 None None] Join ServiceGroup membership for this service scheduler {{(pid=96309) start /opt/stack/nova/nova/service.py:222}}
Jun 26 04:34:37.725593 np0000003695 nova-scheduler[96309]: DEBUG nova.servicegroup.drivers.db [None req-c318c8c9-6bb3-4698-a52c-d5f8f3ff8ce2 None None] DB_Driver: join new ServiceGroup member np0000003695 to the scheduler group, service = {{(pid=96309) join /opt/stack/nova/nova/servicegroup/drivers/db.py:44}}
Jun 26 04:34:37.733268 np0000003695 nova-scheduler[96320]: DEBUG nova.service [None req-fbe6f0ac-5a6b-4d81-a582-4d5307d2b5f7 None None] Join ServiceGroup membership for this service scheduler {{(pid=96320) start /opt/stack/nova/nova/service.py:222}}
Jun 26 04:34:37.733464 np0000003695 nova-scheduler[96320]: DEBUG nova.servicegroup.drivers.db [None req-fbe6f0ac-5a6b-4d81-a582-4d5307d2b5f7 None None] DB_Driver: join new ServiceGroup member np0000003695 to the scheduler group, service = {{(pid=96320) join /opt/stack/nova/nova/servicegroup/drivers/db.py:44}}
Jun 26 04:34:37.737565 np0000003695 nova-scheduler[96318]: DEBUG nova.service [None req-c30a5a9a-9290-400f-99af-14eef235df3b None None] Join ServiceGroup membership for this service scheduler {{(pid=96318) start /opt/stack/nova/nova/service.py:222}}
Jun 26 04:34:37.737725 np0000003695 nova-scheduler[96318]: DEBUG nova.servicegroup.drivers.db [None req-c30a5a9a-9290-400f-99af-14eef235df3b None None] DB_Driver: join new ServiceGroup member np0000003695 to the scheduler group, service = {{(pid=96318) join /opt/stack/nova/nova/servicegroup/drivers/db.py:44}}
Jun 26 04:34:42.761219 np0000003695 nova-scheduler[96309]: DEBUG oslo.service.backend._threading.loopingcall [-] Fixed interval looping call 'nova.servicegroup.drivers.db.DbDriver._report_state' sleeping for 119.97 seconds {{(pid=96309) _run_loop /opt/stack/data/venv/lib/python3.12/site-packages/oslo_service/backend/_threading/loopingcall.py:125}}
Jun 26 04:34:42.762628 np0000003695 nova-scheduler[96313]: DEBUG oslo.service.backend._threading.loopingcall [-] Fixed interval looping call 'nova.servicegroup.drivers.db.DbDriver._report_state' sleeping for 119.96 seconds {{(pid=96313) _run_loop /opt/stack/data/venv/lib/python3.12/site-packages/oslo_service/backend/_threading/loopingcall.py:125}}
Jun 26 04:34:42.763449 np0000003695 nova-scheduler[96320]: DEBUG oslo.service.backend._threading.loopingcall [-] Fixed interval looping call 'nova.servicegroup.drivers.db.DbDriver._report_state' sleeping for 119.97 seconds {{(pid=96320) _run_loop /opt/stack/data/venv/lib/python3.12/site-packages/oslo_service/backend/_threading/loopingcall.py:125}}
Jun 26 04:34:42.773449 np0000003695 nova-scheduler[96318]: DEBUG oslo.service.backend._threading.loopingcall [-] Fixed interval looping call 'nova.servicegroup.drivers.db.DbDriver._report_state' sleeping for 119.98 seconds {{(pid=96318) _run_loop /opt/stack/data/venv/lib/python3.12/site-packages/oslo_service/backend/_threading/loopingcall.py:125}}
Jun 26 04:34:45.735593 np0000003695 nova-scheduler[96320]: DEBUG oslo.service.backend._threading.loopingcall [None req-4ed7a1c8-eede-40d9-aaeb-c5378ba74c72 None None] Dynamic interval looping call 'nova.service.Service.periodic_tasks' sleeping for 60.00 seconds {{(pid=96320) _run_loop /opt/stack/data/venv/lib/python3.12/site-packages/oslo_service/backend/_threading/loopingcall.py:125}}
Jun 26 04:34:46.281210 np0000003695 nova-scheduler[95114]: DEBUG dbcounter [-] [95114] Writing DB stats nova_api:SELECT=3 {{(pid=95114) stat_writer /opt/stack/data/venv/lib/python3.12/site-packages/dbcounter.py:115}}
Jun 26 04:34:46.420954 np0000003695 nova-scheduler[95114]: DEBUG dbcounter [-] [95114] Writing DB stats nova_cell0:SELECT=1 {{(pid=95114) stat_writer /opt/stack/data/venv/lib/python3.12/site-packages/dbcounter.py:115}}
Jun 26 04:34:46.424721 np0000003695 nova-scheduler[95114]: DEBUG dbcounter [-] [95114] Writing DB stats nova_cell1:SELECT=1 {{(pid=95114) stat_writer /opt/stack/data/venv/lib/python3.12/site-packages/dbcounter.py:115}}
Jun 26 04:34:51.727908 np0000003695 nova-scheduler[96309]: DEBUG oslo.service.backend._threading.loopingcall [None req-5ac44536-8195-43b2-8f2f-63a98bec16ef None None] Dynamic interval looping call 'nova.service.Service.periodic_tasks' sleeping for 60.00 seconds {{(pid=96309) _run_loop /opt/stack/data/venv/lib/python3.12/site-packages/oslo_service/backend/_threading/loopingcall.py:125}}
Jun 26 04:34:52.735259 np0000003695 nova-scheduler[96309]: DEBUG dbcounter [-] [96309] Writing DB stats nova_cell0:SELECT=4,nova_cell0:INSERT=1,nova_cell0:UPDATE=1 {{(pid=96309) stat_writer /opt/stack/data/venv/lib/python3.12/site-packages/dbcounter.py:115}}
Jun 26 04:34:52.737383 np0000003695 nova-scheduler[96313]: DEBUG dbcounter [-] [96313] Writing DB stats nova_cell0:SELECT=3,nova_cell0:UPDATE=1 {{(pid=96313) stat_writer /opt/stack/data/venv/lib/python3.12/site-packages/dbcounter.py:115}}
Jun 26 04:34:52.744057 np0000003695 nova-scheduler[96320]: DEBUG dbcounter [-] [96320] Writing DB stats nova_cell0:SELECT=3,nova_cell0:UPDATE=1 {{(pid=96320) stat_writer /opt/stack/data/venv/lib/python3.12/site-packages/dbcounter.py:115}}
Jun 26 04:34:52.751764 np0000003695 nova-scheduler[96318]: DEBUG dbcounter [-] [96318] Writing DB stats nova_cell0:SELECT=3,nova_cell0:UPDATE=1 {{(pid=96318) stat_writer /opt/stack/data/venv/lib/python3.12/site-packages/dbcounter.py:115}}
Jun 26 04:35:24.723479 np0000003695 nova-scheduler[96313]: DEBUG oslo.service.backend._threading.loopingcall [None req-ac0a6e80-dc47-4f2c-b6da-6a974215414e None None] Dynamic interval looping call 'nova.service.Service.periodic_tasks' sleeping for 60.00 seconds {{(pid=96313) _run_loop /opt/stack/data/venv/lib/python3.12/site-packages/oslo_service/backend/_threading/loopingcall.py:125}}
Jun 26 04:35:36.740235 np0000003695 nova-scheduler[96318]: DEBUG oslo.service.backend._threading.loopingcall [None req-27e39f92-9258-47f4-810e-c6627e4475a1 None None] Dynamic interval looping call 'nova.service.Service.periodic_tasks' sleeping for 60.00 seconds {{(pid=96318) _run_loop /opt/stack/data/venv/lib/python3.12/site-packages/oslo_service/backend/_threading/loopingcall.py:125}}
Jun 26 04:35:45.736099 np0000003695 nova-scheduler[96320]: DEBUG oslo.service.backend._threading.loopingcall [None req-4ed7a1c8-eede-40d9-aaeb-c5378ba74c72 None None] Dynamic interval looping call 'nova.service.Service.periodic_tasks' sleeping for 60.00 seconds {{(pid=96320) _run_loop /opt/stack/data/venv/lib/python3.12/site-packages/oslo_service/backend/_threading/loopingcall.py:125}}
Jun 26 04:35:51.728310 np0000003695 nova-scheduler[96309]: DEBUG oslo.service.backend._threading.loopingcall [None req-5ac44536-8195-43b2-8f2f-63a98bec16ef None None] Dynamic interval looping call 'nova.service.Service.periodic_tasks' sleeping for 60.00 seconds {{(pid=96309) _run_loop /opt/stack/data/venv/lib/python3.12/site-packages/oslo_service/backend/_threading/loopingcall.py:125}}
Jun 26 04:36:24.723975 np0000003695 nova-scheduler[96313]: DEBUG oslo.service.backend._threading.loopingcall [None req-ac0a6e80-dc47-4f2c-b6da-6a974215414e None None] Dynamic interval looping call 'nova.service.Service.periodic_tasks' sleeping for 60.00 seconds {{(pid=96313) _run_loop /opt/stack/data/venv/lib/python3.12/site-packages/oslo_service/backend/_threading/loopingcall.py:125}}
Jun 26 04:36:36.740693 np0000003695 nova-scheduler[96318]: DEBUG oslo.service.backend._threading.loopingcall [None req-27e39f92-9258-47f4-810e-c6627e4475a1 None None] Dynamic interval looping call 'nova.service.Service.periodic_tasks' sleeping for 60.00 seconds {{(pid=96318) _run_loop /opt/stack/data/venv/lib/python3.12/site-packages/oslo_service/backend/_threading/loopingcall.py:125}}
Jun 26 04:36:42.731191 np0000003695 nova-scheduler[96313]: DEBUG oslo.service.backend._threading.loopingcall [-] Fixed interval looping call 'nova.servicegroup.drivers.db.DbDriver._report_state' sleeping for 119.99 seconds {{(pid=96313) _run_loop /opt/stack/data/venv/lib/python3.12/site-packages/oslo_service/backend/_threading/loopingcall.py:125}}
Jun 26 04:36:42.734632 np0000003695 nova-scheduler[96309]: DEBUG oslo.service.backend._threading.loopingcall [-] Fixed interval looping call 'nova.servicegroup.drivers.db.DbDriver._report_state' sleeping for 120.00 seconds {{(pid=96309) _run_loop /opt/stack/data/venv/lib/python3.12/site-packages/oslo_service/backend/_threading/loopingcall.py:125}}
Jun 26 04:36:42.736917 np0000003695 nova-scheduler[96320]: DEBUG oslo.service.backend._threading.loopingcall [-] Fixed interval looping call 'nova.servicegroup.drivers.db.DbDriver._report_state' sleeping for 120.00 seconds {{(pid=96320) _run_loop /opt/stack/data/venv/lib/python3.12/site-packages/oslo_service/backend/_threading/loopingcall.py:125}}
Jun 26 04:36:42.748115 np0000003695 nova-scheduler[96318]: DEBUG oslo.service.backend._threading.loopingcall [-] Fixed interval looping call 'nova.servicegroup.drivers.db.DbDriver._report_state' sleeping for 120.00 seconds {{(pid=96318) _run_loop /opt/stack/data/venv/lib/python3.12/site-packages/oslo_service/backend/_threading/loopingcall.py:125}}
Jun 26 04:36:45.736628 np0000003695 nova-scheduler[96320]: DEBUG oslo.service.backend._threading.loopingcall [None req-4ed7a1c8-eede-40d9-aaeb-c5378ba74c72 None None] Dynamic interval looping call 'nova.service.Service.periodic_tasks' sleeping for 60.00 seconds {{(pid=96320) _run_loop /opt/stack/data/venv/lib/python3.12/site-packages/oslo_service/backend/_threading/loopingcall.py:125}}
Jun 26 04:36:51.728733 np0000003695 nova-scheduler[96309]: DEBUG oslo.service.backend._threading.loopingcall [None req-5ac44536-8195-43b2-8f2f-63a98bec16ef None None] Dynamic interval looping call 'nova.service.Service.periodic_tasks' sleeping for 60.00 seconds {{(pid=96309) _run_loop /opt/stack/data/venv/lib/python3.12/site-packages/oslo_service/backend/_threading/loopingcall.py:125}}
Jun 26 04:36:52.725897 np0000003695 nova-scheduler[96313]: DEBUG dbcounter [-] [96313] Writing DB stats nova_cell0:SELECT=1,nova_cell0:UPDATE=1 {{(pid=96313) stat_writer /opt/stack/data/venv/lib/python3.12/site-packages/dbcounter.py:115}}
Jun 26 04:36:52.733083 np0000003695 nova-scheduler[96309]: DEBUG dbcounter [-] [96309] Writing DB stats nova_cell0:SELECT=1 {{(pid=96309) stat_writer /opt/stack/data/venv/lib/python3.12/site-packages/dbcounter.py:115}}
Jun 26 04:36:52.735223 np0000003695 nova-scheduler[96320]: DEBUG dbcounter [-] [96320] Writing DB stats nova_cell0:SELECT=1 {{(pid=96320) stat_writer /opt/stack/data/venv/lib/python3.12/site-packages/dbcounter.py:115}}
Jun 26 04:36:52.746416 np0000003695 nova-scheduler[96318]: DEBUG dbcounter [-] [96318] Writing DB stats nova_cell0:SELECT=1 {{(pid=96318) stat_writer /opt/stack/data/venv/lib/python3.12/site-packages/dbcounter.py:115}}
Jun 26 04:37:20.410655 np0000003695 nova-scheduler[96313]: DEBUG nova.scheduler.manager [None req-c310f6f1-38f0-4c72-bb64-991bb49a12fa tempest-ServerRescueNegativeTestJSON-1472190513 tempest-ServerRescueNegativeTestJSON-1472190513-project-member] Starting to schedule for instances: ['6242a2bb-f645-4008-9c49-8936922ec071'] {{(pid=96313) select_destinations /opt/stack/nova/nova/scheduler/manager.py:210}}
Jun 26 04:37:20.411252 np0000003695 nova-scheduler[96313]: DEBUG nova.scheduler.request_filter [None req-c310f6f1-38f0-4c72-bb64-991bb49a12fa tempest-ServerRescueNegativeTestJSON-1472190513 tempest-ServerRescueNegativeTestJSON-1472190513-project-member] compute_status_filter request filter added forbidden trait COMPUTE_STATUS_DISABLED {{(pid=96313) compute_status_filter /opt/stack/nova/nova/scheduler/request_filter.py:253}}
Jun 26 04:37:20.411951 np0000003695 nova-scheduler[96313]: DEBUG nova.scheduler.request_filter [None req-c310f6f1-38f0-4c72-bb64-991bb49a12fa tempest-ServerRescueNegativeTestJSON-1472190513 tempest-ServerRescueNegativeTestJSON-1472190513-project-member] Request filter 'compute_status_filter' took 0.0 seconds {{(pid=96313) wrapper /opt/stack/nova/nova/scheduler/request_filter.py:46}}
Jun 26 04:37:20.412161 np0000003695 nova-scheduler[96313]: DEBUG nova.scheduler.request_filter [None req-c310f6f1-38f0-4c72-bb64-991bb49a12fa tempest-ServerRescueNegativeTestJSON-1472190513 tempest-ServerRescueNegativeTestJSON-1472190513-project-member] Request filter 'accelerators_filter' took 0.0 seconds {{(pid=96313) wrapper /opt/stack/nova/nova/scheduler/request_filter.py:46}}
Jun 26 04:37:20.412299 np0000003695 nova-scheduler[96313]: DEBUG nova.scheduler.request_filter [None req-c310f6f1-38f0-4c72-bb64-991bb49a12fa tempest-ServerRescueNegativeTestJSON-1472190513 tempest-ServerRescueNegativeTestJSON-1472190513-project-member] Request filter 'packed_virtqueue_filter' took 0.0 seconds {{(pid=96313) wrapper /opt/stack/nova/nova/scheduler/request_filter.py:46}}
Jun 26 04:37:20.412499 np0000003695 nova-scheduler[96313]: DEBUG nova.scheduler.request_filter [None req-c310f6f1-38f0-4c72-bb64-991bb49a12fa tempest-ServerRescueNegativeTestJSON-1472190513 tempest-ServerRescueNegativeTestJSON-1472190513-project-member] Request filter 'remote_managed_ports_filter' took 0.0 seconds {{(pid=96313) wrapper /opt/stack/nova/nova/scheduler/request_filter.py:46}}
Jun 26 04:37:20.412596 np0000003695 nova-scheduler[96313]: DEBUG nova.scheduler.request_filter [None req-c310f6f1-38f0-4c72-bb64-991bb49a12fa tempest-ServerRescueNegativeTestJSON-1472190513 tempest-ServerRescueNegativeTestJSON-1472190513-project-member] ephemeral_encryption_filter skipped {{(pid=96313) ephemeral_encryption_filter /opt/stack/nova/nova/scheduler/request_filter.py:426}}
Jun 26 04:37:20.413130 np0000003695 nova-scheduler[96313]: DEBUG nova.scheduler.request_filter [None req-c310f6f1-38f0-4c72-bb64-991bb49a12fa tempest-ServerRescueNegativeTestJSON-1472190513 tempest-ServerRescueNegativeTestJSON-1472190513-project-member] virtio_sound_filter skipped {{(pid=96313) virtio_sound_filter /opt/stack/nova/nova/scheduler/request_filter.py:460}}
Jun 26 04:37:20.413130 np0000003695 nova-scheduler[96313]: DEBUG nova.scheduler.request_filter [None req-c310f6f1-38f0-4c72-bb64-991bb49a12fa tempest-ServerRescueNegativeTestJSON-1472190513 tempest-ServerRescueNegativeTestJSON-1472190513-project-member] tpm_secret_security_filter skipped {{(pid=96313) tpm_secret_security_filter /opt/stack/nova/nova/scheduler/request_filter.py:477}}
Jun 26 04:37:21.151250 np0000003695 nova-scheduler[96313]: INFO nova.utils [None req-c310f6f1-38f0-4c72-bb64-991bb49a12fa tempest-ServerRescueNegativeTestJSON-1472190513 tempest-ServerRescueNegativeTestJSON-1472190513-project-member] The cell worker thread pool ForkProcess-2.cell_worker is initialized
Jun 26 04:37:21.151572 np0000003695 nova-scheduler[96313]: DEBUG oslo_concurrency.lockutils [None req-c310f6f1-38f0-4c72-bb64-991bb49a12fa tempest-ServerRescueNegativeTestJSON-1472190513 tempest-ServerRescueNegativeTestJSON-1472190513-project-member] Acquiring lock "fd8896c5-34db-4110-8429-713783758d56" by "nova.context.set_target_cell..get_or_set_cached_cell_and_set_connections" {{(pid=96313) inner /opt/stack/data/venv/lib/python3.12/site-packages/oslo_concurrency/lockutils.py:511}}
Jun 26 04:37:21.151859 np0000003695 nova-scheduler[96313]: DEBUG oslo_concurrency.lockutils [None req-c310f6f1-38f0-4c72-bb64-991bb49a12fa tempest-ServerRescueNegativeTestJSON-1472190513 tempest-ServerRescueNegativeTestJSON-1472190513-project-member] Lock "fd8896c5-34db-4110-8429-713783758d56" acquired by "nova.context.set_target_cell..get_or_set_cached_cell_and_set_connections" :: waited 0.000s {{(pid=96313) inner /opt/stack/data/venv/lib/python3.12/site-packages/oslo_concurrency/lockutils.py:524}}
Jun 26 04:37:21.153444 np0000003695 nova-scheduler[96313]: DEBUG oslo_concurrency.lockutils [None req-c310f6f1-38f0-4c72-bb64-991bb49a12fa tempest-ServerRescueNegativeTestJSON-1472190513 tempest-ServerRescueNegativeTestJSON-1472190513-project-member] Lock "fd8896c5-34db-4110-8429-713783758d56" "released" by "nova.context.set_target_cell..get_or_set_cached_cell_and_set_connections" :: held 0.002s {{(pid=96313) inner /opt/stack/data/venv/lib/python3.12/site-packages/oslo_concurrency/lockutils.py:543}}
Jun 26 04:37:21.156707 np0000003695 nova-scheduler[96313]: INFO dbcounter [None req-c310f6f1-38f0-4c72-bb64-991bb49a12fa tempest-ServerRescueNegativeTestJSON-1472190513 tempest-ServerRescueNegativeTestJSON-1472190513-project-member] Registered counter for database nova_cell1
Jun 26 04:37:21.211933 np0000003695 nova-scheduler[96313]: DEBUG oslo_db.sqlalchemy.engines [None req-c310f6f1-38f0-4c72-bb64-991bb49a12fa tempest-ServerRescueNegativeTestJSON-1472190513 tempest-ServerRescueNegativeTestJSON-1472190513-project-member] MySQL server mode set to STRICT_TRANS_TABLES,STRICT_ALL_TABLES,NO_ZERO_IN_DATE,NO_ZERO_DATE,ERROR_FOR_DIVISION_BY_ZERO,TRADITIONAL,NO_ENGINE_SUBSTITUTION {{(pid=96313) _check_effective_sql_mode /opt/stack/data/venv/lib/python3.12/site-packages/oslo_db/sqlalchemy/engines.py:325}}
Jun 26 04:37:21.223377 np0000003695 nova-scheduler[96313]: DEBUG dbcounter [-] [96313] Writer thread running {{(pid=96313) stat_writer /opt/stack/data/venv/lib/python3.12/site-packages/dbcounter.py:102}}
Jun 26 04:37:21.238221 np0000003695 nova-scheduler[96313]: DEBUG oslo_db.sqlalchemy.engines [None req-c310f6f1-38f0-4c72-bb64-991bb49a12fa tempest-ServerRescueNegativeTestJSON-1472190513 tempest-ServerRescueNegativeTestJSON-1472190513-project-member] Parent process 95114 forked (96313) with an open database connection, which is being discarded and recreated. {{(pid=96313) checkout /opt/stack/data/venv/lib/python3.12/site-packages/oslo_db/sqlalchemy/engines.py:402}}
Jun 26 04:37:21.284195 np0000003695 nova-scheduler[96313]: DEBUG dbcounter [-] [96313] Writer thread running {{(pid=96313) stat_writer /opt/stack/data/venv/lib/python3.12/site-packages/dbcounter.py:102}}
Jun 26 04:37:21.289327 np0000003695 nova-scheduler[96313]: DEBUG oslo_concurrency.lockutils [None req-c310f6f1-38f0-4c72-bb64-991bb49a12fa tempest-ServerRescueNegativeTestJSON-1472190513 tempest-ServerRescueNegativeTestJSON-1472190513-project-member] Acquiring lock "fd8896c5-34db-4110-8429-713783758d56" by "nova.context.set_target_cell..get_or_set_cached_cell_and_set_connections" {{(pid=96313) inner /opt/stack/data/venv/lib/python3.12/site-packages/oslo_concurrency/lockutils.py:511}}
Jun 26 04:37:21.289594 np0000003695 nova-scheduler[96313]: DEBUG oslo_concurrency.lockutils [None req-c310f6f1-38f0-4c72-bb64-991bb49a12fa tempest-ServerRescueNegativeTestJSON-1472190513 tempest-ServerRescueNegativeTestJSON-1472190513-project-member] Lock "fd8896c5-34db-4110-8429-713783758d56" acquired by "nova.context.set_target_cell..get_or_set_cached_cell_and_set_connections" :: waited 0.000s {{(pid=96313) inner /opt/stack/data/venv/lib/python3.12/site-packages/oslo_concurrency/lockutils.py:524}}
Jun 26 04:37:21.289756 np0000003695 nova-scheduler[96313]: DEBUG oslo_concurrency.lockutils [None req-c310f6f1-38f0-4c72-bb64-991bb49a12fa tempest-ServerRescueNegativeTestJSON-1472190513 tempest-ServerRescueNegativeTestJSON-1472190513-project-member] Lock "fd8896c5-34db-4110-8429-713783758d56" "released" by "nova.context.set_target_cell..get_or_set_cached_cell_and_set_connections" :: held 0.000s {{(pid=96313) inner /opt/stack/data/venv/lib/python3.12/site-packages/oslo_concurrency/lockutils.py:543}}
Jun 26 04:37:21.294344 np0000003695 nova-scheduler[96313]: DEBUG oslo_concurrency.lockutils [None req-c310f6f1-38f0-4c72-bb64-991bb49a12fa tempest-ServerRescueNegativeTestJSON-1472190513 tempest-ServerRescueNegativeTestJSON-1472190513-project-member] Acquiring lock "('np0000003695', 'np0000003695')" by "nova.scheduler.host_manager.HostState.update.._locked_update" {{(pid=96313) inner /opt/stack/data/venv/lib/python3.12/site-packages/oslo_concurrency/lockutils.py:511}}
Jun 26 04:37:21.297769 np0000003695 nova-scheduler[96313]: DEBUG oslo_concurrency.lockutils [None req-c310f6f1-38f0-4c72-bb64-991bb49a12fa tempest-ServerRescueNegativeTestJSON-1472190513 tempest-ServerRescueNegativeTestJSON-1472190513-project-member] Lock "('np0000003695', 'np0000003695')" acquired by "nova.scheduler.host_manager.HostState.update.._locked_update" :: waited 0.000s {{(pid=96313) inner /opt/stack/data/venv/lib/python3.12/site-packages/oslo_concurrency/lockutils.py:524}}
Jun 26 04:37:21.298502 np0000003695 nova-scheduler[96313]: DEBUG nova.scheduler.host_manager [None req-c310f6f1-38f0-4c72-bb64-991bb49a12fa tempest-ServerRescueNegativeTestJSON-1472190513 tempest-ServerRescueNegativeTestJSON-1472190513-project-member] Update host state from compute node: ComputeNode(cpu_allocation_ratio=4.0,cpu_info='{"arch": "x86_64", "model": "EPYC-Milan", "vendor": "AMD", "topology": {"cells": 1, "sockets": 16, "cores": 1, "threads": 1}, "maxphysaddr": {"mode": "emulate", "bits": 40}, "features": ["rdctl-no", "rdrand", "pae", "svme-addr-chk", "rdtscp", "cmp_legacy", "syscall", "clflush", "3dnowprefetch", "arat", "vpclmulqdq", "apic", "perfctr_core", "movbe", "pcid", "mmx", "sep", "sse2", "arch-capabilities", "gds-no", "skip-l1dfl-vmentry", "pause-filter", "lm", "amd-ssbd", "ibrs", "vmcb-clean", "tsc-scale", "lbrv", "lfence-always-serializing", "tsc_adjust", "stibp", "pse36", "npt", "ssse3", "adx", "fma", "lahf_lm", "misalignsse", "osvw", "sse4.1", "xgetbv1", "clzero", "msr", "x2apic", "clwb", "mce", "topoext", "mds-no", "rdseed", "erms", "pschange-mc-no", "xsave", "tsc-deadline", "clflushopt", "pse", "cr8legacy", "tsc", "amd-stibp", "popcnt", "nrip-save", "rdpid", "sse4.2", "cmov", "mtrr", "svm", "vgif", "sse4a", "vaes", "avx2", "fsgsbase", "virt-ssbd", "ssbd", "cx8", "pku", "xsaves", "aes", "hypervisor", "mca", "avx", "spec-ctrl", "xsaveerptr", "umip", "bmi2", "smap", "xsavec", "pat", "pge", "stibp-always-on", "fsrm", "fxsr_opt", "pdpe1gb", "fpu", "de", "wbnoinvd", "v-vmsave-vmload", "sse", "vme", "nx", "amd-psfd", "pni", "pclmuldq", "fxsr", "null-sel-clr-base", "no-nested-data-bp", "pfthreshold", "smep", "f16c", "mmxext", "xsaveopt", "ibpb", "abm", "flushbyasid", "sha-ni", "bmi1", "cx16", "invpcid"]}',created_at=2026-06-26T04:35:03Z,current_workload=0,deleted=False,deleted_at=None,disk_allocation_ratio=1.0,disk_available_least=74,free_disk_gb=95,free_ram_mb=63789,host='np0000003695',host_ip=10.4.3.92,hypervisor_hostname='np0000003695',hypervisor_type='QEMU',hypervisor_version=8002002,id=1,local_gb=95,local_gb_used=0,mapped=1,memory_mb=64301,memory_mb_used=512,metrics='[]',numa_topology='{"nova_object.name": "NUMATopology", "nova_object.namespace": "nova", "nova_object.version": "1.2", "nova_object.data": {"cells": [{"nova_object.name": "NUMACell", "nova_object.namespace": "nova", "nova_object.version": "1.5", "nova_object.data": {"id": 0, "cpuset": [0, 1, 2, 3, 4, 5, 6, 7, 8, 9, 10, 11, 12, 13, 14, 15], "pcpuset": [0, 1, 2, 3, 4, 5, 6, 7, 8, 9, 10, 11, 12, 13, 14, 15], "memory": 64301, "cpu_usage": 0, "memory_usage": 0, "pinned_cpus": [], "siblings": [[6], [12], [2], [15], [5], [11], [8], [14], [4], [1], [7], [10], [0], [13], [3], [9]], "mempages": [{"nova_object.name": "NUMAPagesTopology", "nova_object.namespace": "nova", "nova_object.version": "1.1", "nova_object.data": {"size_kb": 4, "total": 16461069, "used": 0, "reserved": 0}, "nova_object.changes": ["reserved", "total", "used", "size_kb"]}, {"nova_object.name": "NUMAPagesTopology", "nova_object.namespace": "nova", "nova_object.version": "1.1", "nova_object.data": {"size_kb": 2048, "total": 0, "used": 0, "reserved": 0}, "nova_object.changes": ["reserved", "total", "used", "size_kb"]}, {"nova_object.name": "NUMAPagesTopology", "nova_object.namespace": "nova", "nova_object.version": "1.1", "nova_object.data": {"size_kb": 1048576, "total": 0, "used": 0, "reserved": 0}, "nova_object.changes": ["reserved", "total", "used", "size_kb"]}], "network_metadata": {"nova_object.name": "NetworkMetadata", "nova_object.namespace": "nova", "nova_object.version": "1.0", "nova_object.data": {"physnets": [], "tunneled": false}, "nova_object.changes": ["physnets", "tunneled"]}, "socket": null}, "nova_object.changes": ["memory_usage", "socket", "pinned_cpus", "mempages", "cpuset", "network_metadata", "id", "cpu_usage", "siblings", "pcpuset", "memory"]}]}, "nova_object.changes": ["cells"]}',pci_device_pools=PciDevicePoolList,ram_allocation_ratio=1.0,running_vms=0,service_id=5,stats={failed_builds='0',uptime=' 04:36:48 up 26 min, 2 users, load average: 1.19, 1.66, 1.01
Jun 26 04:37:21.298502 np0000003695 nova-scheduler[96313]: '},supported_hv_specs=[HVSpec,HVSpec,HVSpec,HVSpec,HVSpec,HVSpec,HVSpec,HVSpec,HVSpec,HVSpec,HVSpec,HVSpec,HVSpec,HVSpec,HVSpec,HVSpec,HVSpec,HVSpec,HVSpec,HVSpec,HVSpec,HVSpec,HVSpec,HVSpec,HVSpec],updated_at=2026-06-26T04:36:50Z,uuid=9af5b0e2-bf44-47ac-bbce-15d010bbebbb,vcpus=16,vcpus_used=0) {{(pid=96313) _locked_update /opt/stack/nova/nova/scheduler/host_manager.py:168}}
