Jun 26 04:34:12.038071 np0000003695 devstack@neutron-api.service[90509]: DEBUG neutron.manager [None req-fc887886-a62a-45e3-a7c6-86c93e5d6131 None None] Successfully loaded TAG plugin. Description: Tag support {{(pid=90509) _create_and_add_service_plugin /opt/stack/neutron/neutron/manager.py:236}}
Jun 26 04:34:12.038211 np0000003695 devstack@neutron-api.service[90509]: INFO neutron.manager [None req-fc887886-a62a-45e3-a7c6-86c93e5d6131 None None] Loading Plugin: timestamp
Jun 26 04:34:12.039968 np0000003695 devstack@neutron-api.service[90509]: DEBUG neutron.manager [None req-fc887886-a62a-45e3-a7c6-86c93e5d6131 None None] Successfully loaded timestamp plugin. Description: Adds timestamps to Neutron resources with standard attributes {{(pid=90509) _create_and_add_service_plugin /opt/stack/neutron/neutron/manager.py:236}}
Jun 26 04:34:12.039968 np0000003695 devstack@neutron-api.service[90509]: INFO neutron.manager [None req-fc887886-a62a-45e3-a7c6-86c93e5d6131 None None] Loading Plugin: network_ip_availability
Jun 26 04:34:12.041958 np0000003695 devstack@neutron-api.service[90509]: DEBUG neutron.manager [None req-fc887886-a62a-45e3-a7c6-86c93e5d6131 None None] Successfully loaded network-ip-availability plugin. Description: Provides IP availability data for each network and subnet. {{(pid=90509) _create_and_add_service_plugin /opt/stack/neutron/neutron/manager.py:236}}
Jun 26 04:34:12.042034 np0000003695 devstack@neutron-api.service[90509]: INFO neutron.manager [None req-fc887886-a62a-45e3-a7c6-86c93e5d6131 None None] Loading Plugin: flavors
Jun 26 04:34:12.043117 np0000003695 devstack@neutron-api.service[90509]: DEBUG neutron.manager [None req-fc887886-a62a-45e3-a7c6-86c93e5d6131 None None] Successfully loaded FLAVORS plugin. Description: Neutron Flavors and Service Profiles manager plugin {{(pid=90509) _create_and_add_service_plugin /opt/stack/neutron/neutron/manager.py:236}}
Jun 26 04:34:12.043260 np0000003695 devstack@neutron-api.service[90509]: INFO neutron.manager [None req-fc887886-a62a-45e3-a7c6-86c93e5d6131 None None] Loading Plugin: revisions
Jun 26 04:34:12.043489 np0000003695 devstack@neutron-api.service[90511]: INFO neutron.plugins.ml2.drivers.type_vlan [None req-b3b14cf2-e528-49b9-b9cf-aacd6c544ba0 None None] VlanTypeDriver initialization complete
Jun 26 04:34:12.044171 np0000003695 devstack@neutron-api.service[90511]: INFO neutron.plugins.ml2.managers [None req-b3b14cf2-e528-49b9-b9cf-aacd6c544ba0 None None] Initializing extension driver 'port_security'
Jun 26 04:34:12.044171 np0000003695 devstack@neutron-api.service[90511]: INFO neutron.plugins.ml2.extensions.port_security [None req-b3b14cf2-e528-49b9-b9cf-aacd6c544ba0 None None] PortSecurityExtensionDriver initialization complete
Jun 26 04:34:12.044171 np0000003695 devstack@neutron-api.service[90511]: INFO neutron.plugins.ml2.managers [None req-b3b14cf2-e528-49b9-b9cf-aacd6c544ba0 None None] Initializing extension driver 'qos'
Jun 26 04:34:12.044171 np0000003695 devstack@neutron-api.service[90511]: DEBUG neutron.plugins.ml2.extensions.qos [None req-b3b14cf2-e528-49b9-b9cf-aacd6c544ba0 None None] QosExtensionDriver initialization complete {{(pid=90511) initialize /opt/stack/neutron/neutron/plugins/ml2/extensions/qos.py:31}}
Jun 26 04:34:12.044533 np0000003695 devstack@neutron-api.service[90511]: INFO neutron.plugins.ml2.managers [None req-b3b14cf2-e528-49b9-b9cf-aacd6c544ba0 None None] Initializing mechanism driver 'ovn'
Jun 26 04:34:12.044999 np0000003695 devstack@neutron-api.service[90509]: DEBUG neutron.manager [None req-fc887886-a62a-45e3-a7c6-86c93e5d6131 None None] Successfully loaded revision_plugin plugin. Description: Adds revision numbers to resources. {{(pid=90509) _create_and_add_service_plugin /opt/stack/neutron/neutron/manager.py:236}}
Jun 26 04:34:12.045176 np0000003695 devstack@neutron-api.service[90511]: INFO neutron.plugins.ml2.drivers.ovn.mech_driver.mech_driver [None req-b3b14cf2-e528-49b9-b9cf-aacd6c544ba0 None None] Starting OVNMechanismDriver
Jun 26 04:34:12.045532 np0000003695 devstack@neutron-api.service[90509]: DEBUG oslo_concurrency.lockutils [None req-fc887886-a62a-45e3-a7c6-86c93e5d6131 None None] Lock "manager" "released" by "neutron.manager.NeutronManager._create_instance" :: held 4.053s {{(pid=90509) inner /opt/stack/data/venv/lib/python3.12/site-packages/oslo_concurrency/lockutils.py:543}}
Jun 26 04:34:12.045532 np0000003695 devstack@neutron-api.service[90509]: DEBUG neutron.api.extensions [None req-fc887886-a62a-45e3-a7c6-86c93e5d6131 None None] get_extension_paths = OrderedDict({'/opt/stack/neutron/neutron/extensions': 1}) {{(pid=90509) get_extensions_path /opt/stack/neutron/neutron/api/extensions.py:640}}
Jun 26 04:34:12.045532 np0000003695 devstack@neutron-api.service[90509]: INFO neutron.api.extensions [None req-fc887886-a62a-45e3-a7c6-86c93e5d6131 None None] Initializing extension manager.
Jun 26 04:34:12.045532 np0000003695 devstack@neutron-api.service[90509]: DEBUG neutron.api.extensions [None req-fc887886-a62a-45e3-a7c6-86c93e5d6131 None None] Loading extension file: __init__.py {{(pid=90509) _load_all_extensions_from_path /opt/stack/neutron/neutron/api/extensions.py:449}}
Jun 26 04:34:12.045532 np0000003695 devstack@neutron-api.service[90509]: DEBUG neutron.api.extensions [None req-fc887886-a62a-45e3-a7c6-86c93e5d6131 None None] Loading extension file: __pycache__ {{(pid=90509) _load_all_extensions_from_path /opt/stack/neutron/neutron/api/extensions.py:449}}
Jun 26 04:34:12.045532 np0000003695 devstack@neutron-api.service[90509]: DEBUG neutron.api.extensions [None req-fc887886-a62a-45e3-a7c6-86c93e5d6131 None None] Loading extension file: aap_reject_multicast.py {{(pid=90509) _load_all_extensions_from_path /opt/stack/neutron/neutron/api/extensions.py:449}}
Jun 26 04:34:12.046206 np0000003695 devstack@neutron-api.service[90509]: DEBUG neutron.api.extensions [None req-fc887886-a62a-45e3-a7c6-86c93e5d6131 None None] Ext name="Allowed address pairs reject multicast extension" alias="aap-reject-multicast" description="Reject multicast addresses in Allowed Address Pairs" updated="2026-04-01T00:00:00-00:00" {{(pid=90509) _check_extension /opt/stack/neutron/neutron/api/extensions.py:415}}
Jun 26 04:34:12.046206 np0000003695 devstack@neutron-api.service[90509]: INFO neutron.api.extensions [None req-fc887886-a62a-45e3-a7c6-86c93e5d6131 None None] Extension aap-reject-multicast not supported by any of loaded plugins
Jun 26 04:34:12.046206 np0000003695 devstack@neutron-api.service[90509]: DEBUG neutron.api.extensions [None req-fc887886-a62a-45e3-a7c6-86c93e5d6131 None None] Loading extension file: address_group.py {{(pid=90509) _load_all_extensions_from_path /opt/stack/neutron/neutron/api/extensions.py:449}}
Jun 26 04:34:12.046488 np0000003695 devstack@neutron-api.service[90511]: DEBUG neutron_lib.callbacks.manager [None req-b3b14cf2-e528-49b9-b9cf-aacd6c544ba0 None None] Subscribe: > process before_spawn 55550000, False {{(pid=90511) subscribe /opt/stack/data/venv/lib/python3.12/site-packages/neutron_lib/callbacks/manager.py:52}}
Jun 26 04:34:12.046549 np0000003695 devstack@neutron-api.service[90509]: DEBUG neutron.api.extensions [None req-fc887886-a62a-45e3-a7c6-86c93e5d6131 None None] Ext name="Address group" alias="address-group" description="Support address group" updated="2020-07-15T10:00:00-00:00" {{(pid=90509) _check_extension /opt/stack/neutron/neutron/api/extensions.py:415}}
Jun 26 04:34:12.046706 np0000003695 devstack@neutron-api.service[90511]: DEBUG neutron_lib.callbacks.manager [None req-b3b14cf2-e528-49b9-b9cf-aacd6c544ba0 None None] Subscribe: > process after_init 55550000, True {{(pid=90511) subscribe /opt/stack/data/venv/lib/python3.12/site-packages/neutron_lib/callbacks/manager.py:52}}
Jun 26 04:34:12.046706 np0000003695 devstack@neutron-api.service[90511]: DEBUG neutron_lib.callbacks.manager [None req-b3b14cf2-e528-49b9-b9cf-aacd6c544ba0 None None] Subscribe: > segment after_create 55550000, False {{(pid=90511) subscribe /opt/stack/data/venv/lib/python3.12/site-packages/neutron_lib/callbacks/manager.py:52}}
Jun 26 04:34:12.046792 np0000003695 devstack@neutron-api.service[90509]: INFO neutron.api.extensions [None req-fc887886-a62a-45e3-a7c6-86c93e5d6131 None None] Loaded extension: address-group
Jun 26 04:34:12.047256 np0000003695 devstack@neutron-api.service[90511]: DEBUG neutron_lib.callbacks.manager [None req-b3b14cf2-e528-49b9-b9cf-aacd6c544ba0 None None] Subscribe: > segment after_create 55550000, False {{(pid=90511) subscribe /opt/stack/data/venv/lib/python3.12/site-packages/neutron_lib/callbacks/manager.py:52}}
Jun 26 04:34:12.047474 np0000003695 devstack@neutron-api.service[90509]: DEBUG neutron.api.extensions [None req-fc887886-a62a-45e3-a7c6-86c93e5d6131 None None] Loading extension file: address_scope.py {{(pid=90509) _load_all_extensions_from_path /opt/stack/neutron/neutron/api/extensions.py:449}}
Jun 26 04:34:12.047754 np0000003695 devstack@neutron-api.service[90511]: DEBUG neutron_lib.callbacks.manager [None req-b3b14cf2-e528-49b9-b9cf-aacd6c544ba0 None None] Subscribe: > segment after_delete 55550000, False {{(pid=90511) subscribe /opt/stack/data/venv/lib/python3.12/site-packages/neutron_lib/callbacks/manager.py:52}}
Jun 26 04:34:12.047754 np0000003695 devstack@neutron-api.service[90511]: DEBUG neutron_lib.callbacks.manager [None req-b3b14cf2-e528-49b9-b9cf-aacd6c544ba0 None None] Subscribe: > allowed_address_pair before_create 55550000, False {{(pid=90511) subscribe /opt/stack/data/venv/lib/python3.12/site-packages/neutron_lib/callbacks/manager.py:52}}
Jun 26 04:34:12.047754 np0000003695 devstack@neutron-api.service[90511]: DEBUG neutron_lib.callbacks.manager [None req-b3b14cf2-e528-49b9-b9cf-aacd6c544ba0 None None] Subscribe: > security_group precommit_create 55550000, False {{(pid=90511) subscribe /opt/stack/data/venv/lib/python3.12/site-packages/neutron_lib/callbacks/manager.py:52}}
Jun 26 04:34:12.048200 np0000003695 devstack@neutron-api.service[90509]: DEBUG neutron.api.extensions [None req-fc887886-a62a-45e3-a7c6-86c93e5d6131 None None] Ext name="Address scope" alias="address-scope" description="Address scopes extension." updated="2015-07-26T10:00:00-00:00" {{(pid=90509) _check_extension /opt/stack/neutron/neutron/api/extensions.py:415}}
Jun 26 04:34:12.048323 np0000003695 devstack@neutron-api.service[90511]: DEBUG neutron_lib.callbacks.manager [None req-b3b14cf2-e528-49b9-b9cf-aacd6c544ba0 None None] Subscribe: > security_group after_update 55550000, False {{(pid=90511) subscribe /opt/stack/data/venv/lib/python3.12/site-packages/neutron_lib/callbacks/manager.py:52}}
Jun 26 04:34:12.048323 np0000003695 devstack@neutron-api.service[90511]: DEBUG neutron_lib.callbacks.manager [None req-b3b14cf2-e528-49b9-b9cf-aacd6c544ba0 None None] Subscribe: > security_group after_create 55550000, False {{(pid=90511) subscribe /opt/stack/data/venv/lib/python3.12/site-packages/neutron_lib/callbacks/manager.py:52}}
Jun 26 04:34:12.048420 np0000003695 devstack@neutron-api.service[90509]: INFO neutron.api.extensions [None req-fc887886-a62a-45e3-a7c6-86c93e5d6131 None None] Loaded extension: address-scope
Jun 26 04:34:12.048420 np0000003695 devstack@neutron-api.service[90509]: DEBUG neutron.api.extensions [None req-fc887886-a62a-45e3-a7c6-86c93e5d6131 None None] Loading extension file: admin_state_down_before_update.py {{(pid=90509) _load_all_extensions_from_path /opt/stack/neutron/neutron/api/extensions.py:449}}
Jun 26 04:34:12.048624 np0000003695 devstack@neutron-api.service[90511]: DEBUG neutron_lib.callbacks.manager [None req-b3b14cf2-e528-49b9-b9cf-aacd6c544ba0 None None] Subscribe: > security_group precommit_delete 55550000, False {{(pid=90511) subscribe /opt/stack/data/venv/lib/python3.12/site-packages/neutron_lib/callbacks/manager.py:52}}
Jun 26 04:34:12.048624 np0000003695 devstack@neutron-api.service[90511]: DEBUG neutron_lib.callbacks.manager [None req-b3b14cf2-e528-49b9-b9cf-aacd6c544ba0 None None] Subscribe: > security_group after_delete 55550000, False {{(pid=90511) subscribe /opt/stack/data/venv/lib/python3.12/site-packages/neutron_lib/callbacks/manager.py:52}}
Jun 26 04:34:12.048624 np0000003695 devstack@neutron-api.service[90511]: DEBUG neutron_lib.callbacks.manager [None req-b3b14cf2-e528-49b9-b9cf-aacd6c544ba0 None None] Subscribe: > security_group_rule precommit_create 55550000, False {{(pid=90511) subscribe /opt/stack/data/venv/lib/python3.12/site-packages/neutron_lib/callbacks/manager.py:52}}
Jun 26 04:34:12.048624 np0000003695 devstack@neutron-api.service[90511]: DEBUG neutron_lib.callbacks.manager [None req-b3b14cf2-e528-49b9-b9cf-aacd6c544ba0 None None] Subscribe: > security_group_rule after_create 55550000, False {{(pid=90511) subscribe /opt/stack/data/venv/lib/python3.12/site-packages/neutron_lib/callbacks/manager.py:52}}
Jun 26 04:34:12.048915 np0000003695 devstack@neutron-api.service[90509]: DEBUG neutron.api.extensions [None req-fc887886-a62a-45e3-a7c6-86c93e5d6131 None None] Ext name="Enforce Router's Admin State Down Before Update Extension" alias="router-admin-state-down-before-update" description="Ensure that the admin state of a router is DOWN (admin_state_up=False) before updating the distributed attribute" updated="2019-07-02T15:56:00" {{(pid=90509) _check_extension /opt/stack/neutron/neutron/api/extensions.py:415}}
Jun 26 04:34:12.049003 np0000003695 devstack@neutron-api.service[90511]: DEBUG neutron_lib.callbacks.manager [None req-b3b14cf2-e528-49b9-b9cf-aacd6c544ba0 None None] Subscribe: > security_group_rule before_delete 55550000, False {{(pid=90511) subscribe /opt/stack/data/venv/lib/python3.12/site-packages/neutron_lib/callbacks/manager.py:52}}
Jun 26 04:34:12.049003 np0000003695 devstack@neutron-api.service[90511]: DEBUG neutron_lib.callbacks.manager [None req-b3b14cf2-e528-49b9-b9cf-aacd6c544ba0 None None] Subscribe: > address_group after_create 55550000, False {{(pid=90511) subscribe /opt/stack/data/venv/lib/python3.12/site-packages/neutron_lib/callbacks/manager.py:52}}
Jun 26 04:34:12.049003 np0000003695 devstack@neutron-api.service[90511]: DEBUG neutron_lib.callbacks.manager [None req-b3b14cf2-e528-49b9-b9cf-aacd6c544ba0 None None] Subscribe: > address_group after_update 55550000, False {{(pid=90511) subscribe /opt/stack/data/venv/lib/python3.12/site-packages/neutron_lib/callbacks/manager.py:52}}
Jun 26 04:34:12.049111 np0000003695 devstack@neutron-api.service[90509]: INFO neutron.api.extensions [None req-fc887886-a62a-45e3-a7c6-86c93e5d6131 None None] Extension router-admin-state-down-before-update not supported by any of loaded plugins
Jun 26 04:34:12.049214 np0000003695 devstack@neutron-api.service[90511]: DEBUG neutron_lib.callbacks.manager [None req-b3b14cf2-e528-49b9-b9cf-aacd6c544ba0 None None] Subscribe: > address_group after_delete 55550000, False {{(pid=90511) subscribe /opt/stack/data/venv/lib/python3.12/site-packages/neutron_lib/callbacks/manager.py:52}}
Jun 26 04:34:12.049306 np0000003695 devstack@neutron-api.service[90509]: DEBUG neutron.api.extensions [None req-fc887886-a62a-45e3-a7c6-86c93e5d6131 None None] Loading extension file: agent.py {{(pid=90509) _load_all_extensions_from_path /opt/stack/neutron/neutron/api/extensions.py:449}}
Jun 26 04:34:12.049373 np0000003695 devstack@neutron-api.service[90511]: DEBUG neutron_lib.callbacks.manager [None req-b3b14cf2-e528-49b9-b9cf-aacd6c544ba0 None None] Subscribe: > qos_plugin after_init 55550000, False {{(pid=90511) subscribe /opt/stack/data/venv/lib/python3.12/site-packages/neutron_lib/callbacks/manager.py:52}}
Jun 26 04:34:12.049373 np0000003695 devstack@neutron-api.service[90511]: DEBUG neutron_lib.callbacks.manager [None req-b3b14cf2-e528-49b9-b9cf-aacd6c544ba0 None None] Subscribe: > trunk_plugin after_init 55550000, False {{(pid=90511) subscribe /opt/stack/data/venv/lib/python3.12/site-packages/neutron_lib/callbacks/manager.py:52}}
Jun 26 04:34:12.049500 np0000003695 devstack@neutron-api.service[90509]: DEBUG neutron.api.extensions [None req-fc887886-a62a-45e3-a7c6-86c93e5d6131 None None] Ext name="agent" alias="agent" description="The agent management extension." updated="2013-02-03T10:00:00-00:00" {{(pid=90509) _check_extension /opt/stack/neutron/neutron/api/extensions.py:415}}
Jun 26 04:34:12.049603 np0000003695 devstack@neutron-api.service[90511]: DEBUG neutron_lib.callbacks.manager [None req-b3b14cf2-e528-49b9-b9cf-aacd6c544ba0 None None] Subscribe: > logging-plugin after_init 55550000, False {{(pid=90511) subscribe /opt/stack/data/venv/lib/python3.12/site-packages/neutron_lib/callbacks/manager.py:52}}
Jun 26 04:34:12.049647 np0000003695 devstack@neutron-api.service[90509]: INFO neutron.api.extensions [None req-fc887886-a62a-45e3-a7c6-86c93e5d6131 None None] Loaded extension: agent
Jun 26 04:34:12.049647 np0000003695 devstack@neutron-api.service[90509]: DEBUG neutron.api.extensions [None req-fc887886-a62a-45e3-a7c6-86c93e5d6131 None None] Loading extension file: agent_resources_synced.py {{(pid=90509) _load_all_extensions_from_path /opt/stack/neutron/neutron/api/extensions.py:449}}
Jun 26 04:34:12.049647 np0000003695 devstack@neutron-api.service[90509]: DEBUG neutron.api.extensions [None req-fc887886-a62a-45e3-a7c6-86c93e5d6131 None None] Ext name="Agent's Resource View Synced to Placement" alias="agent-resources-synced" description="Stores success/failure of last sync to Placement" updated="2018-12-19T00:00:00-00:00" {{(pid=90509) _check_extension /opt/stack/neutron/neutron/api/extensions.py:415}}
Jun 26 04:34:12.049786 np0000003695 devstack@neutron-api.service[90511]: INFO neutron.services.logapi.drivers.ovn.driver [None req-b3b14cf2-e528-49b9-b9cf-aacd6c544ba0 None None] OVN logging driver registered
Jun 26 04:34:12.049786 np0000003695 devstack@neutron-api.service[90511]: DEBUG neutron_lib.callbacks.manager [None req-b3b14cf2-e528-49b9-b9cf-aacd6c544ba0 None None] Subscribe: ._register_pvlan_driver at 0x7b8cc5edd300> pvlan_plugin before_spawn 55550000, False {{(pid=90511) subscribe /opt/stack/data/venv/lib/python3.12/site-packages/neutron_lib/callbacks/manager.py:52}}
Jun 26 04:34:12.050767 np0000003695 devstack@neutron-api.service[90509]: INFO neutron.api.extensions [None req-fc887886-a62a-45e3-a7c6-86c93e5d6131 None None] Extension agent-resources-synced not supported by any of loaded plugins
Jun 26 04:34:12.051079 np0000003695 devstack@neutron-api.service[90511]: DEBUG neutron_lib.callbacks.manager [None req-b3b14cf2-e528-49b9-b9cf-aacd6c544ba0 None None] Subscribe: process after_init 55550000, False {{(pid=90511) subscribe /opt/stack/data/venv/lib/python3.12/site-packages/neutron_lib/callbacks/manager.py:52}}
Jun 26 04:34:12.051290 np0000003695 devstack@neutron-api.service[90509]: DEBUG neutron.api.extensions [None req-fc887886-a62a-45e3-a7c6-86c93e5d6131 None None] Loading extension file: agent_sort_key.py {{(pid=90509) _load_all_extensions_from_path /opt/stack/neutron/neutron/api/extensions.py:449}}
Jun 26 04:34:12.051290 np0000003695 devstack@neutron-api.service[90509]: DEBUG neutron.api.extensions [None req-fc887886-a62a-45e3-a7c6-86c93e5d6131 None None] Ext name="Agents Sort Key" alias="agent_sort_key" description="Enabling the keyword sort_key for sorting in agents." updated="2013-02-03T10:00:00-00:00" {{(pid=90509) _check_extension /opt/stack/neutron/neutron/api/extensions.py:415}}
Jun 26 04:34:12.051290 np0000003695 devstack@neutron-api.service[90509]: INFO neutron.api.extensions [None req-fc887886-a62a-45e3-a7c6-86c93e5d6131 None None] Extension agent_sort_key not supported by any of loaded plugins
Jun 26 04:34:12.051290 np0000003695 devstack@neutron-api.service[90509]: DEBUG neutron.api.extensions [None req-fc887886-a62a-45e3-a7c6-86c93e5d6131 None None] Loading extension file: allowedaddresspairs.py {{(pid=90509) _load_all_extensions_from_path /opt/stack/neutron/neutron/api/extensions.py:449}}
Jun 26 04:34:12.051290 np0000003695 devstack@neutron-api.service[90509]: DEBUG neutron.api.extensions [None req-fc887886-a62a-45e3-a7c6-86c93e5d6131 None None] Ext name="Allowed Address Pairs" alias="allowed-address-pairs" description="Provides allowed address pairs" updated="2013-07-23T10:00:00-00:00" {{(pid=90509) _check_extension /opt/stack/neutron/neutron/api/extensions.py:415}}
Jun 26 04:34:12.051290 np0000003695 devstack@neutron-api.service[90509]: INFO neutron.api.extensions [None req-fc887886-a62a-45e3-a7c6-86c93e5d6131 None None] Loaded extension: allowed-address-pairs
Jun 26 04:34:12.051733 np0000003695 devstack@neutron-api.service[90511]: DEBUG neutron.plugins.ml2.plugin [None req-b3b14cf2-e528-49b9-b9cf-aacd6c544ba0 None None] neutron.plugins.ml2.plugin.Ml2Plugin method _start_rpc_notifiers called with arguments () {} {{(pid=90511) wrapper /opt/stack/data/venv/lib/python3.12/site-packages/oslo_log/helpers.py:77}}
Jun 26 04:34:12.051900 np0000003695 devstack@neutron-api.service[90509]: DEBUG neutron.api.extensions [None req-fc887886-a62a-45e3-a7c6-86c93e5d6131 None None] Loading extension file: auto_allocated_topology.py {{(pid=90509) _load_all_extensions_from_path /opt/stack/neutron/neutron/api/extensions.py:449}}
Jun 26 04:34:12.052093 np0000003695 devstack@neutron-api.service[90511]: DEBUG neutron_lib.callbacks.manager [None req-b3b14cf2-e528-49b9-b9cf-aacd6c544ba0 None None] Subscribe: > port after_create 55550000, False {{(pid=90511) subscribe /opt/stack/data/venv/lib/python3.12/site-packages/neutron_lib/callbacks/manager.py:52}}
Jun 26 04:34:12.052179 np0000003695 devstack@neutron-api.service[90509]: DEBUG neutron.api.extensions [None req-fc887886-a62a-45e3-a7c6-86c93e5d6131 None None] Ext name="Auto Allocated Topology Services" alias="auto-allocated-topology" description="Auto Allocated Topology Services." updated="2016-01-01T00:00:00-00:00" {{(pid=90509) _check_extension /opt/stack/neutron/neutron/api/extensions.py:415}}
Jun 26 04:34:12.052358 np0000003695 devstack@neutron-api.service[90511]: DEBUG neutron_lib.callbacks.manager [None req-b3b14cf2-e528-49b9-b9cf-aacd6c544ba0 None None] Subscribe: > port after_update 55550000, False {{(pid=90511) subscribe /opt/stack/data/venv/lib/python3.12/site-packages/neutron_lib/callbacks/manager.py:52}}
Jun 26 04:34:12.052549 np0000003695 devstack@neutron-api.service[90509]: INFO neutron.api.extensions [None req-fc887886-a62a-45e3-a7c6-86c93e5d6131 None None] Loaded extension: auto-allocated-topology
Jun 26 04:34:12.052869 np0000003695 devstack@neutron-api.service[90511]: DEBUG neutron_lib.callbacks.manager [None req-b3b14cf2-e528-49b9-b9cf-aacd6c544ba0 None None] Subscribe: > port after_delete 55550000, False {{(pid=90511) subscribe /opt/stack/data/venv/lib/python3.12/site-packages/neutron_lib/callbacks/manager.py:52}}
Jun 26 04:34:12.053092 np0000003695 devstack@neutron-api.service[90509]: DEBUG neutron.api.extensions [None req-fc887886-a62a-45e3-a7c6-86c93e5d6131 None None] Loading extension file: availability_zone.py {{(pid=90509) _load_all_extensions_from_path /opt/stack/neutron/neutron/api/extensions.py:449}}
Jun 26 04:34:12.053183 np0000003695 devstack@neutron-api.service[90511]: DEBUG neutron_lib.callbacks.manager [None req-b3b14cf2-e528-49b9-b9cf-aacd6c544ba0 None None] Subscribe: > subnet after_create 55550000, False {{(pid=90511) subscribe /opt/stack/data/venv/lib/python3.12/site-packages/neutron_lib/callbacks/manager.py:52}}
Jun 26 04:34:12.053183 np0000003695 devstack@neutron-api.service[90511]: DEBUG neutron_lib.callbacks.manager [None req-b3b14cf2-e528-49b9-b9cf-aacd6c544ba0 None None] Subscribe: > subnet after_update 55550000, False {{(pid=90511) subscribe /opt/stack/data/venv/lib/python3.12/site-packages/neutron_lib/callbacks/manager.py:52}}
Jun 26 04:34:12.053183 np0000003695 devstack@neutron-api.service[90511]: DEBUG neutron_lib.callbacks.manager [None req-b3b14cf2-e528-49b9-b9cf-aacd6c544ba0 None None] Subscribe: > subnet after_delete 55550000, False {{(pid=90511) subscribe /opt/stack/data/venv/lib/python3.12/site-packages/neutron_lib/callbacks/manager.py:52}}
Jun 26 04:34:12.053183 np0000003695 devstack@neutron-api.service[90511]: DEBUG neutron_lib.callbacks.manager [None req-b3b14cf2-e528-49b9-b9cf-aacd6c544ba0 None None] Subscribe: > network after_create 55550000, False {{(pid=90511) subscribe /opt/stack/data/venv/lib/python3.12/site-packages/neutron_lib/callbacks/manager.py:52}}
Jun 26 04:34:12.053330 np0000003695 devstack@neutron-api.service[90509]: DEBUG neutron.api.extensions [None req-fc887886-a62a-45e3-a7c6-86c93e5d6131 None None] Ext name="Availability Zone" alias="availability_zone" description="The availability zone extension." updated="2015-01-01T10:00:00-00:00" {{(pid=90509) _check_extension /opt/stack/neutron/neutron/api/extensions.py:415}}
Jun 26 04:34:12.053411 np0000003695 devstack@neutron-api.service[90511]: DEBUG neutron_lib.callbacks.manager [None req-b3b14cf2-e528-49b9-b9cf-aacd6c544ba0 None None] Subscribe: > network after_update 55550000, False {{(pid=90511) subscribe /opt/stack/data/venv/lib/python3.12/site-packages/neutron_lib/callbacks/manager.py:52}}
Jun 26 04:34:12.053411 np0000003695 devstack@neutron-api.service[90511]: DEBUG neutron_lib.callbacks.manager [None req-b3b14cf2-e528-49b9-b9cf-aacd6c544ba0 None None] Subscribe: > network after_delete 55550000, False {{(pid=90511) subscribe /opt/stack/data/venv/lib/python3.12/site-packages/neutron_lib/callbacks/manager.py:52}}
Jun 26 04:34:12.053500 np0000003695 devstack@neutron-api.service[90509]: INFO neutron.api.extensions [None req-fc887886-a62a-45e3-a7c6-86c93e5d6131 None None] Loaded extension: availability_zone
Jun 26 04:34:12.053578 np0000003695 devstack@neutron-api.service[90511]: DEBUG neutron_lib.callbacks.manager [None req-b3b14cf2-e528-49b9-b9cf-aacd6c544ba0 None None] Subscribe: > security_group after_create 55550000, False {{(pid=90511) subscribe /opt/stack/data/venv/lib/python3.12/site-packages/neutron_lib/callbacks/manager.py:52}}
Jun 26 04:34:12.053649 np0000003695 devstack@neutron-api.service[90509]: DEBUG neutron.api.extensions [None req-fc887886-a62a-45e3-a7c6-86c93e5d6131 None None] Loading extension file: availability_zone_filter.py {{(pid=90509) _load_all_extensions_from_path /opt/stack/neutron/neutron/api/extensions.py:449}}
Jun 26 04:34:12.053740 np0000003695 devstack@neutron-api.service[90511]: DEBUG neutron_lib.callbacks.manager [None req-b3b14cf2-e528-49b9-b9cf-aacd6c544ba0 None None] Subscribe: > security_group after_update 55550000, False {{(pid=90511) subscribe /opt/stack/data/venv/lib/python3.12/site-packages/neutron_lib/callbacks/manager.py:52}}
Jun 26 04:34:12.053740 np0000003695 devstack@neutron-api.service[90511]: DEBUG neutron_lib.callbacks.manager [None req-b3b14cf2-e528-49b9-b9cf-aacd6c544ba0 None None] Subscribe: > security_group after_delete 55550000, False {{(pid=90511) subscribe /opt/stack/data/venv/lib/python3.12/site-packages/neutron_lib/callbacks/manager.py:52}}
Jun 26 04:34:12.053740 np0000003695 devstack@neutron-api.service[90511]: DEBUG neutron_lib.callbacks.manager [None req-b3b14cf2-e528-49b9-b9cf-aacd6c544ba0 None None] Subscribe: > security_group_rule after_create 55550000, False {{(pid=90511) subscribe /opt/stack/data/venv/lib/python3.12/site-packages/neutron_lib/callbacks/manager.py:52}}
Jun 26 04:34:12.053740 np0000003695 devstack@neutron-api.service[90511]: DEBUG neutron_lib.callbacks.manager [None req-b3b14cf2-e528-49b9-b9cf-aacd6c544ba0 None None] Subscribe: > security_group_rule after_update 55550000, False {{(pid=90511) subscribe /opt/stack/data/venv/lib/python3.12/site-packages/neutron_lib/callbacks/manager.py:52}}
Jun 26 04:34:12.053890 np0000003695 devstack@neutron-api.service[90511]: DEBUG neutron_lib.callbacks.manager [None req-b3b14cf2-e528-49b9-b9cf-aacd6c544ba0 None None] Subscribe: > security_group_rule after_delete 55550000, False {{(pid=90511) subscribe /opt/stack/data/venv/lib/python3.12/site-packages/neutron_lib/callbacks/manager.py:52}}
Jun 26 04:34:12.053979 np0000003695 devstack@neutron-api.service[90509]: DEBUG neutron.api.extensions [None req-fc887886-a62a-45e3-a7c6-86c93e5d6131 None None] Ext name="Availability Zone Filter Extension" alias="availability_zone_filter" description="Add filter parameters to AvailabilityZone resource" updated="2018-06-22T10:00:00-00:00" {{(pid=90509) _check_extension /opt/stack/neutron/neutron/api/extensions.py:415}}
Jun 26 04:34:12.054064 np0000003695 devstack@neutron-api.service[90511]: DEBUG neutron_lib.callbacks.manager [None req-b3b14cf2-e528-49b9-b9cf-aacd6c544ba0 None None] Subscribe: > address_group after_create 55550000, False {{(pid=90511) subscribe /opt/stack/data/venv/lib/python3.12/site-packages/neutron_lib/callbacks/manager.py:52}}
Jun 26 04:34:12.054064 np0000003695 devstack@neutron-api.service[90511]: DEBUG neutron_lib.callbacks.manager [None req-b3b14cf2-e528-49b9-b9cf-aacd6c544ba0 None None] Subscribe: > address_group after_update 55550000, False {{(pid=90511) subscribe /opt/stack/data/venv/lib/python3.12/site-packages/neutron_lib/callbacks/manager.py:52}}
Jun 26 04:34:12.054145 np0000003695 devstack@neutron-api.service[90509]: INFO neutron.api.extensions [None req-fc887886-a62a-45e3-a7c6-86c93e5d6131 None None] Extension availability_zone_filter not supported by any of loaded plugins
Jun 26 04:34:12.054201 np0000003695 devstack@neutron-api.service[90511]: DEBUG neutron_lib.callbacks.manager [None req-b3b14cf2-e528-49b9-b9cf-aacd6c544ba0 None None] Subscribe: > address_group after_delete 55550000, False {{(pid=90511) subscribe /opt/stack/data/venv/lib/python3.12/site-packages/neutron_lib/callbacks/manager.py:52}}
Jun 26 04:34:12.054279 np0000003695 devstack@neutron-api.service[90509]: DEBUG neutron.api.extensions [None req-fc887886-a62a-45e3-a7c6-86c93e5d6131 None None] Loading extension file: data_plane_status.py {{(pid=90509) _load_all_extensions_from_path /opt/stack/neutron/neutron/api/extensions.py:449}}
Jun 26 04:34:12.054324 np0000003695 devstack@neutron-api.service[90511]: DEBUG neutron.plugins.ml2.ovo_rpc [None req-b3b14cf2-e528-49b9-b9cf-aacd6c544ba0 None None] ML2 OVO RPC backend initialized. {{(pid=90511) __init__ /opt/stack/neutron/neutron/plugins/ml2/ovo_rpc.py:117}}
Jun 26 04:34:12.054392 np0000003695 devstack@neutron-api.service[90509]: DEBUG neutron.api.extensions [None req-fc887886-a62a-45e3-a7c6-86c93e5d6131 None None] Ext name="Port data plane status extension" alias="data-plane-status" description="Expose status of underlying data plane" updated="2017-01-24T10:00:00-00:00" {{(pid=90509) _check_extension /opt/stack/neutron/neutron/api/extensions.py:415}}
Jun 26 04:34:12.054392 np0000003695 devstack@neutron-api.service[90509]: INFO neutron.api.extensions [None req-fc887886-a62a-45e3-a7c6-86c93e5d6131 None None] Extension data-plane-status not supported by any of loaded plugins
Jun 26 04:34:12.054392 np0000003695 devstack@neutron-api.service[90509]: DEBUG neutron.api.extensions [None req-fc887886-a62a-45e3-a7c6-86c93e5d6131 None None] Loading extension file: default_subnetpools.py {{(pid=90509) _load_all_extensions_from_path /opt/stack/neutron/neutron/api/extensions.py:449}}
Jun 26 04:34:12.054392 np0000003695 devstack@neutron-api.service[90509]: DEBUG neutron.api.extensions [None req-fc887886-a62a-45e3-a7c6-86c93e5d6131 None None] Ext name="Default Subnetpools" alias="default-subnetpools" description="Provides ability to mark and use a subnetpool as the default." updated="2016-02-18T18:00:00-00:00" {{(pid=90509) _check_extension /opt/stack/neutron/neutron/api/extensions.py:415}}
Jun 26 04:34:12.054535 np0000003695 devstack@neutron-api.service[90511]: INFO neutron.quota [None req-b3b14cf2-e528-49b9-b9cf-aacd6c544ba0 None None] Loaded quota_driver: .
Jun 26 04:34:12.054591 np0000003695 devstack@neutron-api.service[90509]: INFO neutron.api.extensions [None req-fc887886-a62a-45e3-a7c6-86c93e5d6131 None None] Loaded extension: default-subnetpools
Jun 26 04:34:12.054681 np0000003695 devstack@neutron-api.service[90511]: INFO neutron.plugins.ml2.plugin [None req-b3b14cf2-e528-49b9-b9cf-aacd6c544ba0 None None] Modular L2 Plugin initialization complete
Jun 26 04:34:12.054780 np0000003695 devstack@neutron-api.service[90509]: DEBUG neutron.api.extensions [None req-fc887886-a62a-45e3-a7c6-86c93e5d6131 None None] Loading extension file: dhcpagentscheduler.py {{(pid=90509) _load_all_extensions_from_path /opt/stack/neutron/neutron/api/extensions.py:449}}
Jun 26 04:34:12.054904 np0000003695 devstack@neutron-api.service[90511]: DEBUG neutron.manager [None req-b3b14cf2-e528-49b9-b9cf-aacd6c544ba0 None None] Loading services supported by the core plugin {{(pid=90511) _load_services_from_core_plugin /opt/stack/neutron/neutron/manager.py:167}}
Jun 26 04:34:12.054904 np0000003695 devstack@neutron-api.service[90511]: INFO neutron.plugins.ml2.managers [None req-b3b14cf2-e528-49b9-b9cf-aacd6c544ba0 None None] Got port-security extension from driver 'port_security'
Jun 26 04:34:12.055030 np0000003695 devstack@neutron-api.service[90509]: DEBUG neutron.api.extensions [None req-fc887886-a62a-45e3-a7c6-86c93e5d6131 None None] Ext name="DHCP Agent Scheduler" alias="dhcp_agent_scheduler" description="Schedule networks among dhcp agents" updated="2013-02-07T10:00:00-00:00" {{(pid=90509) _check_extension /opt/stack/neutron/neutron/api/extensions.py:415}}
Jun 26 04:34:12.055123 np0000003695 devstack@neutron-api.service[90511]: DEBUG neutron.manager [None req-b3b14cf2-e528-49b9-b9cf-aacd6c544ba0 None None] Loading service plugins: ['ovn-router', 'auto_allocate', 'tag', 'timestamp', 'network_ip_availability', 'flavors', 'revisions'] {{(pid=90511) _load_service_plugins /opt/stack/neutron/neutron/manager.py:192}}
Jun 26 04:34:12.055213 np0000003695 devstack@neutron-api.service[90509]: INFO neutron.api.extensions [None req-fc887886-a62a-45e3-a7c6-86c93e5d6131 None None] Loaded extension: dhcp_agent_scheduler
Jun 26 04:34:12.055311 np0000003695 devstack@neutron-api.service[90511]: INFO neutron.manager [None req-b3b14cf2-e528-49b9-b9cf-aacd6c544ba0 None None] Loading Plugin: ovn-router
Jun 26 04:34:12.055367 np0000003695 devstack@neutron-api.service[90509]: DEBUG neutron.api.extensions [None req-fc887886-a62a-45e3-a7c6-86c93e5d6131 None None] Loading extension file: dns.py {{(pid=90509) _load_all_extensions_from_path /opt/stack/neutron/neutron/api/extensions.py:449}}
Jun 26 04:34:12.055501 np0000003695 devstack@neutron-api.service[90509]: DEBUG neutron.api.extensions [None req-fc887886-a62a-45e3-a7c6-86c93e5d6131 None None] Ext name="DNS Integration" alias="dns-integration" description="Provides integration with DNS." updated="2015-08-15T18:00:00-00:00" {{(pid=90509) _check_extension /opt/stack/neutron/neutron/api/extensions.py:415}}
Jun 26 04:34:12.055675 np0000003695 devstack@neutron-api.service[90509]: INFO neutron.api.extensions [None req-fc887886-a62a-45e3-a7c6-86c93e5d6131 None None] Loaded extension: dns-integration
Jun 26 04:34:12.055675 np0000003695 devstack@neutron-api.service[90509]: DEBUG neutron.api.extensions [None req-fc887886-a62a-45e3-a7c6-86c93e5d6131 None None] Loading extension file: dns_domain_ports.py {{(pid=90509) _load_all_extensions_from_path /opt/stack/neutron/neutron/api/extensions.py:449}}
Jun 26 04:34:12.056097 np0000003695 devstack@neutron-api.service[90509]: DEBUG neutron.api.extensions [None req-fc887886-a62a-45e3-a7c6-86c93e5d6131 None None] Ext name="dns_domain for ports" alias="dns-domain-ports" description="Allows the DNS domain to be specified for a network port." updated="2017-04-24T10:00:00-00:00" {{(pid=90509) _check_extension /opt/stack/neutron/neutron/api/extensions.py:415}}
Jun 26 04:34:12.056097 np0000003695 devstack@neutron-api.service[90509]: INFO neutron.api.extensions [None req-fc887886-a62a-45e3-a7c6-86c93e5d6131 None None] Loaded extension: dns-domain-ports
Jun 26 04:34:12.056200 np0000003695 devstack@neutron-api.service[90509]: DEBUG neutron.api.extensions [None req-fc887886-a62a-45e3-a7c6-86c93e5d6131 None None] Loading extension file: dns_integration_domain_keywords.py {{(pid=90509) _load_all_extensions_from_path /opt/stack/neutron/neutron/api/extensions.py:449}}
Jun 26 04:34:12.056441 np0000003695 devstack@neutron-api.service[90509]: DEBUG neutron.api.extensions [None req-fc887886-a62a-45e3-a7c6-86c93e5d6131 None None] Ext name="DNS domain names with keywords allowed" alias="dns-integration-domain-keywords" description="Allows to use keywords like , , and as DNS domain name" updated="2020-06-15T18:00:00-00:00" {{(pid=90509) _check_extension /opt/stack/neutron/neutron/api/extensions.py:415}}
Jun 26 04:34:12.056684 np0000003695 devstack@neutron-api.service[90509]: INFO neutron.api.extensions [None req-fc887886-a62a-45e3-a7c6-86c93e5d6131 None None] Loaded extension: dns-integration-domain-keywords
Jun 26 04:34:12.056684 np0000003695 devstack@neutron-api.service[90509]: DEBUG neutron.api.extensions [None req-fc887886-a62a-45e3-a7c6-86c93e5d6131 None None] Loading extension file: dvr.py {{(pid=90509) _load_all_extensions_from_path /opt/stack/neutron/neutron/api/extensions.py:449}}
Jun 26 04:34:12.057080 np0000003695 devstack@neutron-api.service[90509]: DEBUG neutron.api.extensions [None req-fc887886-a62a-45e3-a7c6-86c93e5d6131 None None] Ext name="Distributed Virtual Router" alias="dvr" description="Enables configuration of Distributed Virtual Routers." updated="2014-06-1T10:00:00-00:00" {{(pid=90509) _check_extension /opt/stack/neutron/neutron/api/extensions.py:415}}
Jun 26 04:34:12.057080 np0000003695 devstack@neutron-api.service[90509]: INFO neutron.api.extensions [None req-fc887886-a62a-45e3-a7c6-86c93e5d6131 None None] Extension dvr not supported by any of loaded plugins
Jun 26 04:34:12.057267 np0000003695 devstack@neutron-api.service[90509]: DEBUG neutron.api.extensions [None req-fc887886-a62a-45e3-a7c6-86c93e5d6131 None None] Loading extension file: ecmp_routes.py {{(pid=90509) _load_all_extensions_from_path /opt/stack/neutron/neutron/api/extensions.py:449}}
Jun 26 04:34:12.057361 np0000003695 devstack@neutron-api.service[90509]: DEBUG neutron.api.extensions [None req-fc887886-a62a-45e3-a7c6-86c93e5d6131 None None] Ext name="Equal Cost Multipath Routing" alias="ecmp_routes" description="Allows traffic to reach thesame destination via multiple different links " updated="2020-11-26T18:00:00-00:00" {{(pid=90509) _check_extension /opt/stack/neutron/neutron/api/extensions.py:415}}
Jun 26 04:34:12.057557 np0000003695 devstack@neutron-api.service[90509]: INFO neutron.api.extensions [None req-fc887886-a62a-45e3-a7c6-86c93e5d6131 None None] Extension ecmp_routes not supported by any of loaded plugins
Jun 26 04:34:12.057557 np0000003695 devstack@neutron-api.service[90509]: DEBUG neutron.api.extensions [None req-fc887886-a62a-45e3-a7c6-86c93e5d6131 None None] Loading extension file: empty_string_filtering.py {{(pid=90509) _load_all_extensions_from_path /opt/stack/neutron/neutron/api/extensions.py:449}}
Jun 26 04:34:12.057850 np0000003695 devstack@neutron-api.service[90509]: DEBUG neutron.api.extensions [None req-fc887886-a62a-45e3-a7c6-86c93e5d6131 None None] Ext name="Empty String Filtering Extension" alias="empty-string-filtering" description="Allow filtering by attributes with empty string value" updated="2018-05-01T10:00:00-00:00" {{(pid=90509) _check_extension /opt/stack/neutron/neutron/api/extensions.py:415}}
Jun 26 04:34:12.057967 np0000003695 devstack@neutron-api.service[90509]: INFO neutron.api.extensions [None req-fc887886-a62a-45e3-a7c6-86c93e5d6131 None None] Loaded extension: empty-string-filtering
Jun 26 04:34:12.058184 np0000003695 devstack@neutron-api.service[90509]: DEBUG neutron.api.extensions [None req-fc887886-a62a-45e3-a7c6-86c93e5d6131 None None] Loading extension file: evpn.py {{(pid=90509) _load_all_extensions_from_path /opt/stack/neutron/neutron/api/extensions.py:449}}
Jun 26 04:34:12.058406 np0000003695 devstack@neutron-api.service[90509]: DEBUG neutron.api.extensions [None req-fc887886-a62a-45e3-a7c6-86c93e5d6131 None None] Ext name="EVPN" alias="evpn" description="Router extension to support EVPN Type-5 route advertisement" updated="2026-04-28T00:00:00-00:00" {{(pid=90509) _check_extension /opt/stack/neutron/neutron/api/extensions.py:415}}
Jun 26 04:34:12.058406 np0000003695 devstack@neutron-api.service[90509]: INFO neutron.api.extensions [None req-fc887886-a62a-45e3-a7c6-86c93e5d6131 None None] Extension evpn not supported by any of loaded plugins
Jun 26 04:34:12.058406 np0000003695 devstack@neutron-api.service[90509]: DEBUG neutron.api.extensions [None req-fc887886-a62a-45e3-a7c6-86c93e5d6131 None None] Loading extension file: expose_l3_conntrack_helper.py {{(pid=90509) _load_all_extensions_from_path /opt/stack/neutron/neutron/api/extensions.py:449}}
Jun 26 04:34:12.058984 np0000003695 devstack@neutron-api.service[90509]: DEBUG neutron.api.extensions [None req-fc887886-a62a-45e3-a7c6-86c93e5d6131 None None] Ext name="Expose CT target rules for conntrack helper" alias="expose-l3-conntrack-helper" description="Expose allow adding CT target rules for conntrack helper" updated="2019-04-04T10:00:00-00:00" {{(pid=90509) _check_extension /opt/stack/neutron/neutron/api/extensions.py:415}}
Jun 26 04:34:12.058984 np0000003695 devstack@neutron-api.service[90509]: INFO neutron.api.extensions [None req-fc887886-a62a-45e3-a7c6-86c93e5d6131 None None] Extension expose-l3-conntrack-helper not supported by any of loaded plugins
Jun 26 04:34:12.058984 np0000003695 devstack@neutron-api.service[90509]: DEBUG neutron.api.extensions [None req-fc887886-a62a-45e3-a7c6-86c93e5d6131 None None] Loading extension file: expose_port_forwarding_in_fip.py {{(pid=90509) _load_all_extensions_from_path /opt/stack/neutron/neutron/api/extensions.py:449}}
Jun 26 04:34:12.059322 np0000003695 devstack@neutron-api.service[90509]: DEBUG neutron.api.extensions [None req-fc887886-a62a-45e3-a7c6-86c93e5d6131 None None] Ext name="Expose Floating IP port forwardings" alias="expose-port-forwarding-in-fip" description="Expose port forwarding fields in floating IP response" updated="2018-06-28T16:00:00-00:00" {{(pid=90509) _check_extension /opt/stack/neutron/neutron/api/extensions.py:415}}
Jun 26 04:34:12.059322 np0000003695 devstack@neutron-api.service[90509]: INFO neutron.api.extensions [None req-fc887886-a62a-45e3-a7c6-86c93e5d6131 None None] Extension expose-port-forwarding-in-fip not supported by any of loaded plugins
Jun 26 04:34:12.059322 np0000003695 devstack@neutron-api.service[90509]: DEBUG neutron.api.extensions [None req-fc887886-a62a-45e3-a7c6-86c93e5d6131 None None] Loading extension file: external_net.py {{(pid=90509) _load_all_extensions_from_path /opt/stack/neutron/neutron/api/extensions.py:449}}
Jun 26 04:34:12.059735 np0000003695 devstack@neutron-api.service[90509]: DEBUG neutron.api.extensions [None req-fc887886-a62a-45e3-a7c6-86c93e5d6131 None None] Ext name="Neutron external network" alias="external-net" description="Adds external network attribute to network resource." updated="2013-01-14T10:00:00-00:00" {{(pid=90509) _check_extension /opt/stack/neutron/neutron/api/extensions.py:415}}
Jun 26 04:34:12.059735 np0000003695 devstack@neutron-api.service[90509]: INFO neutron.api.extensions [None req-fc887886-a62a-45e3-a7c6-86c93e5d6131 None None] Loaded extension: external-net
Jun 26 04:34:12.059735 np0000003695 devstack@neutron-api.service[90509]: DEBUG neutron.api.extensions [None req-fc887886-a62a-45e3-a7c6-86c93e5d6131 None None] Loading extension file: extra_dhcp_opt.py {{(pid=90509) _load_all_extensions_from_path /opt/stack/neutron/neutron/api/extensions.py:449}}
Jun 26 04:34:12.060219 np0000003695 devstack@neutron-api.service[90509]: DEBUG neutron.api.extensions [None req-fc887886-a62a-45e3-a7c6-86c93e5d6131 None None] Ext name="Neutron Extra DHCP options" alias="extra_dhcp_opt" description="Extra options configuration for DHCP. For example PXE boot options to DHCP clients can be specified (e.g. tftp-server, server-ip-address, bootfile-name)" updated="2013-03-17T12:00:00-00:00" {{(pid=90509) _check_extension /opt/stack/neutron/neutron/api/extensions.py:415}}
Jun 26 04:34:12.060219 np0000003695 devstack@neutron-api.service[90509]: INFO neutron.api.extensions [None req-fc887886-a62a-45e3-a7c6-86c93e5d6131 None None] Loaded extension: extra_dhcp_opt
Jun 26 04:34:12.060219 np0000003695 devstack@neutron-api.service[90509]: DEBUG neutron.api.extensions [None req-fc887886-a62a-45e3-a7c6-86c93e5d6131 None None] Loading extension file: extraroute.py {{(pid=90509) _load_all_extensions_from_path /opt/stack/neutron/neutron/api/extensions.py:449}}
Jun 26 04:34:12.060540 np0000003695 devstack@neutron-api.service[90509]: DEBUG neutron.api.extensions [None req-fc887886-a62a-45e3-a7c6-86c93e5d6131 None None] Ext name="Neutron Extra Route" alias="extraroute" description="Extra routes configuration for L3 router" updated="2013-02-01T10:00:00-00:00" {{(pid=90509) _check_extension /opt/stack/neutron/neutron/api/extensions.py:415}}
Jun 26 04:34:12.060540 np0000003695 devstack@neutron-api.service[90509]: INFO neutron.api.extensions [None req-fc887886-a62a-45e3-a7c6-86c93e5d6131 None None] Loaded extension: extraroute
Jun 26 04:34:12.060851 np0000003695 devstack@neutron-api.service[90509]: DEBUG neutron.api.extensions [None req-fc887886-a62a-45e3-a7c6-86c93e5d6131 None None] Loading extension file: extraroute_atomic.py {{(pid=90509) _load_all_extensions_from_path /opt/stack/neutron/neutron/api/extensions.py:449}}
Jun 26 04:34:12.061208 np0000003695 devstack@neutron-api.service[90509]: DEBUG neutron.api.extensions [None req-fc887886-a62a-45e3-a7c6-86c93e5d6131 None None] Ext name="Atomically add/remove extra routes" alias="extraroute-atomic" description="Edit extra routes of a router on server side by atomically adding/removing extra routes" updated="2019-07-10T00:00:00+00:00" {{(pid=90509) _check_extension /opt/stack/neutron/neutron/api/extensions.py:415}}
Jun 26 04:34:12.061208 np0000003695 devstack@neutron-api.service[90509]: INFO neutron.api.extensions [None req-fc887886-a62a-45e3-a7c6-86c93e5d6131 None None] Loaded extension: extraroute-atomic
Jun 26 04:34:12.061208 np0000003695 devstack@neutron-api.service[90509]: DEBUG neutron.api.extensions [None req-fc887886-a62a-45e3-a7c6-86c93e5d6131 None None] Loading extension file: filter_validation.py {{(pid=90509) _load_all_extensions_from_path /opt/stack/neutron/neutron/api/extensions.py:449}}
Jun 26 04:34:12.061570 np0000003695 devstack@neutron-api.service[90509]: DEBUG neutron.api.extensions [None req-fc887886-a62a-45e3-a7c6-86c93e5d6131 None None] Ext name="Filter parameters validation" alias="filter-validation" description="Provides validation on filter parameters." updated="2018-07-04T10:00:00-00:00" {{(pid=90509) _check_extension /opt/stack/neutron/neutron/api/extensions.py:415}}
Jun 26 04:34:12.061976 np0000003695 devstack@neutron-api.service[90509]: INFO neutron.api.extensions [None req-fc887886-a62a-45e3-a7c6-86c93e5d6131 None None] Loaded extension: filter-validation
Jun 26 04:34:12.061976 np0000003695 devstack@neutron-api.service[90509]: DEBUG neutron.api.extensions [None req-fc887886-a62a-45e3-a7c6-86c93e5d6131 None None] Loading extension file: fip_pf_description.py {{(pid=90509) _load_all_extensions_from_path /opt/stack/neutron/neutron/api/extensions.py:449}}
Jun 26 04:34:12.062326 np0000003695 devstack@neutron-api.service[90509]: DEBUG neutron.api.extensions [None req-fc887886-a62a-45e3-a7c6-86c93e5d6131 None None] Ext name="Floating IP Port Forwarding new attribute description" alias="floating-ip-port-forwarding-description" description="Add a description field to Port Forwarding rules" updated="2019-11-01T10:00:00-00:00" {{(pid=90509) _check_extension /opt/stack/neutron/neutron/api/extensions.py:415}}
Jun 26 04:34:12.062326 np0000003695 devstack@neutron-api.service[90509]: INFO neutron.api.extensions [None req-fc887886-a62a-45e3-a7c6-86c93e5d6131 None None] Extension floating-ip-port-forwarding-description not supported by any of loaded plugins
Jun 26 04:34:12.062326 np0000003695 devstack@neutron-api.service[90509]: DEBUG neutron.api.extensions [None req-fc887886-a62a-45e3-a7c6-86c93e5d6131 None None] Loading extension file: fip_pf_detail.py {{(pid=90509) _load_all_extensions_from_path /opt/stack/neutron/neutron/api/extensions.py:449}}
Jun 26 04:34:12.062852 np0000003695 devstack@neutron-api.service[90509]: DEBUG neutron.api.extensions [None req-fc887886-a62a-45e3-a7c6-86c93e5d6131 None None] Ext name="Floating IP port forwarding detail" alias="floating-ip-port-forwarding-detail" description="Allow list floating ip return more port forwarding data, include'id' and 'internal_port_id'" updated="2022-05-06T10:00:00-00:00" {{(pid=90509) _check_extension /opt/stack/neutron/neutron/api/extensions.py:415}}
Jun 26 04:34:12.063040 np0000003695 devstack@neutron-api.service[90509]: INFO neutron.api.extensions [None req-fc887886-a62a-45e3-a7c6-86c93e5d6131 None None] Loaded extension: floating-ip-port-forwarding-detail
Jun 26 04:34:12.063040 np0000003695 devstack@neutron-api.service[90509]: DEBUG neutron.api.extensions [None req-fc887886-a62a-45e3-a7c6-86c93e5d6131 None None] Loading extension file: fip_pf_port_range.py {{(pid=90509) _load_all_extensions_from_path /opt/stack/neutron/neutron/api/extensions.py:449}}
Jun 26 04:34:12.063519 np0000003695 devstack@neutron-api.service[90509]: DEBUG neutron.api.extensions [None req-fc887886-a62a-45e3-a7c6-86c93e5d6131 None None] Ext name="Floating IP Port Forwarding support port ranges" alias="floating-ip-port-forwarding-port-ranges" description="Add support to port ranges" updated="2020-07-01T10:00:00-00:00" {{(pid=90509) _check_extension /opt/stack/neutron/neutron/api/extensions.py:415}}
Jun 26 04:34:12.063519 np0000003695 devstack@neutron-api.service[90509]: INFO neutron.api.extensions [None req-fc887886-a62a-45e3-a7c6-86c93e5d6131 None None] Extension floating-ip-port-forwarding-port-ranges not supported by any of loaded plugins
