Jun 10 20:50:00.228181 np0000002546 devstack@g-api.service[99095]: DEBUG glance.common.config [None req-9fc3a66a-7e77-4e3c-9116-7bfea33a4cc2 None None] database.asyncio_slave_connection = **** {{(pid=99095) log_opt_values /opt/stack/data/venv/lib/python3.12/site-packages/oslo_config/cfg.py:3256}}
Jun 10 20:50:00.228201 np0000002546 devstack@g-api.service[99094]: DEBUG glance.common.config [None req-5f108060-48ea-4dd9-8d5a-398883f5f760 None None] database.use_db_reconnect = False {{(pid=99094) log_opt_values /opt/stack/data/venv/lib/python3.12/site-packages/oslo_config/cfg.py:3256}}
Jun 10 20:50:00.228230 np0000002546 devstack@g-api.service[99095]: DEBUG glance.common.config [None req-9fc3a66a-7e77-4e3c-9116-7bfea33a4cc2 None None] database.backend = sqlalchemy {{(pid=99095) log_opt_values /opt/stack/data/venv/lib/python3.12/site-packages/oslo_config/cfg.py:3256}}
Jun 10 20:50:00.228251 np0000002546 devstack@g-api.service[99094]: DEBUG glance.common.config [None req-5f108060-48ea-4dd9-8d5a-398883f5f760 None None] healthcheck.allowed_source_ranges = [] {{(pid=99094) log_opt_values /opt/stack/data/venv/lib/python3.12/site-packages/oslo_config/cfg.py:3256}}
Jun 10 20:50:00.228276 np0000002546 devstack@g-api.service[99095]: DEBUG glance.common.config [None req-9fc3a66a-7e77-4e3c-9116-7bfea33a4cc2 None None] database.connection = **** {{(pid=99095) log_opt_values /opt/stack/data/venv/lib/python3.12/site-packages/oslo_config/cfg.py:3256}}
Jun 10 20:50:00.228312 np0000002546 devstack@g-api.service[99094]: DEBUG glance.common.config [None req-5f108060-48ea-4dd9-8d5a-398883f5f760 None None] healthcheck.backends = ['disable_by_file'] {{(pid=99094) log_opt_values /opt/stack/data/venv/lib/python3.12/site-packages/oslo_config/cfg.py:3256}}
Jun 10 20:50:00.228337 np0000002546 devstack@g-api.service[99095]: DEBUG glance.common.config [None req-9fc3a66a-7e77-4e3c-9116-7bfea33a4cc2 None None] database.connection_debug = 0 {{(pid=99095) log_opt_values /opt/stack/data/venv/lib/python3.12/site-packages/oslo_config/cfg.py:3256}}
Jun 10 20:50:00.228357 np0000002546 devstack@g-api.service[99094]: DEBUG glance.common.config [None req-5f108060-48ea-4dd9-8d5a-398883f5f760 None None] healthcheck.detailed = False {{(pid=99094) log_opt_values /opt/stack/data/venv/lib/python3.12/site-packages/oslo_config/cfg.py:3256}}
Jun 10 20:50:00.228378 np0000002546 devstack@g-api.service[99095]: DEBUG glance.common.config [None req-9fc3a66a-7e77-4e3c-9116-7bfea33a4cc2 None None] database.connection_parameters = {{(pid=99095) log_opt_values /opt/stack/data/venv/lib/python3.12/site-packages/oslo_config/cfg.py:3256}}
Jun 10 20:50:00.228398 np0000002546 devstack@g-api.service[99094]: DEBUG glance.common.config [None req-5f108060-48ea-4dd9-8d5a-398883f5f760 None None] healthcheck.disable_by_file_path = None {{(pid=99094) log_opt_values /opt/stack/data/venv/lib/python3.12/site-packages/oslo_config/cfg.py:3256}}
Jun 10 20:50:00.228398 np0000002546 devstack@g-api.service[99094]: DEBUG glance.common.config [None req-5f108060-48ea-4dd9-8d5a-398883f5f760 None None] healthcheck.ignore_proxied_requests = False {{(pid=99094) log_opt_values /opt/stack/data/venv/lib/python3.12/site-packages/oslo_config/cfg.py:3256}}
Jun 10 20:50:00.228443 np0000002546 devstack@g-api.service[99095]: DEBUG glance.common.config [None req-9fc3a66a-7e77-4e3c-9116-7bfea33a4cc2 None None] database.connection_recycle_time = 3600 {{(pid=99095) log_opt_values /opt/stack/data/venv/lib/python3.12/site-packages/oslo_config/cfg.py:3256}}
Jun 10 20:50:00.228465 np0000002546 devstack@g-api.service[99094]: DEBUG glance.common.config [None req-5f108060-48ea-4dd9-8d5a-398883f5f760 None None] ******************************************************************************** {{(pid=99094) log_opt_values /opt/stack/data/venv/lib/python3.12/site-packages/oslo_config/cfg.py:3263}}
Jun 10 20:50:00.228485 np0000002546 devstack@g-api.service[99095]: DEBUG glance.common.config [None req-9fc3a66a-7e77-4e3c-9116-7bfea33a4cc2 None None] database.connection_trace = False {{(pid=99095) log_opt_values /opt/stack/data/venv/lib/python3.12/site-packages/oslo_config/cfg.py:3256}}
Jun 10 20:50:00.228506 np0000002546 devstack@g-api.service[99094]: WSGI app 0 (mountpoint='') ready in 2 seconds on interpreter 0x73cfd84a3668 pid: 99094 (default app)
Jun 10 20:50:00.228532 np0000002546 devstack@g-api.service[99095]: DEBUG glance.common.config [None req-9fc3a66a-7e77-4e3c-9116-7bfea33a4cc2 None None] database.db_inc_retry_interval = True {{(pid=99095) log_opt_values /opt/stack/data/venv/lib/python3.12/site-packages/oslo_config/cfg.py:3256}}
Jun 10 20:50:00.228532 np0000002546 devstack@g-api.service[99095]: DEBUG glance.common.config [None req-9fc3a66a-7e77-4e3c-9116-7bfea33a4cc2 None None] database.db_max_retries = 20 {{(pid=99095) log_opt_values /opt/stack/data/venv/lib/python3.12/site-packages/oslo_config/cfg.py:3256}}
Jun 10 20:50:00.228532 np0000002546 devstack@g-api.service[99095]: DEBUG glance.common.config [None req-9fc3a66a-7e77-4e3c-9116-7bfea33a4cc2 None None] database.db_max_retry_interval = 10 {{(pid=99095) log_opt_values /opt/stack/data/venv/lib/python3.12/site-packages/oslo_config/cfg.py:3256}}
Jun 10 20:50:00.228532 np0000002546 devstack@g-api.service[99095]: DEBUG glance.common.config [None req-9fc3a66a-7e77-4e3c-9116-7bfea33a4cc2 None None] database.db_retry_interval = 1 {{(pid=99095) log_opt_values /opt/stack/data/venv/lib/python3.12/site-packages/oslo_config/cfg.py:3256}}
Jun 10 20:50:00.228822 np0000002546 devstack@g-api.service[99095]: DEBUG glance.common.config [None req-9fc3a66a-7e77-4e3c-9116-7bfea33a4cc2 None None] database.max_overflow = 50 {{(pid=99095) log_opt_values /opt/stack/data/venv/lib/python3.12/site-packages/oslo_config/cfg.py:3256}}
Jun 10 20:50:00.228822 np0000002546 devstack@g-api.service[99095]: DEBUG glance.common.config [None req-9fc3a66a-7e77-4e3c-9116-7bfea33a4cc2 None None] database.max_pool_size = 5 {{(pid=99095) log_opt_values /opt/stack/data/venv/lib/python3.12/site-packages/oslo_config/cfg.py:3256}}
Jun 10 20:50:00.228962 np0000002546 devstack@g-api.service[99094]: DEBUG glance.api.middleware.version_negotiation [None req-5f108060-48ea-4dd9-8d5a-398883f5f760 None None] Determining version of request: GET / Accept: */* {{(pid=99094) process_request /opt/stack/glance/glance/api/middleware/version_negotiation.py:44}}
Jun 10 20:50:00.229025 np0000002546 devstack@g-api.service[99095]: DEBUG glance.common.config [None req-9fc3a66a-7e77-4e3c-9116-7bfea33a4cc2 None None] database.max_retries = 10 {{(pid=99095) log_opt_values /opt/stack/data/venv/lib/python3.12/site-packages/oslo_config/cfg.py:3256}}
Jun 10 20:50:00.229079 np0000002546 devstack@g-api.service[99094]: DEBUG glance.api.middleware.version_negotiation [None req-5f108060-48ea-4dd9-8d5a-398883f5f760 None None] Using url versioning {{(pid=99094) process_request /opt/stack/glance/glance/api/middleware/version_negotiation.py:57}}
Jun 10 20:50:00.229137 np0000002546 devstack@g-api.service[99095]: DEBUG glance.common.config [None req-9fc3a66a-7e77-4e3c-9116-7bfea33a4cc2 None None] database.mysql_sql_mode = TRADITIONAL {{(pid=99095) log_opt_values /opt/stack/data/venv/lib/python3.12/site-packages/oslo_config/cfg.py:3256}}
Jun 10 20:50:00.229137 np0000002546 devstack@g-api.service[99095]: DEBUG glance.common.config [None req-9fc3a66a-7e77-4e3c-9116-7bfea33a4cc2 None None] database.mysql_wsrep_sync_wait = None {{(pid=99095) log_opt_values /opt/stack/data/venv/lib/python3.12/site-packages/oslo_config/cfg.py:3256}}
Jun 10 20:50:00.229242 np0000002546 devstack@g-api.service[99094]: DEBUG glance.api.middleware.version_negotiation [None req-5f108060-48ea-4dd9-8d5a-398883f5f760 None None] Unknown version. Returning version choices. {{(pid=99094) process_request /opt/stack/glance/glance/api/middleware/version_negotiation.py:64}}
Jun 10 20:50:00.229309 np0000002546 devstack@g-api.service[99095]: DEBUG glance.common.config [None req-9fc3a66a-7e77-4e3c-9116-7bfea33a4cc2 None None] database.pool_timeout = None {{(pid=99095) log_opt_values /opt/stack/data/venv/lib/python3.12/site-packages/oslo_config/cfg.py:3256}}
Jun 10 20:50:00.229309 np0000002546 devstack@g-api.service[99095]: DEBUG glance.common.config [None req-9fc3a66a-7e77-4e3c-9116-7bfea33a4cc2 None None] database.retry_interval = 10 {{(pid=99095) log_opt_values /opt/stack/data/venv/lib/python3.12/site-packages/oslo_config/cfg.py:3256}}
Jun 10 20:50:00.229309 np0000002546 devstack@g-api.service[99095]: DEBUG glance.common.config [None req-9fc3a66a-7e77-4e3c-9116-7bfea33a4cc2 None None] database.slave_connection = **** {{(pid=99095) log_opt_values /opt/stack/data/venv/lib/python3.12/site-packages/oslo_config/cfg.py:3256}}
Jun 10 20:50:00.229459 np0000002546 devstack@g-api.service[99095]: DEBUG glance.common.config [None req-9fc3a66a-7e77-4e3c-9116-7bfea33a4cc2 None None] database.sqlite_synchronous = True {{(pid=99095) log_opt_values /opt/stack/data/venv/lib/python3.12/site-packages/oslo_config/cfg.py:3256}}
Jun 10 20:50:00.229459 np0000002546 devstack@g-api.service[99095]: DEBUG glance.common.config [None req-9fc3a66a-7e77-4e3c-9116-7bfea33a4cc2 None None] database.synchronous_reader = True {{(pid=99095) log_opt_values /opt/stack/data/venv/lib/python3.12/site-packages/oslo_config/cfg.py:3256}}
Jun 10 20:50:00.229553 np0000002546 devstack@g-api.service[99095]: DEBUG glance.common.config [None req-9fc3a66a-7e77-4e3c-9116-7bfea33a4cc2 None None] database.use_db_reconnect = False {{(pid=99095) log_opt_values /opt/stack/data/venv/lib/python3.12/site-packages/oslo_config/cfg.py:3256}}
Jun 10 20:50:00.229618 np0000002546 devstack@g-api.service[99095]: DEBUG glance.common.config [None req-9fc3a66a-7e77-4e3c-9116-7bfea33a4cc2 None None] healthcheck.allowed_source_ranges = [] {{(pid=99095) log_opt_values /opt/stack/data/venv/lib/python3.12/site-packages/oslo_config/cfg.py:3256}}
Jun 10 20:50:00.229696 np0000002546 devstack@g-api.service[99095]: DEBUG glance.common.config [None req-9fc3a66a-7e77-4e3c-9116-7bfea33a4cc2 None None] healthcheck.backends = ['disable_by_file'] {{(pid=99095) log_opt_values /opt/stack/data/venv/lib/python3.12/site-packages/oslo_config/cfg.py:3256}}
Jun 10 20:50:00.229761 np0000002546 devstack@g-api.service[99094]: [pid: 99094|app: 0|req: 1/1] 127.0.0.1 () {34 vars in 447 bytes} [Wed Jun 10 20:50:00 2026] GET / => generated 1381 bytes in 1 msecs (HTTP/1.1 300) 3 headers in 106 bytes (1 switches on core 0)
Jun 10 20:50:00.229816 np0000002546 devstack@g-api.service[99095]: DEBUG glance.common.config [None req-9fc3a66a-7e77-4e3c-9116-7bfea33a4cc2 None None] healthcheck.detailed = False {{(pid=99095) log_opt_values /opt/stack/data/venv/lib/python3.12/site-packages/oslo_config/cfg.py:3256}}
Jun 10 20:50:00.229877 np0000002546 devstack@g-api.service[99095]: DEBUG glance.common.config [None req-9fc3a66a-7e77-4e3c-9116-7bfea33a4cc2 None None] healthcheck.disable_by_file_path = None {{(pid=99095) log_opt_values /opt/stack/data/venv/lib/python3.12/site-packages/oslo_config/cfg.py:3256}}
Jun 10 20:50:00.229973 np0000002546 devstack@g-api.service[99095]: DEBUG glance.common.config [None req-9fc3a66a-7e77-4e3c-9116-7bfea33a4cc2 None None] healthcheck.ignore_proxied_requests = False {{(pid=99095) log_opt_values /opt/stack/data/venv/lib/python3.12/site-packages/oslo_config/cfg.py:3256}}
Jun 10 20:50:00.230055 np0000002546 devstack@g-api.service[99095]: DEBUG glance.common.config [None req-9fc3a66a-7e77-4e3c-9116-7bfea33a4cc2 None None] ******************************************************************************** {{(pid=99095) log_opt_values /opt/stack/data/venv/lib/python3.12/site-packages/oslo_config/cfg.py:3263}}
Jun 10 20:50:00.230151 np0000002546 devstack@g-api.service[99095]: WSGI app 0 (mountpoint='') ready in 2 seconds on interpreter 0x73cfd84a3668 pid: 99095 (default app)
Jun 10 20:50:02.292184 np0000002546 devstack@g-api.service[99094]: DEBUG glance.api.middleware.version_negotiation [None req-5f108060-48ea-4dd9-8d5a-398883f5f760 None None] Determining version of request: GET / Accept: application/json {{(pid=99094) process_request /opt/stack/glance/glance/api/middleware/version_negotiation.py:44}}
Jun 10 20:50:02.292575 np0000002546 devstack@g-api.service[99094]: DEBUG glance.api.middleware.version_negotiation [None req-5f108060-48ea-4dd9-8d5a-398883f5f760 None None] Using url versioning {{(pid=99094) process_request /opt/stack/glance/glance/api/middleware/version_negotiation.py:57}}
Jun 10 20:50:02.292575 np0000002546 devstack@g-api.service[99094]: DEBUG glance.api.middleware.version_negotiation [None req-5f108060-48ea-4dd9-8d5a-398883f5f760 None None] Unknown version. Returning version choices. {{(pid=99094) process_request /opt/stack/glance/glance/api/middleware/version_negotiation.py:64}}
Jun 10 20:50:02.293189 np0000002546 devstack@g-api.service[99094]: [pid: 99094|app: 0|req: 2/2] 127.0.0.1 () {36 vars in 565 bytes} [Wed Jun 10 20:50:02 2026] GET / => generated 1381 bytes in 1 msecs (HTTP/1.1 300) 3 headers in 106 bytes (1 switches on core 0)
Jun 10 20:50:02.303155 np0000002546 devstack@g-api.service[99095]: DEBUG glance.api.middleware.version_negotiation [None req-9fc3a66a-7e77-4e3c-9116-7bfea33a4cc2 None None] Determining version of request: POST /v2/images Accept: */* {{(pid=99095) process_request /opt/stack/glance/glance/api/middleware/version_negotiation.py:44}}
Jun 10 20:50:02.303523 np0000002546 devstack@g-api.service[99095]: DEBUG glance.api.middleware.version_negotiation [None req-9fc3a66a-7e77-4e3c-9116-7bfea33a4cc2 None None] Using url versioning {{(pid=99095) process_request /opt/stack/glance/glance/api/middleware/version_negotiation.py:57}}
Jun 10 20:50:02.303701 np0000002546 devstack@g-api.service[99095]: DEBUG glance.api.middleware.version_negotiation [None req-9fc3a66a-7e77-4e3c-9116-7bfea33a4cc2 None None] Matched version: v2 {{(pid=99095) process_request /opt/stack/glance/glance/api/middleware/version_negotiation.py:69}}
Jun 10 20:50:02.303796 np0000002546 devstack@g-api.service[99095]: DEBUG glance.api.middleware.version_negotiation [None req-9fc3a66a-7e77-4e3c-9116-7bfea33a4cc2 None None] new path /v2/images {{(pid=99095) process_request /opt/stack/glance/glance/api/middleware/version_negotiation.py:70}}
Jun 10 20:50:03.261484 np0000002546 devstack@g-api.service[99095]: [pid: 99095|app: 0|req: 1/3] 127.0.0.1 () {42 vars in 828 bytes} [Wed Jun 10 20:50:02 2026] POST /v2/images => generated 807 bytes in 958 msecs (HTTP/1.1 201) 6 headers in 315 bytes (1 switches on core 0)
Jun 10 20:50:03.271881 np0000002546 devstack@g-api.service[99094]: DEBUG glance.api.middleware.version_negotiation [None req-5f108060-48ea-4dd9-8d5a-398883f5f760 None None] Determining version of request: PUT /v2/images/083f247d-280b-44c1-8cc2-c62e5164244c/stage Accept: {{(pid=99094) process_request /opt/stack/glance/glance/api/middleware/version_negotiation.py:44}}
Jun 10 20:50:03.272016 np0000002546 devstack@g-api.service[99094]: DEBUG glance.api.middleware.version_negotiation [None req-5f108060-48ea-4dd9-8d5a-398883f5f760 None None] Using url versioning {{(pid=99094) process_request /opt/stack/glance/glance/api/middleware/version_negotiation.py:57}}
Jun 10 20:50:03.272398 np0000002546 devstack@g-api.service[99094]: DEBUG glance.api.middleware.version_negotiation [None req-5f108060-48ea-4dd9-8d5a-398883f5f760 None None] Matched version: v2 {{(pid=99094) process_request /opt/stack/glance/glance/api/middleware/version_negotiation.py:69}}
Jun 10 20:50:03.272498 np0000002546 devstack@g-api.service[99094]: DEBUG glance.api.middleware.version_negotiation [None req-5f108060-48ea-4dd9-8d5a-398883f5f760 None None] new path /v2/images/083f247d-280b-44c1-8cc2-c62e5164244c/stage {{(pid=99094) process_request /opt/stack/glance/glance/api/middleware/version_negotiation.py:70}}
Jun 10 20:50:03.876779 np0000002546 devstack@g-api.service[99094]: DEBUG glance_store.backend [None req-30464ff4-1902-4f7c-a5f8-a271941bd4b2 admin admin] Attempting to import store cinder {{(pid=99094) _load_store /opt/stack/data/venv/lib/python3.12/site-packages/glance_store/backend.py:215}}
Jun 10 20:50:03.877252 np0000002546 devstack@g-api.service[99094]: DEBUG glance_store.backend [None req-30464ff4-1902-4f7c-a5f8-a271941bd4b2 admin admin] Attempting to import store file {{(pid=99094) _load_store /opt/stack/data/venv/lib/python3.12/site-packages/glance_store/backend.py:215}}
Jun 10 20:50:03.877252 np0000002546 devstack@g-api.service[99094]: DEBUG glance_store.backend [None req-30464ff4-1902-4f7c-a5f8-a271941bd4b2 admin admin] Attempting to import store glance.store.cinder.Store {{(pid=99094) _load_store /opt/stack/data/venv/lib/python3.12/site-packages/glance_store/backend.py:215}}
Jun 10 20:50:03.877252 np0000002546 devstack@g-api.service[99094]: DEBUG glance_store.backend [None req-30464ff4-1902-4f7c-a5f8-a271941bd4b2 admin admin] Attempting to import store glance.store.filesystem.Store {{(pid=99094) _load_store /opt/stack/data/venv/lib/python3.12/site-packages/glance_store/backend.py:215}}
Jun 10 20:50:03.877252 np0000002546 devstack@g-api.service[99094]: DEBUG glance_store.backend [None req-30464ff4-1902-4f7c-a5f8-a271941bd4b2 admin admin] Attempting to import store glance.store.http.Store {{(pid=99094) _load_store /opt/stack/data/venv/lib/python3.12/site-packages/glance_store/backend.py:215}}
Jun 10 20:50:03.877252 np0000002546 devstack@g-api.service[99094]: DEBUG glance_store.backend [None req-30464ff4-1902-4f7c-a5f8-a271941bd4b2 admin admin] Attempting to import store glance.store.rbd.Store {{(pid=99094) _load_store /opt/stack/data/venv/lib/python3.12/site-packages/glance_store/backend.py:215}}
Jun 10 20:50:03.877453 np0000002546 devstack@g-api.service[99094]: DEBUG glance_store.backend [None req-30464ff4-1902-4f7c-a5f8-a271941bd4b2 admin admin] Attempting to import store glance.store.s3.Store {{(pid=99094) _load_store /opt/stack/data/venv/lib/python3.12/site-packages/glance_store/backend.py:215}}
Jun 10 20:50:03.877453 np0000002546 devstack@g-api.service[99094]: DEBUG glance_store.backend [None req-30464ff4-1902-4f7c-a5f8-a271941bd4b2 admin admin] Attempting to import store glance.store.swift.Store {{(pid=99094) _load_store /opt/stack/data/venv/lib/python3.12/site-packages/glance_store/backend.py:215}}
Jun 10 20:50:03.877572 np0000002546 devstack@g-api.service[99094]: DEBUG glance_store.backend [None req-30464ff4-1902-4f7c-a5f8-a271941bd4b2 admin admin] Attempting to import store glance.store.vmware_datastore.Store {{(pid=99094) _load_store /opt/stack/data/venv/lib/python3.12/site-packages/glance_store/backend.py:215}}
Jun 10 20:50:03.877703 np0000002546 devstack@g-api.service[99094]: DEBUG glance_store.backend [None req-30464ff4-1902-4f7c-a5f8-a271941bd4b2 admin admin] Attempting to import store http {{(pid=99094) _load_store /opt/stack/data/venv/lib/python3.12/site-packages/glance_store/backend.py:215}}
Jun 10 20:50:03.877810 np0000002546 devstack@g-api.service[99094]: DEBUG glance_store.backend [None req-30464ff4-1902-4f7c-a5f8-a271941bd4b2 admin admin] Attempting to import store no_conf {{(pid=99094) _load_store /opt/stack/data/venv/lib/python3.12/site-packages/glance_store/backend.py:215}}
Jun 10 20:50:03.877942 np0000002546 devstack@g-api.service[99094]: DEBUG glance_store.backend [None req-30464ff4-1902-4f7c-a5f8-a271941bd4b2 admin admin] Attempting to import store rbd {{(pid=99094) _load_store /opt/stack/data/venv/lib/python3.12/site-packages/glance_store/backend.py:215}}
Jun 10 20:50:03.878058 np0000002546 devstack@g-api.service[99094]: DEBUG glance_store.backend [None req-30464ff4-1902-4f7c-a5f8-a271941bd4b2 admin admin] Attempting to import store s3 {{(pid=99094) _load_store /opt/stack/data/venv/lib/python3.12/site-packages/glance_store/backend.py:215}}
Jun 10 20:50:03.878174 np0000002546 devstack@g-api.service[99094]: DEBUG glance_store.backend [None req-30464ff4-1902-4f7c-a5f8-a271941bd4b2 admin admin] Attempting to import store swift {{(pid=99094) _load_store /opt/stack/data/venv/lib/python3.12/site-packages/glance_store/backend.py:215}}
Jun 10 20:50:03.878396 np0000002546 devstack@g-api.service[99094]: DEBUG glance_store.backend [None req-30464ff4-1902-4f7c-a5f8-a271941bd4b2 admin admin] Attempting to import store vmware {{(pid=99094) _load_store /opt/stack/data/venv/lib/python3.12/site-packages/glance_store/backend.py:215}}
Jun 10 20:50:03.878511 np0000002546 devstack@g-api.service[99094]: DEBUG glance_store.backend [None req-30464ff4-1902-4f7c-a5f8-a271941bd4b2 admin admin] Registering options for group glance_store {{(pid=99094) register_opts /opt/stack/data/venv/lib/python3.12/site-packages/glance_store/backend.py:144}}
Jun 10 20:50:03.878610 np0000002546 devstack@g-api.service[99094]: DEBUG glance_store.backend [None req-30464ff4-1902-4f7c-a5f8-a271941bd4b2 admin admin] Registering options for group glance_store {{(pid=99094) register_opts /opt/stack/data/venv/lib/python3.12/site-packages/glance_store/backend.py:144}}
Jun 10 20:50:03.878963 np0000002546 devstack@g-api.service[99094]: DEBUG glance_store.backend [None req-30464ff4-1902-4f7c-a5f8-a271941bd4b2 admin admin] Attempting to import store file {{(pid=99094) _load_store /opt/stack/data/venv/lib/python3.12/site-packages/glance_store/backend.py:215}}
Jun 10 20:50:03.879290 np0000002546 devstack@g-api.service[99094]: INFO glance_store._drivers.filesystem [None req-30464ff4-1902-4f7c-a5f8-a271941bd4b2 admin admin] Directory to write image files does not exist (/tmp/staging/). Creating.
Jun 10 20:50:03.879511 np0000002546 devstack@g-api.service[99094]: DEBUG glance_store.capabilities [None req-30464ff4-1902-4f7c-a5f8-a271941bd4b2 admin admin] Store glance_store._drivers.filesystem.Store doesn't support updating dynamic storage capabilities. Please overwrite 'update_capabilities' method of the store to implement updating logics if needed. {{(pid=99094) update_capabilities /opt/stack/data/venv/lib/python3.12/site-packages/glance_store/capabilities.py:91}}
Jun 10 20:50:04.452099 np0000002546 devstack@g-api.service[99094]: DEBUG glance_store._drivers.filesystem [None req-30464ff4-1902-4f7c-a5f8-a271941bd4b2 admin admin] Wrote 21430272 bytes to /tmp/staging/083f247d-280b-44c1-8cc2-c62e5164244c with checksum c8fc807773e5354afe61636071771906 and multihash c8fc807773e5354afe61636071771906 {{(pid=99094) add /opt/stack/data/venv/lib/python3.12/site-packages/glance_store/_drivers/filesystem.py:899}}
Jun 10 20:50:04.470072 np0000002546 devstack@g-api.service[99094]: [pid: 99094|app: 0|req: 3/4] 127.0.0.1 () {42 vars in 923 bytes} [Wed Jun 10 20:50:03 2026] PUT /v2/images/083f247d-280b-44c1-8cc2-c62e5164244c/stage => generated 0 bytes in 1198 msecs (HTTP/1.1 204) 4 headers in 171 bytes (1 switches on core 0)
Jun 10 20:50:04.480180 np0000002546 devstack@g-api.service[99095]: DEBUG glance.api.middleware.version_negotiation [None req-c001b024-50a4-4861-be99-abe8aa762944 admin admin] Determining version of request: POST /v2/images/083f247d-280b-44c1-8cc2-c62e5164244c/import Accept: */* {{(pid=99095) process_request /opt/stack/glance/glance/api/middleware/version_negotiation.py:44}}
Jun 10 20:50:04.480180 np0000002546 devstack@g-api.service[99095]: DEBUG glance.api.middleware.version_negotiation [None req-c001b024-50a4-4861-be99-abe8aa762944 admin admin] Using url versioning {{(pid=99095) process_request /opt/stack/glance/glance/api/middleware/version_negotiation.py:57}}
Jun 10 20:50:04.480180 np0000002546 devstack@g-api.service[99095]: DEBUG glance.api.middleware.version_negotiation [None req-c001b024-50a4-4861-be99-abe8aa762944 admin admin] Matched version: v2 {{(pid=99095) process_request /opt/stack/glance/glance/api/middleware/version_negotiation.py:69}}
Jun 10 20:50:04.480180 np0000002546 devstack@g-api.service[99095]: DEBUG glance.api.middleware.version_negotiation [None req-c001b024-50a4-4861-be99-abe8aa762944 admin admin] new path /v2/images/083f247d-280b-44c1-8cc2-c62e5164244c/import {{(pid=99095) process_request /opt/stack/glance/glance/api/middleware/version_negotiation.py:70}}
Jun 10 20:50:04.947227 np0000002546 devstack@g-api.service[99095]: DEBUG glance.domain [None req-7f460426-1083-47fc-9d3b-7d2b7f835676 admin admin] Loading taskflow executor {{(pid=99095) new_task_executor /opt/stack/glance/glance/domain/__init__.py:530}}
Jun 10 20:50:05.133829 np0000002546 devstack@g-api.service[99095]: DEBUG oslo_concurrency.lockutils [None req-7f460426-1083-47fc-9d3b-7d2b7f835676 admin admin] Acquiring lock "tasks_pool" by "glance.api.common.memoize..memoizer_wrapper..memoizer" {{(pid=99095) inner /opt/stack/data/venv/lib/python3.12/site-packages/oslo_concurrency/lockutils.py:511}}
Jun 10 20:50:05.134054 np0000002546 devstack@g-api.service[99095]: DEBUG oslo_concurrency.lockutils [None req-7f460426-1083-47fc-9d3b-7d2b7f835676 admin admin] Lock "tasks_pool" acquired by "glance.api.common.memoize..memoizer_wrapper..memoizer" :: waited 0.000s {{(pid=99095) inner /opt/stack/data/venv/lib/python3.12/site-packages/oslo_concurrency/lockutils.py:524}}
Jun 10 20:50:05.134545 np0000002546 devstack@g-api.service[99095]: DEBUG glance.api.common [None req-7f460426-1083-47fc-9d3b-7d2b7f835676 admin admin] Initializing named threadpool 'tasks_pool' {{(pid=99095) _get_thread_pool /opt/stack/glance/glance/api/common.py:242}}
Jun 10 20:50:05.134719 np0000002546 devstack@g-api.service[99095]: DEBUG glance.async_ [None req-7f460426-1083-47fc-9d3b-7d2b7f835676 admin admin] Creating threadpool model 'ThreadPoolExecutor' with size 16 {{(pid=99095) __init__ /opt/stack/glance/glance/async_/__init__.py:100}}
Jun 10 20:50:05.134884 np0000002546 devstack@g-api.service[99095]: DEBUG oslo_concurrency.lockutils [None req-7f460426-1083-47fc-9d3b-7d2b7f835676 admin admin] Lock "tasks_pool" "released" by "glance.api.common.memoize..memoizer_wrapper..memoizer" :: held 0.001s {{(pid=99095) inner /opt/stack/data/venv/lib/python3.12/site-packages/oslo_concurrency/lockutils.py:543}}
Jun 10 20:50:05.135032 np0000002546 devstack@g-api.service[99095]: DEBUG glance.async_ [None req-7f460426-1083-47fc-9d3b-7d2b7f835676 admin admin] Spawning with ThreadPoolExecutor: >((,), {}) {{(pid=99095) spawn /opt/stack/glance/glance/async_/__init__.py:106}}
Jun 10 20:50:05.136807 np0000002546 devstack@g-api.service[99095]: [pid: 99095|app: 0|req: 2/5] 127.0.0.1 () {42 vars in 915 bytes} [Wed Jun 10 20:50:04 2026] POST /v2/images/083f247d-280b-44c1-8cc2-c62e5164244c/import => generated 0 bytes in 657 msecs (HTTP/1.1 202) 4 headers in 169 bytes (1 switches on core 0)
Jun 10 20:50:05.139160 np0000002546 devstack@g-api.service[99095]: INFO glance.domain [-] Task [f5c8506b-b135-4387-a296-401934b25bd0] status changing from pending to processing
Jun 10 20:50:05.143387 np0000002546 devstack@g-api.service[99094]: DEBUG glance.api.middleware.version_negotiation [None req-30464ff4-1902-4f7c-a5f8-a271941bd4b2 admin admin] Determining version of request: GET /v2/images/083f247d-280b-44c1-8cc2-c62e5164244c Accept: */* {{(pid=99094) process_request /opt/stack/glance/glance/api/middleware/version_negotiation.py:44}}
Jun 10 20:50:05.143730 np0000002546 devstack@g-api.service[99094]: DEBUG glance.api.middleware.version_negotiation [None req-30464ff4-1902-4f7c-a5f8-a271941bd4b2 admin admin] Using url versioning {{(pid=99094) process_request /opt/stack/glance/glance/api/middleware/version_negotiation.py:57}}
Jun 10 20:50:05.143730 np0000002546 devstack@g-api.service[99094]: DEBUG glance.api.middleware.version_negotiation [None req-30464ff4-1902-4f7c-a5f8-a271941bd4b2 admin admin] Matched version: v2 {{(pid=99094) process_request /opt/stack/glance/glance/api/middleware/version_negotiation.py:69}}
Jun 10 20:50:05.143730 np0000002546 devstack@g-api.service[99094]: DEBUG glance.api.middleware.version_negotiation [None req-30464ff4-1902-4f7c-a5f8-a271941bd4b2 admin admin] new path /v2/images/083f247d-280b-44c1-8cc2-c62e5164244c {{(pid=99094) process_request /opt/stack/glance/glance/api/middleware/version_negotiation.py:70}}
Jun 10 20:50:05.149143 np0000002546 devstack@g-api.service[99095]: DEBUG glance.async_.taskflow_executor [-] Taskflow executor picked up the execution of task ID f5c8506b-b135-4387-a296-401934b25bd0 of task type api_image_import {{(pid=99095) _run /opt/stack/glance/glance/async_/taskflow_executor.py:163}}
Jun 10 20:50:05.151662 np0000002546 devstack@g-api.service[99094]: [pid: 99094|app: 0|req: 4/6] 127.0.0.1 () {38 vars in 848 bytes} [Wed Jun 10 20:50:05 2026] GET /v2/images/083f247d-280b-44c1-8cc2-c62e5164244c => generated 879 bytes in 8 msecs (HTTP/1.1 200) 4 headers in 157 bytes (1 switches on core 0)
Jun 10 20:50:05.165500 np0000002546 devstack@g-api.service[99095]: DEBUG glance_store.backend [-] Attempting to import store cinder {{(pid=99095) _load_store /opt/stack/data/venv/lib/python3.12/site-packages/glance_store/backend.py:215}}
Jun 10 20:50:05.165624 np0000002546 devstack@g-api.service[99095]: DEBUG glance_store.backend [-] Attempting to import store file {{(pid=99095) _load_store /opt/stack/data/venv/lib/python3.12/site-packages/glance_store/backend.py:215}}
Jun 10 20:50:05.165659 np0000002546 devstack@g-api.service[99095]: DEBUG glance_store.backend [-] Attempting to import store glance.store.cinder.Store {{(pid=99095) _load_store /opt/stack/data/venv/lib/python3.12/site-packages/glance_store/backend.py:215}}
Jun 10 20:50:05.165728 np0000002546 devstack@g-api.service[99095]: DEBUG glance_store.backend [-] Attempting to import store glance.store.filesystem.Store {{(pid=99095) _load_store /opt/stack/data/venv/lib/python3.12/site-packages/glance_store/backend.py:215}}
Jun 10 20:50:05.165795 np0000002546 devstack@g-api.service[99095]: DEBUG glance_store.backend [-] Attempting to import store glance.store.http.Store {{(pid=99095) _load_store /opt/stack/data/venv/lib/python3.12/site-packages/glance_store/backend.py:215}}
Jun 10 20:50:05.165859 np0000002546 devstack@g-api.service[99095]: DEBUG glance_store.backend [-] Attempting to import store glance.store.rbd.Store {{(pid=99095) _load_store /opt/stack/data/venv/lib/python3.12/site-packages/glance_store/backend.py:215}}
Jun 10 20:50:05.165940 np0000002546 devstack@g-api.service[99095]: DEBUG glance_store.backend [-] Attempting to import store glance.store.s3.Store {{(pid=99095) _load_store /opt/stack/data/venv/lib/python3.12/site-packages/glance_store/backend.py:215}}
Jun 10 20:50:05.166009 np0000002546 devstack@g-api.service[99095]: DEBUG glance_store.backend [-] Attempting to import store glance.store.swift.Store {{(pid=99095) _load_store /opt/stack/data/venv/lib/python3.12/site-packages/glance_store/backend.py:215}}
Jun 10 20:50:05.166077 np0000002546 devstack@g-api.service[99095]: DEBUG glance_store.backend [-] Attempting to import store glance.store.vmware_datastore.Store {{(pid=99095) _load_store /opt/stack/data/venv/lib/python3.12/site-packages/glance_store/backend.py:215}}
Jun 10 20:50:05.166144 np0000002546 devstack@g-api.service[99095]: DEBUG glance_store.backend [-] Attempting to import store http {{(pid=99095) _load_store /opt/stack/data/venv/lib/python3.12/site-packages/glance_store/backend.py:215}}
Jun 10 20:50:05.166211 np0000002546 devstack@g-api.service[99095]: DEBUG glance_store.backend [-] Attempting to import store no_conf {{(pid=99095) _load_store /opt/stack/data/venv/lib/python3.12/site-packages/glance_store/backend.py:215}}
Jun 10 20:50:05.166277 np0000002546 devstack@g-api.service[99095]: DEBUG glance_store.backend [-] Attempting to import store rbd {{(pid=99095) _load_store /opt/stack/data/venv/lib/python3.12/site-packages/glance_store/backend.py:215}}
Jun 10 20:50:05.167331 np0000002546 devstack@g-api.service[99095]: DEBUG glance_store.backend [-] Attempting to import store s3 {{(pid=99095) _load_store /opt/stack/data/venv/lib/python3.12/site-packages/glance_store/backend.py:215}}
Jun 10 20:50:05.167458 np0000002546 devstack@g-api.service[99095]: DEBUG glance_store.backend [-] Attempting to import store swift {{(pid=99095) _load_store /opt/stack/data/venv/lib/python3.12/site-packages/glance_store/backend.py:215}}
Jun 10 20:50:05.167569 np0000002546 devstack@g-api.service[99095]: DEBUG glance_store.backend [-] Attempting to import store vmware {{(pid=99095) _load_store /opt/stack/data/venv/lib/python3.12/site-packages/glance_store/backend.py:215}}
Jun 10 20:50:05.167678 np0000002546 devstack@g-api.service[99095]: DEBUG glance_store.backend [-] Registering options for group glance_store {{(pid=99095) register_opts /opt/stack/data/venv/lib/python3.12/site-packages/glance_store/backend.py:144}}
Jun 10 20:50:05.167783 np0000002546 devstack@g-api.service[99095]: DEBUG glance_store.backend [-] Registering options for group glance_store {{(pid=99095) register_opts /opt/stack/data/venv/lib/python3.12/site-packages/glance_store/backend.py:144}}
Jun 10 20:50:05.168191 np0000002546 devstack@g-api.service[99095]: DEBUG glance_store.backend [-] Attempting to import store file {{(pid=99095) _load_store /opt/stack/data/venv/lib/python3.12/site-packages/glance_store/backend.py:215}}
Jun 10 20:50:05.168546 np0000002546 devstack@g-api.service[99095]: DEBUG glance_store.capabilities [-] Store glance_store._drivers.filesystem.Store doesn't support updating dynamic storage capabilities. Please overwrite 'update_capabilities' method of the store to implement updating logics if needed. {{(pid=99095) update_capabilities /opt/stack/data/venv/lib/python3.12/site-packages/glance_store/capabilities.py:91}}
Jun 10 20:50:05.175174 np0000002546 devstack@g-api.service[99095]: DEBUG glance.async_.flows.api_image_import [-] Image 083f247d-280b-44c1-8cc2-c62e5164244c os_glance_importing_to_stores= {{(pid=99095) merge_store_list /opt/stack/glance/glance/async_/flows/api_image_import.py:277}}
Jun 10 20:50:05.175276 np0000002546 devstack@g-api.service[99095]: DEBUG glance.async_.flows.api_image_import [-] Image 083f247d-280b-44c1-8cc2-c62e5164244c os_glance_failed_import= {{(pid=99095) merge_store_list /opt/stack/glance/glance/async_/flows/api_image_import.py:277}}
Jun 10 20:50:05.180057 np0000002546 devstack@g-api.service[99095]: DEBUG glance.async_.flows.api_image_import [-] Image 083f247d-280b-44c1-8cc2-c62e5164244c status changing from uploading to importing {{(pid=99095) __exit__ /opt/stack/glance/glance/async_/flows/api_image_import.py:166}}
Jun 10 20:50:05.636580 np0000002546 devstack@g-api.service[99095]: DEBUG glance.async_ [-] Creating threadpool model 'ThreadPoolExecutor' with size 10 {{(pid=99095) __init__ /opt/stack/glance/glance/async_/__init__.py:100}}
Jun 10 20:50:05.654971 np0000002546 devstack@g-api.service[99095]: DEBUG glance.async_.taskflow_executor [-] Flow 'api_image_import' (5fb97285-8429-4043-8beb-6281d93f8d42) transitioned into state 'RUNNING' from state 'PENDING' {{(pid=99095) _flow_receiver /opt/stack/data/venv/lib/python3.12/site-packages/taskflow/listeners/logging.py:160}}
Jun 10 20:50:05.656756 np0000002546 devstack@g-api.service[99095]: DEBUG glance.async_.taskflow_executor [-] Task 'api_image_import-ImageLock-f5c8506b-b135-4387-a296-401934b25bd0' (e7f0a369-a318-496f-add3-520b8cf97808) transitioned into state 'RUNNING' from state 'PENDING' {{(pid=99095) _task_receiver /opt/stack/data/venv/lib/python3.12/site-packages/taskflow/listeners/logging.py:242}}
Jun 10 20:50:05.662240 np0000002546 devstack@g-api.service[99095]: DEBUG glance.async_.flows.api_image_import [-] Image 083f247d-280b-44c1-8cc2-c62e5164244c import task f5c8506b-b135-4387-a296-401934b25bd0 lock confirmed {{(pid=99095) execute /opt/stack/glance/glance/async_/flows/api_image_import.py:477}}
Jun 10 20:50:05.662860 np0000002546 devstack@g-api.service[99095]: DEBUG glance.async_.taskflow_executor [-] Task 'api_image_import-ImageLock-f5c8506b-b135-4387-a296-401934b25bd0' (e7f0a369-a318-496f-add3-520b8cf97808) transitioned into state 'SUCCESS' from state 'RUNNING' with result 'None' {{(pid=99095) _task_receiver /opt/stack/data/venv/lib/python3.12/site-packages/taskflow/listeners/logging.py:218}}
Jun 10 20:50:05.663542 np0000002546 devstack@g-api.service[99095]: DEBUG glance.async_.taskflow_executor [-] Task 'api_image_import-ConfigureStaging-f5c8506b-b135-4387-a296-401934b25bd0' (c53f20b2-ffd2-47b2-b7ed-321ebedafc16) transitioned into state 'RUNNING' from state 'PENDING' {{(pid=99095) _task_receiver /opt/stack/data/venv/lib/python3.12/site-packages/taskflow/listeners/logging.py:242}}
Jun 10 20:50:05.664405 np0000002546 devstack@g-api.service[99095]: DEBUG glance.async_.taskflow_executor [-] Task 'api_image_import-ConfigureStaging-f5c8506b-b135-4387-a296-401934b25bd0' (c53f20b2-ffd2-47b2-b7ed-321ebedafc16) transitioned into state 'SUCCESS' from state 'RUNNING' with result 'file:///tmp/staging/083f247d-280b-44c1-8cc2-c62e5164244c' {{(pid=99095) _task_receiver /opt/stack/data/venv/lib/python3.12/site-packages/taskflow/listeners/logging.py:218}}
Jun 10 20:50:05.665014 np0000002546 devstack@g-api.service[99095]: DEBUG glance.async_.taskflow_executor [-] Task 'api_image_import--ImportToStore-f5c8506b-b135-4387-a296-401934b25bd0' (60929e80-9301-49e9-bef6-43a1ce543b56) transitioned into state 'RUNNING' from state 'PENDING' {{(pid=99095) _task_receiver /opt/stack/data/venv/lib/python3.12/site-packages/taskflow/listeners/logging.py:242}}
Jun 10 20:50:05.669700 np0000002546 devstack@g-api.service[99095]: INFO glance.common.scripts.image_import.main [-] Task f5c8506b-b135-4387-a296-401934b25bd0: Got image data uri file:///tmp/staging/083f247d-280b-44c1-8cc2-c62e5164244c to be imported
Jun 10 20:50:05.670848 np0000002546 devstack@g-api.service[99095]: DEBUG glance.location [-] Enabling in-flight format inspection for qcow2 {{(pid=99095) set_data /opt/stack/glance/glance/location.py:616}}
Jun 10 20:50:05.671180 np0000002546 devstack@g-api.service[99095]: DEBUG glance_store.backend [-] Attempting to import store swift {{(pid=99095) _load_store /opt/stack/data/venv/lib/python3.12/site-packages/glance_store/backend.py:215}}
Jun 10 20:50:05.672349 np0000002546 devstack@g-api.service[99095]: DEBUG glance_store.capabilities [-] Store glance_store._drivers.swift.store.SingleTenantStore doesn't support updating dynamic storage capabilities. Please overwrite 'update_capabilities' method of the store to implement updating logics if needed. {{(pid=99095) update_capabilities /opt/stack/data/venv/lib/python3.12/site-packages/glance_store/capabilities.py:91}}
Jun 10 20:50:05.672421 np0000002546 devstack@g-api.service[99095]: DEBUG glance_store.driver [-] Late loading location class glance_store._drivers.swift.store.StoreLocation {{(pid=99095) get_store_location_class /opt/stack/data/venv/lib/python3.12/site-packages/glance_store/driver.py:134}}
Jun 10 20:50:05.672484 np0000002546 devstack@g-api.service[99095]: DEBUG glance_store.location [-] Registering scheme swift+https with {'store': , 'location_class': , 'store_entry': 'swift'} {{(pid=99095) register_scheme_map /opt/stack/data/venv/lib/python3.12/site-packages/glance_store/location.py:146}}
Jun 10 20:50:05.672534 np0000002546 devstack@g-api.service[99095]: DEBUG glance_store.location [-] Registering scheme swift+https with {'store': , 'location_class': , 'store_entry': 'swift'} {{(pid=99095) register_scheme_map /opt/stack/data/venv/lib/python3.12/site-packages/glance_store/location.py:146}}
Jun 10 20:50:05.672578 np0000002546 devstack@g-api.service[99095]: DEBUG glance_store.location [-] Registering scheme swift with {'store': , 'location_class': , 'store_entry': 'swift'} {{(pid=99095) register_scheme_map /opt/stack/data/venv/lib/python3.12/site-packages/glance_store/location.py:146}}
Jun 10 20:50:05.672619 np0000002546 devstack@g-api.service[99095]: DEBUG glance_store.location [-] Registering scheme swift+https with {'store': , 'location_class': , 'store_entry': 'swift'} {{(pid=99095) register_scheme_map /opt/stack/data/venv/lib/python3.12/site-packages/glance_store/location.py:146}}
Jun 10 20:50:05.672659 np0000002546 devstack@g-api.service[99095]: DEBUG glance_store.location [-] Registering scheme swift with {'store': , 'location_class': , 'store_entry': 'swift'} {{(pid=99095) register_scheme_map /opt/stack/data/venv/lib/python3.12/site-packages/glance_store/location.py:146}}
Jun 10 20:50:05.672702 np0000002546 devstack@g-api.service[99095]: DEBUG glance_store.location [-] Registering scheme swift+http with {'store': , 'location_class': , 'store_entry': 'swift'} {{(pid=99095) register_scheme_map /opt/stack/data/venv/lib/python3.12/site-packages/glance_store/location.py:146}}
Jun 10 20:50:05.672751 np0000002546 devstack@g-api.service[99095]: DEBUG glance_store.location [-] Registering scheme swift+https with {'store': , 'location_class': , 'store_entry': 'swift'} {{(pid=99095) register_scheme_map /opt/stack/data/venv/lib/python3.12/site-packages/glance_store/location.py:146}}
Jun 10 20:50:05.672792 np0000002546 devstack@g-api.service[99095]: DEBUG glance_store.location [-] Registering scheme swift with {'store': , 'location_class': , 'store_entry': 'swift'} {{(pid=99095) register_scheme_map /opt/stack/data/venv/lib/python3.12/site-packages/glance_store/location.py:146}}
Jun 10 20:50:05.672831 np0000002546 devstack@g-api.service[99095]: DEBUG glance_store.location [-] Registering scheme swift+http with {'store': , 'location_class': , 'store_entry': 'swift'} {{(pid=99095) register_scheme_map /opt/stack/data/venv/lib/python3.12/site-packages/glance_store/location.py:146}}
Jun 10 20:50:05.672872 np0000002546 devstack@g-api.service[99095]: DEBUG glance_store.location [-] Registering scheme swift+config with {'store': , 'location_class': , 'store_entry': 'swift'} {{(pid=99095) register_scheme_map /opt/stack/data/venv/lib/python3.12/site-packages/glance_store/location.py:146}}
Jun 10 20:50:06.093990 np0000002546 devstack@g-api.service[99095]: INFO swiftclient [-] REQ: curl -i https://10.4.3.6:8080/v1/AUTH_3a0f3af001e34873841e3812deb6a8d5/glance -I -H "X-Auth-Token: gAAAAABqKc39oold..."
Jun 10 20:50:06.094082 np0000002546 devstack@g-api.service[99095]: INFO swiftclient [-] RESP STATUS: 404 Not Found
Jun 10 20:50:06.094227 np0000002546 devstack@g-api.service[99095]: INFO swiftclient [-] RESP HEADERS: {'Date': 'Wed, 10 Jun 2026 20:50:06 GMT', 'Server': 'Apache/2.4.58 (Ubuntu)', 'Content-Type': 'text/html; charset=UTF-8', 'X-Trans-Id': 'tx96d1e44662634e1dba2d3-006a29cdfd', 'X-Openstack-Request-Id': 'tx96d1e44662634e1dba2d3-006a29cdfd', 'Connection': 'close'}
Jun 10 20:50:06.094534 np0000002546 devstack@g-api.service[99095]: INFO glance_store._drivers.swift.store [-] Creating swift container glance
Jun 10 20:50:06.141172 np0000002546 devstack@g-api.service[99095]: DEBUG swiftclient [-] REQ: curl -i https://10.4.3.6:8080/v1/AUTH_3a0f3af001e34873841e3812deb6a8d5/glance -X PUT -H "X-Auth-Token: gAAAAABqKc39oold..." -H "Content-Length: 0" {{(pid=99095) http_log /opt/stack/data/venv/lib/python3.12/site-packages/swiftclient/client.py:160}}
Jun 10 20:50:06.141286 np0000002546 devstack@g-api.service[99095]: DEBUG swiftclient [-] RESP STATUS: 201 Created {{(pid=99095) http_log /opt/stack/data/venv/lib/python3.12/site-packages/swiftclient/client.py:161}}
Jun 10 20:50:06.141414 np0000002546 devstack@g-api.service[99095]: DEBUG swiftclient [-] RESP HEADERS: {'Date': 'Wed, 10 Jun 2026 20:50:06 GMT', 'Server': 'Apache/2.4.58 (Ubuntu)', 'Content-Type': 'text/html; charset=UTF-8', 'Content-Length': '0', 'X-Trans-Id': 'txf8c081eeba1e4f2d9309c-006a29cdfe', 'X-Openstack-Request-Id': 'txf8c081eeba1e4f2d9309c-006a29cdfe', 'Connection': 'close'} {{(pid=99095) http_log /opt/stack/data/venv/lib/python3.12/site-packages/swiftclient/client.py:162}}
Jun 10 20:50:06.141530 np0000002546 devstack@g-api.service[99095]: DEBUG glance_store._drivers.swift.store [-] Adding image object '083f247d-280b-44c1-8cc2-c62e5164244c' to Swift {{(pid=99095) add /opt/stack/data/venv/lib/python3.12/site-packages/glance_store/_drivers/swift/store.py:970}}
Jun 10 20:50:06.146718 np0000002546 devstack@g-api.service[99095]: DEBUG oslo_utils.imageutils.format_inspector [-] Format inspector for vmdk does not match, excluding from consideration (Signature KDMV not found: b'QFI\xfb') {{(pid=99095) _process_chunk /opt/stack/data/venv/lib/python3.12/site-packages/oslo_utils/imageutils/format_inspector.py:1758}}
Jun 10 20:50:06.150894 np0000002546 devstack@g-api.service[99095]: DEBUG oslo_utils.imageutils.format_inspector [-] Format inspector for vhdx does not match, excluding from consideration (Region signature not found at 30000) {{(pid=99095) _process_chunk /opt/stack/data/venv/lib/python3.12/site-packages/oslo_utils/imageutils/format_inspector.py:1758}}
Jun 10 20:50:06.455288 np0000002546 devstack@g-api.service[99095]: DEBUG swiftclient [-] REQ: curl -i https://10.4.3.6:8080/v1/AUTH_3a0f3af001e34873841e3812deb6a8d5/glance/083f247d-280b-44c1-8cc2-c62e5164244c -X PUT -H "X-Auth-Token: gAAAAABqKc39oold..." -H "Content-Length: 21430272" {{(pid=99095) http_log /opt/stack/data/venv/lib/python3.12/site-packages/swiftclient/client.py:160}}
Jun 10 20:50:06.455365 np0000002546 devstack@g-api.service[99095]: DEBUG swiftclient [-] RESP STATUS: 201 Created {{(pid=99095) http_log /opt/stack/data/venv/lib/python3.12/site-packages/swiftclient/client.py:161}}
Jun 10 20:50:06.455471 np0000002546 devstack@g-api.service[99095]: DEBUG swiftclient [-] RESP HEADERS: {'Date': 'Wed, 10 Jun 2026 20:50:06 GMT', 'Server': 'Apache/2.4.58 (Ubuntu)', 'Content-Type': 'text/html; charset=UTF-8', 'Content-Length': '0', 'Etag': 'c8fc807773e5354afe61636071771906', 'Last-Modified': 'Wed, 10 Jun 2026 20:50:07 GMT', 'X-Trans-Id': 'tx3580fe7a9335464181225-006a29cdfe', 'X-Openstack-Request-Id': 'tx3580fe7a9335464181225-006a29cdfe', 'Connection': 'close'} {{(pid=99095) http_log /opt/stack/data/venv/lib/python3.12/site-packages/swiftclient/client.py:162}}
Jun 10 20:50:06.477429 np0000002546 devstack@g-api.service[99095]: INFO glance.location [-] Image format matched and virtual size computed: 117440512
Jun 10 20:50:06.484173 np0000002546 devstack@g-api.service[99095]: DEBUG glance.async_.flows.api_image_import [-] Image 083f247d-280b-44c1-8cc2-c62e5164244c status changing from importing to active {{(pid=99095) __exit__ /opt/stack/glance/glance/async_/flows/api_image_import.py:166}}
Jun 10 20:50:06.503990 np0000002546 devstack@g-api.service[99095]: DEBUG glance_store.backend [-] Attempting to import store swift {{(pid=99095) _load_store /opt/stack/data/venv/lib/python3.12/site-packages/glance_store/backend.py:215}}
Jun 10 20:50:06.505067 np0000002546 devstack@g-api.service[99095]: DEBUG glance_store.capabilities [-] Store glance_store._drivers.swift.store.SingleTenantStore doesn't support updating dynamic storage capabilities. Please overwrite 'update_capabilities' method of the store to implement updating logics if needed. {{(pid=99095) update_capabilities /opt/stack/data/venv/lib/python3.12/site-packages/glance_store/capabilities.py:91}}
Jun 10 20:50:06.505132 np0000002546 devstack@g-api.service[99095]: DEBUG glance_store.driver [-] Late loading location class glance_store._drivers.swift.store.StoreLocation {{(pid=99095) get_store_location_class /opt/stack/data/venv/lib/python3.12/site-packages/glance_store/driver.py:134}}
Jun 10 20:50:06.505172 np0000002546 devstack@g-api.service[99095]: DEBUG glance_store.location [-] Registering scheme swift+https with {'store': , 'location_class': , 'store_entry': 'swift'} {{(pid=99095) register_scheme_map /opt/stack/data/venv/lib/python3.12/site-packages/glance_store/location.py:146}}
Jun 10 20:50:06.505234 np0000002546 devstack@g-api.service[99095]: DEBUG glance_store.location [-] Registering scheme swift+https with {'store': , 'location_class': , 'store_entry': 'swift'} {{(pid=99095) register_scheme_map /opt/stack/data/venv/lib/python3.12/site-packages/glance_store/location.py:146}}
Jun 10 20:50:06.505276 np0000002546 devstack@g-api.service[99095]: DEBUG glance_store.location [-] Registering scheme swift with {'store': , 'location_class': , 'store_entry': 'swift'} {{(pid=99095) register_scheme_map /opt/stack/data/venv/lib/python3.12/site-packages/glance_store/location.py:146}}
Jun 10 20:50:06.505366 np0000002546 devstack@g-api.service[99095]: DEBUG glance_store.location [-] Registering scheme swift+https with {'store': , 'location_class': , 'store_entry': 'swift'} {{(pid=99095) register_scheme_map /opt/stack/data/venv/lib/python3.12/site-packages/glance_store/location.py:146}}
Jun 10 20:50:06.505414 np0000002546 devstack@g-api.service[99095]: DEBUG glance_store.location [-] Registering scheme swift with {'store': , 'location_class': , 'store_entry': 'swift'} {{(pid=99095) register_scheme_map /opt/stack/data/venv/lib/python3.12/site-packages/glance_store/location.py:146}}
Jun 10 20:50:06.505460 np0000002546 devstack@g-api.service[99095]: DEBUG glance_store.location [-] Registering scheme swift+http with {'store': , 'location_class': , 'store_entry': 'swift'} {{(pid=99095) register_scheme_map /opt/stack/data/venv/lib/python3.12/site-packages/glance_store/location.py:146}}
Jun 10 20:50:06.505509 np0000002546 devstack@g-api.service[99095]: DEBUG glance_store.location [-] Registering scheme swift+https with {'store': , 'location_class': , 'store_entry': 'swift'} {{(pid=99095) register_scheme_map /opt/stack/data/venv/lib/python3.12/site-packages/glance_store/location.py:146}}
Jun 10 20:50:06.505557 np0000002546 devstack@g-api.service[99095]: DEBUG glance_store.location [-] Registering scheme swift with {'store': , 'location_class': , 'store_entry': 'swift'} {{(pid=99095) register_scheme_map /opt/stack/data/venv/lib/python3.12/site-packages/glance_store/location.py:146}}
Jun 10 20:50:06.505616 np0000002546 devstack@g-api.service[99095]: DEBUG glance_store.location [-] Registering scheme swift+http with {'store': , 'location_class': , 'store_entry': 'swift'} {{(pid=99095) register_scheme_map /opt/stack/data/venv/lib/python3.12/site-packages/glance_store/location.py:146}}
