Jul 07 11:27:12.314697 np0000004718 devstack@c-api.service[100044]: /opt/stack/data/venv/lib/python3.12/site-packages/oslo_context/context.py:102: DeprecationWarning: Policy enforcement is depending on the value of is_admin. This key is deprecated. Please update your policy file to use the standard policy values.
Jul 07 11:27:12.314697 np0000004718 devstack@c-api.service[100044]: warnings.warn(
Jul 07 11:27:12.315272 np0000004718 devstack@c-api.service[100044]: INFO cinder.volume.api [req-80382123-97c1-4d00-95a7-e042337c4794 req-abc7f6b8-a87b-446a-8d45-d945d8a23c8b tempest-VolumesAssistedSnapshotsTest-133366522 tempest-VolumesAssistedSnapshotsTest-133366522-project-admin] Volume info retrieved successfully.
Jul 07 11:27:12.330017 np0000004718 devstack@c-api.service[100044]: INFO cinder.volume.api [req-80382123-97c1-4d00-95a7-e042337c4794 req-abc7f6b8-a87b-446a-8d45-d945d8a23c8b tempest-VolumesAssistedSnapshotsTest-133366522 tempest-VolumesAssistedSnapshotsTest-133366522-project-admin] Begin detaching volume completed successfully.
Jul 07 11:27:12.330821 np0000004718 devstack@c-api.service[100044]: INFO cinder.api.openstack.wsgi [req-80382123-97c1-4d00-95a7-e042337c4794 req-abc7f6b8-a87b-446a-8d45-d945d8a23c8b tempest-VolumesAssistedSnapshotsTest-133366522 tempest-VolumesAssistedSnapshotsTest-133366522-project-admin] https://10.4.3.242/volume/v3/volumes/baf75c56-e900-4426-adf3-e587b208221f/action returned with HTTP 202
Jul 07 11:27:12.331926 np0000004718 devstack@c-api.service[100044]: [pid: 100044|app: 0|req: 60/234] 10.4.3.242 () {72 vars in 1672 bytes} [Tue Jul 7 11:27:12 2026] POST /volume/v3/volumes/baf75c56-e900-4426-adf3-e587b208221f/action => generated 0 bytes in 38 msecs (HTTP/1.1 202) 7 headers in 289 bytes (1 switches on core 0)
Jul 07 11:27:12.467731 np0000004718 devstack@c-api.service[100045]: DEBUG cinder.api.middleware.request_id [req-02ac6f4a-2736-403d-b725-c3f01f72f73d req-92b7f8cf-2ec3-453c-a8fe-9fcea7124fdb None None] RequestId filter calling following filter/app {{(pid=100045) _context_setter /opt/stack/cinder/cinder/api/middleware/request_id.py:62}}
Jul 07 11:27:12.471381 np0000004718 devstack@c-api.service[100045]: INFO cinder.api.openstack.wsgi [req-02ac6f4a-2736-403d-b725-c3f01f72f73d req-92b7f8cf-2ec3-453c-a8fe-9fcea7124fdb tempest-VolumesAssistedSnapshotsTest-1210801657 tempest-VolumesAssistedSnapshotsTest-1210801657-project] POST https://10.4.3.242/volume/v3/snapshots/cc81d3f3-4778-4e56-9cf6-a78ccc3cb8b7/action
Jul 07 11:27:12.472072 np0000004718 devstack@c-api.service[100045]: DEBUG cinder.api.openstack.wsgi [req-02ac6f4a-2736-403d-b725-c3f01f72f73d req-92b7f8cf-2ec3-453c-a8fe-9fcea7124fdb tempest-VolumesAssistedSnapshotsTest-1210801657 tempest-VolumesAssistedSnapshotsTest-1210801657-project] Action body: b'{"os-update_snapshot_status": {"status": "error", "progress": "90%"}}' {{(pid=100045) get_method /opt/stack/cinder/cinder/api/openstack/wsgi.py:993}}
Jul 07 11:27:12.472307 np0000004718 devstack@c-api.service[100045]: DEBUG cinder.api.openstack.wsgi [req-02ac6f4a-2736-403d-b725-c3f01f72f73d req-92b7f8cf-2ec3-453c-a8fe-9fcea7124fdb tempest-VolumesAssistedSnapshotsTest-1210801657 tempest-VolumesAssistedSnapshotsTest-1210801657-project] Action: 'action', calling method: _update_snapshot_status, body: {"os-update_snapshot_status": {"status": "error", "progress": "90%"}} {{(pid=100045) _process_stack /opt/stack/cinder/cinder/api/openstack/wsgi.py:876}}
Jul 07 11:27:12.475197 np0000004718 devstack@c-api.service[100045]: DEBUG cinder.api.contrib.snapshot_actions [req-02ac6f4a-2736-403d-b725-c3f01f72f73d req-92b7f8cf-2ec3-453c-a8fe-9fcea7124fdb tempest-VolumesAssistedSnapshotsTest-1210801657 tempest-VolumesAssistedSnapshotsTest-1210801657-project] body: {'os-update_snapshot_status': {'status': 'error', 'progress': '90%'}} {{(pid=100045) _update_snapshot_status /opt/stack/cinder/cinder/api/contrib/snapshot_actions.py:46}}
Jul 07 11:27:12.507274 np0000004718 devstack@c-api.service[100045]: INFO cinder.api.openstack.wsgi [req-02ac6f4a-2736-403d-b725-c3f01f72f73d req-92b7f8cf-2ec3-453c-a8fe-9fcea7124fdb tempest-VolumesAssistedSnapshotsTest-1210801657 tempest-VolumesAssistedSnapshotsTest-1210801657-project] https://10.4.3.242/volume/v3/snapshots/cc81d3f3-4778-4e56-9cf6-a78ccc3cb8b7/action returned with HTTP 404
Jul 07 11:27:12.508158 np0000004718 devstack@c-api.service[100045]: [pid: 100045|app: 0|req: 57/235] 10.4.3.242 () {72 vars in 1678 bytes} [Tue Jul 7 11:27:12 2026] POST /volume/v3/snapshots/cc81d3f3-4778-4e56-9cf6-a78ccc3cb8b7/action => generated 111 bytes in 46 msecs (HTTP/1.1 404) 7 headers in 292 bytes (1 switches on core 0)
Jul 07 11:27:13.184659 np0000004718 devstack@c-api.service[100047]: DEBUG cinder.api.middleware.request_id [None req-a4145213-102f-408b-80e8-07aedcf7307c None None] RequestId filter calling following filter/app {{(pid=100047) _context_setter /opt/stack/cinder/cinder/api/middleware/request_id.py:62}}
Jul 07 11:27:13.186323 np0000004718 devstack@c-api.service[100047]: INFO cinder.api.openstack.wsgi [None req-a4145213-102f-408b-80e8-07aedcf7307c tempest-AttachSCSIVolumeTestJSON-203711965 tempest-AttachSCSIVolumeTestJSON-203711965-project-member] GET https://10.4.3.242/volume/v3/volumes/5b6d85ab-14f9-47be-acfa-18bc19cf87d1
Jul 07 11:27:13.186589 np0000004718 devstack@c-api.service[100047]: DEBUG cinder.api.openstack.wsgi [None req-a4145213-102f-408b-80e8-07aedcf7307c tempest-AttachSCSIVolumeTestJSON-203711965 tempest-AttachSCSIVolumeTestJSON-203711965-project-member] Empty body provided in request {{(pid=100047) get_body /opt/stack/cinder/cinder/api/openstack/wsgi.py:725}}
Jul 07 11:27:13.186848 np0000004718 devstack@c-api.service[100047]: DEBUG cinder.api.openstack.wsgi [None req-a4145213-102f-408b-80e8-07aedcf7307c tempest-AttachSCSIVolumeTestJSON-203711965 tempest-AttachSCSIVolumeTestJSON-203711965-project-member] Calling method 'show' {{(pid=100047) _process_stack /opt/stack/cinder/cinder/api/openstack/wsgi.py:878}}
Jul 07 11:27:13.202312 np0000004718 devstack@c-api.service[100047]: /opt/stack/data/venv/lib/python3.12/site-packages/oslo_context/context.py:102: DeprecationWarning: Policy enforcement is depending on the value of is_admin. This key is deprecated. Please update your policy file to use the standard policy values.
Jul 07 11:27:13.202312 np0000004718 devstack@c-api.service[100047]: warnings.warn(
Jul 07 11:27:13.208663 np0000004718 devstack@c-api.service[100047]: INFO cinder.volume.api [None req-a4145213-102f-408b-80e8-07aedcf7307c tempest-AttachSCSIVolumeTestJSON-203711965 tempest-AttachSCSIVolumeTestJSON-203711965-project-member] Volume info retrieved successfully.
Jul 07 11:27:13.216391 np0000004718 devstack@c-api.service[100047]: INFO cinder.api.openstack.wsgi [None req-a4145213-102f-408b-80e8-07aedcf7307c tempest-AttachSCSIVolumeTestJSON-203711965 tempest-AttachSCSIVolumeTestJSON-203711965-project-member] https://10.4.3.242/volume/v3/volumes/5b6d85ab-14f9-47be-acfa-18bc19cf87d1 returned with HTTP 200
Jul 07 11:27:13.216850 np0000004718 devstack@c-api.service[100047]: [pid: 100047|app: 0|req: 61/236] 10.4.3.242 () {66 vars in 1348 bytes} [Tue Jul 7 11:27:13 2026] GET /volume/v3/volumes/5b6d85ab-14f9-47be-acfa-18bc19cf87d1 => generated 847 bytes in 33 msecs (HTTP/1.1 200) 7 headers in 285 bytes (1 switches on core 0)
Jul 07 11:27:13.372897 np0000004718 devstack@c-api.service[100046]: DEBUG cinder.api.middleware.request_id [None req-205111ee-7195-4662-ab24-090df1367b9c None None] RequestId filter calling following filter/app {{(pid=100046) _context_setter /opt/stack/cinder/cinder/api/middleware/request_id.py:62}}
Jul 07 11:27:13.375564 np0000004718 devstack@c-api.service[100046]: INFO cinder.api.openstack.wsgi [None req-205111ee-7195-4662-ab24-090df1367b9c None None] GET https://10.4.3.242/volume//
Jul 07 11:27:13.375564 np0000004718 devstack@c-api.service[100046]: DEBUG cinder.api.openstack.wsgi [None req-205111ee-7195-4662-ab24-090df1367b9c None None] Empty body provided in request {{(pid=100046) get_body /opt/stack/cinder/cinder/api/openstack/wsgi.py:725}}
Jul 07 11:27:13.375564 np0000004718 devstack@c-api.service[100046]: DEBUG cinder.api.openstack.wsgi [None req-205111ee-7195-4662-ab24-090df1367b9c None None] Calling method 'all' {{(pid=100046) _process_stack /opt/stack/cinder/cinder/api/openstack/wsgi.py:878}}
Jul 07 11:27:13.375564 np0000004718 devstack@c-api.service[100046]: INFO cinder.api.openstack.wsgi [None req-205111ee-7195-4662-ab24-090df1367b9c None None] https://10.4.3.242/volume// returned with HTTP 300
Jul 07 11:27:13.376250 np0000004718 devstack@c-api.service[100046]: [pid: 100046|app: 0|req: 59/237] 10.4.3.242 () {66 vars in 1426 bytes} [Tue Jul 7 11:27:13 2026] GET /volume/ => generated 386 bytes in 4 msecs (HTTP/1.1 300) 7 headers in 299 bytes (1 switches on core 0)
Jul 07 11:27:13.390839 np0000004718 devstack@c-api.service[100044]: DEBUG cinder.api.middleware.request_id [req-80382123-97c1-4d00-95a7-e042337c4794 req-36420544-3c4d-4477-afbc-7ef359adca23 None None] RequestId filter calling following filter/app {{(pid=100044) _context_setter /opt/stack/cinder/cinder/api/middleware/request_id.py:62}}
Jul 07 11:27:13.394936 np0000004718 devstack@c-api.service[100044]: INFO cinder.api.openstack.wsgi [req-80382123-97c1-4d00-95a7-e042337c4794 req-36420544-3c4d-4477-afbc-7ef359adca23 tempest-VolumesAssistedSnapshotsTest-133366522 tempest-VolumesAssistedSnapshotsTest-133366522-project-admin] GET https://10.4.3.242/volume/v3/volumes/baf75c56-e900-4426-adf3-e587b208221f
Jul 07 11:27:13.395297 np0000004718 devstack@c-api.service[100044]: DEBUG cinder.api.openstack.wsgi [req-80382123-97c1-4d00-95a7-e042337c4794 req-36420544-3c4d-4477-afbc-7ef359adca23 tempest-VolumesAssistedSnapshotsTest-133366522 tempest-VolumesAssistedSnapshotsTest-133366522-project-admin] Empty body provided in request {{(pid=100044) get_body /opt/stack/cinder/cinder/api/openstack/wsgi.py:725}}
Jul 07 11:27:13.395628 np0000004718 devstack@c-api.service[100044]: DEBUG cinder.api.openstack.wsgi [req-80382123-97c1-4d00-95a7-e042337c4794 req-36420544-3c4d-4477-afbc-7ef359adca23 tempest-VolumesAssistedSnapshotsTest-133366522 tempest-VolumesAssistedSnapshotsTest-133366522-project-admin] Calling method 'show' {{(pid=100044) _process_stack /opt/stack/cinder/cinder/api/openstack/wsgi.py:878}}
Jul 07 11:27:13.412548 np0000004718 devstack@c-api.service[100044]: /opt/stack/data/venv/lib/python3.12/site-packages/oslo_context/context.py:102: DeprecationWarning: Policy enforcement is depending on the value of is_admin. This key is deprecated. Please update your policy file to use the standard policy values.
Jul 07 11:27:13.412548 np0000004718 devstack@c-api.service[100044]: warnings.warn(
Jul 07 11:27:13.418814 np0000004718 devstack@c-api.service[100044]: INFO cinder.volume.api [req-80382123-97c1-4d00-95a7-e042337c4794 req-36420544-3c4d-4477-afbc-7ef359adca23 tempest-VolumesAssistedSnapshotsTest-133366522 tempest-VolumesAssistedSnapshotsTest-133366522-project-admin] Volume info retrieved successfully.
Jul 07 11:27:13.426333 np0000004718 devstack@c-api.service[100044]: INFO cinder.api.openstack.wsgi [req-80382123-97c1-4d00-95a7-e042337c4794 req-36420544-3c4d-4477-afbc-7ef359adca23 tempest-VolumesAssistedSnapshotsTest-133366522 tempest-VolumesAssistedSnapshotsTest-133366522-project-admin] https://10.4.3.242/volume/v3/volumes/baf75c56-e900-4426-adf3-e587b208221f returned with HTTP 200
Jul 07 11:27:13.427830 np0000004718 devstack@c-api.service[100044]: [pid: 100044|app: 0|req: 61/238] 10.4.3.242 () {70 vars in 1639 bytes} [Tue Jul 7 11:27:13 2026] GET /volume/v3/volumes/baf75c56-e900-4426-adf3-e587b208221f => generated 1553 bytes in 39 msecs (HTTP/1.1 200) 7 headers in 287 bytes (1 switches on core 0)
Jul 07 11:27:14.236837 np0000004718 devstack@c-api.service[100045]: DEBUG cinder.api.middleware.request_id [None req-6e7c8950-6582-4782-8f2b-17002ec72a29 None None] RequestId filter calling following filter/app {{(pid=100045) _context_setter /opt/stack/cinder/cinder/api/middleware/request_id.py:62}}
Jul 07 11:27:14.239588 np0000004718 devstack@c-api.service[100045]: INFO cinder.api.openstack.wsgi [None req-6e7c8950-6582-4782-8f2b-17002ec72a29 tempest-AttachSCSIVolumeTestJSON-203711965 tempest-AttachSCSIVolumeTestJSON-203711965-project-member] GET https://10.4.3.242/volume/v3/volumes/5b6d85ab-14f9-47be-acfa-18bc19cf87d1
Jul 07 11:27:14.239871 np0000004718 devstack@c-api.service[100045]: DEBUG cinder.api.openstack.wsgi [None req-6e7c8950-6582-4782-8f2b-17002ec72a29 tempest-AttachSCSIVolumeTestJSON-203711965 tempest-AttachSCSIVolumeTestJSON-203711965-project-member] Empty body provided in request {{(pid=100045) get_body /opt/stack/cinder/cinder/api/openstack/wsgi.py:725}}
Jul 07 11:27:14.240238 np0000004718 devstack@c-api.service[100045]: DEBUG cinder.api.openstack.wsgi [None req-6e7c8950-6582-4782-8f2b-17002ec72a29 tempest-AttachSCSIVolumeTestJSON-203711965 tempest-AttachSCSIVolumeTestJSON-203711965-project-member] Calling method 'show' {{(pid=100045) _process_stack /opt/stack/cinder/cinder/api/openstack/wsgi.py:878}}
Jul 07 11:27:14.257509 np0000004718 devstack@c-api.service[100045]: /opt/stack/data/venv/lib/python3.12/site-packages/oslo_context/context.py:102: DeprecationWarning: Policy enforcement is depending on the value of is_admin. This key is deprecated. Please update your policy file to use the standard policy values.
Jul 07 11:27:14.257509 np0000004718 devstack@c-api.service[100045]: warnings.warn(
Jul 07 11:27:14.264543 np0000004718 devstack@c-api.service[100045]: INFO cinder.volume.api [None req-6e7c8950-6582-4782-8f2b-17002ec72a29 tempest-AttachSCSIVolumeTestJSON-203711965 tempest-AttachSCSIVolumeTestJSON-203711965-project-member] Volume info retrieved successfully.
Jul 07 11:27:14.272436 np0000004718 devstack@c-api.service[100045]: INFO cinder.api.openstack.wsgi [None req-6e7c8950-6582-4782-8f2b-17002ec72a29 tempest-AttachSCSIVolumeTestJSON-203711965 tempest-AttachSCSIVolumeTestJSON-203711965-project-member] https://10.4.3.242/volume/v3/volumes/5b6d85ab-14f9-47be-acfa-18bc19cf87d1 returned with HTTP 200
Jul 07 11:27:14.272499 np0000004718 devstack@c-api.service[100045]: [pid: 100045|app: 0|req: 58/239] 10.4.3.242 () {66 vars in 1348 bytes} [Tue Jul 7 11:27:14 2026] GET /volume/v3/volumes/5b6d85ab-14f9-47be-acfa-18bc19cf87d1 => generated 847 bytes in 36 msecs (HTTP/1.1 200) 7 headers in 285 bytes (1 switches on core 0)
Jul 07 11:27:14.273545 np0000004718 devstack@c-api.service[100047]: DEBUG cinder.api.middleware.request_id [req-0df7688d-959b-46f7-a922-9883412f61b8 req-491b31ee-c5a8-490c-9403-0140a56f6c9f None None] RequestId filter calling following filter/app {{(pid=100047) _context_setter /opt/stack/cinder/cinder/api/middleware/request_id.py:62}}
Jul 07 11:27:14.276398 np0000004718 devstack@c-api.service[100047]: INFO cinder.api.openstack.wsgi [req-0df7688d-959b-46f7-a922-9883412f61b8 req-491b31ee-c5a8-490c-9403-0140a56f6c9f tempest-AttachSCSIVolumeTestJSON-203711965 tempest-AttachSCSIVolumeTestJSON-203711965-project-member] POST https://10.4.3.242/volume/v3/attachments/a26ff94f-4565-4f75-98ba-9675c23e3cfe/action
Jul 07 11:27:14.276808 np0000004718 devstack@c-api.service[100047]: DEBUG cinder.api.openstack.wsgi [req-0df7688d-959b-46f7-a922-9883412f61b8 req-491b31ee-c5a8-490c-9403-0140a56f6c9f tempest-AttachSCSIVolumeTestJSON-203711965 tempest-AttachSCSIVolumeTestJSON-203711965-project-member] Action body: b'{"os-complete": null}' {{(pid=100047) get_method /opt/stack/cinder/cinder/api/openstack/wsgi.py:993}}
Jul 07 11:27:14.276940 np0000004718 devstack@c-api.service[100047]: DEBUG cinder.api.openstack.wsgi [req-0df7688d-959b-46f7-a922-9883412f61b8 req-491b31ee-c5a8-490c-9403-0140a56f6c9f tempest-AttachSCSIVolumeTestJSON-203711965 tempest-AttachSCSIVolumeTestJSON-203711965-project-member] Action: 'action', calling method: version_select, body: {"os-complete": null} {{(pid=100047) _process_stack /opt/stack/cinder/cinder/api/openstack/wsgi.py:876}}
Jul 07 11:27:14.304942 np0000004718 devstack@c-api.service[100047]: /opt/stack/data/venv/lib/python3.12/site-packages/oslo_context/context.py:102: DeprecationWarning: Policy enforcement is depending on the value of is_admin. This key is deprecated. Please update your policy file to use the standard policy values.
Jul 07 11:27:14.304942 np0000004718 devstack@c-api.service[100047]: warnings.warn(
Jul 07 11:27:14.310012 np0000004718 devstack@c-api.service[100046]: DEBUG cinder.api.middleware.request_id [None req-eba75a2b-75fa-4e8f-9723-ec22f002ce92 None None] RequestId filter calling following filter/app {{(pid=100046) _context_setter /opt/stack/cinder/cinder/api/middleware/request_id.py:62}}
Jul 07 11:27:14.337216 np0000004718 devstack@c-api.service[100047]: INFO cinder.api.openstack.wsgi [req-0df7688d-959b-46f7-a922-9883412f61b8 req-491b31ee-c5a8-490c-9403-0140a56f6c9f tempest-AttachSCSIVolumeTestJSON-203711965 tempest-AttachSCSIVolumeTestJSON-203711965-project-member] https://10.4.3.242/volume/v3/attachments/a26ff94f-4565-4f75-98ba-9675c23e3cfe/action returned with HTTP 204
Jul 07 11:27:14.337874 np0000004718 devstack@c-api.service[100047]: [pid: 100047|app: 0|req: 62/240] 10.4.3.242 () {74 vars in 1725 bytes} [Tue Jul 7 11:27:14 2026] POST /volume/v3/attachments/a26ff94f-4565-4f75-98ba-9675c23e3cfe/action => generated 0 bytes in 65 msecs (HTTP/1.1 204) 7 headers in 292 bytes (1 switches on core 0)
Jul 07 11:27:14.442545 np0000004718 devstack@c-api.service[100044]: DEBUG cinder.api.middleware.request_id [req-80382123-97c1-4d00-95a7-e042337c4794 req-cdeb3064-5bd7-4b94-96a3-79d9c1534b75 None None] RequestId filter calling following filter/app {{(pid=100044) _context_setter /opt/stack/cinder/cinder/api/middleware/request_id.py:62}}
Jul 07 11:27:14.445580 np0000004718 devstack@c-api.service[100044]: INFO cinder.api.openstack.wsgi [req-80382123-97c1-4d00-95a7-e042337c4794 req-cdeb3064-5bd7-4b94-96a3-79d9c1534b75 tempest-VolumesAssistedSnapshotsTest-133366522 tempest-VolumesAssistedSnapshotsTest-133366522-project-admin] DELETE https://10.4.3.242/volume/v3/attachments/f51ae9e6-22a1-49cf-a711-1a6cd12bd840
Jul 07 11:27:14.445729 np0000004718 devstack@c-api.service[100044]: DEBUG cinder.api.openstack.wsgi [req-80382123-97c1-4d00-95a7-e042337c4794 req-cdeb3064-5bd7-4b94-96a3-79d9c1534b75 tempest-VolumesAssistedSnapshotsTest-133366522 tempest-VolumesAssistedSnapshotsTest-133366522-project-admin] Empty body provided in request {{(pid=100044) get_body /opt/stack/cinder/cinder/api/openstack/wsgi.py:725}}
Jul 07 11:27:14.446093 np0000004718 devstack@c-api.service[100044]: DEBUG cinder.api.openstack.wsgi [req-80382123-97c1-4d00-95a7-e042337c4794 req-cdeb3064-5bd7-4b94-96a3-79d9c1534b75 tempest-VolumesAssistedSnapshotsTest-133366522 tempest-VolumesAssistedSnapshotsTest-133366522-project-admin] Calling method 'version_select' {{(pid=100044) _process_stack /opt/stack/cinder/cinder/api/openstack/wsgi.py:878}}
Jul 07 11:27:14.467218 np0000004718 devstack@c-api.service[100044]: /opt/stack/data/venv/lib/python3.12/site-packages/oslo_context/context.py:102: DeprecationWarning: Policy enforcement is depending on the value of is_admin. This key is deprecated. Please update your policy file to use the standard policy values.
Jul 07 11:27:14.467218 np0000004718 devstack@c-api.service[100044]: warnings.warn(
Jul 07 11:27:14.661558 np0000004718 devstack@c-api.service[100046]: INFO cinder.api.openstack.wsgi [None req-eba75a2b-75fa-4e8f-9723-ec22f002ce92 tempest-VolumePoolsAdminTestsJSON-1381831343 tempest-VolumePoolsAdminTestsJSON-1381831343-project-admin] GET https://10.4.3.242/volume/v3/scheduler-stats/get_pools?detail=True
Jul 07 11:27:14.661974 np0000004718 devstack@c-api.service[100046]: DEBUG cinder.api.openstack.wsgi [None req-eba75a2b-75fa-4e8f-9723-ec22f002ce92 tempest-VolumePoolsAdminTestsJSON-1381831343 tempest-VolumePoolsAdminTestsJSON-1381831343-project-admin] Empty body provided in request {{(pid=100046) get_body /opt/stack/cinder/cinder/api/openstack/wsgi.py:725}}
Jul 07 11:27:14.662259 np0000004718 devstack@c-api.service[100046]: DEBUG cinder.api.openstack.wsgi [None req-eba75a2b-75fa-4e8f-9723-ec22f002ce92 tempest-VolumePoolsAdminTestsJSON-1381831343 tempest-VolumePoolsAdminTestsJSON-1381831343-project-admin] Calling method 'get_pools' {{(pid=100046) _process_stack /opt/stack/cinder/cinder/api/openstack/wsgi.py:878}}
Jul 07 11:27:15.030829 np0000004718 devstack@c-api.service[100044]: INFO cinder.api.openstack.wsgi [req-80382123-97c1-4d00-95a7-e042337c4794 req-cdeb3064-5bd7-4b94-96a3-79d9c1534b75 tempest-VolumesAssistedSnapshotsTest-133366522 tempest-VolumesAssistedSnapshotsTest-133366522-project-admin] https://10.4.3.242/volume/v3/attachments/f51ae9e6-22a1-49cf-a711-1a6cd12bd840 returned with HTTP 200
Jul 07 11:27:15.030829 np0000004718 devstack@c-api.service[100044]: [pid: 100044|app: 0|req: 62/241] 10.4.3.242 () {72 vars in 1673 bytes} [Tue Jul 7 11:27:14 2026] DELETE /volume/v3/attachments/f51ae9e6-22a1-49cf-a711-1a6cd12bd840 => generated 19 bytes in 589 msecs (HTTP/1.1 200) 7 headers in 285 bytes (1 switches on core 0)
Jul 07 11:27:15.095178 np0000004718 devstack@c-api.service[100045]: DEBUG cinder.api.middleware.request_id [req-f02c153d-fa17-489f-babf-76eec15608a8 req-671b450f-7aa6-4f01-90f1-59bab2c1b038 None None] RequestId filter calling following filter/app {{(pid=100045) _context_setter /opt/stack/cinder/cinder/api/middleware/request_id.py:62}}
Jul 07 11:27:15.099662 np0000004718 devstack@c-api.service[100045]: INFO cinder.api.openstack.wsgi [req-f02c153d-fa17-489f-babf-76eec15608a8 req-671b450f-7aa6-4f01-90f1-59bab2c1b038 tempest-TestMultiAttachVolumeSwap-231720503 tempest-TestMultiAttachVolumeSwap-231720503-project-member] GET https://10.4.3.242/volume/v3/volumes/459695b2-c48d-47c8-b04c-03c85b218722
Jul 07 11:27:15.099662 np0000004718 devstack@c-api.service[100045]: DEBUG cinder.api.openstack.wsgi [req-f02c153d-fa17-489f-babf-76eec15608a8 req-671b450f-7aa6-4f01-90f1-59bab2c1b038 tempest-TestMultiAttachVolumeSwap-231720503 tempest-TestMultiAttachVolumeSwap-231720503-project-member] Empty body provided in request {{(pid=100045) get_body /opt/stack/cinder/cinder/api/openstack/wsgi.py:725}}
Jul 07 11:27:15.099662 np0000004718 devstack@c-api.service[100045]: DEBUG cinder.api.openstack.wsgi [req-f02c153d-fa17-489f-babf-76eec15608a8 req-671b450f-7aa6-4f01-90f1-59bab2c1b038 tempest-TestMultiAttachVolumeSwap-231720503 tempest-TestMultiAttachVolumeSwap-231720503-project-member] Calling method 'show' {{(pid=100045) _process_stack /opt/stack/cinder/cinder/api/openstack/wsgi.py:878}}
Jul 07 11:27:15.107336 np0000004718 devstack@c-api.service[100045]: /opt/stack/data/venv/lib/python3.12/site-packages/oslo_context/context.py:102: DeprecationWarning: Policy enforcement is depending on the value of is_admin. This key is deprecated. Please update your policy file to use the standard policy values.
Jul 07 11:27:15.107336 np0000004718 devstack@c-api.service[100045]: warnings.warn(
Jul 07 11:27:15.113496 np0000004718 devstack@c-api.service[100045]: INFO cinder.volume.api [req-f02c153d-fa17-489f-babf-76eec15608a8 req-671b450f-7aa6-4f01-90f1-59bab2c1b038 tempest-TestMultiAttachVolumeSwap-231720503 tempest-TestMultiAttachVolumeSwap-231720503-project-member] Volume info retrieved successfully.
Jul 07 11:27:15.120222 np0000004718 devstack@c-api.service[100045]: INFO cinder.api.openstack.wsgi [req-f02c153d-fa17-489f-babf-76eec15608a8 req-671b450f-7aa6-4f01-90f1-59bab2c1b038 tempest-TestMultiAttachVolumeSwap-231720503 tempest-TestMultiAttachVolumeSwap-231720503-project-member] https://10.4.3.242/volume/v3/volumes/459695b2-c48d-47c8-b04c-03c85b218722 returned with HTTP 200
Jul 07 11:27:15.121416 np0000004718 devstack@c-api.service[100045]: [pid: 100045|app: 0|req: 59/242] 10.4.3.242 () {68 vars in 1598 bytes} [Tue Jul 7 11:27:15 2026] GET /volume/v3/volumes/459695b2-c48d-47c8-b04c-03c85b218722 => generated 868 bytes in 27 msecs (HTTP/1.1 200) 7 headers in 285 bytes (1 switches on core 0)
Jul 07 11:27:15.181851 np0000004718 devstack@c-api.service[100046]: INFO cinder.api.openstack.wsgi [None req-eba75a2b-75fa-4e8f-9723-ec22f002ce92 tempest-VolumePoolsAdminTestsJSON-1381831343 tempest-VolumePoolsAdminTestsJSON-1381831343-project-admin] https://10.4.3.242/volume/v3/scheduler-stats/get_pools?detail=True returned with HTTP 200
Jul 07 11:27:15.182590 np0000004718 devstack@c-api.service[100046]: [pid: 100046|app: 0|req: 60/243] 10.4.3.242 () {66 vars in 1314 bytes} [Tue Jul 7 11:27:14 2026] GET /volume/v3/scheduler-stats/get_pools?detail=True => generated 1167 bytes in 873 msecs (HTTP/1.1 200) 7 headers in 286 bytes (1 switches on core 0)
Jul 07 11:27:15.196470 np0000004718 devstack@c-api.service[100047]: DEBUG cinder.api.middleware.request_id [None req-ddfd4f88-930a-40b5-bb1d-e517b179a059 None None] RequestId filter calling following filter/app {{(pid=100047) _context_setter /opt/stack/cinder/cinder/api/middleware/request_id.py:62}}
Jul 07 11:27:15.199445 np0000004718 devstack@c-api.service[100047]: INFO cinder.api.openstack.wsgi [None req-ddfd4f88-930a-40b5-bb1d-e517b179a059 tempest-AttachVolumeNegativeTest-1468065058 tempest-AttachVolumeNegativeTest-1468065058-project-member] POST https://10.4.3.242/volume/v3/volumes
Jul 07 11:27:15.200541 np0000004718 devstack@c-api.service[100047]: DEBUG cinder.api.openstack.wsgi [None req-ddfd4f88-930a-40b5-bb1d-e517b179a059 tempest-AttachVolumeNegativeTest-1468065058 tempest-AttachVolumeNegativeTest-1468065058-project-member] Action: 'create', calling method: create, body: {"volume": {"size": 1, "display_name": "tempest-AttachVolumeNegativeTest-volume-596511774"}} {{(pid=100047) _process_stack /opt/stack/cinder/cinder/api/openstack/wsgi.py:876}}
Jul 07 11:27:15.200616 np0000004718 devstack@c-api.service[100044]: DEBUG cinder.api.middleware.request_id [None req-40eb41f8-f3b0-4dad-84b7-ed22c44853f0 None None] RequestId filter calling following filter/app {{(pid=100044) _context_setter /opt/stack/cinder/cinder/api/middleware/request_id.py:62}}
Jul 07 11:27:15.201517 np0000004718 devstack@c-api.service[100047]: DEBUG cinder.api.v3.volumes [None req-ddfd4f88-930a-40b5-bb1d-e517b179a059 tempest-AttachVolumeNegativeTest-1468065058 tempest-AttachVolumeNegativeTest-1468065058-project-member] Create volume request body: {'volume': {'size': 1, 'display_name': 'tempest-AttachVolumeNegativeTest-volume-596511774'}} {{(pid=100047) create /opt/stack/cinder/cinder/api/v3/volumes.py:368}}
Jul 07 11:27:15.201654 np0000004718 devstack@c-api.service[100047]: INFO cinder.api.v3.volumes [None req-ddfd4f88-930a-40b5-bb1d-e517b179a059 tempest-AttachVolumeNegativeTest-1468065058 tempest-AttachVolumeNegativeTest-1468065058-project-member] Create volume of 1 GB
Jul 07 11:27:15.202627 np0000004718 devstack@c-api.service[100044]: INFO cinder.api.openstack.wsgi [None req-40eb41f8-f3b0-4dad-84b7-ed22c44853f0 tempest-VolumePoolsAdminTestsJSON-1381831343 tempest-VolumePoolsAdminTestsJSON-1381831343-project-admin] GET https://10.4.3.242/volume/v3/scheduler-stats/get_pools
Jul 07 11:27:15.202903 np0000004718 devstack@c-api.service[100044]: DEBUG cinder.api.openstack.wsgi [None req-40eb41f8-f3b0-4dad-84b7-ed22c44853f0 tempest-VolumePoolsAdminTestsJSON-1381831343 tempest-VolumePoolsAdminTestsJSON-1381831343-project-admin] Empty body provided in request {{(pid=100044) get_body /opt/stack/cinder/cinder/api/openstack/wsgi.py:725}}
Jul 07 11:27:15.203187 np0000004718 devstack@c-api.service[100044]: DEBUG cinder.api.openstack.wsgi [None req-40eb41f8-f3b0-4dad-84b7-ed22c44853f0 tempest-VolumePoolsAdminTestsJSON-1381831343 tempest-VolumePoolsAdminTestsJSON-1381831343-project-admin] Calling method 'get_pools' {{(pid=100044) _process_stack /opt/stack/cinder/cinder/api/openstack/wsgi.py:878}}
Jul 07 11:27:15.203509 np0000004718 devstack@c-api.service[100044]: /opt/stack/data/venv/lib/python3.12/site-packages/oslo_context/context.py:102: DeprecationWarning: Policy enforcement is depending on the value of is_admin. This key is deprecated. Please update your policy file to use the standard policy values.
Jul 07 11:27:15.203509 np0000004718 devstack@c-api.service[100044]: warnings.warn(
Jul 07 11:27:15.210558 np0000004718 devstack@c-api.service[100047]: INFO cinder.volume.api [None req-ddfd4f88-930a-40b5-bb1d-e517b179a059 tempest-AttachVolumeNegativeTest-1468065058 tempest-AttachVolumeNegativeTest-1468065058-project-member] Availability Zones retrieved successfully.
Jul 07 11:27:15.222734 np0000004718 devstack@c-api.service[100047]: DEBUG cinder.volume.api [None req-ddfd4f88-930a-40b5-bb1d-e517b179a059 tempest-AttachVolumeNegativeTest-1468065058 tempest-AttachVolumeNegativeTest-1468065058-project-member] Flow 'volume_create_api' (33b6b698-101b-4b1c-89bf-77b40bbe5996) transitioned into state 'RUNNING' from state 'PENDING' {{(pid=100047) _flow_receiver /opt/stack/data/venv/lib/python3.12/site-packages/taskflow/listeners/logging.py:160}}
Jul 07 11:27:15.223883 np0000004718 devstack@c-api.service[100047]: DEBUG cinder.volume.api [None req-ddfd4f88-930a-40b5-bb1d-e517b179a059 tempest-AttachVolumeNegativeTest-1468065058 tempest-AttachVolumeNegativeTest-1468065058-project-member] Task 'cinder.volume.flows.api.create_volume.ExtractVolumeRequestTask;volume:create' (9d2b4410-7e98-4871-b090-24640c7ec9c8) transitioned into state 'RUNNING' from state 'PENDING' {{(pid=100047) _task_receiver /opt/stack/data/venv/lib/python3.12/site-packages/taskflow/listeners/logging.py:242}}
Jul 07 11:27:15.226066 np0000004718 devstack@c-api.service[100047]: DEBUG cinder.volume.flows.api.create_volume [None req-ddfd4f88-930a-40b5-bb1d-e517b179a059 tempest-AttachVolumeNegativeTest-1468065058 tempest-AttachVolumeNegativeTest-1468065058-project-member] Validating volume size '1' using validate_int {{(pid=100047) _extract_size /opt/stack/cinder/cinder/volume/flows/api/create_volume.py:226}}
Jul 07 11:27:15.265082 np0000004718 devstack@c-api.service[100047]: DEBUG cinder.volume.api [None req-ddfd4f88-930a-40b5-bb1d-e517b179a059 tempest-AttachVolumeNegativeTest-1468065058 tempest-AttachVolumeNegativeTest-1468065058-project-member] Task 'cinder.volume.flows.api.create_volume.ExtractVolumeRequestTask;volume:create' (9d2b4410-7e98-4871-b090-24640c7ec9c8) transitioned into state 'SUCCESS' from state 'RUNNING' with result '{'size': 1, 'snapshot_id': None, 'source_volid': None, 'volume_type': VolumeType(created_at=2026-07-07T11:23:27Z,deleted=False,deleted_at=None,description=None,extra_specs={volume_backend_name='storpool'},id=fff60cac-9806-4c80-add9-aa0cb3bc97d8,is_public=True,name='storpool',projects=[],qos_specs=,qos_specs_id=None,updated_at=None), 'volume_type_id': 'fff60cac-9806-4c80-add9-aa0cb3bc97d8', 'encryption_key_id': None, 'qos_specs': None, 'consistencygroup_id': None, 'cgsnapshot_id': None, 'group_id': None, 'replication_status': 'disabled', 'refresh_az': False, 'backup_id': None, 'multiattach': False, 'availability_zones': ['nova']}' {{(pid=100047) _task_receiver /opt/stack/data/venv/lib/python3.12/site-packages/taskflow/listeners/logging.py:218}}
Jul 07 11:27:15.265895 np0000004718 devstack@c-api.service[100047]: DEBUG cinder.volume.api [None req-ddfd4f88-930a-40b5-bb1d-e517b179a059 tempest-AttachVolumeNegativeTest-1468065058 tempest-AttachVolumeNegativeTest-1468065058-project-member] Task 'cinder.volume.flows.api.create_volume.QuotaReserveTask;volume:create' (2d64a1ce-7993-4dfe-919d-5beda0e1d4d2) transitioned into state 'RUNNING' from state 'PENDING' {{(pid=100047) _task_receiver /opt/stack/data/venv/lib/python3.12/site-packages/taskflow/listeners/logging.py:242}}
Jul 07 11:27:15.289913 np0000004718 devstack@c-api.service[100045]: DEBUG cinder.api.middleware.request_id [None req-9c4a8075-5ba1-425d-b9e8-7e0f40d5f10d None None] RequestId filter calling following filter/app {{(pid=100045) _context_setter /opt/stack/cinder/cinder/api/middleware/request_id.py:62}}
Jul 07 11:27:15.293727 np0000004718 devstack@c-api.service[100045]: INFO cinder.api.openstack.wsgi [None req-9c4a8075-5ba1-425d-b9e8-7e0f40d5f10d tempest-AttachSCSIVolumeTestJSON-203711965 tempest-AttachSCSIVolumeTestJSON-203711965-project-member] GET https://10.4.3.242/volume/v3/volumes/5b6d85ab-14f9-47be-acfa-18bc19cf87d1
Jul 07 11:27:15.293727 np0000004718 devstack@c-api.service[100045]: DEBUG cinder.api.openstack.wsgi [None req-9c4a8075-5ba1-425d-b9e8-7e0f40d5f10d tempest-AttachSCSIVolumeTestJSON-203711965 tempest-AttachSCSIVolumeTestJSON-203711965-project-member] Empty body provided in request {{(pid=100045) get_body /opt/stack/cinder/cinder/api/openstack/wsgi.py:725}}
Jul 07 11:27:15.293727 np0000004718 devstack@c-api.service[100045]: DEBUG cinder.api.openstack.wsgi [None req-9c4a8075-5ba1-425d-b9e8-7e0f40d5f10d tempest-AttachSCSIVolumeTestJSON-203711965 tempest-AttachSCSIVolumeTestJSON-203711965-project-member] Calling method 'show' {{(pid=100045) _process_stack /opt/stack/cinder/cinder/api/openstack/wsgi.py:878}}
Jul 07 11:27:15.304714 np0000004718 devstack@c-api.service[100045]: /opt/stack/data/venv/lib/python3.12/site-packages/oslo_context/context.py:102: DeprecationWarning: Policy enforcement is depending on the value of is_admin. This key is deprecated. Please update your policy file to use the standard policy values.
Jul 07 11:27:15.304714 np0000004718 devstack@c-api.service[100045]: warnings.warn(
Jul 07 11:27:15.309718 np0000004718 devstack@c-api.service[100045]: INFO cinder.volume.api [None req-9c4a8075-5ba1-425d-b9e8-7e0f40d5f10d tempest-AttachSCSIVolumeTestJSON-203711965 tempest-AttachSCSIVolumeTestJSON-203711965-project-member] Volume info retrieved successfully.
Jul 07 11:27:15.316516 np0000004718 devstack@c-api.service[100045]: INFO cinder.api.openstack.wsgi [None req-9c4a8075-5ba1-425d-b9e8-7e0f40d5f10d tempest-AttachSCSIVolumeTestJSON-203711965 tempest-AttachSCSIVolumeTestJSON-203711965-project-member] https://10.4.3.242/volume/v3/volumes/5b6d85ab-14f9-47be-acfa-18bc19cf87d1 returned with HTTP 200
Jul 07 11:27:15.317155 np0000004718 devstack@c-api.service[100045]: [pid: 100045|app: 0|req: 60/244] 10.4.3.242 () {66 vars in 1348 bytes} [Tue Jul 7 11:27:15 2026] GET /volume/v3/volumes/5b6d85ab-14f9-47be-acfa-18bc19cf87d1 => generated 1139 bytes in 28 msecs (HTTP/1.1 200) 7 headers in 286 bytes (1 switches on core 0)
Jul 07 11:27:15.337015 np0000004718 devstack@c-api.service[100046]: DEBUG cinder.api.middleware.request_id [None req-a42e2632-d41b-470d-931a-551cf8d3befc None None] RequestId filter calling following filter/app {{(pid=100046) _context_setter /opt/stack/cinder/cinder/api/middleware/request_id.py:62}}
Jul 07 11:27:15.339290 np0000004718 devstack@c-api.service[100046]: INFO cinder.api.openstack.wsgi [None req-a42e2632-d41b-470d-931a-551cf8d3befc tempest-AttachSCSIVolumeTestJSON-203711965 tempest-AttachSCSIVolumeTestJSON-203711965-project-member] GET https://10.4.3.242/volume/v3/volumes/5b6d85ab-14f9-47be-acfa-18bc19cf87d1
Jul 07 11:27:15.339611 np0000004718 devstack@c-api.service[100046]: DEBUG cinder.api.openstack.wsgi [None req-a42e2632-d41b-470d-931a-551cf8d3befc tempest-AttachSCSIVolumeTestJSON-203711965 tempest-AttachSCSIVolumeTestJSON-203711965-project-member] Empty body provided in request {{(pid=100046) get_body /opt/stack/cinder/cinder/api/openstack/wsgi.py:725}}
Jul 07 11:27:15.339923 np0000004718 devstack@c-api.service[100046]: DEBUG cinder.api.openstack.wsgi [None req-a42e2632-d41b-470d-931a-551cf8d3befc tempest-AttachSCSIVolumeTestJSON-203711965 tempest-AttachSCSIVolumeTestJSON-203711965-project-member] Calling method 'show' {{(pid=100046) _process_stack /opt/stack/cinder/cinder/api/openstack/wsgi.py:878}}
Jul 07 11:27:15.342155 np0000004718 devstack@c-api.service[100047]: DEBUG cinder.quota [None req-ddfd4f88-930a-40b5-bb1d-e517b179a059 tempest-AttachVolumeNegativeTest-1468065058 tempest-AttachVolumeNegativeTest-1468065058-project-member] Created reservations ['cc87519d-5cde-493a-bcde-3869047cd061', '85f5a1b3-b2b9-4de8-bb04-37b9cc193ae3', '66b84ee8-f30e-4b3d-899d-4739b0b07b8d', '161e1ff7-1a92-4092-a4d9-8e3476e194a3'] {{(pid=100047) reserve /opt/stack/cinder/cinder/quota.py:752}}
Jul 07 11:27:15.343437 np0000004718 devstack@c-api.service[100047]: DEBUG cinder.volume.api [None req-ddfd4f88-930a-40b5-bb1d-e517b179a059 tempest-AttachVolumeNegativeTest-1468065058 tempest-AttachVolumeNegativeTest-1468065058-project-member] Task 'cinder.volume.flows.api.create_volume.QuotaReserveTask;volume:create' (2d64a1ce-7993-4dfe-919d-5beda0e1d4d2) transitioned into state 'SUCCESS' from state 'RUNNING' with result '{'reservations': ['cc87519d-5cde-493a-bcde-3869047cd061', '85f5a1b3-b2b9-4de8-bb04-37b9cc193ae3', '66b84ee8-f30e-4b3d-899d-4739b0b07b8d', '161e1ff7-1a92-4092-a4d9-8e3476e194a3']}' {{(pid=100047) _task_receiver /opt/stack/data/venv/lib/python3.12/site-packages/taskflow/listeners/logging.py:218}}
Jul 07 11:27:15.344319 np0000004718 devstack@c-api.service[100047]: DEBUG cinder.volume.api [None req-ddfd4f88-930a-40b5-bb1d-e517b179a059 tempest-AttachVolumeNegativeTest-1468065058 tempest-AttachVolumeNegativeTest-1468065058-project-member] Task 'cinder.volume.flows.api.create_volume.EntryCreateTask;volume:create' (04cf2de0-758e-4504-9d0d-04cf29981d6f) transitioned into state 'RUNNING' from state 'PENDING' {{(pid=100047) _task_receiver /opt/stack/data/venv/lib/python3.12/site-packages/taskflow/listeners/logging.py:242}}
Jul 07 11:27:15.354970 np0000004718 devstack@c-api.service[100046]: /opt/stack/data/venv/lib/python3.12/site-packages/oslo_context/context.py:102: DeprecationWarning: Policy enforcement is depending on the value of is_admin. This key is deprecated. Please update your policy file to use the standard policy values.
Jul 07 11:27:15.354970 np0000004718 devstack@c-api.service[100046]: warnings.warn(
Jul 07 11:27:15.360552 np0000004718 devstack@c-api.service[100046]: INFO cinder.volume.api [None req-a42e2632-d41b-470d-931a-551cf8d3befc tempest-AttachSCSIVolumeTestJSON-203711965 tempest-AttachSCSIVolumeTestJSON-203711965-project-member] Volume info retrieved successfully.
Jul 07 11:27:15.367650 np0000004718 devstack@c-api.service[100046]: INFO cinder.api.openstack.wsgi [None req-a42e2632-d41b-470d-931a-551cf8d3befc tempest-AttachSCSIVolumeTestJSON-203711965 tempest-AttachSCSIVolumeTestJSON-203711965-project-member] https://10.4.3.242/volume/v3/volumes/5b6d85ab-14f9-47be-acfa-18bc19cf87d1 returned with HTTP 200
Jul 07 11:27:15.368796 np0000004718 devstack@c-api.service[100046]: [pid: 100046|app: 0|req: 61/245] 10.4.3.242 () {66 vars in 1348 bytes} [Tue Jul 7 11:27:15 2026] GET /volume/v3/volumes/5b6d85ab-14f9-47be-acfa-18bc19cf87d1 => generated 1139 bytes in 32 msecs (HTTP/1.1 200) 7 headers in 286 bytes (1 switches on core 0)
Jul 07 11:27:15.373966 np0000004718 devstack@c-api.service[100047]: DEBUG cinder.volume.api [None req-ddfd4f88-930a-40b5-bb1d-e517b179a059 tempest-AttachVolumeNegativeTest-1468065058 tempest-AttachVolumeNegativeTest-1468065058-project-member] Task 'cinder.volume.flows.api.create_volume.EntryCreateTask;volume:create' (04cf2de0-758e-4504-9d0d-04cf29981d6f) transitioned into state 'SUCCESS' from state 'RUNNING' with result '{'volume_id': '7f1955f0-f41e-4ca4-8b31-63b82e42d7c9', 'volume_properties': VolumeProperties(attach_status='detached',availability_zone='nova',cgsnapshot_id=None,consistencygroup_id=None,display_description=None,display_name='tempest-AttachVolumeNegativeTest-volume-596511774',encryption_key_id=None,group_id=None,group_type_id=,metadata={},multiattach=False,project_id='b0df9af459444e2e88842d113a826386',qos_specs=None,replication_status=,reservations=['cc87519d-5cde-493a-bcde-3869047cd061','85f5a1b3-b2b9-4de8-bb04-37b9cc193ae3','66b84ee8-f30e-4b3d-899d-4739b0b07b8d','161e1ff7-1a92-4092-a4d9-8e3476e194a3'],size=1,snapshot_id=None,source_replicaid=,source_volid=None,status='creating',user_id='f9334e81711e44e490d6ea46a84e5cd4',volume_type_id=fff60cac-9806-4c80-add9-aa0cb3bc97d8), 'volume': Volume(_name_id=None,admin_metadata=,attach_status='detached',availability_zone='nova',bootable=False,cluster=,cluster_name=None,consistencygroup=,consistencygroup_id=None,created_at=2026-07-07T11:27:15Z,deleted=False,deleted_at=None,display_description=None,display_name='tempest-AttachVolumeNegativeTest-volume-596511774',ec2_id=None,encryption_key_id=None,glance_metadata=,group=,group_id=None,host=None,id=7f1955f0-f41e-4ca4-8b31-63b82e42d7c9,launched_at=None,metadata={},migration_status=None,multiattach=False,previous_status=None,project_id='b0df9af459444e2e88842d113a826386',provider_auth=None,provider_geometry=None,provider_id=None,provider_location=None,replication_driver_data=None,replication_extended_status=None,replication_status=None,scheduled_at=None,service_uuid=None,shared_targets=True,size=1,snapshot_id=None,snapshots=,source_volid=None,status='creating',terminated_at=None,updated_at=None,use_quota=True,user_id='f9334e81711e44e490d6ea46a84e5cd4',volume_attachment=VolumeAttachmentList,volume_type=VolumeType(fff60cac-9806-4c80-add9-aa0cb3bc97d8),volume_type_id=fff60cac-9806-4c80-add9-aa0cb3bc97d8)}' {{(pid=100047) _task_receiver /opt/stack/data/venv/lib/python3.12/site-packages/taskflow/listeners/logging.py:218}}
Jul 07 11:27:15.375526 np0000004718 devstack@c-api.service[100047]: DEBUG cinder.volume.api [None req-ddfd4f88-930a-40b5-bb1d-e517b179a059 tempest-AttachVolumeNegativeTest-1468065058 tempest-AttachVolumeNegativeTest-1468065058-project-member] Task 'cinder.volume.flows.api.create_volume.QuotaCommitTask;volume:create' (ef88760b-81aa-4f6d-b26f-009bcc314641) transitioned into state 'RUNNING' from state 'PENDING' {{(pid=100047) _task_receiver /opt/stack/data/venv/lib/python3.12/site-packages/taskflow/listeners/logging.py:242}}
Jul 07 11:27:15.386056 np0000004718 devstack@c-api.service[100045]: DEBUG cinder.api.middleware.request_id [None req-0d82cafa-79d0-4ec8-a38c-952b445448a6 None None] RequestId filter calling following filter/app {{(pid=100045) _context_setter /opt/stack/cinder/cinder/api/middleware/request_id.py:62}}
Jul 07 11:27:15.387887 np0000004718 devstack@c-api.service[100045]: INFO cinder.api.openstack.wsgi [None req-0d82cafa-79d0-4ec8-a38c-952b445448a6 tempest-AttachSCSIVolumeTestJSON-203711965 tempest-AttachSCSIVolumeTestJSON-203711965-project-reader] GET https://10.4.3.242/volume/v3/volumes/5b6d85ab-14f9-47be-acfa-18bc19cf87d1
Jul 07 11:27:15.388298 np0000004718 devstack@c-api.service[100045]: DEBUG cinder.api.openstack.wsgi [None req-0d82cafa-79d0-4ec8-a38c-952b445448a6 tempest-AttachSCSIVolumeTestJSON-203711965 tempest-AttachSCSIVolumeTestJSON-203711965-project-reader] Empty body provided in request {{(pid=100045) get_body /opt/stack/cinder/cinder/api/openstack/wsgi.py:725}}
Jul 07 11:27:15.388622 np0000004718 devstack@c-api.service[100045]: DEBUG cinder.api.openstack.wsgi [None req-0d82cafa-79d0-4ec8-a38c-952b445448a6 tempest-AttachSCSIVolumeTestJSON-203711965 tempest-AttachSCSIVolumeTestJSON-203711965-project-reader] Calling method 'show' {{(pid=100045) _process_stack /opt/stack/cinder/cinder/api/openstack/wsgi.py:878}}
Jul 07 11:27:15.402770 np0000004718 devstack@c-api.service[100047]: DEBUG cinder.volume.api [None req-ddfd4f88-930a-40b5-bb1d-e517b179a059 tempest-AttachVolumeNegativeTest-1468065058 tempest-AttachVolumeNegativeTest-1468065058-project-member] Task 'cinder.volume.flows.api.create_volume.QuotaCommitTask;volume:create' (ef88760b-81aa-4f6d-b26f-009bcc314641) transitioned into state 'SUCCESS' from state 'RUNNING' with result '{'volume_properties': VolumeProperties(attach_status='detached',availability_zone='nova',cgsnapshot_id=None,consistencygroup_id=None,display_description=None,display_name='tempest-AttachVolumeNegativeTest-volume-596511774',encryption_key_id=None,group_id=None,group_type_id=,metadata={},multiattach=False,project_id='b0df9af459444e2e88842d113a826386',qos_specs=None,replication_status=,reservations=['cc87519d-5cde-493a-bcde-3869047cd061','85f5a1b3-b2b9-4de8-bb04-37b9cc193ae3','66b84ee8-f30e-4b3d-899d-4739b0b07b8d','161e1ff7-1a92-4092-a4d9-8e3476e194a3'],size=1,snapshot_id=None,source_replicaid=,source_volid=None,status='creating',user_id='f9334e81711e44e490d6ea46a84e5cd4',volume_type_id=fff60cac-9806-4c80-add9-aa0cb3bc97d8)}' {{(pid=100047) _task_receiver /opt/stack/data/venv/lib/python3.12/site-packages/taskflow/listeners/logging.py:218}}
Jul 07 11:27:15.404127 np0000004718 devstack@c-api.service[100047]: DEBUG cinder.volume.api [None req-ddfd4f88-930a-40b5-bb1d-e517b179a059 tempest-AttachVolumeNegativeTest-1468065058 tempest-AttachVolumeNegativeTest-1468065058-project-member] Task 'cinder.volume.flows.api.create_volume.VolumeCastTask;volume:create' (805b1123-f665-4195-9d60-94c11466e0dd) transitioned into state 'RUNNING' from state 'PENDING' {{(pid=100047) _task_receiver /opt/stack/data/venv/lib/python3.12/site-packages/taskflow/listeners/logging.py:242}}
Jul 07 11:27:15.408699 np0000004718 devstack@c-api.service[100045]: /opt/stack/data/venv/lib/python3.12/site-packages/oslo_context/context.py:102: DeprecationWarning: Policy enforcement is depending on the value of is_admin. This key is deprecated. Please update your policy file to use the standard policy values.
Jul 07 11:27:15.408699 np0000004718 devstack@c-api.service[100045]: warnings.warn(
Jul 07 11:27:15.413788 np0000004718 devstack@c-api.service[100045]: INFO cinder.volume.api [None req-0d82cafa-79d0-4ec8-a38c-952b445448a6 tempest-AttachSCSIVolumeTestJSON-203711965 tempest-AttachSCSIVolumeTestJSON-203711965-project-reader] Volume info retrieved successfully.
Jul 07 11:27:15.419531 np0000004718 devstack@c-api.service[100047]: DEBUG cinder.volume.api [None req-ddfd4f88-930a-40b5-bb1d-e517b179a059 tempest-AttachVolumeNegativeTest-1468065058 tempest-AttachVolumeNegativeTest-1468065058-project-member] Task 'cinder.volume.flows.api.create_volume.VolumeCastTask;volume:create' (805b1123-f665-4195-9d60-94c11466e0dd) transitioned into state 'SUCCESS' from state 'RUNNING' with result 'None' {{(pid=100047) _task_receiver /opt/stack/data/venv/lib/python3.12/site-packages/taskflow/listeners/logging.py:218}}
Jul 07 11:27:15.420571 np0000004718 devstack@c-api.service[100047]: DEBUG cinder.volume.api [None req-ddfd4f88-930a-40b5-bb1d-e517b179a059 tempest-AttachVolumeNegativeTest-1468065058 tempest-AttachVolumeNegativeTest-1468065058-project-member] Flow 'volume_create_api' (33b6b698-101b-4b1c-89bf-77b40bbe5996) transitioned into state 'SUCCESS' from state 'RUNNING' {{(pid=100047) _flow_receiver /opt/stack/data/venv/lib/python3.12/site-packages/taskflow/listeners/logging.py:160}}
Jul 07 11:27:15.421461 np0000004718 devstack@c-api.service[100047]: INFO cinder.volume.api [None req-ddfd4f88-930a-40b5-bb1d-e517b179a059 tempest-AttachVolumeNegativeTest-1468065058 tempest-AttachVolumeNegativeTest-1468065058-project-member] Create volume request issued successfully.
Jul 07 11:27:15.423316 np0000004718 devstack@c-api.service[100047]: INFO cinder.api.openstack.wsgi [None req-ddfd4f88-930a-40b5-bb1d-e517b179a059 tempest-AttachVolumeNegativeTest-1468065058 tempest-AttachVolumeNegativeTest-1468065058-project-member] https://10.4.3.242/volume/v3/volumes returned with HTTP 202
Jul 07 11:27:15.423393 np0000004718 devstack@c-api.service[100045]: INFO cinder.api.openstack.wsgi [None req-0d82cafa-79d0-4ec8-a38c-952b445448a6 tempest-AttachSCSIVolumeTestJSON-203711965 tempest-AttachSCSIVolumeTestJSON-203711965-project-reader] https://10.4.3.242/volume/v3/volumes/5b6d85ab-14f9-47be-acfa-18bc19cf87d1 returned with HTTP 200
Jul 07 11:27:15.423445 np0000004718 devstack@c-api.service[100047]: [pid: 100047|app: 0|req: 63/246] 10.4.3.242 () {68 vars in 1258 bytes} [Tue Jul 7 11:27:15 2026] POST /volume/v3/volumes => generated 754 bytes in 228 msecs (HTTP/1.1 202) 7 headers in 291 bytes (1 switches on core 0)
Jul 07 11:27:15.423470 np0000004718 devstack@c-api.service[100045]: [pid: 100045|app: 0|req: 61/247] 10.4.3.242 () {66 vars in 1348 bytes} [Tue Jul 7 11:27:15 2026] GET /volume/v3/volumes/5b6d85ab-14f9-47be-acfa-18bc19cf87d1 => generated 1139 bytes in 39 msecs (HTTP/1.1 200) 7 headers in 286 bytes (1 switches on core 0)
Jul 07 11:27:15.441500 np0000004718 devstack@c-api.service[100046]: DEBUG cinder.api.middleware.request_id [None req-f10a04b4-4603-4ed6-b4ea-ded1cbc8b5ac None None] RequestId filter calling following filter/app {{(pid=100046) _context_setter /opt/stack/cinder/cinder/api/middleware/request_id.py:62}}
Jul 07 11:27:15.443862 np0000004718 devstack@c-api.service[100046]: INFO cinder.api.openstack.wsgi [None req-f10a04b4-4603-4ed6-b4ea-ded1cbc8b5ac tempest-AttachVolumeNegativeTest-1468065058 tempest-AttachVolumeNegativeTest-1468065058-project-member] GET https://10.4.3.242/volume/v3/volumes/7f1955f0-f41e-4ca4-8b31-63b82e42d7c9
Jul 07 11:27:15.446360 np0000004718 devstack@c-api.service[100046]: DEBUG cinder.api.openstack.wsgi [None req-f10a04b4-4603-4ed6-b4ea-ded1cbc8b5ac tempest-AttachVolumeNegativeTest-1468065058 tempest-AttachVolumeNegativeTest-1468065058-project-member] Empty body provided in request {{(pid=100046) get_body /opt/stack/cinder/cinder/api/openstack/wsgi.py:725}}
Jul 07 11:27:15.446648 np0000004718 devstack@c-api.service[100046]: DEBUG cinder.api.openstack.wsgi [None req-f10a04b4-4603-4ed6-b4ea-ded1cbc8b5ac tempest-AttachVolumeNegativeTest-1468065058 tempest-AttachVolumeNegativeTest-1468065058-project-member] Calling method 'show' {{(pid=100046) _process_stack /opt/stack/cinder/cinder/api/openstack/wsgi.py:878}}
Jul 07 11:27:15.467606 np0000004718 devstack@c-api.service[100046]: /opt/stack/data/venv/lib/python3.12/site-packages/oslo_context/context.py:102: DeprecationWarning: Policy enforcement is depending on the value of is_admin. This key is deprecated. Please update your policy file to use the standard policy values.
Jul 07 11:27:15.467606 np0000004718 devstack@c-api.service[100046]: warnings.warn(
