May 24 05:19:25.933786 np0000001349 devstack@placement-api.service[89358]: [pid: 89358|app: 0|req: 274/551] 10.4.3.253 () {68 vars in 1499 bytes} [Sun May 24 05:19:25 2026] GET /placement/allocations/a431eb32-0b21-4a49-9fba-b3adb91eb192 => generated 258 bytes in 26 msecs (HTTP/1.1 200) 8 headers in 296 bytes (1 switches on core 0)
May 24 05:19:25.981980 np0000001349 devstack@placement-api.service[89359]: DEBUG placement.requestlog [req-c85d5a80-ba43-41ca-9f9f-c3263b26ac1a req-7d2e80b3-bcc7-4402-ac6e-4867c0c951c0 None None] Starting request: 10.4.3.253 "GET /placement/allocations/90b815fd-77af-46ad-8a6c-b1453c706137" {{(pid=89359) __call__ /opt/stack/placement/placement/requestlog.py:55}}
May 24 05:19:25.993050 np0000001349 devstack@placement-api.service[89359]: INFO placement.requestlog [req-c85d5a80-ba43-41ca-9f9f-c3263b26ac1a req-7d2e80b3-bcc7-4402-ac6e-4867c0c951c0 service nova] 10.4.3.253 "GET /placement/allocations/90b815fd-77af-46ad-8a6c-b1453c706137" status: 200 len: 258 microversion: 1.28
May 24 05:19:25.993050 np0000001349 devstack@placement-api.service[89359]: [pid: 89359|app: 0|req: 278/552] 10.4.3.253 () {68 vars in 1499 bytes} [Sun May 24 05:19:25 2026] GET /placement/allocations/90b815fd-77af-46ad-8a6c-b1453c706137 => generated 258 bytes in 12 msecs (HTTP/1.1 200) 8 headers in 296 bytes (2 switches on core 0)
May 24 05:19:27.070028 np0000001349 devstack@placement-api.service[89358]: DEBUG placement.requestlog [req-c85d5a80-ba43-41ca-9f9f-c3263b26ac1a req-adc0f637-41ce-4406-83d1-957e5810fae2 None None] Starting request: 10.4.3.253 "DELETE /placement/allocations/d416c991-1739-4aa4-a8ce-5ec3bd6624f0" {{(pid=89358) __call__ /opt/stack/placement/placement/requestlog.py:55}}
May 24 05:19:27.106275 np0000001349 devstack@placement-api.service[89358]: DEBUG placement.handlers.allocation [req-c85d5a80-ba43-41ca-9f9f-c3263b26ac1a req-adc0f637-41ce-4406-83d1-957e5810fae2 service nova] Successfully deleted allocations [, , ] {{(pid=89358) delete_allocations /opt/stack/placement/placement/handlers/allocation.py:627}}
May 24 05:19:27.107264 np0000001349 devstack@placement-api.service[89358]: INFO placement.requestlog [req-c85d5a80-ba43-41ca-9f9f-c3263b26ac1a req-adc0f637-41ce-4406-83d1-957e5810fae2 service nova] 10.4.3.253 "DELETE /placement/allocations/d416c991-1739-4aa4-a8ce-5ec3bd6624f0" status: 204 len: 0 microversion: 1.0
May 24 05:19:27.108936 np0000001349 devstack@placement-api.service[89358]: [pid: 89358|app: 0|req: 275/553] 10.4.3.253 () {68 vars in 1477 bytes} [Sun May 24 05:19:27 2026] DELETE /placement/allocations/d416c991-1739-4aa4-a8ce-5ec3bd6624f0 => generated 0 bytes in 38 msecs (HTTP/1.1 204) 5 headers in 198 bytes (1 switches on core 0)
May 24 05:19:27.976776 np0000001349 devstack@placement-api.service[89359]: DEBUG placement.requestlog [None req-4c2ea6fa-b78f-4759-9d88-db04cb67bf18 None None] Starting request: 10.4.3.253 "GET /placement/resource_providers/2f9854a1-dc63-4792-a579-fecef0bd1198/aggregates" {{(pid=89359) __call__ /opt/stack/placement/placement/requestlog.py:55}}
May 24 05:19:27.987551 np0000001349 devstack@placement-api.service[89359]: INFO placement.requestlog [None req-4c2ea6fa-b78f-4759-9d88-db04cb67bf18 service placement] 10.4.3.253 "GET /placement/resource_providers/2f9854a1-dc63-4792-a579-fecef0bd1198/aggregates" status: 404 len: 235 microversion: 1.1
May 24 05:19:27.987811 np0000001349 devstack@placement-api.service[89359]: [pid: 89359|app: 0|req: 279/554] 10.4.3.253 () {66 vars in 1474 bytes} [Sun May 24 05:19:27 2026] GET /placement/resource_providers/2f9854a1-dc63-4792-a579-fecef0bd1198/aggregates => generated 235 bytes in 11 msecs (HTTP/1.1 404) 5 headers in 202 bytes (1 switches on core 0)
May 24 05:19:28.040041 np0000001349 devstack@placement-api.service[89358]: DEBUG placement.requestlog [None req-e066043a-ca13-4bf4-b03b-3e3d65a632d3 None None] Starting request: 10.4.3.253 "DELETE /placement/resource_providers/2f9854a1-dc63-4792-a579-fecef0bd1198" {{(pid=89358) __call__ /opt/stack/placement/placement/requestlog.py:55}}
May 24 05:19:28.047415 np0000001349 devstack@placement-api.service[89358]: DEBUG placement.wsgi_wrapper [None req-e066043a-ca13-4bf4-b03b-3e3d65a632d3 service placement] Placement API returning an error response: No resource provider with uuid 2f9854a1-dc63-4792-a579-fecef0bd1198 found for delete {{(pid=89358) call_func /opt/stack/placement/placement/wsgi_wrapper.py:31}}
May 24 05:19:28.047858 np0000001349 devstack@placement-api.service[89358]: INFO placement.requestlog [None req-e066043a-ca13-4bf4-b03b-3e3d65a632d3 service placement] 10.4.3.253 "DELETE /placement/resource_providers/2f9854a1-dc63-4792-a579-fecef0bd1198" status: 404 len: 246 microversion: 1.1
May 24 05:19:28.048092 np0000001349 devstack@placement-api.service[89358]: [pid: 89358|app: 0|req: 276/555] 10.4.3.253 () {68 vars in 1463 bytes} [Sun May 24 05:19:28 2026] DELETE /placement/resource_providers/2f9854a1-dc63-4792-a579-fecef0bd1198 => generated 246 bytes in 8 msecs (HTTP/1.1 404) 6 headers in 231 bytes (1 switches on core 0)
May 24 05:19:30.970968 np0000001349 devstack@placement-api.service[89359]: DEBUG placement.requestlog [None req-ff6052d0-4670-498f-ad8f-cd0274aa4073 None None] Starting request: 10.4.3.253 "GET /placement/resource_providers/56890fbd-de62-48a9-b970-447261722627/aggregates" {{(pid=89359) __call__ /opt/stack/placement/placement/requestlog.py:55}}
May 24 05:19:30.980098 np0000001349 devstack@placement-api.service[89359]: INFO placement.requestlog [None req-ff6052d0-4670-498f-ad8f-cd0274aa4073 service placement] 10.4.3.253 "GET /placement/resource_providers/56890fbd-de62-48a9-b970-447261722627/aggregates" status: 404 len: 235 microversion: 1.1
May 24 05:19:30.980383 np0000001349 devstack@placement-api.service[89359]: [pid: 89359|app: 0|req: 280/556] 10.4.3.253 () {66 vars in 1474 bytes} [Sun May 24 05:19:30 2026] GET /placement/resource_providers/56890fbd-de62-48a9-b970-447261722627/aggregates => generated 235 bytes in 12 msecs (HTTP/1.1 404) 5 headers in 202 bytes (1 switches on core 0)
May 24 05:19:31.091977 np0000001349 devstack@placement-api.service[89358]: DEBUG placement.requestlog [None req-30319f5c-786c-42a0-99d8-957d99b4293c None None] Starting request: 10.4.3.253 "DELETE /placement/resource_providers/56890fbd-de62-48a9-b970-447261722627" {{(pid=89358) __call__ /opt/stack/placement/placement/requestlog.py:55}}
May 24 05:19:31.123757 np0000001349 devstack@placement-api.service[89358]: DEBUG placement.wsgi_wrapper [None req-30319f5c-786c-42a0-99d8-957d99b4293c service placement] Placement API returning an error response: No resource provider with uuid 56890fbd-de62-48a9-b970-447261722627 found for delete {{(pid=89358) call_func /opt/stack/placement/placement/wsgi_wrapper.py:31}}
May 24 05:19:31.127695 np0000001349 devstack@placement-api.service[89358]: INFO placement.requestlog [None req-30319f5c-786c-42a0-99d8-957d99b4293c service placement] 10.4.3.253 "DELETE /placement/resource_providers/56890fbd-de62-48a9-b970-447261722627" status: 404 len: 246 microversion: 1.1
May 24 05:19:31.128316 np0000001349 devstack@placement-api.service[89358]: [pid: 89358|app: 0|req: 277/557] 10.4.3.253 () {68 vars in 1463 bytes} [Sun May 24 05:19:31 2026] DELETE /placement/resource_providers/56890fbd-de62-48a9-b970-447261722627 => generated 246 bytes in 37 msecs (HTTP/1.1 404) 6 headers in 231 bytes (1 switches on core 0)
May 24 05:19:33.674393 np0000001349 devstack@placement-api.service[89359]: DEBUG placement.requestlog [req-aa65bf5d-e693-4174-bf24-b7fe87813270 req-c46337e3-05cf-4caa-985f-44c60e10cc49 None None] Starting request: 10.4.3.253 "GET /placement/resource_providers/0c28f5f2-f5a0-43d5-b8ed-7c7f6b33c7f5/allocations" {{(pid=89359) __call__ /opt/stack/placement/placement/requestlog.py:55}}
May 24 05:19:33.694442 np0000001349 devstack@placement-api.service[89359]: INFO placement.requestlog [req-aa65bf5d-e693-4174-bf24-b7fe87813270 req-c46337e3-05cf-4caa-985f-44c60e10cc49 service nova] 10.4.3.253 "GET /placement/resource_providers/0c28f5f2-f5a0-43d5-b8ed-7c7f6b33c7f5/allocations" status: 200 len: 539 microversion: 1.0
May 24 05:19:33.694442 np0000001349 devstack@placement-api.service[89359]: [pid: 89359|app: 0|req: 281/558] 10.4.3.253 () {66 vars in 1512 bytes} [Sun May 24 05:19:33 2026] GET /placement/resource_providers/0c28f5f2-f5a0-43d5-b8ed-7c7f6b33c7f5/allocations => generated 539 bytes in 19 msecs (HTTP/1.1 200) 6 headers in 224 bytes (1 switches on core 0)
May 24 05:19:33.737255 np0000001349 devstack@placement-api.service[89358]: DEBUG placement.requestlog [req-aa65bf5d-e693-4174-bf24-b7fe87813270 req-a2f718fb-b019-46df-8a4b-75b4252db6fd None None] Starting request: 10.4.3.253 "GET /placement/allocations/f07b365d-8a50-4220-a40f-8d98c74218b0" {{(pid=89358) __call__ /opt/stack/placement/placement/requestlog.py:55}}
May 24 05:19:33.756569 np0000001349 devstack@placement-api.service[89358]: INFO placement.requestlog [req-aa65bf5d-e693-4174-bf24-b7fe87813270 req-a2f718fb-b019-46df-8a4b-75b4252db6fd service nova] 10.4.3.253 "GET /placement/allocations/f07b365d-8a50-4220-a40f-8d98c74218b0" status: 200 len: 258 microversion: 1.28
May 24 05:19:33.756863 np0000001349 devstack@placement-api.service[89358]: [pid: 89358|app: 0|req: 278/559] 10.4.3.253 () {68 vars in 1499 bytes} [Sun May 24 05:19:33 2026] GET /placement/allocations/f07b365d-8a50-4220-a40f-8d98c74218b0 => generated 258 bytes in 20 msecs (HTTP/1.1 200) 8 headers in 296 bytes (1 switches on core 0)
May 24 05:19:33.823075 np0000001349 devstack@placement-api.service[89359]: DEBUG placement.requestlog [req-aa65bf5d-e693-4174-bf24-b7fe87813270 req-95266fc8-9702-4017-b943-60c689509f78 None None] Starting request: 10.4.3.253 "GET /placement/allocations/87c81176-865e-4948-883d-49be672e4b15" {{(pid=89359) __call__ /opt/stack/placement/placement/requestlog.py:55}}
May 24 05:19:33.841196 np0000001349 devstack@placement-api.service[89359]: INFO placement.requestlog [req-aa65bf5d-e693-4174-bf24-b7fe87813270 req-95266fc8-9702-4017-b943-60c689509f78 service nova] 10.4.3.253 "GET /placement/allocations/87c81176-865e-4948-883d-49be672e4b15" status: 200 len: 258 microversion: 1.28
May 24 05:19:33.841196 np0000001349 devstack@placement-api.service[89359]: [pid: 89359|app: 0|req: 282/560] 10.4.3.253 () {68 vars in 1499 bytes} [Sun May 24 05:19:33 2026] GET /placement/allocations/87c81176-865e-4948-883d-49be672e4b15 => generated 258 bytes in 18 msecs (HTTP/1.1 200) 8 headers in 296 bytes (1 switches on core 0)
May 24 05:19:33.941988 np0000001349 devstack@placement-api.service[89358]: DEBUG placement.requestlog [req-aa65bf5d-e693-4174-bf24-b7fe87813270 req-5d4fc95a-7d3d-4a21-bcef-b79651efd3d7 None None] Starting request: 10.4.3.253 "GET /placement/allocations/0a699768-17ea-4132-85ee-5db01618e60f" {{(pid=89358) __call__ /opt/stack/placement/placement/requestlog.py:55}}
May 24 05:19:33.964510 np0000001349 devstack@placement-api.service[89358]: INFO placement.requestlog [req-aa65bf5d-e693-4174-bf24-b7fe87813270 req-5d4fc95a-7d3d-4a21-bcef-b79651efd3d7 service nova] 10.4.3.253 "GET /placement/allocations/0a699768-17ea-4132-85ee-5db01618e60f" status: 200 len: 244 microversion: 1.28
May 24 05:19:33.964510 np0000001349 devstack@placement-api.service[89358]: [pid: 89358|app: 0|req: 279/561] 10.4.3.253 () {68 vars in 1499 bytes} [Sun May 24 05:19:33 2026] GET /placement/allocations/0a699768-17ea-4132-85ee-5db01618e60f => generated 244 bytes in 22 msecs (HTTP/1.1 200) 8 headers in 296 bytes (1 switches on core 0)
May 24 05:19:34.062441 np0000001349 devstack@placement-api.service[89359]: DEBUG placement.requestlog [req-aa65bf5d-e693-4174-bf24-b7fe87813270 req-08405c80-0315-4c5c-8a44-50193eb1e013 None None] Starting request: 10.4.3.253 "GET /placement/allocations/a431eb32-0b21-4a49-9fba-b3adb91eb192" {{(pid=89359) __call__ /opt/stack/placement/placement/requestlog.py:55}}
May 24 05:19:34.080910 np0000001349 devstack@placement-api.service[89359]: INFO placement.requestlog [req-aa65bf5d-e693-4174-bf24-b7fe87813270 req-08405c80-0315-4c5c-8a44-50193eb1e013 service nova] 10.4.3.253 "GET /placement/allocations/a431eb32-0b21-4a49-9fba-b3adb91eb192" status: 200 len: 258 microversion: 1.28
May 24 05:19:34.081162 np0000001349 devstack@placement-api.service[89359]: [pid: 89359|app: 0|req: 283/562] 10.4.3.253 () {68 vars in 1499 bytes} [Sun May 24 05:19:34 2026] GET /placement/allocations/a431eb32-0b21-4a49-9fba-b3adb91eb192 => generated 258 bytes in 20 msecs (HTTP/1.1 200) 8 headers in 296 bytes (1 switches on core 0)
May 24 05:19:34.154357 np0000001349 devstack@placement-api.service[89358]: DEBUG placement.requestlog [req-aa65bf5d-e693-4174-bf24-b7fe87813270 req-048b5788-77ec-43fb-9984-99a644f2f54d None None] Starting request: 10.4.3.253 "GET /placement/allocations/90b815fd-77af-46ad-8a6c-b1453c706137" {{(pid=89358) __call__ /opt/stack/placement/placement/requestlog.py:55}}
May 24 05:19:34.169708 np0000001349 devstack@placement-api.service[89358]: INFO placement.requestlog [req-aa65bf5d-e693-4174-bf24-b7fe87813270 req-048b5788-77ec-43fb-9984-99a644f2f54d service nova] 10.4.3.253 "GET /placement/allocations/90b815fd-77af-46ad-8a6c-b1453c706137" status: 200 len: 258 microversion: 1.28
May 24 05:19:34.169708 np0000001349 devstack@placement-api.service[89358]: [pid: 89358|app: 0|req: 280/563] 10.4.3.253 () {68 vars in 1499 bytes} [Sun May 24 05:19:34 2026] GET /placement/allocations/90b815fd-77af-46ad-8a6c-b1453c706137 => generated 258 bytes in 15 msecs (HTTP/1.1 200) 8 headers in 296 bytes (1 switches on core 0)
May 24 05:19:35.260808 np0000001349 devstack@placement-api.service[89359]: DEBUG placement.requestlog [req-aa65bf5d-e693-4174-bf24-b7fe87813270 req-e0dbcd36-ae9b-436c-a8e8-3dad2e0a39ac None None] Starting request: 10.4.3.253 "DELETE /placement/allocations/0a699768-17ea-4132-85ee-5db01618e60f" {{(pid=89359) __call__ /opt/stack/placement/placement/requestlog.py:55}}
May 24 05:19:35.301885 np0000001349 devstack@placement-api.service[89359]: DEBUG placement.handlers.allocation [req-aa65bf5d-e693-4174-bf24-b7fe87813270 req-e0dbcd36-ae9b-436c-a8e8-3dad2e0a39ac service nova] Successfully deleted allocations [, ] {{(pid=89359) delete_allocations /opt/stack/placement/placement/handlers/allocation.py:627}}
May 24 05:19:35.302554 np0000001349 devstack@placement-api.service[89359]: INFO placement.requestlog [req-aa65bf5d-e693-4174-bf24-b7fe87813270 req-e0dbcd36-ae9b-436c-a8e8-3dad2e0a39ac service nova] 10.4.3.253 "DELETE /placement/allocations/0a699768-17ea-4132-85ee-5db01618e60f" status: 204 len: 0 microversion: 1.0
May 24 05:19:35.303519 np0000001349 devstack@placement-api.service[89359]: [pid: 89359|app: 0|req: 284/564] 10.4.3.253 () {68 vars in 1477 bytes} [Sun May 24 05:19:35 2026] DELETE /placement/allocations/0a699768-17ea-4132-85ee-5db01618e60f => generated 0 bytes in 43 msecs (HTTP/1.1 204) 5 headers in 198 bytes (1 switches on core 0)
May 24 05:19:40.022663 np0000001349 devstack@placement-api.service[89358]: DEBUG placement.requestlog [None req-a38409e4-40ce-40b1-8882-cb1b2860a99a None None] Starting request: 10.4.3.253 "GET /placement/resource_providers/93924e11-265b-4e9b-905f-2e23f4516edd/aggregates" {{(pid=89358) __call__ /opt/stack/placement/placement/requestlog.py:55}}
May 24 05:19:40.032369 np0000001349 devstack@placement-api.service[89358]: INFO placement.requestlog [None req-a38409e4-40ce-40b1-8882-cb1b2860a99a service placement] 10.4.3.253 "GET /placement/resource_providers/93924e11-265b-4e9b-905f-2e23f4516edd/aggregates" status: 404 len: 235 microversion: 1.1
May 24 05:19:40.032369 np0000001349 devstack@placement-api.service[89358]: [pid: 89358|app: 0|req: 281/565] 10.4.3.253 () {66 vars in 1474 bytes} [Sun May 24 05:19:40 2026] GET /placement/resource_providers/93924e11-265b-4e9b-905f-2e23f4516edd/aggregates => generated 235 bytes in 9 msecs (HTTP/1.1 404) 5 headers in 202 bytes (2 switches on core 0)
May 24 05:19:40.081393 np0000001349 devstack@placement-api.service[89359]: DEBUG placement.requestlog [None req-7726c4ea-d3de-4728-81be-c57f5561f48f None None] Starting request: 10.4.3.253 "DELETE /placement/resource_providers/93924e11-265b-4e9b-905f-2e23f4516edd" {{(pid=89359) __call__ /opt/stack/placement/placement/requestlog.py:55}}
May 24 05:19:40.091788 np0000001349 devstack@placement-api.service[89359]: DEBUG placement.wsgi_wrapper [None req-7726c4ea-d3de-4728-81be-c57f5561f48f service placement] Placement API returning an error response: No resource provider with uuid 93924e11-265b-4e9b-905f-2e23f4516edd found for delete {{(pid=89359) call_func /opt/stack/placement/placement/wsgi_wrapper.py:31}}
May 24 05:19:40.092635 np0000001349 devstack@placement-api.service[89359]: INFO placement.requestlog [None req-7726c4ea-d3de-4728-81be-c57f5561f48f service placement] 10.4.3.253 "DELETE /placement/resource_providers/93924e11-265b-4e9b-905f-2e23f4516edd" status: 404 len: 246 microversion: 1.1
May 24 05:19:40.093715 np0000001349 devstack@placement-api.service[89359]: [pid: 89359|app: 0|req: 285/566] 10.4.3.253 () {68 vars in 1463 bytes} [Sun May 24 05:19:40 2026] DELETE /placement/resource_providers/93924e11-265b-4e9b-905f-2e23f4516edd => generated 246 bytes in 12 msecs (HTTP/1.1 404) 6 headers in 231 bytes (1 switches on core 0)
May 24 05:19:45.987746 np0000001349 devstack@placement-api.service[89359]: DEBUG placement.requestlog [req-95f1781f-723c-4c44-9d9b-c662cb0af89a req-d93cd5ff-de7c-43d4-9520-de5acc3a0a7f None None] Starting request: 10.4.3.253 "GET /placement/allocation_candidates?limit=1000&resources=DISK_GB%3A1%2CMEMORY_MB%3A192%2CVCPU%3A1&root_required=%21COMPUTE_STATUS_DISABLED" {{(pid=89359) __call__ /opt/stack/placement/placement/requestlog.py:55}}
May 24 05:19:45.988536 np0000001349 devstack@placement-api.service[89358]: DEBUG placement.requestlog [req-12f593f2-861c-4738-91e3-858bef5c4cef req-0f711ea2-3456-4f29-be52-2ce27da2973b None None] Starting request: 10.4.3.253 "GET /placement/allocation_candidates?limit=1000&resources=DISK_GB%3A1%2CMEMORY_MB%3A192%2CVCPU%3A1&root_required=%21COMPUTE_STATUS_DISABLED" {{(pid=89358) __call__ /opt/stack/placement/placement/requestlog.py:55}}
May 24 05:19:46.103287 np0000001349 devstack@placement-api.service[89359]: DEBUG placement.objects.research_context [req-95f1781f-723c-4c44-9d9b-c662cb0af89a req-d93cd5ff-de7c-43d4-9520-de5acc3a0a7f service nova] getting providers with 1 DISK_GB {{(pid=89359) __init__ /opt/stack/placement/placement/objects/research_context.py:137}}
May 24 05:19:46.106026 np0000001349 devstack@placement-api.service[89359]: DEBUG placement.objects.research_context [req-95f1781f-723c-4c44-9d9b-c662cb0af89a req-d93cd5ff-de7c-43d4-9520-de5acc3a0a7f service nova] getting providers with 192 MEMORY_MB {{(pid=89359) __init__ /opt/stack/placement/placement/objects/research_context.py:137}}
May 24 05:19:46.108762 np0000001349 devstack@placement-api.service[89358]: DEBUG placement.objects.research_context [req-12f593f2-861c-4738-91e3-858bef5c4cef req-0f711ea2-3456-4f29-be52-2ce27da2973b service nova] getting providers with 1 DISK_GB {{(pid=89358) __init__ /opt/stack/placement/placement/objects/research_context.py:137}}
May 24 05:19:46.109398 np0000001349 devstack@placement-api.service[89359]: DEBUG placement.objects.research_context [req-95f1781f-723c-4c44-9d9b-c662cb0af89a req-d93cd5ff-de7c-43d4-9520-de5acc3a0a7f service nova] getting providers with 1 VCPU {{(pid=89359) __init__ /opt/stack/placement/placement/objects/research_context.py:137}}
May 24 05:19:46.112005 np0000001349 devstack@placement-api.service[89358]: DEBUG placement.objects.research_context [req-12f593f2-861c-4738-91e3-858bef5c4cef req-0f711ea2-3456-4f29-be52-2ce27da2973b service nova] getting providers with 192 MEMORY_MB {{(pid=89358) __init__ /opt/stack/placement/placement/objects/research_context.py:137}}
May 24 05:19:46.112117 np0000001349 devstack@placement-api.service[89359]: DEBUG placement.objects.research_context [req-95f1781f-723c-4c44-9d9b-c662cb0af89a req-d93cd5ff-de7c-43d4-9520-de5acc3a0a7f service nova] found 1 providers with available 1 DISK_GB {{(pid=89359) get_provider_ids_matching /opt/stack/placement/placement/objects/research_context.py:563}}
May 24 05:19:46.112203 np0000001349 devstack@placement-api.service[89359]: DEBUG placement.objects.research_context [req-95f1781f-723c-4c44-9d9b-c662cb0af89a req-d93cd5ff-de7c-43d4-9520-de5acc3a0a7f service nova] found 1 providers with available 192 MEMORY_MB {{(pid=89359) get_provider_ids_matching /opt/stack/placement/placement/objects/research_context.py:563}}
May 24 05:19:46.112306 np0000001349 devstack@placement-api.service[89359]: DEBUG placement.objects.research_context [req-95f1781f-723c-4c44-9d9b-c662cb0af89a req-d93cd5ff-de7c-43d4-9520-de5acc3a0a7f service nova] found 1 providers after filtering by previous result {{(pid=89359) get_provider_ids_matching /opt/stack/placement/placement/objects/research_context.py:594}}
May 24 05:19:46.112393 np0000001349 devstack@placement-api.service[89359]: DEBUG placement.objects.research_context [req-95f1781f-723c-4c44-9d9b-c662cb0af89a req-d93cd5ff-de7c-43d4-9520-de5acc3a0a7f service nova] found 1 providers with available 1 VCPU {{(pid=89359) get_provider_ids_matching /opt/stack/placement/placement/objects/research_context.py:563}}
May 24 05:19:46.112477 np0000001349 devstack@placement-api.service[89359]: DEBUG placement.objects.research_context [req-95f1781f-723c-4c44-9d9b-c662cb0af89a req-d93cd5ff-de7c-43d4-9520-de5acc3a0a7f service nova] found 1 providers after filtering by previous result {{(pid=89359) get_provider_ids_matching /opt/stack/placement/placement/objects/research_context.py:594}}
May 24 05:19:46.116688 np0000001349 devstack@placement-api.service[89358]: DEBUG placement.objects.research_context [req-12f593f2-861c-4738-91e3-858bef5c4cef req-0f711ea2-3456-4f29-be52-2ce27da2973b service nova] getting providers with 1 VCPU {{(pid=89358) __init__ /opt/stack/placement/placement/objects/research_context.py:137}}
May 24 05:19:46.118994 np0000001349 devstack@placement-api.service[89359]: DEBUG placement.objects.allocation_candidate [req-95f1781f-723c-4c44-9d9b-c662cb0af89a req-d93cd5ff-de7c-43d4-9520-de5acc3a0a7f service nova] RequestGroup(use_same_provider=False, resources={DISK_GB:1, MEMORY_MB:192, VCPU:1}, traits=(), aggregates=[]) (suffix '') returned 1 matches {{(pid=89359) _get_by_requests /opt/stack/placement/placement/objects/allocation_candidate.py:158}}
May 24 05:19:46.119183 np0000001349 devstack@placement-api.service[89359]: DEBUG placement.objects.allocation_candidate [req-95f1781f-723c-4c44-9d9b-c662cb0af89a req-d93cd5ff-de7c-43d4-9520-de5acc3a0a7f service nova] Merging candidates yields 1 allocation requests and 1 provider summaries {{(pid=89359) _merge_candidates /opt/stack/placement/placement/objects/allocation_candidate.py:908}}
May 24 05:19:46.119869 np0000001349 devstack@placement-api.service[89358]: DEBUG placement.objects.research_context [req-12f593f2-861c-4738-91e3-858bef5c4cef req-0f711ea2-3456-4f29-be52-2ce27da2973b service nova] found 1 providers with available 1 DISK_GB {{(pid=89358) get_provider_ids_matching /opt/stack/placement/placement/objects/research_context.py:563}}
May 24 05:19:46.120072 np0000001349 devstack@placement-api.service[89358]: DEBUG placement.objects.research_context [req-12f593f2-861c-4738-91e3-858bef5c4cef req-0f711ea2-3456-4f29-be52-2ce27da2973b service nova] found 1 providers with available 192 MEMORY_MB {{(pid=89358) get_provider_ids_matching /opt/stack/placement/placement/objects/research_context.py:563}}
May 24 05:19:46.120200 np0000001349 devstack@placement-api.service[89359]: INFO placement.requestlog [req-95f1781f-723c-4c44-9d9b-c662cb0af89a req-d93cd5ff-de7c-43d4-9520-de5acc3a0a7f service nova] 10.4.3.253 "GET /placement/allocation_candidates?limit=1000&resources=DISK_GB%3A1%2CMEMORY_MB%3A192%2CVCPU%3A1&root_required=%21COMPUTE_STATUS_DISABLED" status: 200 len: 2492 microversion: 1.36
May 24 05:19:46.120352 np0000001349 devstack@placement-api.service[89358]: DEBUG placement.objects.research_context [req-12f593f2-861c-4738-91e3-858bef5c4cef req-0f711ea2-3456-4f29-be52-2ce27da2973b service nova] found 1 providers after filtering by previous result {{(pid=89358) get_provider_ids_matching /opt/stack/placement/placement/objects/research_context.py:594}}
May 24 05:19:46.120413 np0000001349 devstack@placement-api.service[89359]: [pid: 89359|app: 0|req: 286/567] 10.4.3.253 () {68 vars in 1625 bytes} [Sun May 24 05:19:45 2026] GET /placement/allocation_candidates?limit=1000&resources=DISK_GB%3A1%2CMEMORY_MB%3A192%2CVCPU%3A1&root_required=%21COMPUTE_STATUS_DISABLED => generated 2492 bytes in 133 msecs (HTTP/1.1 200) 8 headers in 297 bytes (1 switches on core 0)
May 24 05:19:46.120772 np0000001349 devstack@placement-api.service[89358]: DEBUG placement.objects.research_context [req-12f593f2-861c-4738-91e3-858bef5c4cef req-0f711ea2-3456-4f29-be52-2ce27da2973b service nova] found 1 providers with available 1 VCPU {{(pid=89358) get_provider_ids_matching /opt/stack/placement/placement/objects/research_context.py:563}}
May 24 05:19:46.124287 np0000001349 devstack@placement-api.service[89358]: DEBUG placement.objects.research_context [req-12f593f2-861c-4738-91e3-858bef5c4cef req-0f711ea2-3456-4f29-be52-2ce27da2973b service nova] found 1 providers after filtering by previous result {{(pid=89358) get_provider_ids_matching /opt/stack/placement/placement/objects/research_context.py:594}}
May 24 05:19:46.127939 np0000001349 devstack@placement-api.service[89358]: DEBUG placement.objects.allocation_candidate [req-12f593f2-861c-4738-91e3-858bef5c4cef req-0f711ea2-3456-4f29-be52-2ce27da2973b service nova] RequestGroup(use_same_provider=False, resources={DISK_GB:1, MEMORY_MB:192, VCPU:1}, traits=(), aggregates=[]) (suffix '') returned 1 matches {{(pid=89358) _get_by_requests /opt/stack/placement/placement/objects/allocation_candidate.py:158}}
May 24 05:19:46.128175 np0000001349 devstack@placement-api.service[89358]: DEBUG placement.objects.allocation_candidate [req-12f593f2-861c-4738-91e3-858bef5c4cef req-0f711ea2-3456-4f29-be52-2ce27da2973b service nova] Merging candidates yields 1 allocation requests and 1 provider summaries {{(pid=89358) _merge_candidates /opt/stack/placement/placement/objects/allocation_candidate.py:908}}
May 24 05:19:46.129301 np0000001349 devstack@placement-api.service[89358]: INFO placement.requestlog [req-12f593f2-861c-4738-91e3-858bef5c4cef req-0f711ea2-3456-4f29-be52-2ce27da2973b service nova] 10.4.3.253 "GET /placement/allocation_candidates?limit=1000&resources=DISK_GB%3A1%2CMEMORY_MB%3A192%2CVCPU%3A1&root_required=%21COMPUTE_STATUS_DISABLED" status: 200 len: 2492 microversion: 1.36
May 24 05:19:46.129705 np0000001349 devstack@placement-api.service[89358]: [pid: 89358|app: 0|req: 282/568] 10.4.3.253 () {68 vars in 1625 bytes} [Sun May 24 05:19:45 2026] GET /placement/allocation_candidates?limit=1000&resources=DISK_GB%3A1%2CMEMORY_MB%3A192%2CVCPU%3A1&root_required=%21COMPUTE_STATUS_DISABLED => generated 2492 bytes in 142 msecs (HTTP/1.1 200) 8 headers in 297 bytes (1 switches on core 0)
May 24 05:19:46.186655 np0000001349 devstack@placement-api.service[89359]: DEBUG placement.requestlog [req-12f593f2-861c-4738-91e3-858bef5c4cef req-abbd2d52-24a5-4d0d-844b-19eec87a34da None None] Starting request: 10.4.3.253 "GET /placement/allocations/ee85adf3-2bbb-4562-b309-99c5c74db429" {{(pid=89359) __call__ /opt/stack/placement/placement/requestlog.py:55}}
May 24 05:19:46.193235 np0000001349 devstack@placement-api.service[89359]: INFO placement.requestlog [req-12f593f2-861c-4738-91e3-858bef5c4cef req-abbd2d52-24a5-4d0d-844b-19eec87a34da service nova] 10.4.3.253 "GET /placement/allocations/ee85adf3-2bbb-4562-b309-99c5c74db429" status: 200 len: 19 microversion: 1.28
May 24 05:19:46.193498 np0000001349 devstack@placement-api.service[89359]: [pid: 89359|app: 0|req: 287/569] 10.4.3.253 () {68 vars in 1501 bytes} [Sun May 24 05:19:46 2026] GET /placement/allocations/ee85adf3-2bbb-4562-b309-99c5c74db429 => generated 19 bytes in 7 msecs (HTTP/1.1 200) 8 headers in 295 bytes (1 switches on core 0)
May 24 05:19:46.208992 np0000001349 devstack@placement-api.service[89358]: DEBUG placement.requestlog [req-95f1781f-723c-4c44-9d9b-c662cb0af89a req-6ccf141a-8e7d-4b41-ab02-c7757c902f71 None None] Starting request: 10.4.3.253 "GET /placement/allocations/fbb70ad0-9745-41c7-a45d-fd3b210c0675" {{(pid=89358) __call__ /opt/stack/placement/placement/requestlog.py:55}}
May 24 05:19:46.214612 np0000001349 devstack@placement-api.service[89358]: INFO placement.requestlog [req-95f1781f-723c-4c44-9d9b-c662cb0af89a req-6ccf141a-8e7d-4b41-ab02-c7757c902f71 service nova] 10.4.3.253 "GET /placement/allocations/fbb70ad0-9745-41c7-a45d-fd3b210c0675" status: 200 len: 19 microversion: 1.28
May 24 05:19:46.214861 np0000001349 devstack@placement-api.service[89358]: [pid: 89358|app: 0|req: 283/570] 10.4.3.253 () {68 vars in 1501 bytes} [Sun May 24 05:19:46 2026] GET /placement/allocations/fbb70ad0-9745-41c7-a45d-fd3b210c0675 => generated 19 bytes in 6 msecs (HTTP/1.1 200) 8 headers in 295 bytes (1 switches on core 0)
May 24 05:19:46.224657 np0000001349 devstack@placement-api.service[89359]: DEBUG placement.requestlog [req-12f593f2-861c-4738-91e3-858bef5c4cef req-62190fb5-46af-4b87-8ada-9ef1733453a5 None None] Starting request: 10.4.3.253 "PUT /placement/allocations/ee85adf3-2bbb-4562-b309-99c5c74db429" {{(pid=89359) __call__ /opt/stack/placement/placement/requestlog.py:55}}
May 24 05:19:46.265116 np0000001349 devstack@placement-api.service[89358]: DEBUG placement.requestlog [req-95f1781f-723c-4c44-9d9b-c662cb0af89a req-c9515f60-821c-41f2-91ef-b449830282ea None None] Starting request: 10.4.3.253 "PUT /placement/allocations/fbb70ad0-9745-41c7-a45d-fd3b210c0675" {{(pid=89358) __call__ /opt/stack/placement/placement/requestlog.py:55}}
May 24 05:19:46.269649 np0000001349 devstack@placement-api.service[89359]: DEBUG placement.handlers.allocation [req-12f593f2-861c-4738-91e3-858bef5c4cef req-62190fb5-46af-4b87-8ada-9ef1733453a5 service nova] Successfully wrote allocations [, , ] {{(pid=89359) _update_consumers_and_create_allocations /opt/stack/placement/placement/handlers/allocation.py:462}}
May 24 05:19:46.272672 np0000001349 devstack@placement-api.service[89359]: INFO placement.requestlog [req-12f593f2-861c-4738-91e3-858bef5c4cef req-62190fb5-46af-4b87-8ada-9ef1733453a5 service nova] 10.4.3.253 "PUT /placement/allocations/ee85adf3-2bbb-4562-b309-99c5c74db429" status: 204 len: 0 microversion: 1.36
May 24 05:19:46.272930 np0000001349 devstack@placement-api.service[89359]: [pid: 89359|app: 0|req: 288/571] 10.4.3.253 () {72 vars in 1554 bytes} [Sun May 24 05:19:46 2026] PUT /placement/allocations/ee85adf3-2bbb-4562-b309-99c5c74db429 => generated 0 bytes in 48 msecs (HTTP/1.1 204) 5 headers in 199 bytes (1 switches on core 0)
May 24 05:19:46.325772 np0000001349 devstack@placement-api.service[89358]: DEBUG placement.handlers.allocation [req-95f1781f-723c-4c44-9d9b-c662cb0af89a req-c9515f60-821c-41f2-91ef-b449830282ea service nova] Successfully wrote allocations [, , ] {{(pid=89358) _update_consumers_and_create_allocations /opt/stack/placement/placement/handlers/allocation.py:462}}
May 24 05:19:46.329105 np0000001349 devstack@placement-api.service[89358]: INFO placement.requestlog [req-95f1781f-723c-4c44-9d9b-c662cb0af89a req-c9515f60-821c-41f2-91ef-b449830282ea service nova] 10.4.3.253 "PUT /placement/allocations/fbb70ad0-9745-41c7-a45d-fd3b210c0675" status: 204 len: 0 microversion: 1.36
May 24 05:19:46.329260 np0000001349 devstack@placement-api.service[89358]: [pid: 89358|app: 0|req: 284/572] 10.4.3.253 () {72 vars in 1554 bytes} [Sun May 24 05:19:46 2026] PUT /placement/allocations/fbb70ad0-9745-41c7-a45d-fd3b210c0675 => generated 0 bytes in 64 msecs (HTTP/1.1 204) 5 headers in 199 bytes (1 switches on core 0)
May 24 05:19:47.665861 np0000001349 devstack@placement-api.service[89359]: DEBUG placement.requestlog [req-12f593f2-861c-4738-91e3-858bef5c4cef req-7a46f350-376b-41fd-83b8-0c9096864d6c None None] Starting request: 10.4.3.253 "GET /placement/allocations/ee85adf3-2bbb-4562-b309-99c5c74db429" {{(pid=89359) __call__ /opt/stack/placement/placement/requestlog.py:55}}
May 24 05:19:47.667570 np0000001349 devstack@placement-api.service[89358]: DEBUG placement.requestlog [req-95f1781f-723c-4c44-9d9b-c662cb0af89a req-5e03edd4-7dc7-40b0-8306-1747c0a3c309 None None] Starting request: 10.4.3.253 "GET /placement/allocations/fbb70ad0-9745-41c7-a45d-fd3b210c0675" {{(pid=89358) __call__ /opt/stack/placement/placement/requestlog.py:55}}
May 24 05:19:47.689366 np0000001349 devstack@placement-api.service[89359]: INFO placement.requestlog [req-12f593f2-861c-4738-91e3-858bef5c4cef req-7a46f350-376b-41fd-83b8-0c9096864d6c service nova] 10.4.3.253 "GET /placement/allocations/ee85adf3-2bbb-4562-b309-99c5c74db429" status: 200 len: 258 microversion: 1.28
May 24 05:19:47.689938 np0000001349 devstack@placement-api.service[89359]: [pid: 89359|app: 0|req: 289/573] 10.4.3.253 () {68 vars in 1499 bytes} [Sun May 24 05:19:47 2026] GET /placement/allocations/ee85adf3-2bbb-4562-b309-99c5c74db429 => generated 258 bytes in 24 msecs (HTTP/1.1 200) 8 headers in 296 bytes (1 switches on core 0)
May 24 05:19:47.692690 np0000001349 devstack@placement-api.service[89358]: INFO placement.requestlog [req-95f1781f-723c-4c44-9d9b-c662cb0af89a req-5e03edd4-7dc7-40b0-8306-1747c0a3c309 service nova] 10.4.3.253 "GET /placement/allocations/fbb70ad0-9745-41c7-a45d-fd3b210c0675" status: 200 len: 258 microversion: 1.28
May 24 05:19:47.693081 np0000001349 devstack@placement-api.service[89358]: [pid: 89358|app: 0|req: 285/574] 10.4.3.253 () {68 vars in 1499 bytes} [Sun May 24 05:19:47 2026] GET /placement/allocations/fbb70ad0-9745-41c7-a45d-fd3b210c0675 => generated 258 bytes in 26 msecs (HTTP/1.1 200) 8 headers in 296 bytes (1 switches on core 0)
May 24 05:19:48.748177 np0000001349 devstack@placement-api.service[89359]: DEBUG placement.requestlog [req-12f593f2-861c-4738-91e3-858bef5c4cef req-574b1abf-8c0e-4208-b340-02c659188a80 None None] Starting request: 10.4.3.253 "GET /placement/resource_providers/0c28f5f2-f5a0-43d5-b8ed-7c7f6b33c7f5/allocations" {{(pid=89359) __call__ /opt/stack/placement/placement/requestlog.py:55}}
May 24 05:19:48.762287 np0000001349 devstack@placement-api.service[89359]: INFO placement.requestlog [req-12f593f2-861c-4738-91e3-858bef5c4cef req-574b1abf-8c0e-4208-b340-02c659188a80 service nova] 10.4.3.253 "GET /placement/resource_providers/0c28f5f2-f5a0-43d5-b8ed-7c7f6b33c7f5/allocations" status: 200 len: 653 microversion: 1.0
May 24 05:19:48.762529 np0000001349 devstack@placement-api.service[89359]: [pid: 89359|app: 0|req: 290/575] 10.4.3.253 () {66 vars in 1512 bytes} [Sun May 24 05:19:48 2026] GET /placement/resource_providers/0c28f5f2-f5a0-43d5-b8ed-7c7f6b33c7f5/allocations => generated 653 bytes in 14 msecs (HTTP/1.1 200) 6 headers in 224 bytes (1 switches on core 0)
May 24 05:19:48.810748 np0000001349 devstack@placement-api.service[89358]: DEBUG placement.requestlog [req-12f593f2-861c-4738-91e3-858bef5c4cef req-5f7a084a-7ab9-46b5-a3e1-ec284007e72e None None] Starting request: 10.4.3.253 "GET /placement/allocations/f07b365d-8a50-4220-a40f-8d98c74218b0" {{(pid=89358) __call__ /opt/stack/placement/placement/requestlog.py:55}}
May 24 05:19:48.828608 np0000001349 devstack@placement-api.service[89358]: INFO placement.requestlog [req-12f593f2-861c-4738-91e3-858bef5c4cef req-5f7a084a-7ab9-46b5-a3e1-ec284007e72e service nova] 10.4.3.253 "GET /placement/allocations/f07b365d-8a50-4220-a40f-8d98c74218b0" status: 200 len: 258 microversion: 1.28
May 24 05:19:48.828912 np0000001349 devstack@placement-api.service[89358]: [pid: 89358|app: 0|req: 286/576] 10.4.3.253 () {68 vars in 1499 bytes} [Sun May 24 05:19:48 2026] GET /placement/allocations/f07b365d-8a50-4220-a40f-8d98c74218b0 => generated 258 bytes in 18 msecs (HTTP/1.1 200) 8 headers in 296 bytes (1 switches on core 0)
May 24 05:19:48.873335 np0000001349 devstack@placement-api.service[89359]: DEBUG placement.requestlog [req-12f593f2-861c-4738-91e3-858bef5c4cef req-8c99361e-ca25-4356-90b3-047b0776eeef None None] Starting request: 10.4.3.253 "GET /placement/allocations/ee85adf3-2bbb-4562-b309-99c5c74db429" {{(pid=89359) __call__ /opt/stack/placement/placement/requestlog.py:55}}
May 24 05:19:48.883225 np0000001349 devstack@placement-api.service[89359]: INFO placement.requestlog [req-12f593f2-861c-4738-91e3-858bef5c4cef req-8c99361e-ca25-4356-90b3-047b0776eeef service nova] 10.4.3.253 "GET /placement/allocations/ee85adf3-2bbb-4562-b309-99c5c74db429" status: 200 len: 258 microversion: 1.28
May 24 05:19:48.883421 np0000001349 devstack@placement-api.service[89359]: [pid: 89359|app: 0|req: 291/577] 10.4.3.253 () {68 vars in 1499 bytes} [Sun May 24 05:19:48 2026] GET /placement/allocations/ee85adf3-2bbb-4562-b309-99c5c74db429 => generated 258 bytes in 10 msecs (HTTP/1.1 200) 8 headers in 296 bytes (1 switches on core 0)
May 24 05:19:48.919407 np0000001349 devstack@placement-api.service[89358]: DEBUG placement.requestlog [req-12f593f2-861c-4738-91e3-858bef5c4cef req-ee69682a-fd02-4485-a844-5a7da7936c89 None None] Starting request: 10.4.3.253 "GET /placement/allocations/fbb70ad0-9745-41c7-a45d-fd3b210c0675" {{(pid=89358) __call__ /opt/stack/placement/placement/requestlog.py:55}}
May 24 05:19:48.928360 np0000001349 devstack@placement-api.service[89358]: INFO placement.requestlog [req-12f593f2-861c-4738-91e3-858bef5c4cef req-ee69682a-fd02-4485-a844-5a7da7936c89 service nova] 10.4.3.253 "GET /placement/allocations/fbb70ad0-9745-41c7-a45d-fd3b210c0675" status: 200 len: 258 microversion: 1.28
May 24 05:19:48.928809 np0000001349 devstack@placement-api.service[89358]: [pid: 89358|app: 0|req: 287/578] 10.4.3.253 () {68 vars in 1499 bytes} [Sun May 24 05:19:48 2026] GET /placement/allocations/fbb70ad0-9745-41c7-a45d-fd3b210c0675 => generated 258 bytes in 9 msecs (HTTP/1.1 200) 8 headers in 296 bytes (1 switches on core 0)
May 24 05:19:48.964858 np0000001349 devstack@placement-api.service[89359]: DEBUG placement.requestlog [req-12f593f2-861c-4738-91e3-858bef5c4cef req-73b4708e-df31-45ef-bb09-540938b35c89 None None] Starting request: 10.4.3.253 "GET /placement/allocations/87c81176-865e-4948-883d-49be672e4b15" {{(pid=89359) __call__ /opt/stack/placement/placement/requestlog.py:55}}
May 24 05:19:48.974908 np0000001349 devstack@placement-api.service[89359]: INFO placement.requestlog [req-12f593f2-861c-4738-91e3-858bef5c4cef req-73b4708e-df31-45ef-bb09-540938b35c89 service nova] 10.4.3.253 "GET /placement/allocations/87c81176-865e-4948-883d-49be672e4b15" status: 200 len: 258 microversion: 1.28
May 24 05:19:48.975176 np0000001349 devstack@placement-api.service[89359]: [pid: 89359|app: 0|req: 292/579] 10.4.3.253 () {68 vars in 1499 bytes} [Sun May 24 05:19:48 2026] GET /placement/allocations/87c81176-865e-4948-883d-49be672e4b15 => generated 258 bytes in 10 msecs (HTTP/1.1 200) 8 headers in 296 bytes (1 switches on core 0)
May 24 05:19:49.020351 np0000001349 devstack@placement-api.service[89358]: DEBUG placement.requestlog [req-12f593f2-861c-4738-91e3-858bef5c4cef req-738e69e4-def1-43e6-ab23-1989f40262e2 None None] Starting request: 10.4.3.253 "GET /placement/allocations/a431eb32-0b21-4a49-9fba-b3adb91eb192" {{(pid=89358) __call__ /opt/stack/placement/placement/requestlog.py:55}}
May 24 05:19:49.029275 np0000001349 devstack@placement-api.service[89358]: INFO placement.requestlog [req-12f593f2-861c-4738-91e3-858bef5c4cef req-738e69e4-def1-43e6-ab23-1989f40262e2 service nova] 10.4.3.253 "GET /placement/allocations/a431eb32-0b21-4a49-9fba-b3adb91eb192" status: 200 len: 258 microversion: 1.28
May 24 05:19:49.029553 np0000001349 devstack@placement-api.service[89358]: [pid: 89358|app: 0|req: 288/580] 10.4.3.253 () {68 vars in 1499 bytes} [Sun May 24 05:19:49 2026] GET /placement/allocations/a431eb32-0b21-4a49-9fba-b3adb91eb192 => generated 258 bytes in 9 msecs (HTTP/1.1 200) 8 headers in 296 bytes (1 switches on core 0)
May 24 05:19:49.076195 np0000001349 devstack@placement-api.service[89359]: DEBUG placement.requestlog [req-12f593f2-861c-4738-91e3-858bef5c4cef req-934ef771-f915-49cc-9945-1323ca4f8abf None None] Starting request: 10.4.3.253 "GET /placement/allocations/90b815fd-77af-46ad-8a6c-b1453c706137" {{(pid=89359) __call__ /opt/stack/placement/placement/requestlog.py:55}}
May 24 05:19:49.093031 np0000001349 devstack@placement-api.service[89359]: INFO placement.requestlog [req-12f593f2-861c-4738-91e3-858bef5c4cef req-934ef771-f915-49cc-9945-1323ca4f8abf service nova] 10.4.3.253 "GET /placement/allocations/90b815fd-77af-46ad-8a6c-b1453c706137" status: 200 len: 258 microversion: 1.28
May 24 05:19:49.093338 np0000001349 devstack@placement-api.service[89359]: [pid: 89359|app: 0|req: 293/581] 10.4.3.253 () {68 vars in 1499 bytes} [Sun May 24 05:19:49 2026] GET /placement/allocations/90b815fd-77af-46ad-8a6c-b1453c706137 => generated 258 bytes in 17 msecs (HTTP/1.1 200) 8 headers in 296 bytes (1 switches on core 0)
May 24 05:19:51.189231 np0000001349 devstack@placement-api.service[89358]: DEBUG placement.requestlog [req-95f1781f-723c-4c44-9d9b-c662cb0af89a req-4440c029-6eef-4822-a840-1985e78f95f0 None None] Starting request: 10.4.3.253 "GET /placement/resource_providers/0c28f5f2-f5a0-43d5-b8ed-7c7f6b33c7f5/allocations" {{(pid=89358) __call__ /opt/stack/placement/placement/requestlog.py:55}}
May 24 05:19:51.201495 np0000001349 devstack@placement-api.service[89358]: DEBUG dbcounter [-] [89358] Writing DB stats placement:SELECT=117,placement:DELETE=10,placement:INSERT=6,placement:UPDATE=2 {{(pid=89358) stat_writer /opt/stack/data/venv/lib/python3.12/site-packages/dbcounter.py:115}}
May 24 05:19:51.221982 np0000001349 devstack@placement-api.service[89358]: INFO placement.requestlog [req-95f1781f-723c-4c44-9d9b-c662cb0af89a req-4440c029-6eef-4822-a840-1985e78f95f0 service nova] 10.4.3.253 "GET /placement/resource_providers/0c28f5f2-f5a0-43d5-b8ed-7c7f6b33c7f5/allocations" status: 200 len: 653 microversion: 1.0
May 24 05:19:51.221982 np0000001349 devstack@placement-api.service[89358]: [pid: 89358|app: 0|req: 289/582] 10.4.3.253 () {66 vars in 1512 bytes} [Sun May 24 05:19:51 2026] GET /placement/resource_providers/0c28f5f2-f5a0-43d5-b8ed-7c7f6b33c7f5/allocations => generated 653 bytes in 34 msecs (HTTP/1.1 200) 6 headers in 224 bytes (1 switches on core 0)
May 24 05:19:51.266488 np0000001349 devstack@placement-api.service[89359]: DEBUG placement.requestlog [req-95f1781f-723c-4c44-9d9b-c662cb0af89a req-8129a4a4-78d7-447f-9075-850300646aab None None] Starting request: 10.4.3.253 "GET /placement/allocations/f07b365d-8a50-4220-a40f-8d98c74218b0" {{(pid=89359) __call__ /opt/stack/placement/placement/requestlog.py:55}}
May 24 05:19:51.274830 np0000001349 devstack@placement-api.service[89359]: DEBUG dbcounter [-] [89359] Writing DB stats placement:SELECT=155,placement:INSERT=14,placement:DELETE=10,placement:UPDATE=6 {{(pid=89359) stat_writer /opt/stack/data/venv/lib/python3.12/site-packages/dbcounter.py:115}}
May 24 05:19:51.287061 np0000001349 devstack@placement-api.service[89359]: INFO placement.requestlog [req-95f1781f-723c-4c44-9d9b-c662cb0af89a req-8129a4a4-78d7-447f-9075-850300646aab service nova] 10.4.3.253 "GET /placement/allocations/f07b365d-8a50-4220-a40f-8d98c74218b0" status: 200 len: 258 microversion: 1.28
May 24 05:19:51.288522 np0000001349 devstack@placement-api.service[89359]: [pid: 89359|app: 0|req: 294/583] 10.4.3.253 () {68 vars in 1499 bytes} [Sun May 24 05:19:51 2026] GET /placement/allocations/f07b365d-8a50-4220-a40f-8d98c74218b0 => generated 258 bytes in 22 msecs (HTTP/1.1 200) 8 headers in 296 bytes (1 switches on core 0)
May 24 05:19:51.375469 np0000001349 devstack@placement-api.service[89358]: DEBUG placement.requestlog [req-95f1781f-723c-4c44-9d9b-c662cb0af89a req-c83d2afb-4f01-4fb8-a0d5-dac1d7b8eb31 None None] Starting request: 10.4.3.253 "GET /placement/allocations/ee85adf3-2bbb-4562-b309-99c5c74db429" {{(pid=89358) __call__ /opt/stack/placement/placement/requestlog.py:55}}
May 24 05:19:51.391576 np0000001349 devstack@placement-api.service[89358]: INFO placement.requestlog [req-95f1781f-723c-4c44-9d9b-c662cb0af89a req-c83d2afb-4f01-4fb8-a0d5-dac1d7b8eb31 service nova] 10.4.3.253 "GET /placement/allocations/ee85adf3-2bbb-4562-b309-99c5c74db429" status: 200 len: 258 microversion: 1.28
May 24 05:19:51.392323 np0000001349 devstack@placement-api.service[89358]: [pid: 89358|app: 0|req: 290/584] 10.4.3.253 () {68 vars in 1499 bytes} [Sun May 24 05:19:51 2026] GET /placement/allocations/ee85adf3-2bbb-4562-b309-99c5c74db429 => generated 258 bytes in 17 msecs (HTTP/1.1 200) 8 headers in 296 bytes (1 switches on core 0)
May 24 05:19:51.442988 np0000001349 devstack@placement-api.service[89359]: DEBUG placement.requestlog [req-95f1781f-723c-4c44-9d9b-c662cb0af89a req-98eadfe5-c59d-4b31-9f56-86163372bc07 None None] Starting request: 10.4.3.253 "GET /placement/allocations/fbb70ad0-9745-41c7-a45d-fd3b210c0675" {{(pid=89359) __call__ /opt/stack/placement/placement/requestlog.py:55}}
May 24 05:19:51.454438 np0000001349 devstack@placement-api.service[89359]: INFO placement.requestlog [req-95f1781f-723c-4c44-9d9b-c662cb0af89a req-98eadfe5-c59d-4b31-9f56-86163372bc07 service nova] 10.4.3.253 "GET /placement/allocations/fbb70ad0-9745-41c7-a45d-fd3b210c0675" status: 200 len: 258 microversion: 1.28
May 24 05:19:51.454864 np0000001349 devstack@placement-api.service[89359]: [pid: 89359|app: 0|req: 295/585] 10.4.3.253 () {68 vars in 1499 bytes} [Sun May 24 05:19:51 2026] GET /placement/allocations/fbb70ad0-9745-41c7-a45d-fd3b210c0675 => generated 258 bytes in 14 msecs (HTTP/1.1 200) 8 headers in 296 bytes (1 switches on core 0)
May 24 05:19:51.502767 np0000001349 devstack@placement-api.service[89358]: DEBUG placement.requestlog [req-95f1781f-723c-4c44-9d9b-c662cb0af89a req-2e0a0252-a204-4e84-a7df-06102dfdff95 None None] Starting request: 10.4.3.253 "GET /placement/allocations/87c81176-865e-4948-883d-49be672e4b15" {{(pid=89358) __call__ /opt/stack/placement/placement/requestlog.py:55}}
May 24 05:19:51.517741 np0000001349 devstack@placement-api.service[89358]: INFO placement.requestlog [req-95f1781f-723c-4c44-9d9b-c662cb0af89a req-2e0a0252-a204-4e84-a7df-06102dfdff95 service nova] 10.4.3.253 "GET /placement/allocations/87c81176-865e-4948-883d-49be672e4b15" status: 200 len: 258 microversion: 1.28
May 24 05:19:51.518034 np0000001349 devstack@placement-api.service[89358]: [pid: 89358|app: 0|req: 291/586] 10.4.3.253 () {68 vars in 1499 bytes} [Sun May 24 05:19:51 2026] GET /placement/allocations/87c81176-865e-4948-883d-49be672e4b15 => generated 258 bytes in 16 msecs (HTTP/1.1 200) 8 headers in 296 bytes (1 switches on core 0)
May 24 05:19:51.570179 np0000001349 devstack@placement-api.service[89359]: DEBUG placement.requestlog [req-95f1781f-723c-4c44-9d9b-c662cb0af89a req-de0fef5e-041b-4538-a691-deb1758fc667 None None] Starting request: 10.4.3.253 "GET /placement/allocations/a431eb32-0b21-4a49-9fba-b3adb91eb192" {{(pid=89359) __call__ /opt/stack/placement/placement/requestlog.py:55}}
May 24 05:19:51.590525 np0000001349 devstack@placement-api.service[89359]: INFO placement.requestlog [req-95f1781f-723c-4c44-9d9b-c662cb0af89a req-de0fef5e-041b-4538-a691-deb1758fc667 service nova] 10.4.3.253 "GET /placement/allocations/a431eb32-0b21-4a49-9fba-b3adb91eb192" status: 200 len: 258 microversion: 1.28
May 24 05:19:51.591471 np0000001349 devstack@placement-api.service[89359]: [pid: 89359|app: 0|req: 296/587] 10.4.3.253 () {68 vars in 1499 bytes} [Sun May 24 05:19:51 2026] GET /placement/allocations/a431eb32-0b21-4a49-9fba-b3adb91eb192 => generated 258 bytes in 21 msecs (HTTP/1.1 200) 8 headers in 296 bytes (1 switches on core 0)
May 24 05:19:51.658626 np0000001349 devstack@placement-api.service[89358]: DEBUG placement.requestlog [req-95f1781f-723c-4c44-9d9b-c662cb0af89a req-b5a10075-5a2d-4511-8fce-bff8e54d110c None None] Starting request: 10.4.3.253 "GET /placement/allocations/90b815fd-77af-46ad-8a6c-b1453c706137" {{(pid=89358) __call__ /opt/stack/placement/placement/requestlog.py:55}}
May 24 05:19:51.672514 np0000001349 devstack@placement-api.service[89358]: INFO placement.requestlog [req-95f1781f-723c-4c44-9d9b-c662cb0af89a req-b5a10075-5a2d-4511-8fce-bff8e54d110c service nova] 10.4.3.253 "GET /placement/allocations/90b815fd-77af-46ad-8a6c-b1453c706137" status: 200 len: 258 microversion: 1.28
May 24 05:19:51.672902 np0000001349 devstack@placement-api.service[89358]: [pid: 89358|app: 0|req: 292/588] 10.4.3.253 () {68 vars in 1499 bytes} [Sun May 24 05:19:51 2026] GET /placement/allocations/90b815fd-77af-46ad-8a6c-b1453c706137 => generated 258 bytes in 14 msecs (HTTP/1.1 200) 8 headers in 296 bytes (1 switches on core 0)
May 24 05:19:58.535661 np0000001349 devstack@placement-api.service[89359]: DEBUG placement.requestlog [req-c0e8574c-2542-451b-99db-6f185fb7d77e req-263afc6f-3858-4668-9289-db0509134363 None None] Starting request: 10.4.3.253 "GET /placement/resource_providers/0c28f5f2-f5a0-43d5-b8ed-7c7f6b33c7f5/allocations" {{(pid=89359) __call__ /opt/stack/placement/placement/requestlog.py:55}}
May 24 05:19:58.554285 np0000001349 devstack@placement-api.service[89359]: INFO placement.requestlog [req-c0e8574c-2542-451b-99db-6f185fb7d77e req-263afc6f-3858-4668-9289-db0509134363 service nova] 10.4.3.253 "GET /placement/resource_providers/0c28f5f2-f5a0-43d5-b8ed-7c7f6b33c7f5/allocations" status: 200 len: 653 microversion: 1.0
May 24 05:19:58.554432 np0000001349 devstack@placement-api.service[89359]: [pid: 89359|app: 0|req: 297/589] 10.4.3.253 () {66 vars in 1512 bytes} [Sun May 24 05:19:58 2026] GET /placement/resource_providers/0c28f5f2-f5a0-43d5-b8ed-7c7f6b33c7f5/allocations => generated 653 bytes in 19 msecs (HTTP/1.1 200) 6 headers in 224 bytes (1 switches on core 0)
