Aug 18 12:57:30.509629 np0000007652 nova-scheduler[96957]: DEBUG cotyledon.oslo_config_glue [-] workarounds.handle_virt_lifecycle_events = True {{(pid=96957) log_opt_values /opt/stack/data/venv/lib/python3.12/site-packages/oslo_config/cfg.py:3560}}
Aug 18 12:57:30.509629 np0000007652 nova-scheduler[96957]: DEBUG cotyledon.oslo_config_glue [-] workarounds.libvirt_disable_apic = False {{(pid=96957) log_opt_values /opt/stack/data/venv/lib/python3.12/site-packages/oslo_config/cfg.py:3560}}
Aug 18 12:57:30.509629 np0000007652 nova-scheduler[96957]: DEBUG cotyledon.oslo_config_glue [-] workarounds.never_download_image_if_on_rbd = False {{(pid=96957) log_opt_values /opt/stack/data/venv/lib/python3.12/site-packages/oslo_config/cfg.py:3560}}
Aug 18 12:57:30.509629 np0000007652 nova-scheduler[96957]: DEBUG cotyledon.oslo_config_glue [-] workarounds.qemu_monitor_announce_self_count = 3 {{(pid=96957) log_opt_values /opt/stack/data/venv/lib/python3.12/site-packages/oslo_config/cfg.py:3560}}
Aug 18 12:57:30.509629 np0000007652 nova-scheduler[96957]: DEBUG cotyledon.oslo_config_glue [-] workarounds.qemu_monitor_announce_self_interval = 1 {{(pid=96957) log_opt_values /opt/stack/data/venv/lib/python3.12/site-packages/oslo_config/cfg.py:3560}}
Aug 18 12:57:30.509920 np0000007652 nova-scheduler[96957]: DEBUG cotyledon.oslo_config_glue [-] workarounds.reserve_disk_resource_for_image_cache = False {{(pid=96957) log_opt_values /opt/stack/data/venv/lib/python3.12/site-packages/oslo_config/cfg.py:3560}}
Aug 18 12:57:30.509920 np0000007652 nova-scheduler[96957]: DEBUG cotyledon.oslo_config_glue [-] workarounds.skip_cpu_compare_at_startup = False {{(pid=96957) log_opt_values /opt/stack/data/venv/lib/python3.12/site-packages/oslo_config/cfg.py:3560}}
Aug 18 12:57:30.509920 np0000007652 nova-scheduler[96957]: DEBUG cotyledon.oslo_config_glue [-] workarounds.skip_cpu_compare_on_dest = False {{(pid=96957) log_opt_values /opt/stack/data/venv/lib/python3.12/site-packages/oslo_config/cfg.py:3560}}
Aug 18 12:57:30.509920 np0000007652 nova-scheduler[96957]: DEBUG cotyledon.oslo_config_glue [-] workarounds.skip_hypervisor_version_check_on_lm = False {{(pid=96957) log_opt_values /opt/stack/data/venv/lib/python3.12/site-packages/oslo_config/cfg.py:3560}}
Aug 18 12:57:30.509920 np0000007652 nova-scheduler[96957]: DEBUG cotyledon.oslo_config_glue [-] workarounds.skip_reserve_in_use_ironic_nodes = False {{(pid=96957) log_opt_values /opt/stack/data/venv/lib/python3.12/site-packages/oslo_config/cfg.py:3560}}
Aug 18 12:57:30.509920 np0000007652 nova-scheduler[96957]: DEBUG cotyledon.oslo_config_glue [-] workarounds.unified_limits_count_pcpu_as_vcpu = False {{(pid=96957) log_opt_values /opt/stack/data/venv/lib/python3.12/site-packages/oslo_config/cfg.py:3560}}
Aug 18 12:57:30.509920 np0000007652 nova-scheduler[96957]: DEBUG cotyledon.oslo_config_glue [-] workarounds.wait_for_vif_plugged_event_during_hard_reboot = [] {{(pid=96957) log_opt_values /opt/stack/data/venv/lib/python3.12/site-packages/oslo_config/cfg.py:3560}}
Aug 18 12:57:30.509920 np0000007652 nova-scheduler[96957]: DEBUG cotyledon.oslo_config_glue [-] wsgi.api_paste_config = /etc/nova/api-paste.ini {{(pid=96957) log_opt_values /opt/stack/data/venv/lib/python3.12/site-packages/oslo_config/cfg.py:3560}}
Aug 18 12:57:30.510245 np0000007652 nova-scheduler[96957]: DEBUG cotyledon.oslo_config_glue [-] wsgi.secure_proxy_ssl_header = None {{(pid=96957) log_opt_values /opt/stack/data/venv/lib/python3.12/site-packages/oslo_config/cfg.py:3560}}
Aug 18 12:57:30.510245 np0000007652 nova-scheduler[96957]: DEBUG cotyledon.oslo_config_glue [-] zvm.ca_file = None {{(pid=96957) log_opt_values /opt/stack/data/venv/lib/python3.12/site-packages/oslo_config/cfg.py:3560}}
Aug 18 12:57:30.510245 np0000007652 nova-scheduler[96957]: DEBUG cotyledon.oslo_config_glue [-] zvm.cloud_connector_url = None {{(pid=96957) log_opt_values /opt/stack/data/venv/lib/python3.12/site-packages/oslo_config/cfg.py:3560}}
Aug 18 12:57:30.510245 np0000007652 nova-scheduler[96957]: DEBUG cotyledon.oslo_config_glue [-] zvm.image_tmp_path = /opt/stack/data/nova/images {{(pid=96957) log_opt_values /opt/stack/data/venv/lib/python3.12/site-packages/oslo_config/cfg.py:3560}}
Aug 18 12:57:30.510245 np0000007652 nova-scheduler[96957]: DEBUG cotyledon.oslo_config_glue [-] zvm.reachable_timeout = 300 {{(pid=96957) log_opt_values /opt/stack/data/venv/lib/python3.12/site-packages/oslo_config/cfg.py:3560}}
Aug 18 12:57:30.510245 np0000007652 nova-scheduler[96957]: DEBUG cotyledon.oslo_config_glue [-] oslo_versionedobjects.fatal_exception_format_errors = False {{(pid=96957) log_opt_values /opt/stack/data/venv/lib/python3.12/site-packages/oslo_config/cfg.py:3560}}
Aug 18 12:57:30.510245 np0000007652 nova-scheduler[96957]: DEBUG cotyledon.oslo_config_glue [-] oslo_middleware.http_basic_auth_user_file = /etc/htpasswd {{(pid=96957) log_opt_values /opt/stack/data/venv/lib/python3.12/site-packages/oslo_config/cfg.py:3560}}
Aug 18 12:57:30.510245 np0000007652 nova-scheduler[96957]: DEBUG cotyledon.oslo_config_glue [-] oslo_messaging_metrics.metrics_buffer_size = 1000 {{(pid=96957) log_opt_values /opt/stack/data/venv/lib/python3.12/site-packages/oslo_config/cfg.py:3560}}
Aug 18 12:57:30.510245 np0000007652 nova-scheduler[96957]: DEBUG cotyledon.oslo_config_glue [-] oslo_messaging_metrics.metrics_enabled = False {{(pid=96957) log_opt_values /opt/stack/data/venv/lib/python3.12/site-packages/oslo_config/cfg.py:3560}}
Aug 18 12:57:30.510556 np0000007652 nova-scheduler[96955]: INFO dbcounter [None req-e36e746e-5595-47f3-8318-6f0752a74233 None None] Registered counter for database nova_cell0
Aug 18 12:57:30.510613 np0000007652 nova-scheduler[96957]: DEBUG cotyledon.oslo_config_glue [-] oslo_messaging_metrics.metrics_process_name = {{(pid=96957) log_opt_values /opt/stack/data/venv/lib/python3.12/site-packages/oslo_config/cfg.py:3560}}
Aug 18 12:57:30.510613 np0000007652 nova-scheduler[96957]: DEBUG cotyledon.oslo_config_glue [-] oslo_messaging_metrics.metrics_socket_file = /var/tmp/metrics_collector.sock {{(pid=96957) log_opt_values /opt/stack/data/venv/lib/python3.12/site-packages/oslo_config/cfg.py:3560}}
Aug 18 12:57:30.510613 np0000007652 nova-scheduler[96957]: DEBUG cotyledon.oslo_config_glue [-] oslo_messaging_metrics.metrics_thread_stop_timeout = 10 {{(pid=96957) log_opt_values /opt/stack/data/venv/lib/python3.12/site-packages/oslo_config/cfg.py:3560}}
Aug 18 12:57:30.510613 np0000007652 nova-scheduler[96957]: DEBUG cotyledon.oslo_config_glue [-] profiler.connection_string = messaging:// {{(pid=96957) log_opt_values /opt/stack/data/venv/lib/python3.12/site-packages/oslo_config/cfg.py:3560}}
Aug 18 12:57:30.510613 np0000007652 nova-scheduler[96957]: DEBUG cotyledon.oslo_config_glue [-] profiler.enabled = False {{(pid=96957) log_opt_values /opt/stack/data/venv/lib/python3.12/site-packages/oslo_config/cfg.py:3560}}
Aug 18 12:57:30.510613 np0000007652 nova-scheduler[96957]: DEBUG cotyledon.oslo_config_glue [-] profiler.es_doc_type = notification {{(pid=96957) log_opt_values /opt/stack/data/venv/lib/python3.12/site-packages/oslo_config/cfg.py:3560}}
Aug 18 12:57:30.510613 np0000007652 nova-scheduler[96957]: DEBUG cotyledon.oslo_config_glue [-] profiler.es_scroll_size = 10000 {{(pid=96957) log_opt_values /opt/stack/data/venv/lib/python3.12/site-packages/oslo_config/cfg.py:3560}}
Aug 18 12:57:30.510613 np0000007652 nova-scheduler[96957]: DEBUG cotyledon.oslo_config_glue [-] profiler.es_scroll_time = 2m {{(pid=96957) log_opt_values /opt/stack/data/venv/lib/python3.12/site-packages/oslo_config/cfg.py:3560}}
Aug 18 12:57:30.510613 np0000007652 nova-scheduler[96957]: DEBUG cotyledon.oslo_config_glue [-] profiler.filter_error_trace = False {{(pid=96957) log_opt_values /opt/stack/data/venv/lib/python3.12/site-packages/oslo_config/cfg.py:3560}}
Aug 18 12:57:30.510942 np0000007652 nova-scheduler[96957]: DEBUG cotyledon.oslo_config_glue [-] profiler.hmac_keys = **** {{(pid=96957) log_opt_values /opt/stack/data/venv/lib/python3.12/site-packages/oslo_config/cfg.py:3560}}
Aug 18 12:57:30.510942 np0000007652 nova-scheduler[96957]: DEBUG cotyledon.oslo_config_glue [-] profiler.sentinel_service_name = mymaster {{(pid=96957) log_opt_values /opt/stack/data/venv/lib/python3.12/site-packages/oslo_config/cfg.py:3560}}
Aug 18 12:57:30.510942 np0000007652 nova-scheduler[96957]: DEBUG cotyledon.oslo_config_glue [-] profiler.socket_timeout = 0.1 {{(pid=96957) log_opt_values /opt/stack/data/venv/lib/python3.12/site-packages/oslo_config/cfg.py:3560}}
Aug 18 12:57:30.510942 np0000007652 nova-scheduler[96957]: DEBUG cotyledon.oslo_config_glue [-] profiler.trace_requests = False {{(pid=96957) log_opt_values /opt/stack/data/venv/lib/python3.12/site-packages/oslo_config/cfg.py:3560}}
Aug 18 12:57:30.510942 np0000007652 nova-scheduler[96957]: DEBUG cotyledon.oslo_config_glue [-] profiler.trace_sqlalchemy = False {{(pid=96957) log_opt_values /opt/stack/data/venv/lib/python3.12/site-packages/oslo_config/cfg.py:3560}}
Aug 18 12:57:30.510942 np0000007652 nova-scheduler[96957]: DEBUG cotyledon.oslo_config_glue [-] profiler_jaeger.process_tags = {} {{(pid=96957) log_opt_values /opt/stack/data/venv/lib/python3.12/site-packages/oslo_config/cfg.py:3560}}
Aug 18 12:57:30.510942 np0000007652 nova-scheduler[96957]: DEBUG cotyledon.oslo_config_glue [-] profiler_jaeger.service_name_prefix = None {{(pid=96957) log_opt_values /opt/stack/data/venv/lib/python3.12/site-packages/oslo_config/cfg.py:3560}}
Aug 18 12:57:30.510942 np0000007652 nova-scheduler[96957]: DEBUG cotyledon.oslo_config_glue [-] profiler_otlp.service_name_prefix = None {{(pid=96957) log_opt_values /opt/stack/data/venv/lib/python3.12/site-packages/oslo_config/cfg.py:3560}}
Aug 18 12:57:30.510942 np0000007652 nova-scheduler[96957]: DEBUG cotyledon.oslo_config_glue [-] oslo_messaging_rabbit.amqp_auto_delete = False {{(pid=96957) log_opt_values /opt/stack/data/venv/lib/python3.12/site-packages/oslo_config/cfg.py:3560}}
Aug 18 12:57:30.511223 np0000007652 nova-scheduler[96957]: DEBUG cotyledon.oslo_config_glue [-] oslo_messaging_rabbit.amqp_durable_queues = False {{(pid=96957) log_opt_values /opt/stack/data/venv/lib/python3.12/site-packages/oslo_config/cfg.py:3560}}
Aug 18 12:57:30.511223 np0000007652 nova-scheduler[96957]: DEBUG cotyledon.oslo_config_glue [-] oslo_messaging_rabbit.conn_pool_min_size = 2 {{(pid=96957) log_opt_values /opt/stack/data/venv/lib/python3.12/site-packages/oslo_config/cfg.py:3560}}
Aug 18 12:57:30.511223 np0000007652 nova-scheduler[96957]: DEBUG cotyledon.oslo_config_glue [-] oslo_messaging_rabbit.conn_pool_ttl = 1200 {{(pid=96957) log_opt_values /opt/stack/data/venv/lib/python3.12/site-packages/oslo_config/cfg.py:3560}}
Aug 18 12:57:30.511223 np0000007652 nova-scheduler[96957]: DEBUG cotyledon.oslo_config_glue [-] oslo_messaging_rabbit.direct_mandatory_flag = True {{(pid=96957) log_opt_values /opt/stack/data/venv/lib/python3.12/site-packages/oslo_config/cfg.py:3560}}
Aug 18 12:57:30.511223 np0000007652 nova-scheduler[96957]: DEBUG cotyledon.oslo_config_glue [-] oslo_messaging_rabbit.enable_cancel_on_failover = False {{(pid=96957) log_opt_values /opt/stack/data/venv/lib/python3.12/site-packages/oslo_config/cfg.py:3560}}
Aug 18 12:57:30.511223 np0000007652 nova-scheduler[96957]: DEBUG cotyledon.oslo_config_glue [-] oslo_messaging_rabbit.heartbeat_rate = 3 {{(pid=96957) log_opt_values /opt/stack/data/venv/lib/python3.12/site-packages/oslo_config/cfg.py:3560}}
Aug 18 12:57:30.511223 np0000007652 nova-scheduler[96957]: DEBUG cotyledon.oslo_config_glue [-] oslo_messaging_rabbit.heartbeat_timeout_threshold = 60 {{(pid=96957) log_opt_values /opt/stack/data/venv/lib/python3.12/site-packages/oslo_config/cfg.py:3560}}
Aug 18 12:57:30.511223 np0000007652 nova-scheduler[96957]: DEBUG cotyledon.oslo_config_glue [-] oslo_messaging_rabbit.hostname = np0000007652 {{(pid=96957) log_opt_values /opt/stack/data/venv/lib/python3.12/site-packages/oslo_config/cfg.py:3560}}
Aug 18 12:57:30.511223 np0000007652 nova-scheduler[96957]: DEBUG cotyledon.oslo_config_glue [-] oslo_messaging_rabbit.kombu_compression = None {{(pid=96957) log_opt_values /opt/stack/data/venv/lib/python3.12/site-packages/oslo_config/cfg.py:3560}}
Aug 18 12:57:30.511490 np0000007652 nova-scheduler[96957]: DEBUG cotyledon.oslo_config_glue [-] oslo_messaging_rabbit.kombu_failover_strategy = round-robin {{(pid=96957) log_opt_values /opt/stack/data/venv/lib/python3.12/site-packages/oslo_config/cfg.py:3560}}
Aug 18 12:57:30.511490 np0000007652 nova-scheduler[96957]: DEBUG cotyledon.oslo_config_glue [-] oslo_messaging_rabbit.kombu_missing_consumer_retry_timeout = 60 {{(pid=96957) log_opt_values /opt/stack/data/venv/lib/python3.12/site-packages/oslo_config/cfg.py:3560}}
Aug 18 12:57:30.511490 np0000007652 nova-scheduler[96957]: DEBUG cotyledon.oslo_config_glue [-] oslo_messaging_rabbit.kombu_reconnect_delay = 1.0 {{(pid=96957) log_opt_values /opt/stack/data/venv/lib/python3.12/site-packages/oslo_config/cfg.py:3560}}
Aug 18 12:57:30.511490 np0000007652 nova-scheduler[96957]: DEBUG cotyledon.oslo_config_glue [-] oslo_messaging_rabbit.kombu_reconnect_splay = 0.0 {{(pid=96957) log_opt_values /opt/stack/data/venv/lib/python3.12/site-packages/oslo_config/cfg.py:3560}}
Aug 18 12:57:30.511490 np0000007652 nova-scheduler[96957]: DEBUG cotyledon.oslo_config_glue [-] oslo_messaging_rabbit.processname = nova-scheduler {{(pid=96957) log_opt_values /opt/stack/data/venv/lib/python3.12/site-packages/oslo_config/cfg.py:3560}}
Aug 18 12:57:30.511490 np0000007652 nova-scheduler[96957]: DEBUG cotyledon.oslo_config_glue [-] oslo_messaging_rabbit.rabbit_ha_queues = False {{(pid=96957) log_opt_values /opt/stack/data/venv/lib/python3.12/site-packages/oslo_config/cfg.py:3560}}
Aug 18 12:57:30.511490 np0000007652 nova-scheduler[96957]: DEBUG cotyledon.oslo_config_glue [-] oslo_messaging_rabbit.rabbit_interval_max = 30 {{(pid=96957) log_opt_values /opt/stack/data/venv/lib/python3.12/site-packages/oslo_config/cfg.py:3560}}
Aug 18 12:57:30.511490 np0000007652 nova-scheduler[96957]: DEBUG cotyledon.oslo_config_glue [-] oslo_messaging_rabbit.rabbit_login_method = AMQPLAIN {{(pid=96957) log_opt_values /opt/stack/data/venv/lib/python3.12/site-packages/oslo_config/cfg.py:3560}}
Aug 18 12:57:30.511740 np0000007652 nova-scheduler[96957]: DEBUG cotyledon.oslo_config_glue [-] oslo_messaging_rabbit.rabbit_qos_prefetch_count = 0 {{(pid=96957) log_opt_values /opt/stack/data/venv/lib/python3.12/site-packages/oslo_config/cfg.py:3560}}
Aug 18 12:57:30.511740 np0000007652 nova-scheduler[96957]: DEBUG cotyledon.oslo_config_glue [-] oslo_messaging_rabbit.rabbit_quorum_delivery_limit = 0 {{(pid=96957) log_opt_values /opt/stack/data/venv/lib/python3.12/site-packages/oslo_config/cfg.py:3560}}
Aug 18 12:57:30.511740 np0000007652 nova-scheduler[96957]: DEBUG cotyledon.oslo_config_glue [-] oslo_messaging_rabbit.rabbit_quorum_max_memory_bytes = 0 {{(pid=96957) log_opt_values /opt/stack/data/venv/lib/python3.12/site-packages/oslo_config/cfg.py:3560}}
Aug 18 12:57:30.511740 np0000007652 nova-scheduler[96957]: DEBUG cotyledon.oslo_config_glue [-] oslo_messaging_rabbit.rabbit_quorum_max_memory_length = 0 {{(pid=96957) log_opt_values /opt/stack/data/venv/lib/python3.12/site-packages/oslo_config/cfg.py:3560}}
Aug 18 12:57:30.511740 np0000007652 nova-scheduler[96957]: DEBUG cotyledon.oslo_config_glue [-] oslo_messaging_rabbit.rabbit_quorum_queue = False {{(pid=96957) log_opt_values /opt/stack/data/venv/lib/python3.12/site-packages/oslo_config/cfg.py:3560}}
Aug 18 12:57:30.511740 np0000007652 nova-scheduler[96957]: DEBUG cotyledon.oslo_config_glue [-] oslo_messaging_rabbit.rabbit_retry_backoff = 2 {{(pid=96957) log_opt_values /opt/stack/data/venv/lib/python3.12/site-packages/oslo_config/cfg.py:3560}}
Aug 18 12:57:30.511740 np0000007652 nova-scheduler[96957]: DEBUG cotyledon.oslo_config_glue [-] oslo_messaging_rabbit.rabbit_retry_interval = 1 {{(pid=96957) log_opt_values /opt/stack/data/venv/lib/python3.12/site-packages/oslo_config/cfg.py:3560}}
Aug 18 12:57:30.511740 np0000007652 nova-scheduler[96957]: DEBUG cotyledon.oslo_config_glue [-] oslo_messaging_rabbit.rabbit_stream_fanout = False {{(pid=96957) log_opt_values /opt/stack/data/venv/lib/python3.12/site-packages/oslo_config/cfg.py:3560}}
Aug 18 12:57:30.511999 np0000007652 nova-scheduler[96957]: DEBUG cotyledon.oslo_config_glue [-] oslo_messaging_rabbit.rabbit_transient_queues_ttl = 1800 {{(pid=96957) log_opt_values /opt/stack/data/venv/lib/python3.12/site-packages/oslo_config/cfg.py:3560}}
Aug 18 12:57:30.511999 np0000007652 nova-scheduler[96957]: DEBUG cotyledon.oslo_config_glue [-] oslo_messaging_rabbit.rabbit_transient_quorum_queue = False {{(pid=96957) log_opt_values /opt/stack/data/venv/lib/python3.12/site-packages/oslo_config/cfg.py:3560}}
Aug 18 12:57:30.511999 np0000007652 nova-scheduler[96957]: DEBUG cotyledon.oslo_config_glue [-] oslo_messaging_rabbit.rpc_conn_pool_size = 30 {{(pid=96957) log_opt_values /opt/stack/data/venv/lib/python3.12/site-packages/oslo_config/cfg.py:3560}}
Aug 18 12:57:30.511999 np0000007652 nova-scheduler[96957]: DEBUG cotyledon.oslo_config_glue [-] oslo_messaging_rabbit.ssl = False {{(pid=96957) log_opt_values /opt/stack/data/venv/lib/python3.12/site-packages/oslo_config/cfg.py:3560}}
Aug 18 12:57:30.511999 np0000007652 nova-scheduler[96957]: DEBUG cotyledon.oslo_config_glue [-] oslo_messaging_rabbit.ssl_ca_file = {{(pid=96957) log_opt_values /opt/stack/data/venv/lib/python3.12/site-packages/oslo_config/cfg.py:3560}}
Aug 18 12:57:30.511999 np0000007652 nova-scheduler[96957]: DEBUG cotyledon.oslo_config_glue [-] oslo_messaging_rabbit.ssl_cert_file = {{(pid=96957) log_opt_values /opt/stack/data/venv/lib/python3.12/site-packages/oslo_config/cfg.py:3560}}
Aug 18 12:57:30.511999 np0000007652 nova-scheduler[96957]: DEBUG cotyledon.oslo_config_glue [-] oslo_messaging_rabbit.ssl_enforce_fips_mode = False {{(pid=96957) log_opt_values /opt/stack/data/venv/lib/python3.12/site-packages/oslo_config/cfg.py:3560}}
Aug 18 12:57:30.511999 np0000007652 nova-scheduler[96957]: DEBUG cotyledon.oslo_config_glue [-] oslo_messaging_rabbit.ssl_enforce_hostname_verification = True {{(pid=96957) log_opt_values /opt/stack/data/venv/lib/python3.12/site-packages/oslo_config/cfg.py:3560}}
Aug 18 12:57:30.511999 np0000007652 nova-scheduler[96957]: DEBUG cotyledon.oslo_config_glue [-] oslo_messaging_rabbit.ssl_key_file = {{(pid=96957) log_opt_values /opt/stack/data/venv/lib/python3.12/site-packages/oslo_config/cfg.py:3560}}
Aug 18 12:57:30.512326 np0000007652 nova-scheduler[96957]: DEBUG cotyledon.oslo_config_glue [-] oslo_messaging_rabbit.ssl_version = {{(pid=96957) log_opt_values /opt/stack/data/venv/lib/python3.12/site-packages/oslo_config/cfg.py:3560}}
Aug 18 12:57:30.512326 np0000007652 nova-scheduler[96957]: DEBUG cotyledon.oslo_config_glue [-] oslo_messaging_rabbit.use_queue_manager = False {{(pid=96957) log_opt_values /opt/stack/data/venv/lib/python3.12/site-packages/oslo_config/cfg.py:3560}}
Aug 18 12:57:30.512326 np0000007652 nova-scheduler[96957]: DEBUG cotyledon.oslo_config_glue [-] oslo_messaging_notifications.driver = ['messagingv2'] {{(pid=96957) log_opt_values /opt/stack/data/venv/lib/python3.12/site-packages/oslo_config/cfg.py:3560}}
Aug 18 12:57:30.512326 np0000007652 nova-scheduler[96957]: DEBUG cotyledon.oslo_config_glue [-] oslo_messaging_notifications.retry = -1 {{(pid=96957) log_opt_values /opt/stack/data/venv/lib/python3.12/site-packages/oslo_config/cfg.py:3560}}
Aug 18 12:57:30.512326 np0000007652 nova-scheduler[96957]: DEBUG cotyledon.oslo_config_glue [-] oslo_messaging_notifications.topics = ['notifications'] {{(pid=96957) log_opt_values /opt/stack/data/venv/lib/python3.12/site-packages/oslo_config/cfg.py:3560}}
Aug 18 12:57:30.512326 np0000007652 nova-scheduler[96957]: DEBUG cotyledon.oslo_config_glue [-] oslo_messaging_notifications.transport_url = **** {{(pid=96957) log_opt_values /opt/stack/data/venv/lib/python3.12/site-packages/oslo_config/cfg.py:3560}}
Aug 18 12:57:30.512326 np0000007652 nova-scheduler[96957]: DEBUG cotyledon.oslo_config_glue [-] oslo_limit.auth_section = None {{(pid=96957) log_opt_values /opt/stack/data/venv/lib/python3.12/site-packages/oslo_config/cfg.py:3560}}
Aug 18 12:57:30.512326 np0000007652 nova-scheduler[96957]: DEBUG cotyledon.oslo_config_glue [-] oslo_limit.auth_type = None {{(pid=96957) log_opt_values /opt/stack/data/venv/lib/python3.12/site-packages/oslo_config/cfg.py:3560}}
Aug 18 12:57:30.512326 np0000007652 nova-scheduler[96957]: DEBUG cotyledon.oslo_config_glue [-] oslo_limit.cafile = None {{(pid=96957) log_opt_values /opt/stack/data/venv/lib/python3.12/site-packages/oslo_config/cfg.py:3560}}
Aug 18 12:57:30.512677 np0000007652 nova-scheduler[96957]: DEBUG cotyledon.oslo_config_glue [-] oslo_limit.certfile = None {{(pid=96957) log_opt_values /opt/stack/data/venv/lib/python3.12/site-packages/oslo_config/cfg.py:3560}}
Aug 18 12:57:30.512677 np0000007652 nova-scheduler[96957]: DEBUG cotyledon.oslo_config_glue [-] oslo_limit.collect_timing = False {{(pid=96957) log_opt_values /opt/stack/data/venv/lib/python3.12/site-packages/oslo_config/cfg.py:3560}}
Aug 18 12:57:30.512677 np0000007652 nova-scheduler[96957]: DEBUG cotyledon.oslo_config_glue [-] oslo_limit.connect_retries = None {{(pid=96957) log_opt_values /opt/stack/data/venv/lib/python3.12/site-packages/oslo_config/cfg.py:3560}}
Aug 18 12:57:30.512677 np0000007652 nova-scheduler[96957]: DEBUG cotyledon.oslo_config_glue [-] oslo_limit.connect_retry_delay = None {{(pid=96957) log_opt_values /opt/stack/data/venv/lib/python3.12/site-packages/oslo_config/cfg.py:3560}}
Aug 18 12:57:30.512677 np0000007652 nova-scheduler[96957]: DEBUG cotyledon.oslo_config_glue [-] oslo_limit.endpoint_id = None {{(pid=96957) log_opt_values /opt/stack/data/venv/lib/python3.12/site-packages/oslo_config/cfg.py:3560}}
Aug 18 12:57:30.512677 np0000007652 nova-scheduler[96957]: DEBUG cotyledon.oslo_config_glue [-] oslo_limit.endpoint_interface = public {{(pid=96957) log_opt_values /opt/stack/data/venv/lib/python3.12/site-packages/oslo_config/cfg.py:3560}}
Aug 18 12:57:30.512677 np0000007652 nova-scheduler[96957]: DEBUG cotyledon.oslo_config_glue [-] oslo_limit.endpoint_override = None {{(pid=96957) log_opt_values /opt/stack/data/venv/lib/python3.12/site-packages/oslo_config/cfg.py:3560}}
Aug 18 12:57:30.512677 np0000007652 nova-scheduler[96957]: DEBUG cotyledon.oslo_config_glue [-] oslo_limit.endpoint_region_name = None {{(pid=96957) log_opt_values /opt/stack/data/venv/lib/python3.12/site-packages/oslo_config/cfg.py:3560}}
Aug 18 12:57:30.512677 np0000007652 nova-scheduler[96957]: DEBUG cotyledon.oslo_config_glue [-] oslo_limit.endpoint_service_name = None {{(pid=96957) log_opt_values /opt/stack/data/venv/lib/python3.12/site-packages/oslo_config/cfg.py:3560}}
Aug 18 12:57:30.512997 np0000007652 nova-scheduler[96957]: DEBUG cotyledon.oslo_config_glue [-] oslo_limit.endpoint_service_type = None {{(pid=96957) log_opt_values /opt/stack/data/venv/lib/python3.12/site-packages/oslo_config/cfg.py:3560}}
Aug 18 12:57:30.512997 np0000007652 nova-scheduler[96957]: DEBUG cotyledon.oslo_config_glue [-] oslo_limit.insecure = False {{(pid=96957) log_opt_values /opt/stack/data/venv/lib/python3.12/site-packages/oslo_config/cfg.py:3560}}
Aug 18 12:57:30.512997 np0000007652 nova-scheduler[96957]: DEBUG cotyledon.oslo_config_glue [-] oslo_limit.keyfile = None {{(pid=96957) log_opt_values /opt/stack/data/venv/lib/python3.12/site-packages/oslo_config/cfg.py:3560}}
Aug 18 12:57:30.512997 np0000007652 nova-scheduler[96957]: DEBUG cotyledon.oslo_config_glue [-] oslo_limit.max_version = None {{(pid=96957) log_opt_values /opt/stack/data/venv/lib/python3.12/site-packages/oslo_config/cfg.py:3560}}
Aug 18 12:57:30.512997 np0000007652 nova-scheduler[96957]: DEBUG cotyledon.oslo_config_glue [-] oslo_limit.min_version = None {{(pid=96957) log_opt_values /opt/stack/data/venv/lib/python3.12/site-packages/oslo_config/cfg.py:3560}}
Aug 18 12:57:30.512997 np0000007652 nova-scheduler[96957]: DEBUG cotyledon.oslo_config_glue [-] oslo_limit.region_name = None {{(pid=96957) log_opt_values /opt/stack/data/venv/lib/python3.12/site-packages/oslo_config/cfg.py:3560}}
Aug 18 12:57:30.512997 np0000007652 nova-scheduler[96957]: DEBUG cotyledon.oslo_config_glue [-] oslo_limit.retriable_status_codes = None {{(pid=96957) log_opt_values /opt/stack/data/venv/lib/python3.12/site-packages/oslo_config/cfg.py:3560}}
Aug 18 12:57:30.513226 np0000007652 nova-scheduler[96951]: DEBUG oslo_db.sqlalchemy.engines [None req-690ffe63-5415-46e8-bf00-f3bbe385d361 None None] MySQL server mode set to STRICT_TRANS_TABLES,STRICT_ALL_TABLES,NO_ZERO_IN_DATE,NO_ZERO_DATE,ERROR_FOR_DIVISION_BY_ZERO,TRADITIONAL,NO_ENGINE_SUBSTITUTION {{(pid=96951) _check_effective_sql_mode /opt/stack/data/venv/lib/python3.12/site-packages/oslo_db/sqlalchemy/engines.py:325}}
Aug 18 12:57:30.513274 np0000007652 nova-scheduler[96957]: DEBUG cotyledon.oslo_config_glue [-] oslo_limit.service_name = None {{(pid=96957) log_opt_values /opt/stack/data/venv/lib/python3.12/site-packages/oslo_config/cfg.py:3560}}
Aug 18 12:57:30.513274 np0000007652 nova-scheduler[96957]: DEBUG cotyledon.oslo_config_glue [-] oslo_limit.service_type = None {{(pid=96957) log_opt_values /opt/stack/data/venv/lib/python3.12/site-packages/oslo_config/cfg.py:3560}}
Aug 18 12:57:30.513274 np0000007652 nova-scheduler[96957]: DEBUG cotyledon.oslo_config_glue [-] oslo_limit.split_loggers = False {{(pid=96957) log_opt_values /opt/stack/data/venv/lib/python3.12/site-packages/oslo_config/cfg.py:3560}}
Aug 18 12:57:30.513274 np0000007652 nova-scheduler[96957]: DEBUG cotyledon.oslo_config_glue [-] oslo_limit.status_code_retries = None {{(pid=96957) log_opt_values /opt/stack/data/venv/lib/python3.12/site-packages/oslo_config/cfg.py:3560}}
Aug 18 12:57:30.513274 np0000007652 nova-scheduler[96957]: DEBUG cotyledon.oslo_config_glue [-] oslo_limit.status_code_retry_delay = None {{(pid=96957) log_opt_values /opt/stack/data/venv/lib/python3.12/site-packages/oslo_config/cfg.py:3560}}
Aug 18 12:57:30.513274 np0000007652 nova-scheduler[96957]: DEBUG cotyledon.oslo_config_glue [-] oslo_limit.timeout = None {{(pid=96957) log_opt_values /opt/stack/data/venv/lib/python3.12/site-packages/oslo_config/cfg.py:3560}}
Aug 18 12:57:30.513274 np0000007652 nova-scheduler[96957]: DEBUG cotyledon.oslo_config_glue [-] oslo_limit.valid_interfaces = None {{(pid=96957) log_opt_values /opt/stack/data/venv/lib/python3.12/site-packages/oslo_config/cfg.py:3560}}
Aug 18 12:57:30.513274 np0000007652 nova-scheduler[96957]: DEBUG cotyledon.oslo_config_glue [-] oslo_limit.version = None {{(pid=96957) log_opt_values /opt/stack/data/venv/lib/python3.12/site-packages/oslo_config/cfg.py:3560}}
Aug 18 12:57:30.513274 np0000007652 nova-scheduler[96957]: DEBUG cotyledon.oslo_config_glue [-] oslo_reports.file_event_handler = None {{(pid=96957) log_opt_values /opt/stack/data/venv/lib/python3.12/site-packages/oslo_config/cfg.py:3560}}
Aug 18 12:57:30.513556 np0000007652 nova-scheduler[96957]: DEBUG cotyledon.oslo_config_glue [-] oslo_reports.file_event_handler_interval = 1 {{(pid=96957) log_opt_values /opt/stack/data/venv/lib/python3.12/site-packages/oslo_config/cfg.py:3560}}
Aug 18 12:57:30.513556 np0000007652 nova-scheduler[96957]: DEBUG cotyledon.oslo_config_glue [-] oslo_reports.log_dir = None {{(pid=96957) log_opt_values /opt/stack/data/venv/lib/python3.12/site-packages/oslo_config/cfg.py:3560}}
Aug 18 12:57:30.513556 np0000007652 nova-scheduler[96957]: DEBUG cotyledon.oslo_config_glue [-] ******************************************************************************** {{(pid=96957) log_opt_values /opt/stack/data/venv/lib/python3.12/site-packages/oslo_config/cfg.py:3567}}
Aug 18 12:57:30.513556 np0000007652 nova-scheduler[96957]: DEBUG cotyledon._service_worker [-] Run service ServiceWrapper(3) [96957] {{(pid=96957) wait_forever /opt/stack/data/venv/lib/python3.12/site-packages/cotyledon/_service_worker.py:218}}
Aug 18 12:57:30.513556 np0000007652 nova-scheduler[96957]: INFO nova.service [-] Starting scheduler node (version 33.1.0)
Aug 18 12:57:30.513556 np0000007652 nova-scheduler[96957]: INFO dbcounter [None req-c8c99195-3c6f-4e96-b9e8-c1d3163e3a5a None None] Registered counter for database nova_cell0
Aug 18 12:57:30.513738 np0000007652 nova-scheduler[96951]: DEBUG dbcounter [-] [96951] Writer thread running {{(pid=96951) stat_writer /opt/stack/data/venv/lib/python3.12/site-packages/dbcounter.py:102}}
Aug 18 12:57:30.513780 np0000007652 nova-scheduler[96953]: DEBUG oslo_db.sqlalchemy.engines [None req-a26a655d-2de3-4ccc-afc6-c7dad828a1c6 None None] MySQL server mode set to STRICT_TRANS_TABLES,STRICT_ALL_TABLES,NO_ZERO_IN_DATE,NO_ZERO_DATE,ERROR_FOR_DIVISION_BY_ZERO,TRADITIONAL,NO_ENGINE_SUBSTITUTION {{(pid=96953) _check_effective_sql_mode /opt/stack/data/venv/lib/python3.12/site-packages/oslo_db/sqlalchemy/engines.py:325}}
Aug 18 12:57:30.513830 np0000007652 nova-scheduler[96951]: DEBUG nova.service [None req-690ffe63-5415-46e8-bf00-f3bbe385d361 None None] Creating RPC server for service: nova-scheduler on topic: scheduler {{(pid=96951) start /opt/stack/nova/nova/service.py:262}}
Aug 18 12:57:30.513885 np0000007652 nova-scheduler[96953]: DEBUG dbcounter [-] [96953] Writer thread running {{(pid=96953) stat_writer /opt/stack/data/venv/lib/python3.12/site-packages/dbcounter.py:102}}
Aug 18 12:57:30.513885 np0000007652 nova-scheduler[96953]: DEBUG nova.service [None req-a26a655d-2de3-4ccc-afc6-c7dad828a1c6 None None] Creating RPC server for service: nova-scheduler on topic: scheduler {{(pid=96953) start /opt/stack/nova/nova/service.py:262}}
Aug 18 12:57:30.513956 np0000007652 nova-scheduler[96955]: DEBUG oslo_db.sqlalchemy.engines [None req-e36e746e-5595-47f3-8318-6f0752a74233 None None] MySQL server mode set to STRICT_TRANS_TABLES,STRICT_ALL_TABLES,NO_ZERO_IN_DATE,NO_ZERO_DATE,ERROR_FOR_DIVISION_BY_ZERO,TRADITIONAL,NO_ENGINE_SUBSTITUTION {{(pid=96955) _check_effective_sql_mode /opt/stack/data/venv/lib/python3.12/site-packages/oslo_db/sqlalchemy/engines.py:325}}
Aug 18 12:57:30.513994 np0000007652 nova-scheduler[96957]: DEBUG oslo_db.sqlalchemy.engines [None req-c8c99195-3c6f-4e96-b9e8-c1d3163e3a5a None None] MySQL server mode set to STRICT_TRANS_TABLES,STRICT_ALL_TABLES,NO_ZERO_IN_DATE,NO_ZERO_DATE,ERROR_FOR_DIVISION_BY_ZERO,TRADITIONAL,NO_ENGINE_SUBSTITUTION {{(pid=96957) _check_effective_sql_mode /opt/stack/data/venv/lib/python3.12/site-packages/oslo_db/sqlalchemy/engines.py:325}}
Aug 18 12:57:30.522186 np0000007652 nova-scheduler[96955]: DEBUG dbcounter [-] [96955] Writer thread running {{(pid=96955) stat_writer /opt/stack/data/venv/lib/python3.12/site-packages/dbcounter.py:102}}
Aug 18 12:57:30.525460 np0000007652 nova-scheduler[96957]: DEBUG dbcounter [-] [96957] Writer thread running {{(pid=96957) stat_writer /opt/stack/data/venv/lib/python3.12/site-packages/dbcounter.py:102}}
Aug 18 12:57:30.525978 np0000007652 nova-scheduler[96955]: DEBUG nova.service [None req-e36e746e-5595-47f3-8318-6f0752a74233 None None] Creating RPC server for service: nova-scheduler on topic: scheduler {{(pid=96955) start /opt/stack/nova/nova/service.py:262}}
Aug 18 12:57:30.528547 np0000007652 nova-scheduler[96957]: DEBUG nova.service [None req-c8c99195-3c6f-4e96-b9e8-c1d3163e3a5a None None] Creating RPC server for service: nova-scheduler on topic: scheduler {{(pid=96957) start /opt/stack/nova/nova/service.py:262}}
Aug 18 12:57:30.528667 np0000007652 nova-scheduler[96951]: DEBUG nova.service [None req-690ffe63-5415-46e8-bf00-f3bbe385d361 None None] Join ServiceGroup membership for this service scheduler {{(pid=96951) start /opt/stack/nova/nova/service.py:288}}
Aug 18 12:57:30.528895 np0000007652 nova-scheduler[96951]: DEBUG nova.servicegroup.drivers.db [None req-690ffe63-5415-46e8-bf00-f3bbe385d361 None None] DB_Driver: join new ServiceGroup member np0000007652 to the scheduler group, service = {{(pid=96951) join /opt/stack/nova/nova/servicegroup/drivers/db.py:44}}
Aug 18 12:57:30.529542 np0000007652 nova-scheduler[96953]: DEBUG nova.service [None req-a26a655d-2de3-4ccc-afc6-c7dad828a1c6 None None] Join ServiceGroup membership for this service scheduler {{(pid=96953) start /opt/stack/nova/nova/service.py:288}}
Aug 18 12:57:30.529542 np0000007652 nova-scheduler[96953]: DEBUG nova.servicegroup.drivers.db [None req-a26a655d-2de3-4ccc-afc6-c7dad828a1c6 None None] DB_Driver: join new ServiceGroup member np0000007652 to the scheduler group, service = {{(pid=96953) join /opt/stack/nova/nova/servicegroup/drivers/db.py:44}}
Aug 18 12:57:30.549719 np0000007652 nova-scheduler[96955]: DEBUG nova.service [None req-e36e746e-5595-47f3-8318-6f0752a74233 None None] Join ServiceGroup membership for this service scheduler {{(pid=96955) start /opt/stack/nova/nova/service.py:288}}
Aug 18 12:57:30.550511 np0000007652 nova-scheduler[96955]: DEBUG nova.servicegroup.drivers.db [None req-e36e746e-5595-47f3-8318-6f0752a74233 None None] DB_Driver: join new ServiceGroup member np0000007652 to the scheduler group, service = {{(pid=96955) join /opt/stack/nova/nova/servicegroup/drivers/db.py:44}}
Aug 18 12:57:30.551934 np0000007652 nova-scheduler[96957]: DEBUG nova.service [None req-c8c99195-3c6f-4e96-b9e8-c1d3163e3a5a None None] Join ServiceGroup membership for this service scheduler {{(pid=96957) start /opt/stack/nova/nova/service.py:288}}
Aug 18 12:57:30.552137 np0000007652 nova-scheduler[96957]: DEBUG nova.servicegroup.drivers.db [None req-c8c99195-3c6f-4e96-b9e8-c1d3163e3a5a None None] DB_Driver: join new ServiceGroup member np0000007652 to the scheduler group, service = {{(pid=96957) join /opt/stack/nova/nova/servicegroup/drivers/db.py:44}}
Aug 18 12:57:35.547518 np0000007652 nova-scheduler[96951]: DEBUG oslo.service.backend._threading.loopingcall [-] Fixed interval looping call 'nova.servicegroup.drivers.db.DbDriver._report_state' sleeping for 119.98 seconds {{(pid=96951) _run_loop /opt/stack/data/venv/lib/python3.12/site-packages/oslo_service/backend/_threading/loopingcall.py:125}}
Aug 18 12:57:35.548690 np0000007652 nova-scheduler[96953]: DEBUG oslo.service.backend._threading.loopingcall [-] Fixed interval looping call 'nova.servicegroup.drivers.db.DbDriver._report_state' sleeping for 119.98 seconds {{(pid=96953) _run_loop /opt/stack/data/venv/lib/python3.12/site-packages/oslo_service/backend/_threading/loopingcall.py:125}}
Aug 18 12:57:35.563089 np0000007652 nova-scheduler[96955]: DEBUG oslo.service.backend._threading.loopingcall [-] Fixed interval looping call 'nova.servicegroup.drivers.db.DbDriver._report_state' sleeping for 119.99 seconds {{(pid=96955) _run_loop /opt/stack/data/venv/lib/python3.12/site-packages/oslo_service/backend/_threading/loopingcall.py:125}}
Aug 18 12:57:35.564848 np0000007652 nova-scheduler[96957]: DEBUG oslo.service.backend._threading.loopingcall [-] Fixed interval looping call 'nova.servicegroup.drivers.db.DbDriver._report_state' sleeping for 119.99 seconds {{(pid=96957) _run_loop /opt/stack/data/venv/lib/python3.12/site-packages/oslo_service/backend/_threading/loopingcall.py:125}}
Aug 18 12:57:39.047233 np0000007652 nova-scheduler[95758]: DEBUG dbcounter [-] [95758] Writing DB stats nova_api:SELECT=3 {{(pid=95758) stat_writer /opt/stack/data/venv/lib/python3.12/site-packages/dbcounter.py:115}}
Aug 18 12:57:39.191592 np0000007652 nova-scheduler[95758]: DEBUG dbcounter [-] [95758] Writing DB stats nova_cell0:SELECT=1 {{(pid=95758) stat_writer /opt/stack/data/venv/lib/python3.12/site-packages/dbcounter.py:115}}
Aug 18 12:57:39.192428 np0000007652 nova-scheduler[95758]: DEBUG dbcounter [-] [95758] Writing DB stats nova_cell1:SELECT=1 {{(pid=95758) stat_writer /opt/stack/data/venv/lib/python3.12/site-packages/dbcounter.py:115}}
Aug 18 12:57:44.554019 np0000007652 nova-scheduler[96957]: DEBUG oslo.service.backend._threading.loopingcall [None req-d0619174-39bf-459c-9d93-7a1931ad72c0 None None] Dynamic interval looping call 'nova.service.Service.periodic_tasks' sleeping for 60.00 seconds {{(pid=96957) _run_loop /opt/stack/data/venv/lib/python3.12/site-packages/oslo_service/backend/_threading/loopingcall.py:125}}
Aug 18 12:57:45.541901 np0000007652 nova-scheduler[96951]: DEBUG dbcounter [-] [96951] Writing DB stats nova_cell0:SELECT=4,nova_cell0:INSERT=1,nova_cell0:UPDATE=1 {{(pid=96951) stat_writer /opt/stack/data/venv/lib/python3.12/site-packages/dbcounter.py:115}}
Aug 18 12:57:45.542746 np0000007652 nova-scheduler[96953]: DEBUG dbcounter [-] [96953] Writing DB stats nova_cell0:SELECT=3,nova_cell0:UPDATE=1 {{(pid=96953) stat_writer /opt/stack/data/venv/lib/python3.12/site-packages/dbcounter.py:115}}
Aug 18 12:57:45.559778 np0000007652 nova-scheduler[96955]: DEBUG dbcounter [-] [96955] Writing DB stats nova_cell0:SELECT=3 {{(pid=96955) stat_writer /opt/stack/data/venv/lib/python3.12/site-packages/dbcounter.py:115}}
Aug 18 12:57:45.561515 np0000007652 nova-scheduler[96957]: DEBUG dbcounter [-] [96957] Writing DB stats nova_cell0:SELECT=3 {{(pid=96957) stat_writer /opt/stack/data/venv/lib/python3.12/site-packages/dbcounter.py:115}}
Aug 18 12:57:52.531431 np0000007652 nova-scheduler[96953]: DEBUG oslo.service.backend._threading.loopingcall [None req-0468ddee-7260-4c2c-b788-7f7045eea236 None None] Dynamic interval looping call 'nova.service.Service.periodic_tasks' sleeping for 60.00 seconds {{(pid=96953) _run_loop /opt/stack/data/venv/lib/python3.12/site-packages/oslo_service/backend/_threading/loopingcall.py:125}}
Aug 18 12:57:59.552928 np0000007652 nova-scheduler[96955]: DEBUG oslo.service.backend._threading.loopingcall [None req-faf880b8-6708-49bd-b772-d1ab43257f91 None None] Dynamic interval looping call 'nova.service.Service.periodic_tasks' sleeping for 60.00 seconds {{(pid=96955) _run_loop /opt/stack/data/venv/lib/python3.12/site-packages/oslo_service/backend/_threading/loopingcall.py:125}}
Aug 18 12:58:18.531746 np0000007652 nova-scheduler[96951]: DEBUG oslo.service.backend._threading.loopingcall [None req-163224e5-1b0b-474b-84ca-f2b8755ddcac None None] Dynamic interval looping call 'nova.service.Service.periodic_tasks' sleeping for 60.00 seconds {{(pid=96951) _run_loop /opt/stack/data/venv/lib/python3.12/site-packages/oslo_service/backend/_threading/loopingcall.py:125}}
Aug 18 12:58:44.554630 np0000007652 nova-scheduler[96957]: DEBUG oslo.service.backend._threading.loopingcall [None req-d0619174-39bf-459c-9d93-7a1931ad72c0 None None] Dynamic interval looping call 'nova.service.Service.periodic_tasks' sleeping for 60.00 seconds {{(pid=96957) _run_loop /opt/stack/data/venv/lib/python3.12/site-packages/oslo_service/backend/_threading/loopingcall.py:125}}
Aug 18 12:58:52.532093 np0000007652 nova-scheduler[96953]: DEBUG oslo.service.backend._threading.loopingcall [None req-0468ddee-7260-4c2c-b788-7f7045eea236 None None] Dynamic interval looping call 'nova.service.Service.periodic_tasks' sleeping for 60.00 seconds {{(pid=96953) _run_loop /opt/stack/data/venv/lib/python3.12/site-packages/oslo_service/backend/_threading/loopingcall.py:125}}
Aug 18 12:58:59.553549 np0000007652 nova-scheduler[96955]: DEBUG oslo.service.backend._threading.loopingcall [None req-faf880b8-6708-49bd-b772-d1ab43257f91 None None] Dynamic interval looping call 'nova.service.Service.periodic_tasks' sleeping for 60.00 seconds {{(pid=96955) _run_loop /opt/stack/data/venv/lib/python3.12/site-packages/oslo_service/backend/_threading/loopingcall.py:125}}
Aug 18 12:59:18.532227 np0000007652 nova-scheduler[96951]: DEBUG oslo.service.backend._threading.loopingcall [None req-163224e5-1b0b-474b-84ca-f2b8755ddcac None None] Dynamic interval looping call 'nova.service.Service.periodic_tasks' sleeping for 60.00 seconds {{(pid=96951) _run_loop /opt/stack/data/venv/lib/python3.12/site-packages/oslo_service/backend/_threading/loopingcall.py:125}}
Aug 18 12:59:35.534684 np0000007652 nova-scheduler[96951]: DEBUG oslo.service.backend._threading.loopingcall [-] Fixed interval looping call 'nova.servicegroup.drivers.db.DbDriver._report_state' sleeping for 119.99 seconds {{(pid=96951) _run_loop /opt/stack/data/venv/lib/python3.12/site-packages/oslo_service/backend/_threading/loopingcall.py:125}}
Aug 18 12:59:35.535738 np0000007652 nova-scheduler[96953]: DEBUG oslo.service.backend._threading.loopingcall [-] Fixed interval looping call 'nova.servicegroup.drivers.db.DbDriver._report_state' sleeping for 119.99 seconds {{(pid=96953) _run_loop /opt/stack/data/venv/lib/python3.12/site-packages/oslo_service/backend/_threading/loopingcall.py:125}}
Aug 18 12:59:35.558521 np0000007652 nova-scheduler[96955]: DEBUG oslo.service.backend._threading.loopingcall [-] Fixed interval looping call 'nova.servicegroup.drivers.db.DbDriver._report_state' sleeping for 119.99 seconds {{(pid=96955) _run_loop /opt/stack/data/venv/lib/python3.12/site-packages/oslo_service/backend/_threading/loopingcall.py:125}}
Aug 18 12:59:35.559410 np0000007652 nova-scheduler[96957]: DEBUG oslo.service.backend._threading.loopingcall [-] Fixed interval looping call 'nova.servicegroup.drivers.db.DbDriver._report_state' sleeping for 120.00 seconds {{(pid=96957) _run_loop /opt/stack/data/venv/lib/python3.12/site-packages/oslo_service/backend/_threading/loopingcall.py:125}}
Aug 18 12:59:44.555318 np0000007652 nova-scheduler[96957]: DEBUG oslo.service.backend._threading.loopingcall [None req-d0619174-39bf-459c-9d93-7a1931ad72c0 None None] Dynamic interval looping call 'nova.service.Service.periodic_tasks' sleeping for 60.00 seconds {{(pid=96957) _run_loop /opt/stack/data/venv/lib/python3.12/site-packages/oslo_service/backend/_threading/loopingcall.py:125}}
Aug 18 12:59:45.531155 np0000007652 nova-scheduler[96951]: DEBUG dbcounter [-] [96951] Writing DB stats nova_cell0:SELECT=1,nova_cell0:UPDATE=1 {{(pid=96951) stat_writer /opt/stack/data/venv/lib/python3.12/site-packages/dbcounter.py:115}}
Aug 18 12:59:45.531799 np0000007652 nova-scheduler[96953]: DEBUG dbcounter [-] [96953] Writing DB stats nova_cell0:SELECT=1,nova_cell0:UPDATE=1 {{(pid=96953) stat_writer /opt/stack/data/venv/lib/python3.12/site-packages/dbcounter.py:115}}
Aug 18 12:59:45.556541 np0000007652 nova-scheduler[96955]: DEBUG dbcounter [-] [96955] Writing DB stats nova_cell0:SELECT=1 {{(pid=96955) stat_writer /opt/stack/data/venv/lib/python3.12/site-packages/dbcounter.py:115}}
Aug 18 12:59:45.557573 np0000007652 nova-scheduler[96957]: DEBUG dbcounter [-] [96957] Writing DB stats nova_cell0:SELECT=1 {{(pid=96957) stat_writer /opt/stack/data/venv/lib/python3.12/site-packages/dbcounter.py:115}}
Aug 18 12:59:52.532666 np0000007652 nova-scheduler[96953]: DEBUG oslo.service.backend._threading.loopingcall [None req-0468ddee-7260-4c2c-b788-7f7045eea236 None None] Dynamic interval looping call 'nova.service.Service.periodic_tasks' sleeping for 60.00 seconds {{(pid=96953) _run_loop /opt/stack/data/venv/lib/python3.12/site-packages/oslo_service/backend/_threading/loopingcall.py:125}}
Aug 18 12:59:59.554072 np0000007652 nova-scheduler[96955]: DEBUG oslo.service.backend._threading.loopingcall [None req-faf880b8-6708-49bd-b772-d1ab43257f91 None None] Dynamic interval looping call 'nova.service.Service.periodic_tasks' sleeping for 60.00 seconds {{(pid=96955) _run_loop /opt/stack/data/venv/lib/python3.12/site-packages/oslo_service/backend/_threading/loopingcall.py:125}}
Aug 18 13:00:07.992039 np0000007652 nova-scheduler[96951]: DEBUG nova.scheduler.manager [None req-72433e1e-f7be-4fca-b6ef-1afda7f55e16 tempest-ServerBootFromVolumeStableRescueTest-1628149505 tempest-ServerBootFromVolumeStableRescueTest-1628149505-project-member] Starting to schedule for instances: ['0833a041-704d-48e3-9c55-aae0c0da06dc'] {{(pid=96951) select_destinations /opt/stack/nova/nova/scheduler/manager.py:197}}
Aug 18 13:00:07.992870 np0000007652 nova-scheduler[96951]: DEBUG nova.scheduler.request_filter [None req-72433e1e-f7be-4fca-b6ef-1afda7f55e16 tempest-ServerBootFromVolumeStableRescueTest-1628149505 tempest-ServerBootFromVolumeStableRescueTest-1628149505-project-member] compute_status_filter request filter added forbidden trait COMPUTE_STATUS_DISABLED {{(pid=96951) compute_status_filter /opt/stack/nova/nova/scheduler/request_filter.py:253}}
Aug 18 13:00:07.993067 np0000007652 nova-scheduler[96951]: DEBUG nova.scheduler.request_filter [None req-72433e1e-f7be-4fca-b6ef-1afda7f55e16 tempest-ServerBootFromVolumeStableRescueTest-1628149505 tempest-ServerBootFromVolumeStableRescueTest-1628149505-project-member] Request filter 'compute_status_filter' took 0.0 seconds {{(pid=96951) wrapper /opt/stack/nova/nova/scheduler/request_filter.py:46}}
Aug 18 13:00:07.993440 np0000007652 nova-scheduler[96951]: DEBUG nova.scheduler.request_filter [None req-72433e1e-f7be-4fca-b6ef-1afda7f55e16 tempest-ServerBootFromVolumeStableRescueTest-1628149505 tempest-ServerBootFromVolumeStableRescueTest-1628149505-project-member] Request filter 'accelerators_filter' took 0.0 seconds {{(pid=96951) wrapper /opt/stack/nova/nova/scheduler/request_filter.py:46}}
Aug 18 13:00:07.993644 np0000007652 nova-scheduler[96951]: DEBUG nova.scheduler.request_filter [None req-72433e1e-f7be-4fca-b6ef-1afda7f55e16 tempest-ServerBootFromVolumeStableRescueTest-1628149505 tempest-ServerBootFromVolumeStableRescueTest-1628149505-project-member] Request filter 'packed_virtqueue_filter' took 0.0 seconds {{(pid=96951) wrapper /opt/stack/nova/nova/scheduler/request_filter.py:46}}
Aug 18 13:00:07.994007 np0000007652 nova-scheduler[96951]: DEBUG nova.scheduler.request_filter [None req-72433e1e-f7be-4fca-b6ef-1afda7f55e16 tempest-ServerBootFromVolumeStableRescueTest-1628149505 tempest-ServerBootFromVolumeStableRescueTest-1628149505-project-member] Request filter 'remote_managed_ports_filter' took 0.0 seconds {{(pid=96951) wrapper /opt/stack/nova/nova/scheduler/request_filter.py:46}}
Aug 18 13:00:07.994225 np0000007652 nova-scheduler[96951]: DEBUG nova.scheduler.request_filter [None req-72433e1e-f7be-4fca-b6ef-1afda7f55e16 tempest-ServerBootFromVolumeStableRescueTest-1628149505 tempest-ServerBootFromVolumeStableRescueTest-1628149505-project-member] ephemeral_encryption_filter skipped {{(pid=96951) ephemeral_encryption_filter /opt/stack/nova/nova/scheduler/request_filter.py:426}}
Aug 18 13:00:07.994470 np0000007652 nova-scheduler[96951]: DEBUG nova.scheduler.request_filter [None req-72433e1e-f7be-4fca-b6ef-1afda7f55e16 tempest-ServerBootFromVolumeStableRescueTest-1628149505 tempest-ServerBootFromVolumeStableRescueTest-1628149505-project-member] virtio_sound_filter skipped {{(pid=96951) virtio_sound_filter /opt/stack/nova/nova/scheduler/request_filter.py:460}}
Aug 18 13:00:07.994636 np0000007652 nova-scheduler[96951]: DEBUG nova.scheduler.request_filter [None req-72433e1e-f7be-4fca-b6ef-1afda7f55e16 tempest-ServerBootFromVolumeStableRescueTest-1628149505 tempest-ServerBootFromVolumeStableRescueTest-1628149505-project-member] tpm_secret_security_filter skipped {{(pid=96951) tpm_secret_security_filter /opt/stack/nova/nova/scheduler/request_filter.py:477}}
Aug 18 13:00:08.882612 np0000007652 nova-scheduler[96951]: INFO nova.utils [None req-72433e1e-f7be-4fca-b6ef-1afda7f55e16 tempest-ServerBootFromVolumeStableRescueTest-1628149505 tempest-ServerBootFromVolumeStableRescueTest-1628149505-project-member] The cell worker thread pool ForkProcess-1.cell_worker is initialized
Aug 18 13:00:08.882942 np0000007652 nova-scheduler[96951]: DEBUG oslo_concurrency.lockutils [None req-72433e1e-f7be-4fca-b6ef-1afda7f55e16 tempest-ServerBootFromVolumeStableRescueTest-1628149505 tempest-ServerBootFromVolumeStableRescueTest-1628149505-project-member] Acquiring lock "526b70e5-5b56-424c-b0d9-3671dd09b48c" by "nova.context.set_target_cell..get_or_set_cached_cell_and_set_connections" {{(pid=96951) inner /opt/stack/data/venv/lib/python3.12/site-packages/oslo_concurrency/lockutils.py:512}}
Aug 18 13:00:08.883562 np0000007652 nova-scheduler[96951]: DEBUG oslo_concurrency.lockutils [None req-72433e1e-f7be-4fca-b6ef-1afda7f55e16 tempest-ServerBootFromVolumeStableRescueTest-1628149505 tempest-ServerBootFromVolumeStableRescueTest-1628149505-project-member] Lock "526b70e5-5b56-424c-b0d9-3671dd09b48c" acquired by "nova.context.set_target_cell..get_or_set_cached_cell_and_set_connections" :: waited 0.000s {{(pid=96951) inner /opt/stack/data/venv/lib/python3.12/site-packages/oslo_concurrency/lockutils.py:525}}
Aug 18 13:00:08.885724 np0000007652 nova-scheduler[96951]: DEBUG oslo_concurrency.lockutils [None req-72433e1e-f7be-4fca-b6ef-1afda7f55e16 tempest-ServerBootFromVolumeStableRescueTest-1628149505 tempest-ServerBootFromVolumeStableRescueTest-1628149505-project-member] Lock "526b70e5-5b56-424c-b0d9-3671dd09b48c" "released" by "nova.context.set_target_cell..get_or_set_cached_cell_and_set_connections" :: held 0.002s {{(pid=96951) inner /opt/stack/data/venv/lib/python3.12/site-packages/oslo_concurrency/lockutils.py:544}}
Aug 18 13:00:08.887858 np0000007652 nova-scheduler[96951]: INFO dbcounter [None req-72433e1e-f7be-4fca-b6ef-1afda7f55e16 tempest-ServerBootFromVolumeStableRescueTest-1628149505 tempest-ServerBootFromVolumeStableRescueTest-1628149505-project-member] Registered counter for database nova_cell1
Aug 18 13:00:08.943958 np0000007652 nova-scheduler[96951]: DEBUG oslo_db.sqlalchemy.engines [None req-72433e1e-f7be-4fca-b6ef-1afda7f55e16 tempest-ServerBootFromVolumeStableRescueTest-1628149505 tempest-ServerBootFromVolumeStableRescueTest-1628149505-project-member] MySQL server mode set to STRICT_TRANS_TABLES,STRICT_ALL_TABLES,NO_ZERO_IN_DATE,NO_ZERO_DATE,ERROR_FOR_DIVISION_BY_ZERO,TRADITIONAL,NO_ENGINE_SUBSTITUTION {{(pid=96951) _check_effective_sql_mode /opt/stack/data/venv/lib/python3.12/site-packages/oslo_db/sqlalchemy/engines.py:325}}
Aug 18 13:00:08.954640 np0000007652 nova-scheduler[96951]: DEBUG dbcounter [-] [96951] Writer thread running {{(pid=96951) stat_writer /opt/stack/data/venv/lib/python3.12/site-packages/dbcounter.py:102}}
