Jun 25 08:57:26.878523 np0000003599 nova-scheduler[96258]: DEBUG cotyledon.oslo_config_glue [-] profiler.enabled = False {{(pid=96258) log_opt_values /opt/stack/data/venv/lib/python3.12/site-packages/oslo_config/cfg.py:3253}}
Jun 25 08:57:26.878571 np0000003599 nova-scheduler[96258]: DEBUG cotyledon.oslo_config_glue [-] profiler.es_doc_type = notification {{(pid=96258) log_opt_values /opt/stack/data/venv/lib/python3.12/site-packages/oslo_config/cfg.py:3253}}
Jun 25 08:57:26.878610 np0000003599 nova-scheduler[96258]: DEBUG cotyledon.oslo_config_glue [-] profiler.es_scroll_size = 10000 {{(pid=96258) log_opt_values /opt/stack/data/venv/lib/python3.12/site-packages/oslo_config/cfg.py:3253}}
Jun 25 08:57:26.878647 np0000003599 nova-scheduler[96258]: DEBUG cotyledon.oslo_config_glue [-] profiler.es_scroll_time = 2m {{(pid=96258) log_opt_values /opt/stack/data/venv/lib/python3.12/site-packages/oslo_config/cfg.py:3253}}
Jun 25 08:57:26.878686 np0000003599 nova-scheduler[96258]: DEBUG cotyledon.oslo_config_glue [-] profiler.filter_error_trace = False {{(pid=96258) log_opt_values /opt/stack/data/venv/lib/python3.12/site-packages/oslo_config/cfg.py:3253}}
Jun 25 08:57:26.878735 np0000003599 nova-scheduler[96258]: DEBUG cotyledon.oslo_config_glue [-] profiler.hmac_keys = **** {{(pid=96258) log_opt_values /opt/stack/data/venv/lib/python3.12/site-packages/oslo_config/cfg.py:3253}}
Jun 25 08:57:26.878735 np0000003599 nova-scheduler[96258]: DEBUG cotyledon.oslo_config_glue [-] profiler.sentinel_service_name = mymaster {{(pid=96258) log_opt_values /opt/stack/data/venv/lib/python3.12/site-packages/oslo_config/cfg.py:3253}}
Jun 25 08:57:26.878839 np0000003599 nova-scheduler[96258]: DEBUG cotyledon.oslo_config_glue [-] profiler.socket_timeout = 0.1 {{(pid=96258) log_opt_values /opt/stack/data/venv/lib/python3.12/site-packages/oslo_config/cfg.py:3253}}
Jun 25 08:57:26.878839 np0000003599 nova-scheduler[96258]: DEBUG cotyledon.oslo_config_glue [-] profiler.trace_requests = False {{(pid=96258) log_opt_values /opt/stack/data/venv/lib/python3.12/site-packages/oslo_config/cfg.py:3253}}
Jun 25 08:57:26.878922 np0000003599 nova-scheduler[96258]: DEBUG cotyledon.oslo_config_glue [-] profiler.trace_sqlalchemy = False {{(pid=96258) log_opt_values /opt/stack/data/venv/lib/python3.12/site-packages/oslo_config/cfg.py:3253}}
Jun 25 08:57:26.878922 np0000003599 nova-scheduler[96258]: DEBUG cotyledon.oslo_config_glue [-] profiler_jaeger.process_tags = {} {{(pid=96258) log_opt_values /opt/stack/data/venv/lib/python3.12/site-packages/oslo_config/cfg.py:3253}}
Jun 25 08:57:26.878922 np0000003599 nova-scheduler[96258]: DEBUG cotyledon.oslo_config_glue [-] profiler_jaeger.service_name_prefix = None {{(pid=96258) log_opt_values /opt/stack/data/venv/lib/python3.12/site-packages/oslo_config/cfg.py:3253}}
Jun 25 08:57:26.879070 np0000003599 nova-scheduler[96258]: DEBUG cotyledon.oslo_config_glue [-] profiler_otlp.service_name_prefix = None {{(pid=96258) log_opt_values /opt/stack/data/venv/lib/python3.12/site-packages/oslo_config/cfg.py:3253}}
Jun 25 08:57:26.879070 np0000003599 nova-scheduler[96258]: DEBUG cotyledon.oslo_config_glue [-] oslo_messaging_rabbit.amqp_auto_delete = False {{(pid=96258) log_opt_values /opt/stack/data/venv/lib/python3.12/site-packages/oslo_config/cfg.py:3253}}
Jun 25 08:57:26.879147 np0000003599 nova-scheduler[96258]: DEBUG cotyledon.oslo_config_glue [-] oslo_messaging_rabbit.amqp_durable_queues = False {{(pid=96258) log_opt_values /opt/stack/data/venv/lib/python3.12/site-packages/oslo_config/cfg.py:3253}}
Jun 25 08:57:26.879224 np0000003599 nova-scheduler[96258]: DEBUG cotyledon.oslo_config_glue [-] oslo_messaging_rabbit.conn_pool_min_size = 2 {{(pid=96258) log_opt_values /opt/stack/data/venv/lib/python3.12/site-packages/oslo_config/cfg.py:3253}}
Jun 25 08:57:26.879271 np0000003599 nova-scheduler[96258]: DEBUG cotyledon.oslo_config_glue [-] oslo_messaging_rabbit.conn_pool_ttl = 1200 {{(pid=96258) log_opt_values /opt/stack/data/venv/lib/python3.12/site-packages/oslo_config/cfg.py:3253}}
Jun 25 08:57:26.879384 np0000003599 nova-scheduler[96258]: DEBUG cotyledon.oslo_config_glue [-] oslo_messaging_rabbit.direct_mandatory_flag = True {{(pid=96258) log_opt_values /opt/stack/data/venv/lib/python3.12/site-packages/oslo_config/cfg.py:3253}}
Jun 25 08:57:26.880611 np0000003599 nova-scheduler[96258]: DEBUG cotyledon.oslo_config_glue [-] oslo_messaging_rabbit.enable_cancel_on_failover = False {{(pid=96258) log_opt_values /opt/stack/data/venv/lib/python3.12/site-packages/oslo_config/cfg.py:3253}}
Jun 25 08:57:26.880682 np0000003599 nova-scheduler[96258]: DEBUG cotyledon.oslo_config_glue [-] oslo_messaging_rabbit.heartbeat_rate = 3 {{(pid=96258) log_opt_values /opt/stack/data/venv/lib/python3.12/site-packages/oslo_config/cfg.py:3253}}
Jun 25 08:57:26.880682 np0000003599 nova-scheduler[96258]: DEBUG cotyledon.oslo_config_glue [-] oslo_messaging_rabbit.heartbeat_timeout_threshold = 60 {{(pid=96258) log_opt_values /opt/stack/data/venv/lib/python3.12/site-packages/oslo_config/cfg.py:3253}}
Jun 25 08:57:26.880759 np0000003599 nova-scheduler[96258]: DEBUG cotyledon.oslo_config_glue [-] oslo_messaging_rabbit.hostname = np0000003599 {{(pid=96258) log_opt_values /opt/stack/data/venv/lib/python3.12/site-packages/oslo_config/cfg.py:3253}}
Jun 25 08:57:26.880759 np0000003599 nova-scheduler[96258]: DEBUG cotyledon.oslo_config_glue [-] oslo_messaging_rabbit.kombu_compression = None {{(pid=96258) log_opt_values /opt/stack/data/venv/lib/python3.12/site-packages/oslo_config/cfg.py:3253}}
Jun 25 08:57:26.881242 np0000003599 nova-scheduler[96258]: DEBUG cotyledon.oslo_config_glue [-] oslo_messaging_rabbit.kombu_failover_strategy = round-robin {{(pid=96258) log_opt_values /opt/stack/data/venv/lib/python3.12/site-packages/oslo_config/cfg.py:3253}}
Jun 25 08:57:26.881242 np0000003599 nova-scheduler[96258]: DEBUG cotyledon.oslo_config_glue [-] oslo_messaging_rabbit.kombu_missing_consumer_retry_timeout = 60 {{(pid=96258) log_opt_values /opt/stack/data/venv/lib/python3.12/site-packages/oslo_config/cfg.py:3253}}
Jun 25 08:57:26.881242 np0000003599 nova-scheduler[96258]: DEBUG cotyledon.oslo_config_glue [-] oslo_messaging_rabbit.kombu_reconnect_delay = 1.0 {{(pid=96258) log_opt_values /opt/stack/data/venv/lib/python3.12/site-packages/oslo_config/cfg.py:3253}}
Jun 25 08:57:26.881242 np0000003599 nova-scheduler[96258]: DEBUG cotyledon.oslo_config_glue [-] oslo_messaging_rabbit.kombu_reconnect_splay = 0.0 {{(pid=96258) log_opt_values /opt/stack/data/venv/lib/python3.12/site-packages/oslo_config/cfg.py:3253}}
Jun 25 08:57:26.881242 np0000003599 nova-scheduler[96258]: DEBUG cotyledon.oslo_config_glue [-] oslo_messaging_rabbit.processname = nova-scheduler {{(pid=96258) log_opt_values /opt/stack/data/venv/lib/python3.12/site-packages/oslo_config/cfg.py:3253}}
Jun 25 08:57:26.881242 np0000003599 nova-scheduler[96258]: DEBUG cotyledon.oslo_config_glue [-] oslo_messaging_rabbit.rabbit_ha_queues = False {{(pid=96258) log_opt_values /opt/stack/data/venv/lib/python3.12/site-packages/oslo_config/cfg.py:3253}}
Jun 25 08:57:26.881242 np0000003599 nova-scheduler[96258]: DEBUG cotyledon.oslo_config_glue [-] oslo_messaging_rabbit.rabbit_interval_max = 30 {{(pid=96258) log_opt_values /opt/stack/data/venv/lib/python3.12/site-packages/oslo_config/cfg.py:3253}}
Jun 25 08:57:26.881242 np0000003599 nova-scheduler[96258]: DEBUG cotyledon.oslo_config_glue [-] oslo_messaging_rabbit.rabbit_login_method = AMQPLAIN {{(pid=96258) log_opt_values /opt/stack/data/venv/lib/python3.12/site-packages/oslo_config/cfg.py:3253}}
Jun 25 08:57:26.881534 np0000003599 nova-scheduler[96258]: DEBUG cotyledon.oslo_config_glue [-] oslo_messaging_rabbit.rabbit_qos_prefetch_count = 0 {{(pid=96258) log_opt_values /opt/stack/data/venv/lib/python3.12/site-packages/oslo_config/cfg.py:3253}}
Jun 25 08:57:26.881534 np0000003599 nova-scheduler[96258]: DEBUG cotyledon.oslo_config_glue [-] oslo_messaging_rabbit.rabbit_quorum_delivery_limit = 0 {{(pid=96258) log_opt_values /opt/stack/data/venv/lib/python3.12/site-packages/oslo_config/cfg.py:3253}}
Jun 25 08:57:26.881534 np0000003599 nova-scheduler[96258]: DEBUG cotyledon.oslo_config_glue [-] oslo_messaging_rabbit.rabbit_quorum_max_memory_bytes = 0 {{(pid=96258) log_opt_values /opt/stack/data/venv/lib/python3.12/site-packages/oslo_config/cfg.py:3253}}
Jun 25 08:57:26.881534 np0000003599 nova-scheduler[96258]: DEBUG cotyledon.oslo_config_glue [-] oslo_messaging_rabbit.rabbit_quorum_max_memory_length = 0 {{(pid=96258) log_opt_values /opt/stack/data/venv/lib/python3.12/site-packages/oslo_config/cfg.py:3253}}
Jun 25 08:57:26.881534 np0000003599 nova-scheduler[96258]: DEBUG cotyledon.oslo_config_glue [-] oslo_messaging_rabbit.rabbit_quorum_queue = False {{(pid=96258) log_opt_values /opt/stack/data/venv/lib/python3.12/site-packages/oslo_config/cfg.py:3253}}
Jun 25 08:57:26.881534 np0000003599 nova-scheduler[96258]: DEBUG cotyledon.oslo_config_glue [-] oslo_messaging_rabbit.rabbit_retry_backoff = 2 {{(pid=96258) log_opt_values /opt/stack/data/venv/lib/python3.12/site-packages/oslo_config/cfg.py:3253}}
Jun 25 08:57:26.881534 np0000003599 nova-scheduler[96258]: DEBUG cotyledon.oslo_config_glue [-] oslo_messaging_rabbit.rabbit_retry_interval = 1 {{(pid=96258) log_opt_values /opt/stack/data/venv/lib/python3.12/site-packages/oslo_config/cfg.py:3253}}
Jun 25 08:57:26.881534 np0000003599 nova-scheduler[96258]: DEBUG cotyledon.oslo_config_glue [-] oslo_messaging_rabbit.rabbit_stream_fanout = False {{(pid=96258) log_opt_values /opt/stack/data/venv/lib/python3.12/site-packages/oslo_config/cfg.py:3253}}
Jun 25 08:57:26.882075 np0000003599 nova-scheduler[96258]: DEBUG cotyledon.oslo_config_glue [-] oslo_messaging_rabbit.rabbit_transient_queues_ttl = 1800 {{(pid=96258) log_opt_values /opt/stack/data/venv/lib/python3.12/site-packages/oslo_config/cfg.py:3253}}
Jun 25 08:57:26.882075 np0000003599 nova-scheduler[96258]: DEBUG cotyledon.oslo_config_glue [-] oslo_messaging_rabbit.rabbit_transient_quorum_queue = False {{(pid=96258) log_opt_values /opt/stack/data/venv/lib/python3.12/site-packages/oslo_config/cfg.py:3253}}
Jun 25 08:57:26.882075 np0000003599 nova-scheduler[96258]: DEBUG cotyledon.oslo_config_glue [-] oslo_messaging_rabbit.rpc_conn_pool_size = 30 {{(pid=96258) log_opt_values /opt/stack/data/venv/lib/python3.12/site-packages/oslo_config/cfg.py:3253}}
Jun 25 08:57:26.882075 np0000003599 nova-scheduler[96258]: DEBUG cotyledon.oslo_config_glue [-] oslo_messaging_rabbit.ssl = False {{(pid=96258) log_opt_values /opt/stack/data/venv/lib/python3.12/site-packages/oslo_config/cfg.py:3253}}
Jun 25 08:57:26.882075 np0000003599 nova-scheduler[96258]: DEBUG cotyledon.oslo_config_glue [-] oslo_messaging_rabbit.ssl_ca_file = {{(pid=96258) log_opt_values /opt/stack/data/venv/lib/python3.12/site-packages/oslo_config/cfg.py:3253}}
Jun 25 08:57:26.882075 np0000003599 nova-scheduler[96258]: DEBUG cotyledon.oslo_config_glue [-] oslo_messaging_rabbit.ssl_cert_file = {{(pid=96258) log_opt_values /opt/stack/data/venv/lib/python3.12/site-packages/oslo_config/cfg.py:3253}}
Jun 25 08:57:26.882075 np0000003599 nova-scheduler[96258]: DEBUG cotyledon.oslo_config_glue [-] oslo_messaging_rabbit.ssl_enforce_fips_mode = False {{(pid=96258) log_opt_values /opt/stack/data/venv/lib/python3.12/site-packages/oslo_config/cfg.py:3253}}
Jun 25 08:57:26.882075 np0000003599 nova-scheduler[96258]: DEBUG cotyledon.oslo_config_glue [-] oslo_messaging_rabbit.ssl_enforce_hostname_verification = True {{(pid=96258) log_opt_values /opt/stack/data/venv/lib/python3.12/site-packages/oslo_config/cfg.py:3253}}
Jun 25 08:57:26.882075 np0000003599 nova-scheduler[96258]: DEBUG cotyledon.oslo_config_glue [-] oslo_messaging_rabbit.ssl_key_file = {{(pid=96258) log_opt_values /opt/stack/data/venv/lib/python3.12/site-packages/oslo_config/cfg.py:3253}}
Jun 25 08:57:26.882366 np0000003599 nova-scheduler[96258]: DEBUG cotyledon.oslo_config_glue [-] oslo_messaging_rabbit.ssl_version = {{(pid=96258) log_opt_values /opt/stack/data/venv/lib/python3.12/site-packages/oslo_config/cfg.py:3253}}
Jun 25 08:57:26.882404 np0000003599 nova-scheduler[96252]: DEBUG nova.service [None req-4545a303-8caf-4fb5-a73b-7e9d3f27b8b2 None None] Creating RPC server for service: nova-scheduler on topic: scheduler {{(pid=96252) start /opt/stack/nova/nova/service.py:196}}
Jun 25 08:57:26.882447 np0000003599 nova-scheduler[96258]: DEBUG cotyledon.oslo_config_glue [-] oslo_messaging_rabbit.use_queue_manager = False {{(pid=96258) log_opt_values /opt/stack/data/venv/lib/python3.12/site-packages/oslo_config/cfg.py:3253}}
Jun 25 08:57:26.882447 np0000003599 nova-scheduler[96258]: DEBUG cotyledon.oslo_config_glue [-] oslo_messaging_notifications.driver = ['messagingv2'] {{(pid=96258) log_opt_values /opt/stack/data/venv/lib/python3.12/site-packages/oslo_config/cfg.py:3253}}
Jun 25 08:57:26.882447 np0000003599 nova-scheduler[96258]: DEBUG cotyledon.oslo_config_glue [-] oslo_messaging_notifications.retry = -1 {{(pid=96258) log_opt_values /opt/stack/data/venv/lib/python3.12/site-packages/oslo_config/cfg.py:3253}}
Jun 25 08:57:26.882447 np0000003599 nova-scheduler[96258]: DEBUG cotyledon.oslo_config_glue [-] oslo_messaging_notifications.topics = ['notifications'] {{(pid=96258) log_opt_values /opt/stack/data/venv/lib/python3.12/site-packages/oslo_config/cfg.py:3253}}
Jun 25 08:57:26.882447 np0000003599 nova-scheduler[96258]: DEBUG cotyledon.oslo_config_glue [-] oslo_messaging_notifications.transport_url = **** {{(pid=96258) log_opt_values /opt/stack/data/venv/lib/python3.12/site-packages/oslo_config/cfg.py:3253}}
Jun 25 08:57:26.882447 np0000003599 nova-scheduler[96258]: DEBUG cotyledon.oslo_config_glue [-] oslo_limit.auth_section = None {{(pid=96258) log_opt_values /opt/stack/data/venv/lib/python3.12/site-packages/oslo_config/cfg.py:3253}}
Jun 25 08:57:26.882447 np0000003599 nova-scheduler[96258]: DEBUG cotyledon.oslo_config_glue [-] oslo_limit.auth_type = None {{(pid=96258) log_opt_values /opt/stack/data/venv/lib/python3.12/site-packages/oslo_config/cfg.py:3253}}
Jun 25 08:57:26.882447 np0000003599 nova-scheduler[96258]: DEBUG cotyledon.oslo_config_glue [-] oslo_limit.cafile = None {{(pid=96258) log_opt_values /opt/stack/data/venv/lib/python3.12/site-packages/oslo_config/cfg.py:3253}}
Jun 25 08:57:26.882447 np0000003599 nova-scheduler[96258]: DEBUG cotyledon.oslo_config_glue [-] oslo_limit.certfile = None {{(pid=96258) log_opt_values /opt/stack/data/venv/lib/python3.12/site-packages/oslo_config/cfg.py:3253}}
Jun 25 08:57:26.882741 np0000003599 nova-scheduler[96258]: DEBUG cotyledon.oslo_config_glue [-] oslo_limit.collect_timing = False {{(pid=96258) log_opt_values /opt/stack/data/venv/lib/python3.12/site-packages/oslo_config/cfg.py:3253}}
Jun 25 08:57:26.882741 np0000003599 nova-scheduler[96258]: DEBUG cotyledon.oslo_config_glue [-] oslo_limit.connect_retries = None {{(pid=96258) log_opt_values /opt/stack/data/venv/lib/python3.12/site-packages/oslo_config/cfg.py:3253}}
Jun 25 08:57:26.882741 np0000003599 nova-scheduler[96258]: DEBUG cotyledon.oslo_config_glue [-] oslo_limit.connect_retry_delay = None {{(pid=96258) log_opt_values /opt/stack/data/venv/lib/python3.12/site-packages/oslo_config/cfg.py:3253}}
Jun 25 08:57:26.882741 np0000003599 nova-scheduler[96258]: DEBUG cotyledon.oslo_config_glue [-] oslo_limit.endpoint_id = None {{(pid=96258) log_opt_values /opt/stack/data/venv/lib/python3.12/site-packages/oslo_config/cfg.py:3253}}
Jun 25 08:57:26.882741 np0000003599 nova-scheduler[96258]: DEBUG cotyledon.oslo_config_glue [-] oslo_limit.endpoint_interface = public {{(pid=96258) log_opt_values /opt/stack/data/venv/lib/python3.12/site-packages/oslo_config/cfg.py:3253}}
Jun 25 08:57:26.882741 np0000003599 nova-scheduler[96258]: DEBUG cotyledon.oslo_config_glue [-] oslo_limit.endpoint_override = None {{(pid=96258) log_opt_values /opt/stack/data/venv/lib/python3.12/site-packages/oslo_config/cfg.py:3253}}
Jun 25 08:57:26.882741 np0000003599 nova-scheduler[96258]: DEBUG cotyledon.oslo_config_glue [-] oslo_limit.endpoint_region_name = None {{(pid=96258) log_opt_values /opt/stack/data/venv/lib/python3.12/site-packages/oslo_config/cfg.py:3253}}
Jun 25 08:57:26.882741 np0000003599 nova-scheduler[96258]: DEBUG cotyledon.oslo_config_glue [-] oslo_limit.endpoint_service_name = None {{(pid=96258) log_opt_values /opt/stack/data/venv/lib/python3.12/site-packages/oslo_config/cfg.py:3253}}
Jun 25 08:57:26.882741 np0000003599 nova-scheduler[96258]: DEBUG cotyledon.oslo_config_glue [-] oslo_limit.endpoint_service_type = None {{(pid=96258) log_opt_values /opt/stack/data/venv/lib/python3.12/site-packages/oslo_config/cfg.py:3253}}
Jun 25 08:57:26.883063 np0000003599 nova-scheduler[96258]: DEBUG cotyledon.oslo_config_glue [-] oslo_limit.insecure = False {{(pid=96258) log_opt_values /opt/stack/data/venv/lib/python3.12/site-packages/oslo_config/cfg.py:3253}}
Jun 25 08:57:26.883063 np0000003599 nova-scheduler[96258]: DEBUG cotyledon.oslo_config_glue [-] oslo_limit.keyfile = None {{(pid=96258) log_opt_values /opt/stack/data/venv/lib/python3.12/site-packages/oslo_config/cfg.py:3253}}
Jun 25 08:57:26.883063 np0000003599 nova-scheduler[96258]: DEBUG cotyledon.oslo_config_glue [-] oslo_limit.max_version = None {{(pid=96258) log_opt_values /opt/stack/data/venv/lib/python3.12/site-packages/oslo_config/cfg.py:3253}}
Jun 25 08:57:26.883063 np0000003599 nova-scheduler[96258]: DEBUG cotyledon.oslo_config_glue [-] oslo_limit.min_version = None {{(pid=96258) log_opt_values /opt/stack/data/venv/lib/python3.12/site-packages/oslo_config/cfg.py:3253}}
Jun 25 08:57:26.883063 np0000003599 nova-scheduler[96258]: DEBUG cotyledon.oslo_config_glue [-] oslo_limit.region_name = None {{(pid=96258) log_opt_values /opt/stack/data/venv/lib/python3.12/site-packages/oslo_config/cfg.py:3253}}
Jun 25 08:57:26.883063 np0000003599 nova-scheduler[96258]: DEBUG cotyledon.oslo_config_glue [-] oslo_limit.retriable_status_codes = None {{(pid=96258) log_opt_values /opt/stack/data/venv/lib/python3.12/site-packages/oslo_config/cfg.py:3253}}
Jun 25 08:57:26.883063 np0000003599 nova-scheduler[96258]: DEBUG cotyledon.oslo_config_glue [-] oslo_limit.service_name = None {{(pid=96258) log_opt_values /opt/stack/data/venv/lib/python3.12/site-packages/oslo_config/cfg.py:3253}}
Jun 25 08:57:26.883063 np0000003599 nova-scheduler[96258]: DEBUG cotyledon.oslo_config_glue [-] oslo_limit.service_type = None {{(pid=96258) log_opt_values /opt/stack/data/venv/lib/python3.12/site-packages/oslo_config/cfg.py:3253}}
Jun 25 08:57:26.883063 np0000003599 nova-scheduler[96258]: DEBUG cotyledon.oslo_config_glue [-] oslo_limit.split_loggers = False {{(pid=96258) log_opt_values /opt/stack/data/venv/lib/python3.12/site-packages/oslo_config/cfg.py:3253}}
Jun 25 08:57:26.883341 np0000003599 nova-scheduler[96258]: DEBUG cotyledon.oslo_config_glue [-] oslo_limit.status_code_retries = None {{(pid=96258) log_opt_values /opt/stack/data/venv/lib/python3.12/site-packages/oslo_config/cfg.py:3253}}
Jun 25 08:57:26.883341 np0000003599 nova-scheduler[96258]: DEBUG cotyledon.oslo_config_glue [-] oslo_limit.status_code_retry_delay = None {{(pid=96258) log_opt_values /opt/stack/data/venv/lib/python3.12/site-packages/oslo_config/cfg.py:3253}}
Jun 25 08:57:26.883341 np0000003599 nova-scheduler[96258]: DEBUG cotyledon.oslo_config_glue [-] oslo_limit.timeout = None {{(pid=96258) log_opt_values /opt/stack/data/venv/lib/python3.12/site-packages/oslo_config/cfg.py:3253}}
Jun 25 08:57:26.883341 np0000003599 nova-scheduler[96258]: DEBUG cotyledon.oslo_config_glue [-] oslo_limit.valid_interfaces = None {{(pid=96258) log_opt_values /opt/stack/data/venv/lib/python3.12/site-packages/oslo_config/cfg.py:3253}}
Jun 25 08:57:26.883341 np0000003599 nova-scheduler[96258]: DEBUG cotyledon.oslo_config_glue [-] oslo_limit.version = None {{(pid=96258) log_opt_values /opt/stack/data/venv/lib/python3.12/site-packages/oslo_config/cfg.py:3253}}
Jun 25 08:57:26.883341 np0000003599 nova-scheduler[96258]: DEBUG cotyledon.oslo_config_glue [-] oslo_reports.file_event_handler = None {{(pid=96258) log_opt_values /opt/stack/data/venv/lib/python3.12/site-packages/oslo_config/cfg.py:3253}}
Jun 25 08:57:26.883341 np0000003599 nova-scheduler[96258]: DEBUG cotyledon.oslo_config_glue [-] oslo_reports.file_event_handler_interval = 1 {{(pid=96258) log_opt_values /opt/stack/data/venv/lib/python3.12/site-packages/oslo_config/cfg.py:3253}}
Jun 25 08:57:26.883341 np0000003599 nova-scheduler[96258]: DEBUG cotyledon.oslo_config_glue [-] oslo_reports.log_dir = None {{(pid=96258) log_opt_values /opt/stack/data/venv/lib/python3.12/site-packages/oslo_config/cfg.py:3253}}
Jun 25 08:57:26.883341 np0000003599 nova-scheduler[96258]: DEBUG cotyledon.oslo_config_glue [-] ******************************************************************************** {{(pid=96258) log_opt_values /opt/stack/data/venv/lib/python3.12/site-packages/oslo_config/cfg.py:3260}}
Jun 25 08:57:26.883620 np0000003599 nova-scheduler[96258]: DEBUG cotyledon._service_worker [-] Run service ServiceWrapper(3) [96258] {{(pid=96258) wait_forever /opt/stack/data/venv/lib/python3.12/site-packages/cotyledon/_service_worker.py:218}}
Jun 25 08:57:26.884667 np0000003599 nova-scheduler[96258]: INFO nova.service [-] Starting scheduler node (version 33.1.0)
Jun 25 08:57:26.888552 np0000003599 nova-scheduler[96258]: INFO dbcounter [None req-30d2704f-687a-4830-b365-a6654a136563 None None] Registered counter for database nova_cell0
Jun 25 08:57:26.900666 np0000003599 nova-scheduler[96254]: DEBUG oslo_db.sqlalchemy.engines [None req-a3f08b06-5e95-4754-8bd3-9d1986e6fd26 None None] MySQL server mode set to STRICT_TRANS_TABLES,STRICT_ALL_TABLES,NO_ZERO_IN_DATE,NO_ZERO_DATE,ERROR_FOR_DIVISION_BY_ZERO,TRADITIONAL,NO_ENGINE_SUBSTITUTION {{(pid=96254) _check_effective_sql_mode /opt/stack/data/venv/lib/python3.12/site-packages/oslo_db/sqlalchemy/engines.py:325}}
Jun 25 08:57:26.910957 np0000003599 nova-scheduler[96254]: DEBUG dbcounter [-] [96254] Writer thread running {{(pid=96254) stat_writer /opt/stack/data/venv/lib/python3.12/site-packages/dbcounter.py:102}}
Jun 25 08:57:26.913287 np0000003599 nova-scheduler[96254]: DEBUG nova.service [None req-a3f08b06-5e95-4754-8bd3-9d1986e6fd26 None None] Creating RPC server for service: nova-scheduler on topic: scheduler {{(pid=96254) start /opt/stack/nova/nova/service.py:196}}
Jun 25 08:57:26.928819 np0000003599 nova-scheduler[96252]: DEBUG nova.service [None req-4545a303-8caf-4fb5-a73b-7e9d3f27b8b2 None None] Join ServiceGroup membership for this service scheduler {{(pid=96252) start /opt/stack/nova/nova/service.py:222}}
Jun 25 08:57:26.928985 np0000003599 nova-scheduler[96258]: DEBUG oslo_db.sqlalchemy.engines [None req-30d2704f-687a-4830-b365-a6654a136563 None None] MySQL server mode set to STRICT_TRANS_TABLES,STRICT_ALL_TABLES,NO_ZERO_IN_DATE,NO_ZERO_DATE,ERROR_FOR_DIVISION_BY_ZERO,TRADITIONAL,NO_ENGINE_SUBSTITUTION {{(pid=96258) _check_effective_sql_mode /opt/stack/data/venv/lib/python3.12/site-packages/oslo_db/sqlalchemy/engines.py:325}}
Jun 25 08:57:26.929038 np0000003599 nova-scheduler[96252]: DEBUG nova.servicegroup.drivers.db [None req-4545a303-8caf-4fb5-a73b-7e9d3f27b8b2 None None] DB_Driver: join new ServiceGroup member np0000003599 to the scheduler group, service = {{(pid=96252) join /opt/stack/nova/nova/servicegroup/drivers/db.py:44}}
Jun 25 08:57:26.931979 np0000003599 nova-scheduler[96256]: DEBUG oslo_db.sqlalchemy.engines [None req-11144008-99d8-4980-b279-b445670c2d1e None None] MySQL server mode set to STRICT_TRANS_TABLES,STRICT_ALL_TABLES,NO_ZERO_IN_DATE,NO_ZERO_DATE,ERROR_FOR_DIVISION_BY_ZERO,TRADITIONAL,NO_ENGINE_SUBSTITUTION {{(pid=96256) _check_effective_sql_mode /opt/stack/data/venv/lib/python3.12/site-packages/oslo_db/sqlalchemy/engines.py:325}}
Jun 25 08:57:26.941339 np0000003599 nova-scheduler[96258]: DEBUG dbcounter [-] [96258] Writer thread running {{(pid=96258) stat_writer /opt/stack/data/venv/lib/python3.12/site-packages/dbcounter.py:102}}
Jun 25 08:57:26.944362 np0000003599 nova-scheduler[96256]: DEBUG dbcounter [-] [96256] Writer thread running {{(pid=96256) stat_writer /opt/stack/data/venv/lib/python3.12/site-packages/dbcounter.py:102}}
Jun 25 08:57:26.945195 np0000003599 nova-scheduler[96258]: DEBUG nova.service [None req-30d2704f-687a-4830-b365-a6654a136563 None None] Creating RPC server for service: nova-scheduler on topic: scheduler {{(pid=96258) start /opt/stack/nova/nova/service.py:196}}
Jun 25 08:57:26.945270 np0000003599 nova-scheduler[96254]: DEBUG nova.service [None req-a3f08b06-5e95-4754-8bd3-9d1986e6fd26 None None] Join ServiceGroup membership for this service scheduler {{(pid=96254) start /opt/stack/nova/nova/service.py:222}}
Jun 25 08:57:26.945436 np0000003599 nova-scheduler[96254]: DEBUG nova.servicegroup.drivers.db [None req-a3f08b06-5e95-4754-8bd3-9d1986e6fd26 None None] DB_Driver: join new ServiceGroup member np0000003599 to the scheduler group, service = {{(pid=96254) join /opt/stack/nova/nova/servicegroup/drivers/db.py:44}}
Jun 25 08:57:26.948861 np0000003599 nova-scheduler[96256]: DEBUG nova.service [None req-11144008-99d8-4980-b279-b445670c2d1e None None] Creating RPC server for service: nova-scheduler on topic: scheduler {{(pid=96256) start /opt/stack/nova/nova/service.py:196}}
Jun 25 08:57:26.968758 np0000003599 nova-scheduler[96258]: DEBUG nova.service [None req-30d2704f-687a-4830-b365-a6654a136563 None None] Join ServiceGroup membership for this service scheduler {{(pid=96258) start /opt/stack/nova/nova/service.py:222}}
Jun 25 08:57:26.968758 np0000003599 nova-scheduler[96258]: DEBUG nova.servicegroup.drivers.db [None req-30d2704f-687a-4830-b365-a6654a136563 None None] DB_Driver: join new ServiceGroup member np0000003599 to the scheduler group, service = {{(pid=96258) join /opt/stack/nova/nova/servicegroup/drivers/db.py:44}}
Jun 25 08:57:26.968986 np0000003599 nova-scheduler[96256]: DEBUG nova.service [None req-11144008-99d8-4980-b279-b445670c2d1e None None] Join ServiceGroup membership for this service scheduler {{(pid=96256) start /opt/stack/nova/nova/service.py:222}}
Jun 25 08:57:26.968986 np0000003599 nova-scheduler[96256]: DEBUG nova.servicegroup.drivers.db [None req-11144008-99d8-4980-b279-b445670c2d1e None None] DB_Driver: join new ServiceGroup member np0000003599 to the scheduler group, service = {{(pid=96256) join /opt/stack/nova/nova/servicegroup/drivers/db.py:44}}
Jun 25 08:57:31.940503 np0000003599 nova-scheduler[96252]: DEBUG oslo.service.backend._threading.loopingcall [-] Fixed interval looping call 'nova.servicegroup.drivers.db.DbDriver._report_state' sleeping for 119.99 seconds {{(pid=96252) _run_loop /opt/stack/data/venv/lib/python3.12/site-packages/oslo_service/backend/_threading/loopingcall.py:125}}
Jun 25 08:57:31.954749 np0000003599 nova-scheduler[96254]: DEBUG oslo.service.backend._threading.loopingcall [-] Fixed interval looping call 'nova.servicegroup.drivers.db.DbDriver._report_state' sleeping for 119.99 seconds {{(pid=96254) _run_loop /opt/stack/data/venv/lib/python3.12/site-packages/oslo_service/backend/_threading/loopingcall.py:125}}
Jun 25 08:57:31.977395 np0000003599 nova-scheduler[96258]: DEBUG oslo.service.backend._threading.loopingcall [-] Fixed interval looping call 'nova.servicegroup.drivers.db.DbDriver._report_state' sleeping for 119.99 seconds {{(pid=96258) _run_loop /opt/stack/data/venv/lib/python3.12/site-packages/oslo_service/backend/_threading/loopingcall.py:125}}
Jun 25 08:57:31.979074 np0000003599 nova-scheduler[96256]: DEBUG oslo.service.backend._threading.loopingcall [-] Fixed interval looping call 'nova.servicegroup.drivers.db.DbDriver._report_state' sleeping for 119.99 seconds {{(pid=96256) _run_loop /opt/stack/data/venv/lib/python3.12/site-packages/oslo_service/backend/_threading/loopingcall.py:125}}
Jun 25 08:57:35.521964 np0000003599 nova-scheduler[94998]: DEBUG dbcounter [-] [94998] Writing DB stats nova_api:SELECT=3 {{(pid=94998) stat_writer /opt/stack/data/venv/lib/python3.12/site-packages/dbcounter.py:115}}
Jun 25 08:57:35.645995 np0000003599 nova-scheduler[94998]: DEBUG dbcounter [-] [94998] Writing DB stats nova_cell0:SELECT=1 {{(pid=94998) stat_writer /opt/stack/data/venv/lib/python3.12/site-packages/dbcounter.py:115}}
Jun 25 08:57:35.649457 np0000003599 nova-scheduler[94998]: DEBUG dbcounter [-] [94998] Writing DB stats nova_cell1:SELECT=1 {{(pid=94998) stat_writer /opt/stack/data/venv/lib/python3.12/site-packages/dbcounter.py:115}}
Jun 25 08:57:41.937300 np0000003599 nova-scheduler[96252]: DEBUG dbcounter [-] [96252] Writing DB stats nova_cell0:SELECT=4,nova_cell0:INSERT=1,nova_cell0:UPDATE=1 {{(pid=96252) stat_writer /opt/stack/data/venv/lib/python3.12/site-packages/dbcounter.py:115}}
Jun 25 08:57:41.952460 np0000003599 nova-scheduler[96254]: DEBUG dbcounter [-] [96254] Writing DB stats nova_cell0:SELECT=3 {{(pid=96254) stat_writer /opt/stack/data/venv/lib/python3.12/site-packages/dbcounter.py:115}}
Jun 25 08:57:41.971333 np0000003599 nova-scheduler[96256]: DEBUG oslo.service.backend._threading.loopingcall [None req-fdc76285-98d4-41e6-9d83-cdd59eae4c97 None None] Dynamic interval looping call 'nova.service.Service.periodic_tasks' sleeping for 60.00 seconds {{(pid=96256) _run_loop /opt/stack/data/venv/lib/python3.12/site-packages/oslo_service/backend/_threading/loopingcall.py:125}}
Jun 25 08:57:41.975018 np0000003599 nova-scheduler[96258]: DEBUG dbcounter [-] [96258] Writing DB stats nova_cell0:SELECT=3 {{(pid=96258) stat_writer /opt/stack/data/venv/lib/python3.12/site-packages/dbcounter.py:115}}
Jun 25 08:57:41.976852 np0000003599 nova-scheduler[96256]: DEBUG dbcounter [-] [96256] Writing DB stats nova_cell0:SELECT=3 {{(pid=96256) stat_writer /opt/stack/data/venv/lib/python3.12/site-packages/dbcounter.py:115}}
Jun 25 08:58:01.970490 np0000003599 nova-scheduler[96258]: DEBUG oslo.service.backend._threading.loopingcall [None req-7d87f0f4-3c65-4624-964d-b4e39c55bbcc None None] Dynamic interval looping call 'nova.service.Service.periodic_tasks' sleeping for 60.00 seconds {{(pid=96258) _run_loop /opt/stack/data/venv/lib/python3.12/site-packages/oslo_service/backend/_threading/loopingcall.py:125}}
Jun 25 08:58:04.947822 np0000003599 nova-scheduler[96254]: DEBUG oslo.service.backend._threading.loopingcall [None req-0e249494-bb17-458b-9593-beff35f09476 None None] Dynamic interval looping call 'nova.service.Service.periodic_tasks' sleeping for 60.00 seconds {{(pid=96254) _run_loop /opt/stack/data/venv/lib/python3.12/site-packages/oslo_service/backend/_threading/loopingcall.py:125}}
Jun 25 08:58:14.931030 np0000003599 nova-scheduler[96252]: DEBUG oslo.service.backend._threading.loopingcall [None req-cd06b9b1-4ac2-4375-b0b3-ccdf27a2a141 None None] Dynamic interval looping call 'nova.service.Service.periodic_tasks' sleeping for 60.00 seconds {{(pid=96252) _run_loop /opt/stack/data/venv/lib/python3.12/site-packages/oslo_service/backend/_threading/loopingcall.py:125}}
Jun 25 08:58:41.971876 np0000003599 nova-scheduler[96256]: DEBUG oslo.service.backend._threading.loopingcall [None req-fdc76285-98d4-41e6-9d83-cdd59eae4c97 None None] Dynamic interval looping call 'nova.service.Service.periodic_tasks' sleeping for 60.00 seconds {{(pid=96256) _run_loop /opt/stack/data/venv/lib/python3.12/site-packages/oslo_service/backend/_threading/loopingcall.py:125}}
Jun 25 08:59:01.970962 np0000003599 nova-scheduler[96258]: DEBUG oslo.service.backend._threading.loopingcall [None req-7d87f0f4-3c65-4624-964d-b4e39c55bbcc None None] Dynamic interval looping call 'nova.service.Service.periodic_tasks' sleeping for 60.00 seconds {{(pid=96258) _run_loop /opt/stack/data/venv/lib/python3.12/site-packages/oslo_service/backend/_threading/loopingcall.py:125}}
Jun 25 08:59:04.948370 np0000003599 nova-scheduler[96254]: DEBUG oslo.service.backend._threading.loopingcall [None req-0e249494-bb17-458b-9593-beff35f09476 None None] Dynamic interval looping call 'nova.service.Service.periodic_tasks' sleeping for 60.00 seconds {{(pid=96254) _run_loop /opt/stack/data/venv/lib/python3.12/site-packages/oslo_service/backend/_threading/loopingcall.py:125}}
Jun 25 08:59:14.931502 np0000003599 nova-scheduler[96252]: DEBUG oslo.service.backend._threading.loopingcall [None req-cd06b9b1-4ac2-4375-b0b3-ccdf27a2a141 None None] Dynamic interval looping call 'nova.service.Service.periodic_tasks' sleeping for 60.00 seconds {{(pid=96252) _run_loop /opt/stack/data/venv/lib/python3.12/site-packages/oslo_service/backend/_threading/loopingcall.py:125}}
Jun 25 08:59:31.937624 np0000003599 nova-scheduler[96252]: DEBUG oslo.service.backend._threading.loopingcall [-] Fixed interval looping call 'nova.servicegroup.drivers.db.DbDriver._report_state' sleeping for 119.99 seconds {{(pid=96252) _run_loop /opt/stack/data/venv/lib/python3.12/site-packages/oslo_service/backend/_threading/loopingcall.py:125}}
Jun 25 08:59:31.948162 np0000003599 nova-scheduler[96254]: DEBUG oslo.service.backend._threading.loopingcall [-] Fixed interval looping call 'nova.servicegroup.drivers.db.DbDriver._report_state' sleeping for 120.00 seconds {{(pid=96254) _run_loop /opt/stack/data/venv/lib/python3.12/site-packages/oslo_service/backend/_threading/loopingcall.py:125}}
Jun 25 08:59:31.971486 np0000003599 nova-scheduler[96258]: DEBUG oslo.service.backend._threading.loopingcall [-] Fixed interval looping call 'nova.servicegroup.drivers.db.DbDriver._report_state' sleeping for 120.00 seconds {{(pid=96258) _run_loop /opt/stack/data/venv/lib/python3.12/site-packages/oslo_service/backend/_threading/loopingcall.py:125}}
Jun 25 08:59:31.972729 np0000003599 nova-scheduler[96256]: DEBUG oslo.service.backend._threading.loopingcall [-] Fixed interval looping call 'nova.servicegroup.drivers.db.DbDriver._report_state' sleeping for 120.00 seconds {{(pid=96256) _run_loop /opt/stack/data/venv/lib/python3.12/site-packages/oslo_service/backend/_threading/loopingcall.py:125}}
Jun 25 08:59:41.934030 np0000003599 nova-scheduler[96252]: DEBUG dbcounter [-] [96252] Writing DB stats nova_cell0:SELECT=1,nova_cell0:UPDATE=1 {{(pid=96252) stat_writer /opt/stack/data/venv/lib/python3.12/site-packages/dbcounter.py:115}}
Jun 25 08:59:41.947475 np0000003599 nova-scheduler[96254]: DEBUG dbcounter [-] [96254] Writing DB stats nova_cell0:SELECT=1 {{(pid=96254) stat_writer /opt/stack/data/venv/lib/python3.12/site-packages/dbcounter.py:115}}
Jun 25 08:59:41.969745 np0000003599 nova-scheduler[96258]: DEBUG dbcounter [-] [96258] Writing DB stats nova_cell0:SELECT=1 {{(pid=96258) stat_writer /opt/stack/data/venv/lib/python3.12/site-packages/dbcounter.py:115}}
Jun 25 08:59:41.971326 np0000003599 nova-scheduler[96256]: DEBUG dbcounter [-] [96256] Writing DB stats nova_cell0:SELECT=1 {{(pid=96256) stat_writer /opt/stack/data/venv/lib/python3.12/site-packages/dbcounter.py:115}}
Jun 25 08:59:41.972471 np0000003599 nova-scheduler[96256]: DEBUG oslo.service.backend._threading.loopingcall [None req-fdc76285-98d4-41e6-9d83-cdd59eae4c97 None None] Dynamic interval looping call 'nova.service.Service.periodic_tasks' sleeping for 60.00 seconds {{(pid=96256) _run_loop /opt/stack/data/venv/lib/python3.12/site-packages/oslo_service/backend/_threading/loopingcall.py:125}}
Jun 25 08:59:50.795136 np0000003599 nova-scheduler[96252]: DEBUG nova.scheduler.manager [None req-02c3b1f8-f635-4d26-b4ee-dc4e3e9fe7a4 tempest-ServerBootFromVolumeStableRescueTest-24205478 tempest-ServerBootFromVolumeStableRescueTest-24205478-project-member] Starting to schedule for instances: ['2b6d713d-4018-4c9a-9f9b-249ed45f7209'] {{(pid=96252) select_destinations /opt/stack/nova/nova/scheduler/manager.py:210}}
Jun 25 08:59:50.796251 np0000003599 nova-scheduler[96252]: DEBUG nova.scheduler.request_filter [None req-02c3b1f8-f635-4d26-b4ee-dc4e3e9fe7a4 tempest-ServerBootFromVolumeStableRescueTest-24205478 tempest-ServerBootFromVolumeStableRescueTest-24205478-project-member] compute_status_filter request filter added forbidden trait COMPUTE_STATUS_DISABLED {{(pid=96252) compute_status_filter /opt/stack/nova/nova/scheduler/request_filter.py:253}}
Jun 25 08:59:50.796251 np0000003599 nova-scheduler[96252]: DEBUG nova.scheduler.request_filter [None req-02c3b1f8-f635-4d26-b4ee-dc4e3e9fe7a4 tempest-ServerBootFromVolumeStableRescueTest-24205478 tempest-ServerBootFromVolumeStableRescueTest-24205478-project-member] Request filter 'compute_status_filter' took 0.0 seconds {{(pid=96252) wrapper /opt/stack/nova/nova/scheduler/request_filter.py:46}}
Jun 25 08:59:50.796507 np0000003599 nova-scheduler[96252]: DEBUG nova.scheduler.request_filter [None req-02c3b1f8-f635-4d26-b4ee-dc4e3e9fe7a4 tempest-ServerBootFromVolumeStableRescueTest-24205478 tempest-ServerBootFromVolumeStableRescueTest-24205478-project-member] Request filter 'accelerators_filter' took 0.0 seconds {{(pid=96252) wrapper /opt/stack/nova/nova/scheduler/request_filter.py:46}}
Jun 25 08:59:50.796739 np0000003599 nova-scheduler[96252]: DEBUG nova.scheduler.request_filter [None req-02c3b1f8-f635-4d26-b4ee-dc4e3e9fe7a4 tempest-ServerBootFromVolumeStableRescueTest-24205478 tempest-ServerBootFromVolumeStableRescueTest-24205478-project-member] Request filter 'packed_virtqueue_filter' took 0.0 seconds {{(pid=96252) wrapper /opt/stack/nova/nova/scheduler/request_filter.py:46}}
Jun 25 08:59:50.797085 np0000003599 nova-scheduler[96252]: DEBUG nova.scheduler.request_filter [None req-02c3b1f8-f635-4d26-b4ee-dc4e3e9fe7a4 tempest-ServerBootFromVolumeStableRescueTest-24205478 tempest-ServerBootFromVolumeStableRescueTest-24205478-project-member] Request filter 'remote_managed_ports_filter' took 0.0 seconds {{(pid=96252) wrapper /opt/stack/nova/nova/scheduler/request_filter.py:46}}
Jun 25 08:59:50.797342 np0000003599 nova-scheduler[96252]: DEBUG nova.scheduler.request_filter [None req-02c3b1f8-f635-4d26-b4ee-dc4e3e9fe7a4 tempest-ServerBootFromVolumeStableRescueTest-24205478 tempest-ServerBootFromVolumeStableRescueTest-24205478-project-member] ephemeral_encryption_filter skipped {{(pid=96252) ephemeral_encryption_filter /opt/stack/nova/nova/scheduler/request_filter.py:426}}
Jun 25 08:59:50.797619 np0000003599 nova-scheduler[96252]: DEBUG nova.scheduler.request_filter [None req-02c3b1f8-f635-4d26-b4ee-dc4e3e9fe7a4 tempest-ServerBootFromVolumeStableRescueTest-24205478 tempest-ServerBootFromVolumeStableRescueTest-24205478-project-member] virtio_sound_filter skipped {{(pid=96252) virtio_sound_filter /opt/stack/nova/nova/scheduler/request_filter.py:460}}
Jun 25 08:59:50.797853 np0000003599 nova-scheduler[96252]: DEBUG nova.scheduler.request_filter [None req-02c3b1f8-f635-4d26-b4ee-dc4e3e9fe7a4 tempest-ServerBootFromVolumeStableRescueTest-24205478 tempest-ServerBootFromVolumeStableRescueTest-24205478-project-member] tpm_secret_security_filter skipped {{(pid=96252) tpm_secret_security_filter /opt/stack/nova/nova/scheduler/request_filter.py:477}}
Jun 25 08:59:51.764451 np0000003599 nova-scheduler[96252]: INFO nova.utils [None req-02c3b1f8-f635-4d26-b4ee-dc4e3e9fe7a4 tempest-ServerBootFromVolumeStableRescueTest-24205478 tempest-ServerBootFromVolumeStableRescueTest-24205478-project-member] The cell worker thread pool ForkProcess-1.cell_worker is initialized
Jun 25 08:59:51.764973 np0000003599 nova-scheduler[96252]: DEBUG oslo_concurrency.lockutils [None req-02c3b1f8-f635-4d26-b4ee-dc4e3e9fe7a4 tempest-ServerBootFromVolumeStableRescueTest-24205478 tempest-ServerBootFromVolumeStableRescueTest-24205478-project-member] Acquiring lock "c0281ef2-028b-4ac6-8df7-8b5eaca01d50" by "nova.context.set_target_cell..get_or_set_cached_cell_and_set_connections" {{(pid=96252) inner /opt/stack/data/venv/lib/python3.12/site-packages/oslo_concurrency/lockutils.py:511}}
Jun 25 08:59:51.765372 np0000003599 nova-scheduler[96252]: DEBUG oslo_concurrency.lockutils [None req-02c3b1f8-f635-4d26-b4ee-dc4e3e9fe7a4 tempest-ServerBootFromVolumeStableRescueTest-24205478 tempest-ServerBootFromVolumeStableRescueTest-24205478-project-member] Lock "c0281ef2-028b-4ac6-8df7-8b5eaca01d50" acquired by "nova.context.set_target_cell..get_or_set_cached_cell_and_set_connections" :: waited 0.000s {{(pid=96252) inner /opt/stack/data/venv/lib/python3.12/site-packages/oslo_concurrency/lockutils.py:524}}
Jun 25 08:59:51.768699 np0000003599 nova-scheduler[96252]: DEBUG oslo_concurrency.lockutils [None req-02c3b1f8-f635-4d26-b4ee-dc4e3e9fe7a4 tempest-ServerBootFromVolumeStableRescueTest-24205478 tempest-ServerBootFromVolumeStableRescueTest-24205478-project-member] Lock "c0281ef2-028b-4ac6-8df7-8b5eaca01d50" "released" by "nova.context.set_target_cell..get_or_set_cached_cell_and_set_connections" :: held 0.002s {{(pid=96252) inner /opt/stack/data/venv/lib/python3.12/site-packages/oslo_concurrency/lockutils.py:543}}
Jun 25 08:59:51.771479 np0000003599 nova-scheduler[96252]: INFO dbcounter [None req-02c3b1f8-f635-4d26-b4ee-dc4e3e9fe7a4 tempest-ServerBootFromVolumeStableRescueTest-24205478 tempest-ServerBootFromVolumeStableRescueTest-24205478-project-member] Registered counter for database nova_cell1
Jun 25 08:59:51.836630 np0000003599 nova-scheduler[96252]: DEBUG oslo_db.sqlalchemy.engines [None req-02c3b1f8-f635-4d26-b4ee-dc4e3e9fe7a4 tempest-ServerBootFromVolumeStableRescueTest-24205478 tempest-ServerBootFromVolumeStableRescueTest-24205478-project-member] MySQL server mode set to STRICT_TRANS_TABLES,STRICT_ALL_TABLES,NO_ZERO_IN_DATE,NO_ZERO_DATE,ERROR_FOR_DIVISION_BY_ZERO,TRADITIONAL,NO_ENGINE_SUBSTITUTION {{(pid=96252) _check_effective_sql_mode /opt/stack/data/venv/lib/python3.12/site-packages/oslo_db/sqlalchemy/engines.py:325}}
Jun 25 08:59:51.846720 np0000003599 nova-scheduler[96252]: DEBUG dbcounter [-] [96252] Writer thread running {{(pid=96252) stat_writer /opt/stack/data/venv/lib/python3.12/site-packages/dbcounter.py:102}}
Jun 25 08:59:51.866020 np0000003599 nova-scheduler[96252]: DEBUG oslo_db.sqlalchemy.engines [None req-02c3b1f8-f635-4d26-b4ee-dc4e3e9fe7a4 tempest-ServerBootFromVolumeStableRescueTest-24205478 tempest-ServerBootFromVolumeStableRescueTest-24205478-project-member] Parent process 94998 forked (96252) with an open database connection, which is being discarded and recreated. {{(pid=96252) checkout /opt/stack/data/venv/lib/python3.12/site-packages/oslo_db/sqlalchemy/engines.py:402}}
Jun 25 08:59:51.924804 np0000003599 nova-scheduler[96252]: DEBUG dbcounter [-] [96252] Writer thread running {{(pid=96252) stat_writer /opt/stack/data/venv/lib/python3.12/site-packages/dbcounter.py:102}}
Jun 25 08:59:51.928323 np0000003599 nova-scheduler[96252]: DEBUG oslo_concurrency.lockutils [None req-02c3b1f8-f635-4d26-b4ee-dc4e3e9fe7a4 tempest-ServerBootFromVolumeStableRescueTest-24205478 tempest-ServerBootFromVolumeStableRescueTest-24205478-project-member] Acquiring lock "c0281ef2-028b-4ac6-8df7-8b5eaca01d50" by "nova.context.set_target_cell..get_or_set_cached_cell_and_set_connections" {{(pid=96252) inner /opt/stack/data/venv/lib/python3.12/site-packages/oslo_concurrency/lockutils.py:511}}
Jun 25 08:59:51.928323 np0000003599 nova-scheduler[96252]: DEBUG oslo_concurrency.lockutils [None req-02c3b1f8-f635-4d26-b4ee-dc4e3e9fe7a4 tempest-ServerBootFromVolumeStableRescueTest-24205478 tempest-ServerBootFromVolumeStableRescueTest-24205478-project-member] Lock "c0281ef2-028b-4ac6-8df7-8b5eaca01d50" acquired by "nova.context.set_target_cell..get_or_set_cached_cell_and_set_connections" :: waited 0.000s {{(pid=96252) inner /opt/stack/data/venv/lib/python3.12/site-packages/oslo_concurrency/lockutils.py:524}}
Jun 25 08:59:51.928982 np0000003599 nova-scheduler[96252]: DEBUG oslo_concurrency.lockutils [None req-02c3b1f8-f635-4d26-b4ee-dc4e3e9fe7a4 tempest-ServerBootFromVolumeStableRescueTest-24205478 tempest-ServerBootFromVolumeStableRescueTest-24205478-project-member] Lock "c0281ef2-028b-4ac6-8df7-8b5eaca01d50" "released" by "nova.context.set_target_cell..get_or_set_cached_cell_and_set_connections" :: held 0.000s {{(pid=96252) inner /opt/stack/data/venv/lib/python3.12/site-packages/oslo_concurrency/lockutils.py:543}}
Jun 25 08:59:51.933344 np0000003599 nova-scheduler[96252]: DEBUG oslo_concurrency.lockutils [None req-02c3b1f8-f635-4d26-b4ee-dc4e3e9fe7a4 tempest-ServerBootFromVolumeStableRescueTest-24205478 tempest-ServerBootFromVolumeStableRescueTest-24205478-project-member] Acquiring lock "('np0000003599', 'np0000003599')" by "nova.scheduler.host_manager.HostState.update.._locked_update" {{(pid=96252) inner /opt/stack/data/venv/lib/python3.12/site-packages/oslo_concurrency/lockutils.py:511}}
Jun 25 08:59:51.933561 np0000003599 nova-scheduler[96252]: DEBUG oslo_concurrency.lockutils [None req-02c3b1f8-f635-4d26-b4ee-dc4e3e9fe7a4 tempest-ServerBootFromVolumeStableRescueTest-24205478 tempest-ServerBootFromVolumeStableRescueTest-24205478-project-member] Lock "('np0000003599', 'np0000003599')" acquired by "nova.scheduler.host_manager.HostState.update.._locked_update" :: waited 0.001s {{(pid=96252) inner /opt/stack/data/venv/lib/python3.12/site-packages/oslo_concurrency/lockutils.py:524}}
Jun 25 08:59:51.942557 np0000003599 nova-scheduler[96252]: DEBUG nova.scheduler.host_manager [None req-02c3b1f8-f635-4d26-b4ee-dc4e3e9fe7a4 tempest-ServerBootFromVolumeStableRescueTest-24205478 tempest-ServerBootFromVolumeStableRescueTest-24205478-project-member] Update host state from compute node: ComputeNode(cpu_allocation_ratio=4.0,cpu_info='{"arch": "x86_64", "model": "EPYC-Milan", "vendor": "AMD", "topology": {"cells": 1, "sockets": 16, "cores": 1, "threads": 1}, "maxphysaddr": {"mode": "emulate", "bits": 40}, "features": ["no-nested-data-bp", "stibp-always-on", "pat", "pclmuldq", "cmp_legacy", "fsrm", "amd-psfd", "abm", "pae", "mmx", "pge", "rdseed", "tsc_adjust", "pdpe1gb", "de", "hypervisor", "lahf_lm", "nrip-save", "rdrand", "arch-capabilities", "vpclmulqdq", "msr", "lbrv", "ibpb", "lfence-always-serializing", "sha-ni", "erms", "skip-l1dfl-vmentry", "mca", "v-vmsave-vmload", "svme-addr-chk", "cx8", "tsc", "cx16", "clwb", "fsgsbase", "fxsr", "mds-no", "xsavec", "misalignsse", "svm", "popcnt", "syscall", "smep", "null-sel-clr-base", "f16c", "cmov", "osvw", "sse4a", "clflushopt", "ssse3", "sse4.1", "invpcid", "xsave", "xgetbv1", "pause-filter", "rdctl-no", "apic", "vme", "pse", "sep", "sse2", "arat", "mmxext", "pfthreshold", "lm", "bmi2", "spec-ctrl", "3dnowprefetch", "fma", "tsc-deadline", "pschange-mc-no", "pcid", "mtrr", "umip", "cr8legacy", "sse4.2", "mce", "tsc-scale", "vmcb-clean", "adx", "clzero", "avx", "perfctr_core", "npt", "movbe", "xsaveerptr", "pni", "pku", "x2apic", "nx", "flushbyasid", "clflush", "amd-ssbd", "amd-stibp", "stibp", "xsaves", "avx2", "gds-no", "fxsr_opt", "ibrs", "aes", "bmi1", "vaes", "virt-ssbd", "wbnoinvd", "pse36", "sse", "rdpid", "smap", "vgif", "xsaveopt", "rdtscp", "ssbd", "topoext", "fpu"]}',created_at=2026-06-25T08:57:52Z,current_workload=0,deleted=False,deleted_at=None,disk_allocation_ratio=1.0,disk_available_least=74,free_disk_gb=95,free_ram_mb=63789,host='np0000003599',host_ip=10.4.3.115,hypervisor_hostname='np0000003599',hypervisor_type='QEMU',hypervisor_version=8002002,id=1,local_gb=95,local_gb_used=0,mapped=1,memory_mb=64301,memory_mb_used=512,metrics='[]',numa_topology='{"nova_object.name": "NUMATopology", "nova_object.namespace": "nova", "nova_object.version": "1.2", "nova_object.data": {"cells": [{"nova_object.name": "NUMACell", "nova_object.namespace": "nova", "nova_object.version": "1.5", "nova_object.data": {"id": 0, "cpuset": [0, 1, 2, 3, 4, 5, 6, 7, 8, 9, 10, 11, 12, 13, 14, 15], "pcpuset": [0, 1, 2, 3, 4, 5, 6, 7, 8, 9, 10, 11, 12, 13, 14, 15], "memory": 64301, "cpu_usage": 0, "memory_usage": 0, "pinned_cpus": [], "siblings": [[6], [12], [2], [15], [5], [11], [8], [14], [4], [1], [7], [10], [0], [13], [3], [9]], "mempages": [{"nova_object.name": "NUMAPagesTopology", "nova_object.namespace": "nova", "nova_object.version": "1.1", "nova_object.data": {"size_kb": 4, "total": 16461069, "used": 0, "reserved": 0}, "nova_object.changes": ["size_kb", "reserved", "used", "total"]}, {"nova_object.name": "NUMAPagesTopology", "nova_object.namespace": "nova", "nova_object.version": "1.1", "nova_object.data": {"size_kb": 2048, "total": 0, "used": 0, "reserved": 0}, "nova_object.changes": ["size_kb", "reserved", "used", "total"]}, {"nova_object.name": "NUMAPagesTopology", "nova_object.namespace": "nova", "nova_object.version": "1.1", "nova_object.data": {"size_kb": 1048576, "total": 0, "used": 0, "reserved": 0}, "nova_object.changes": ["size_kb", "reserved", "used", "total"]}], "network_metadata": {"nova_object.name": "NetworkMetadata", "nova_object.namespace": "nova", "nova_object.version": "1.0", "nova_object.data": {"physnets": [], "tunneled": false}, "nova_object.changes": ["physnets", "tunneled"]}, "socket": null}, "nova_object.changes": ["pinned_cpus", "id", "network_metadata", "cpu_usage", "memory_usage", "pcpuset", "memory", "cpuset", "siblings", "socket", "mempages"]}]}, "nova_object.changes": ["cells"]}',pci_device_pools=PciDevicePoolList,ram_allocation_ratio=1.0,running_vms=0,service_id=2,stats={failed_builds='0',uptime=' 08:59:38 up 24 min, 2 users, load average: 1.92, 1.51, 0.83
Jun 25 08:59:51.942557 np0000003599 nova-scheduler[96252]: '},supported_hv_specs=[HVSpec,HVSpec,HVSpec,HVSpec,HVSpec,HVSpec,HVSpec,HVSpec,HVSpec,HVSpec,HVSpec,HVSpec,HVSpec,HVSpec,HVSpec,HVSpec,HVSpec,HVSpec,HVSpec,HVSpec,HVSpec,HVSpec,HVSpec,HVSpec,HVSpec],updated_at=2026-06-25T08:59:40Z,uuid=c697df51-cd85-4d04-b139-5223005f81a3,vcpus=16,vcpus_used=0) {{(pid=96252) _locked_update /opt/stack/nova/nova/scheduler/host_manager.py:168}}
Jun 25 08:59:51.942557 np0000003599 nova-scheduler[96252]: DEBUG nova.scheduler.host_manager [None req-02c3b1f8-f635-4d26-b4ee-dc4e3e9fe7a4 tempest-ServerBootFromVolumeStableRescueTest-24205478 tempest-ServerBootFromVolumeStableRescueTest-24205478-project-member] Update host state with aggregates: [] {{(pid=96252) _locked_update /opt/stack/nova/nova/scheduler/host_manager.py:171}}
