Jun 23 20:34:30.245561 np0000003488 nova-conductor[98808]: DEBUG cotyledon.oslo_config_glue [-] ******************************************************************************** {{(pid=98808) log_opt_values /opt/stack/data/venv/lib/python3.12/site-packages/oslo_config/cfg.py:3260}}
Jun 23 20:34:30.245582 np0000003488 nova-conductor[98803]: DEBUG cotyledon.oslo_config_glue [-] profiler.es_scroll_time = 2m {{(pid=98803) log_opt_values /opt/stack/data/venv/lib/python3.12/site-packages/oslo_config/cfg.py:3253}}
Jun 23 20:34:30.245582 np0000003488 nova-conductor[98803]: DEBUG cotyledon.oslo_config_glue [-] profiler.filter_error_trace = False {{(pid=98803) log_opt_values /opt/stack/data/venv/lib/python3.12/site-packages/oslo_config/cfg.py:3253}}
Jun 23 20:34:30.245582 np0000003488 nova-conductor[98803]: DEBUG cotyledon.oslo_config_glue [-] profiler.hmac_keys = **** {{(pid=98803) log_opt_values /opt/stack/data/venv/lib/python3.12/site-packages/oslo_config/cfg.py:3253}}
Jun 23 20:34:30.245643 np0000003488 nova-conductor[98808]: DEBUG cotyledon._service_worker [-] Run service ServiceWrapper(3) [98808] {{(pid=98808) wait_forever /opt/stack/data/venv/lib/python3.12/site-packages/cotyledon/_service_worker.py:218}}
Jun 23 20:34:30.245664 np0000003488 nova-conductor[98803]: DEBUG cotyledon.oslo_config_glue [-] profiler.sentinel_service_name = mymaster {{(pid=98803) log_opt_values /opt/stack/data/venv/lib/python3.12/site-packages/oslo_config/cfg.py:3253}}
Jun 23 20:34:30.245664 np0000003488 nova-conductor[98803]: DEBUG cotyledon.oslo_config_glue [-] profiler.socket_timeout = 0.1 {{(pid=98803) log_opt_values /opt/stack/data/venv/lib/python3.12/site-packages/oslo_config/cfg.py:3253}}
Jun 23 20:34:30.245664 np0000003488 nova-conductor[98803]: DEBUG cotyledon.oslo_config_glue [-] profiler.trace_requests = False {{(pid=98803) log_opt_values /opt/stack/data/venv/lib/python3.12/site-packages/oslo_config/cfg.py:3253}}
Jun 23 20:34:30.245664 np0000003488 nova-conductor[98803]: DEBUG cotyledon.oslo_config_glue [-] profiler.trace_sqlalchemy = False {{(pid=98803) log_opt_values /opt/stack/data/venv/lib/python3.12/site-packages/oslo_config/cfg.py:3253}}
Jun 23 20:34:30.245664 np0000003488 nova-conductor[98803]: DEBUG cotyledon.oslo_config_glue [-] profiler_jaeger.process_tags = {} {{(pid=98803) log_opt_values /opt/stack/data/venv/lib/python3.12/site-packages/oslo_config/cfg.py:3253}}
Jun 23 20:34:30.245664 np0000003488 nova-conductor[98803]: DEBUG cotyledon.oslo_config_glue [-] profiler_jaeger.service_name_prefix = None {{(pid=98803) log_opt_values /opt/stack/data/venv/lib/python3.12/site-packages/oslo_config/cfg.py:3253}}
Jun 23 20:34:30.245664 np0000003488 nova-conductor[98803]: DEBUG cotyledon.oslo_config_glue [-] profiler_otlp.service_name_prefix = None {{(pid=98803) log_opt_values /opt/stack/data/venv/lib/python3.12/site-packages/oslo_config/cfg.py:3253}}
Jun 23 20:34:30.245664 np0000003488 nova-conductor[98803]: DEBUG cotyledon.oslo_config_glue [-] oslo_messaging_rabbit.amqp_auto_delete = False {{(pid=98803) log_opt_values /opt/stack/data/venv/lib/python3.12/site-packages/oslo_config/cfg.py:3253}}
Jun 23 20:34:30.245664 np0000003488 nova-conductor[98803]: DEBUG cotyledon.oslo_config_glue [-] oslo_messaging_rabbit.amqp_durable_queues = False {{(pid=98803) log_opt_values /opt/stack/data/venv/lib/python3.12/site-packages/oslo_config/cfg.py:3253}}
Jun 23 20:34:30.245967 np0000003488 nova-conductor[98803]: DEBUG cotyledon.oslo_config_glue [-] oslo_messaging_rabbit.conn_pool_min_size = 2 {{(pid=98803) log_opt_values /opt/stack/data/venv/lib/python3.12/site-packages/oslo_config/cfg.py:3253}}
Jun 23 20:34:30.245967 np0000003488 nova-conductor[98803]: DEBUG cotyledon.oslo_config_glue [-] oslo_messaging_rabbit.conn_pool_ttl = 1200 {{(pid=98803) log_opt_values /opt/stack/data/venv/lib/python3.12/site-packages/oslo_config/cfg.py:3253}}
Jun 23 20:34:30.245967 np0000003488 nova-conductor[98803]: DEBUG cotyledon.oslo_config_glue [-] oslo_messaging_rabbit.direct_mandatory_flag = True {{(pid=98803) log_opt_values /opt/stack/data/venv/lib/python3.12/site-packages/oslo_config/cfg.py:3253}}
Jun 23 20:34:30.245967 np0000003488 nova-conductor[98803]: DEBUG cotyledon.oslo_config_glue [-] oslo_messaging_rabbit.enable_cancel_on_failover = False {{(pid=98803) log_opt_values /opt/stack/data/venv/lib/python3.12/site-packages/oslo_config/cfg.py:3253}}
Jun 23 20:34:30.245967 np0000003488 nova-conductor[98803]: DEBUG cotyledon.oslo_config_glue [-] oslo_messaging_rabbit.heartbeat_rate = 3 {{(pid=98803) log_opt_values /opt/stack/data/venv/lib/python3.12/site-packages/oslo_config/cfg.py:3253}}
Jun 23 20:34:30.245967 np0000003488 nova-conductor[98803]: DEBUG cotyledon.oslo_config_glue [-] oslo_messaging_rabbit.heartbeat_timeout_threshold = 60 {{(pid=98803) log_opt_values /opt/stack/data/venv/lib/python3.12/site-packages/oslo_config/cfg.py:3253}}
Jun 23 20:34:30.245967 np0000003488 nova-conductor[98803]: DEBUG cotyledon.oslo_config_glue [-] oslo_messaging_rabbit.hostname = np0000003488 {{(pid=98803) log_opt_values /opt/stack/data/venv/lib/python3.12/site-packages/oslo_config/cfg.py:3253}}
Jun 23 20:34:30.245967 np0000003488 nova-conductor[98803]: DEBUG cotyledon.oslo_config_glue [-] oslo_messaging_rabbit.kombu_compression = None {{(pid=98803) log_opt_values /opt/stack/data/venv/lib/python3.12/site-packages/oslo_config/cfg.py:3253}}
Jun 23 20:34:30.245967 np0000003488 nova-conductor[98803]: DEBUG cotyledon.oslo_config_glue [-] oslo_messaging_rabbit.kombu_failover_strategy = round-robin {{(pid=98803) log_opt_values /opt/stack/data/venv/lib/python3.12/site-packages/oslo_config/cfg.py:3253}}
Jun 23 20:34:30.246137 np0000003488 nova-conductor[98803]: DEBUG cotyledon.oslo_config_glue [-] oslo_messaging_rabbit.kombu_missing_consumer_retry_timeout = 60 {{(pid=98803) log_opt_values /opt/stack/data/venv/lib/python3.12/site-packages/oslo_config/cfg.py:3253}}
Jun 23 20:34:30.246137 np0000003488 nova-conductor[98803]: DEBUG cotyledon.oslo_config_glue [-] oslo_messaging_rabbit.kombu_reconnect_delay = 1.0 {{(pid=98803) log_opt_values /opt/stack/data/venv/lib/python3.12/site-packages/oslo_config/cfg.py:3253}}
Jun 23 20:34:30.246137 np0000003488 nova-conductor[98803]: DEBUG cotyledon.oslo_config_glue [-] oslo_messaging_rabbit.kombu_reconnect_splay = 0.0 {{(pid=98803) log_opt_values /opt/stack/data/venv/lib/python3.12/site-packages/oslo_config/cfg.py:3253}}
Jun 23 20:34:30.246137 np0000003488 nova-conductor[98803]: DEBUG cotyledon.oslo_config_glue [-] oslo_messaging_rabbit.processname = nova-conductor {{(pid=98803) log_opt_values /opt/stack/data/venv/lib/python3.12/site-packages/oslo_config/cfg.py:3253}}
Jun 23 20:34:30.246137 np0000003488 nova-conductor[98803]: DEBUG cotyledon.oslo_config_glue [-] oslo_messaging_rabbit.rabbit_ha_queues = False {{(pid=98803) log_opt_values /opt/stack/data/venv/lib/python3.12/site-packages/oslo_config/cfg.py:3253}}
Jun 23 20:34:30.246137 np0000003488 nova-conductor[98803]: DEBUG cotyledon.oslo_config_glue [-] oslo_messaging_rabbit.rabbit_interval_max = 30 {{(pid=98803) log_opt_values /opt/stack/data/venv/lib/python3.12/site-packages/oslo_config/cfg.py:3253}}
Jun 23 20:34:30.246137 np0000003488 nova-conductor[98803]: DEBUG cotyledon.oslo_config_glue [-] oslo_messaging_rabbit.rabbit_login_method = AMQPLAIN {{(pid=98803) log_opt_values /opt/stack/data/venv/lib/python3.12/site-packages/oslo_config/cfg.py:3253}}
Jun 23 20:34:30.246137 np0000003488 nova-conductor[98803]: DEBUG cotyledon.oslo_config_glue [-] oslo_messaging_rabbit.rabbit_qos_prefetch_count = 0 {{(pid=98803) log_opt_values /opt/stack/data/venv/lib/python3.12/site-packages/oslo_config/cfg.py:3253}}
Jun 23 20:34:30.246137 np0000003488 nova-conductor[98803]: DEBUG cotyledon.oslo_config_glue [-] oslo_messaging_rabbit.rabbit_quorum_delivery_limit = 0 {{(pid=98803) log_opt_values /opt/stack/data/venv/lib/python3.12/site-packages/oslo_config/cfg.py:3253}}
Jun 23 20:34:30.246324 np0000003488 nova-conductor[98808]: INFO nova.service [-] Starting conductor node (version 33.1.0)
Jun 23 20:34:30.246354 np0000003488 nova-conductor[98803]: DEBUG cotyledon.oslo_config_glue [-] oslo_messaging_rabbit.rabbit_quorum_max_memory_bytes = 0 {{(pid=98803) log_opt_values /opt/stack/data/venv/lib/python3.12/site-packages/oslo_config/cfg.py:3253}}
Jun 23 20:34:30.246354 np0000003488 nova-conductor[98803]: DEBUG cotyledon.oslo_config_glue [-] oslo_messaging_rabbit.rabbit_quorum_max_memory_length = 0 {{(pid=98803) log_opt_values /opt/stack/data/venv/lib/python3.12/site-packages/oslo_config/cfg.py:3253}}
Jun 23 20:34:30.246354 np0000003488 nova-conductor[98803]: DEBUG cotyledon.oslo_config_glue [-] oslo_messaging_rabbit.rabbit_quorum_queue = False {{(pid=98803) log_opt_values /opt/stack/data/venv/lib/python3.12/site-packages/oslo_config/cfg.py:3253}}
Jun 23 20:34:30.246354 np0000003488 nova-conductor[98803]: DEBUG cotyledon.oslo_config_glue [-] oslo_messaging_rabbit.rabbit_retry_backoff = 2 {{(pid=98803) log_opt_values /opt/stack/data/venv/lib/python3.12/site-packages/oslo_config/cfg.py:3253}}
Jun 23 20:34:30.246354 np0000003488 nova-conductor[98803]: DEBUG cotyledon.oslo_config_glue [-] oslo_messaging_rabbit.rabbit_retry_interval = 1 {{(pid=98803) log_opt_values /opt/stack/data/venv/lib/python3.12/site-packages/oslo_config/cfg.py:3253}}
Jun 23 20:34:30.246354 np0000003488 nova-conductor[98803]: DEBUG cotyledon.oslo_config_glue [-] oslo_messaging_rabbit.rabbit_stream_fanout = False {{(pid=98803) log_opt_values /opt/stack/data/venv/lib/python3.12/site-packages/oslo_config/cfg.py:3253}}
Jun 23 20:34:30.246354 np0000003488 nova-conductor[98803]: DEBUG cotyledon.oslo_config_glue [-] oslo_messaging_rabbit.rabbit_transient_queues_ttl = 1800 {{(pid=98803) log_opt_values /opt/stack/data/venv/lib/python3.12/site-packages/oslo_config/cfg.py:3253}}
Jun 23 20:34:30.246354 np0000003488 nova-conductor[98803]: DEBUG cotyledon.oslo_config_glue [-] oslo_messaging_rabbit.rabbit_transient_quorum_queue = False {{(pid=98803) log_opt_values /opt/stack/data/venv/lib/python3.12/site-packages/oslo_config/cfg.py:3253}}
Jun 23 20:34:30.246526 np0000003488 nova-conductor[98803]: DEBUG cotyledon.oslo_config_glue [-] oslo_messaging_rabbit.rpc_conn_pool_size = 30 {{(pid=98803) log_opt_values /opt/stack/data/venv/lib/python3.12/site-packages/oslo_config/cfg.py:3253}}
Jun 23 20:34:30.246526 np0000003488 nova-conductor[98803]: DEBUG cotyledon.oslo_config_glue [-] oslo_messaging_rabbit.ssl = False {{(pid=98803) log_opt_values /opt/stack/data/venv/lib/python3.12/site-packages/oslo_config/cfg.py:3253}}
Jun 23 20:34:30.246526 np0000003488 nova-conductor[98803]: DEBUG cotyledon.oslo_config_glue [-] oslo_messaging_rabbit.ssl_ca_file = {{(pid=98803) log_opt_values /opt/stack/data/venv/lib/python3.12/site-packages/oslo_config/cfg.py:3253}}
Jun 23 20:34:30.246526 np0000003488 nova-conductor[98803]: DEBUG cotyledon.oslo_config_glue [-] oslo_messaging_rabbit.ssl_cert_file = {{(pid=98803) log_opt_values /opt/stack/data/venv/lib/python3.12/site-packages/oslo_config/cfg.py:3253}}
Jun 23 20:34:30.246526 np0000003488 nova-conductor[98803]: DEBUG cotyledon.oslo_config_glue [-] oslo_messaging_rabbit.ssl_enforce_fips_mode = False {{(pid=98803) log_opt_values /opt/stack/data/venv/lib/python3.12/site-packages/oslo_config/cfg.py:3253}}
Jun 23 20:34:30.246526 np0000003488 nova-conductor[98803]: DEBUG cotyledon.oslo_config_glue [-] oslo_messaging_rabbit.ssl_enforce_hostname_verification = True {{(pid=98803) log_opt_values /opt/stack/data/venv/lib/python3.12/site-packages/oslo_config/cfg.py:3253}}
Jun 23 20:34:30.246526 np0000003488 nova-conductor[98803]: DEBUG cotyledon.oslo_config_glue [-] oslo_messaging_rabbit.ssl_key_file = {{(pid=98803) log_opt_values /opt/stack/data/venv/lib/python3.12/site-packages/oslo_config/cfg.py:3253}}
Jun 23 20:34:30.246526 np0000003488 nova-conductor[98803]: DEBUG cotyledon.oslo_config_glue [-] oslo_messaging_rabbit.ssl_version = {{(pid=98803) log_opt_values /opt/stack/data/venv/lib/python3.12/site-packages/oslo_config/cfg.py:3253}}
Jun 23 20:34:30.246526 np0000003488 nova-conductor[98803]: DEBUG cotyledon.oslo_config_glue [-] oslo_messaging_rabbit.use_queue_manager = False {{(pid=98803) log_opt_values /opt/stack/data/venv/lib/python3.12/site-packages/oslo_config/cfg.py:3253}}
Jun 23 20:34:30.246800 np0000003488 nova-conductor[98803]: DEBUG cotyledon.oslo_config_glue [-] oslo_messaging_notifications.driver = ['messagingv2'] {{(pid=98803) log_opt_values /opt/stack/data/venv/lib/python3.12/site-packages/oslo_config/cfg.py:3253}}
Jun 23 20:34:30.246800 np0000003488 nova-conductor[98803]: DEBUG cotyledon.oslo_config_glue [-] oslo_messaging_notifications.retry = -1 {{(pid=98803) log_opt_values /opt/stack/data/venv/lib/python3.12/site-packages/oslo_config/cfg.py:3253}}
Jun 23 20:34:30.246800 np0000003488 nova-conductor[98803]: DEBUG cotyledon.oslo_config_glue [-] oslo_messaging_notifications.topics = ['notifications'] {{(pid=98803) log_opt_values /opt/stack/data/venv/lib/python3.12/site-packages/oslo_config/cfg.py:3253}}
Jun 23 20:34:30.246800 np0000003488 nova-conductor[98803]: DEBUG cotyledon.oslo_config_glue [-] oslo_messaging_notifications.transport_url = **** {{(pid=98803) log_opt_values /opt/stack/data/venv/lib/python3.12/site-packages/oslo_config/cfg.py:3253}}
Jun 23 20:34:30.246800 np0000003488 nova-conductor[98803]: DEBUG cotyledon.oslo_config_glue [-] oslo_limit.auth_section = None {{(pid=98803) log_opt_values /opt/stack/data/venv/lib/python3.12/site-packages/oslo_config/cfg.py:3253}}
Jun 23 20:34:30.246800 np0000003488 nova-conductor[98803]: DEBUG cotyledon.oslo_config_glue [-] oslo_limit.auth_type = None {{(pid=98803) log_opt_values /opt/stack/data/venv/lib/python3.12/site-packages/oslo_config/cfg.py:3253}}
Jun 23 20:34:30.246800 np0000003488 nova-conductor[98803]: DEBUG cotyledon.oslo_config_glue [-] oslo_limit.cafile = None {{(pid=98803) log_opt_values /opt/stack/data/venv/lib/python3.12/site-packages/oslo_config/cfg.py:3253}}
Jun 23 20:34:30.246800 np0000003488 nova-conductor[98803]: DEBUG cotyledon.oslo_config_glue [-] oslo_limit.certfile = None {{(pid=98803) log_opt_values /opt/stack/data/venv/lib/python3.12/site-packages/oslo_config/cfg.py:3253}}
Jun 23 20:34:30.246800 np0000003488 nova-conductor[98803]: DEBUG cotyledon.oslo_config_glue [-] oslo_limit.collect_timing = False {{(pid=98803) log_opt_values /opt/stack/data/venv/lib/python3.12/site-packages/oslo_config/cfg.py:3253}}
Jun 23 20:34:30.246984 np0000003488 nova-conductor[98803]: DEBUG cotyledon.oslo_config_glue [-] oslo_limit.connect_retries = None {{(pid=98803) log_opt_values /opt/stack/data/venv/lib/python3.12/site-packages/oslo_config/cfg.py:3253}}
Jun 23 20:34:30.246984 np0000003488 nova-conductor[98803]: DEBUG cotyledon.oslo_config_glue [-] oslo_limit.connect_retry_delay = None {{(pid=98803) log_opt_values /opt/stack/data/venv/lib/python3.12/site-packages/oslo_config/cfg.py:3253}}
Jun 23 20:34:30.246984 np0000003488 nova-conductor[98803]: DEBUG cotyledon.oslo_config_glue [-] oslo_limit.endpoint_id = None {{(pid=98803) log_opt_values /opt/stack/data/venv/lib/python3.12/site-packages/oslo_config/cfg.py:3253}}
Jun 23 20:34:30.246984 np0000003488 nova-conductor[98803]: DEBUG cotyledon.oslo_config_glue [-] oslo_limit.endpoint_interface = public {{(pid=98803) log_opt_values /opt/stack/data/venv/lib/python3.12/site-packages/oslo_config/cfg.py:3253}}
Jun 23 20:34:30.246984 np0000003488 nova-conductor[98803]: DEBUG cotyledon.oslo_config_glue [-] oslo_limit.endpoint_override = None {{(pid=98803) log_opt_values /opt/stack/data/venv/lib/python3.12/site-packages/oslo_config/cfg.py:3253}}
Jun 23 20:34:30.246984 np0000003488 nova-conductor[98803]: DEBUG cotyledon.oslo_config_glue [-] oslo_limit.endpoint_region_name = None {{(pid=98803) log_opt_values /opt/stack/data/venv/lib/python3.12/site-packages/oslo_config/cfg.py:3253}}
Jun 23 20:34:30.246984 np0000003488 nova-conductor[98803]: DEBUG cotyledon.oslo_config_glue [-] oslo_limit.endpoint_service_name = None {{(pid=98803) log_opt_values /opt/stack/data/venv/lib/python3.12/site-packages/oslo_config/cfg.py:3253}}
Jun 23 20:34:30.246984 np0000003488 nova-conductor[98803]: DEBUG cotyledon.oslo_config_glue [-] oslo_limit.endpoint_service_type = None {{(pid=98803) log_opt_values /opt/stack/data/venv/lib/python3.12/site-packages/oslo_config/cfg.py:3253}}
Jun 23 20:34:30.246984 np0000003488 nova-conductor[98803]: DEBUG cotyledon.oslo_config_glue [-] oslo_limit.insecure = False {{(pid=98803) log_opt_values /opt/stack/data/venv/lib/python3.12/site-packages/oslo_config/cfg.py:3253}}
Jun 23 20:34:30.247144 np0000003488 nova-conductor[98803]: DEBUG cotyledon.oslo_config_glue [-] oslo_limit.keyfile = None {{(pid=98803) log_opt_values /opt/stack/data/venv/lib/python3.12/site-packages/oslo_config/cfg.py:3253}}
Jun 23 20:34:30.247144 np0000003488 nova-conductor[98803]: DEBUG cotyledon.oslo_config_glue [-] oslo_limit.max_version = None {{(pid=98803) log_opt_values /opt/stack/data/venv/lib/python3.12/site-packages/oslo_config/cfg.py:3253}}
Jun 23 20:34:30.247144 np0000003488 nova-conductor[98803]: DEBUG cotyledon.oslo_config_glue [-] oslo_limit.min_version = None {{(pid=98803) log_opt_values /opt/stack/data/venv/lib/python3.12/site-packages/oslo_config/cfg.py:3253}}
Jun 23 20:34:30.247144 np0000003488 nova-conductor[98803]: DEBUG cotyledon.oslo_config_glue [-] oslo_limit.region_name = None {{(pid=98803) log_opt_values /opt/stack/data/venv/lib/python3.12/site-packages/oslo_config/cfg.py:3253}}
Jun 23 20:34:30.247144 np0000003488 nova-conductor[98803]: DEBUG cotyledon.oslo_config_glue [-] oslo_limit.retriable_status_codes = None {{(pid=98803) log_opt_values /opt/stack/data/venv/lib/python3.12/site-packages/oslo_config/cfg.py:3253}}
Jun 23 20:34:30.247144 np0000003488 nova-conductor[98803]: DEBUG cotyledon.oslo_config_glue [-] oslo_limit.service_name = None {{(pid=98803) log_opt_values /opt/stack/data/venv/lib/python3.12/site-packages/oslo_config/cfg.py:3253}}
Jun 23 20:34:30.247144 np0000003488 nova-conductor[98803]: DEBUG cotyledon.oslo_config_glue [-] oslo_limit.service_type = None {{(pid=98803) log_opt_values /opt/stack/data/venv/lib/python3.12/site-packages/oslo_config/cfg.py:3253}}
Jun 23 20:34:30.247144 np0000003488 nova-conductor[98803]: DEBUG cotyledon.oslo_config_glue [-] oslo_limit.split_loggers = False {{(pid=98803) log_opt_values /opt/stack/data/venv/lib/python3.12/site-packages/oslo_config/cfg.py:3253}}
Jun 23 20:34:30.247144 np0000003488 nova-conductor[98803]: DEBUG cotyledon.oslo_config_glue [-] oslo_limit.status_code_retries = None {{(pid=98803) log_opt_values /opt/stack/data/venv/lib/python3.12/site-packages/oslo_config/cfg.py:3253}}
Jun 23 20:34:30.247318 np0000003488 nova-conductor[98803]: DEBUG cotyledon.oslo_config_glue [-] oslo_limit.status_code_retry_delay = None {{(pid=98803) log_opt_values /opt/stack/data/venv/lib/python3.12/site-packages/oslo_config/cfg.py:3253}}
Jun 23 20:34:30.247318 np0000003488 nova-conductor[98803]: DEBUG cotyledon.oslo_config_glue [-] oslo_limit.timeout = None {{(pid=98803) log_opt_values /opt/stack/data/venv/lib/python3.12/site-packages/oslo_config/cfg.py:3253}}
Jun 23 20:34:30.247318 np0000003488 nova-conductor[98803]: DEBUG cotyledon.oslo_config_glue [-] oslo_limit.valid_interfaces = None {{(pid=98803) log_opt_values /opt/stack/data/venv/lib/python3.12/site-packages/oslo_config/cfg.py:3253}}
Jun 23 20:34:30.247318 np0000003488 nova-conductor[98803]: DEBUG cotyledon.oslo_config_glue [-] oslo_limit.version = None {{(pid=98803) log_opt_values /opt/stack/data/venv/lib/python3.12/site-packages/oslo_config/cfg.py:3253}}
Jun 23 20:34:30.247318 np0000003488 nova-conductor[98803]: DEBUG cotyledon.oslo_config_glue [-] oslo_reports.file_event_handler = None {{(pid=98803) log_opt_values /opt/stack/data/venv/lib/python3.12/site-packages/oslo_config/cfg.py:3253}}
Jun 23 20:34:30.247318 np0000003488 nova-conductor[98803]: DEBUG cotyledon.oslo_config_glue [-] oslo_reports.file_event_handler_interval = 1 {{(pid=98803) log_opt_values /opt/stack/data/venv/lib/python3.12/site-packages/oslo_config/cfg.py:3253}}
Jun 23 20:34:30.247318 np0000003488 nova-conductor[98803]: DEBUG cotyledon.oslo_config_glue [-] oslo_reports.log_dir = None {{(pid=98803) log_opt_values /opt/stack/data/venv/lib/python3.12/site-packages/oslo_config/cfg.py:3253}}
Jun 23 20:34:30.247318 np0000003488 nova-conductor[98803]: DEBUG cotyledon.oslo_config_glue [-] ******************************************************************************** {{(pid=98803) log_opt_values /opt/stack/data/venv/lib/python3.12/site-packages/oslo_config/cfg.py:3260}}
Jun 23 20:34:30.247318 np0000003488 nova-conductor[98803]: DEBUG cotyledon._service_worker [-] Run service ServiceWrapper(2) [98803] {{(pid=98803) wait_forever /opt/stack/data/venv/lib/python3.12/site-packages/cotyledon/_service_worker.py:218}}
Jun 23 20:34:30.247522 np0000003488 nova-conductor[98803]: INFO nova.service [-] Starting conductor node (version 33.1.0)
Jun 23 20:34:30.247548 np0000003488 nova-conductor[98808]: INFO dbcounter [None req-093c5fd4-9938-48a6-96f0-9dbe81cce480 None None] Registered counter for database nova_cell0
Jun 23 20:34:30.247572 np0000003488 nova-conductor[98803]: INFO dbcounter [None req-64ed07c7-7314-4497-b3ca-6c2f082e31d3 None None] Registered counter for database nova_cell0
Jun 23 20:34:30.247592 np0000003488 nova-conductor[98754]: DEBUG oslo_db.sqlalchemy.engines [None req-fb5d0081-f951-4c7d-986c-252f384a5a3e None None] MySQL server mode set to STRICT_TRANS_TABLES,STRICT_ALL_TABLES,NO_ZERO_IN_DATE,NO_ZERO_DATE,ERROR_FOR_DIVISION_BY_ZERO,TRADITIONAL,NO_ENGINE_SUBSTITUTION {{(pid=98754) _check_effective_sql_mode /opt/stack/data/venv/lib/python3.12/site-packages/oslo_db/sqlalchemy/engines.py:325}}
Jun 23 20:34:30.247769 np0000003488 nova-conductor[98754]: DEBUG dbcounter [-] [98754] Writer thread running {{(pid=98754) stat_writer /opt/stack/data/venv/lib/python3.12/site-packages/dbcounter.py:102}}
Jun 23 20:34:30.251456 np0000003488 nova-conductor[98781]: DEBUG oslo_db.sqlalchemy.engines [None req-2c83d40b-4741-43dd-8f58-3f3197b77404 None None] MySQL server mode set to STRICT_TRANS_TABLES,STRICT_ALL_TABLES,NO_ZERO_IN_DATE,NO_ZERO_DATE,ERROR_FOR_DIVISION_BY_ZERO,TRADITIONAL,NO_ENGINE_SUBSTITUTION {{(pid=98781) _check_effective_sql_mode /opt/stack/data/venv/lib/python3.12/site-packages/oslo_db/sqlalchemy/engines.py:325}}
Jun 23 20:34:30.261872 np0000003488 nova-conductor[98754]: DEBUG nova.service [None req-fb5d0081-f951-4c7d-986c-252f384a5a3e None None] Creating RPC server for service: nova-conductor on topic: conductor {{(pid=98754) start /opt/stack/nova/nova/service.py:196}}
Jun 23 20:34:30.262459 np0000003488 nova-conductor[98781]: DEBUG dbcounter [-] [98781] Writer thread running {{(pid=98781) stat_writer /opt/stack/data/venv/lib/python3.12/site-packages/dbcounter.py:102}}
Jun 23 20:34:30.265560 np0000003488 nova-conductor[98781]: DEBUG nova.service [None req-2c83d40b-4741-43dd-8f58-3f3197b77404 None None] Creating RPC server for service: nova-conductor on topic: conductor {{(pid=98781) start /opt/stack/nova/nova/service.py:196}}
Jun 23 20:34:30.268515 np0000003488 nova-conductor[98803]: DEBUG oslo_db.sqlalchemy.engines [None req-64ed07c7-7314-4497-b3ca-6c2f082e31d3 None None] MySQL server mode set to STRICT_TRANS_TABLES,STRICT_ALL_TABLES,NO_ZERO_IN_DATE,NO_ZERO_DATE,ERROR_FOR_DIVISION_BY_ZERO,TRADITIONAL,NO_ENGINE_SUBSTITUTION {{(pid=98803) _check_effective_sql_mode /opt/stack/data/venv/lib/python3.12/site-packages/oslo_db/sqlalchemy/engines.py:325}}
Jun 23 20:34:30.280857 np0000003488 nova-conductor[98803]: DEBUG dbcounter [-] [98803] Writer thread running {{(pid=98803) stat_writer /opt/stack/data/venv/lib/python3.12/site-packages/dbcounter.py:102}}
Jun 23 20:34:30.283788 np0000003488 nova-conductor[98803]: DEBUG nova.service [None req-64ed07c7-7314-4497-b3ca-6c2f082e31d3 None None] Creating RPC server for service: nova-conductor on topic: conductor {{(pid=98803) start /opt/stack/nova/nova/service.py:196}}
Jun 23 20:34:30.284310 np0000003488 nova-conductor[98808]: DEBUG oslo_db.sqlalchemy.engines [None req-093c5fd4-9938-48a6-96f0-9dbe81cce480 None None] MySQL server mode set to STRICT_TRANS_TABLES,STRICT_ALL_TABLES,NO_ZERO_IN_DATE,NO_ZERO_DATE,ERROR_FOR_DIVISION_BY_ZERO,TRADITIONAL,NO_ENGINE_SUBSTITUTION {{(pid=98808) _check_effective_sql_mode /opt/stack/data/venv/lib/python3.12/site-packages/oslo_db/sqlalchemy/engines.py:325}}
Jun 23 20:34:30.288295 np0000003488 nova-conductor[98781]: DEBUG nova.service [None req-2c83d40b-4741-43dd-8f58-3f3197b77404 None None] Join ServiceGroup membership for this service conductor {{(pid=98781) start /opt/stack/nova/nova/service.py:222}}
Jun 23 20:34:30.288436 np0000003488 nova-conductor[98781]: DEBUG nova.servicegroup.drivers.db [None req-2c83d40b-4741-43dd-8f58-3f3197b77404 None None] DB_Driver: join new ServiceGroup member np0000003488 to the conductor group, service = {{(pid=98781) join /opt/stack/nova/nova/servicegroup/drivers/db.py:44}}
Jun 23 20:34:30.296429 np0000003488 nova-conductor[98808]: DEBUG dbcounter [-] [98808] Writer thread running {{(pid=98808) stat_writer /opt/stack/data/venv/lib/python3.12/site-packages/dbcounter.py:102}}
Jun 23 20:34:30.296614 np0000003488 nova-conductor[98754]: DEBUG nova.service [None req-fb5d0081-f951-4c7d-986c-252f384a5a3e None None] Join ServiceGroup membership for this service conductor {{(pid=98754) start /opt/stack/nova/nova/service.py:222}}
Jun 23 20:34:30.296844 np0000003488 nova-conductor[98754]: DEBUG nova.servicegroup.drivers.db [None req-fb5d0081-f951-4c7d-986c-252f384a5a3e None None] DB_Driver: join new ServiceGroup member np0000003488 to the conductor group, service = {{(pid=98754) join /opt/stack/nova/nova/servicegroup/drivers/db.py:44}}
Jun 23 20:34:30.299836 np0000003488 nova-conductor[98808]: DEBUG nova.service [None req-093c5fd4-9938-48a6-96f0-9dbe81cce480 None None] Creating RPC server for service: nova-conductor on topic: conductor {{(pid=98808) start /opt/stack/nova/nova/service.py:196}}
Jun 23 20:34:30.303707 np0000003488 nova-conductor[98803]: DEBUG nova.service [None req-64ed07c7-7314-4497-b3ca-6c2f082e31d3 None None] Join ServiceGroup membership for this service conductor {{(pid=98803) start /opt/stack/nova/nova/service.py:222}}
Jun 23 20:34:30.303971 np0000003488 nova-conductor[98803]: DEBUG nova.servicegroup.drivers.db [None req-64ed07c7-7314-4497-b3ca-6c2f082e31d3 None None] DB_Driver: join new ServiceGroup member np0000003488 to the conductor group, service = {{(pid=98803) join /opt/stack/nova/nova/servicegroup/drivers/db.py:44}}
Jun 23 20:34:30.319335 np0000003488 nova-conductor[98808]: DEBUG nova.service [None req-093c5fd4-9938-48a6-96f0-9dbe81cce480 None None] Join ServiceGroup membership for this service conductor {{(pid=98808) start /opt/stack/nova/nova/service.py:222}}
Jun 23 20:34:30.319594 np0000003488 nova-conductor[98808]: DEBUG nova.servicegroup.drivers.db [None req-093c5fd4-9938-48a6-96f0-9dbe81cce480 None None] DB_Driver: join new ServiceGroup member np0000003488 to the conductor group, service = {{(pid=98808) join /opt/stack/nova/nova/servicegroup/drivers/db.py:44}}
Jun 23 20:34:30.321543 np0000003488 nova-conductor[98808]: DEBUG oslo.service.backend._threading.loopingcall [None req-bf9f1689-751e-4f2c-a095-b05631d62fa4 None None] Dynamic interval looping call 'nova.service.Service.periodic_tasks' sleeping for 60.00 seconds {{(pid=98808) _run_loop /opt/stack/data/venv/lib/python3.12/site-packages/oslo_service/backend/_threading/loopingcall.py:125}}
Jun 23 20:34:35.306167 np0000003488 nova-conductor[98781]: DEBUG oslo.service.backend._threading.loopingcall [-] Fixed interval looping call 'nova.servicegroup.drivers.db.DbDriver._report_state' sleeping for 119.98 seconds {{(pid=98781) _run_loop /opt/stack/data/venv/lib/python3.12/site-packages/oslo_service/backend/_threading/loopingcall.py:125}}
Jun 23 20:34:35.306645 np0000003488 nova-conductor[98754]: DEBUG oslo.service.backend._threading.loopingcall [-] Fixed interval looping call 'nova.servicegroup.drivers.db.DbDriver._report_state' sleeping for 119.99 seconds {{(pid=98754) _run_loop /opt/stack/data/venv/lib/python3.12/site-packages/oslo_service/backend/_threading/loopingcall.py:125}}
Jun 23 20:34:35.314399 np0000003488 nova-conductor[98803]: DEBUG oslo.service.backend._threading.loopingcall [-] Fixed interval looping call 'nova.servicegroup.drivers.db.DbDriver._report_state' sleeping for 119.99 seconds {{(pid=98803) _run_loop /opt/stack/data/venv/lib/python3.12/site-packages/oslo_service/backend/_threading/loopingcall.py:125}}
Jun 23 20:34:35.331676 np0000003488 nova-conductor[98808]: DEBUG oslo.service.backend._threading.loopingcall [-] Fixed interval looping call 'nova.servicegroup.drivers.db.DbDriver._report_state' sleeping for 119.99 seconds {{(pid=98808) _run_loop /opt/stack/data/venv/lib/python3.12/site-packages/oslo_service/backend/_threading/loopingcall.py:125}}
Jun 23 20:34:38.844962 np0000003488 nova-conductor[97244]: DEBUG dbcounter [-] [97244] Writing DB stats nova_api:SELECT=1 {{(pid=97244) stat_writer /opt/stack/data/venv/lib/python3.12/site-packages/dbcounter.py:115}}
Jun 23 20:34:38.969276 np0000003488 nova-conductor[97244]: DEBUG dbcounter [-] [97244] Writing DB stats nova_cell0:SELECT=1 {{(pid=97244) stat_writer /opt/stack/data/venv/lib/python3.12/site-packages/dbcounter.py:115}}
Jun 23 20:34:38.974442 np0000003488 nova-conductor[97244]: DEBUG dbcounter [-] [97244] Writing DB stats nova_cell1:SELECT=1 {{(pid=97244) stat_writer /opt/stack/data/venv/lib/python3.12/site-packages/dbcounter.py:115}}
Jun 23 20:34:40.306008 np0000003488 nova-conductor[98803]: DEBUG oslo.service.backend._threading.loopingcall [None req-7c5107d0-3004-4d5a-aa9e-b72bdeba7f96 None None] Dynamic interval looping call 'nova.service.Service.periodic_tasks' sleeping for 60.00 seconds {{(pid=98803) _run_loop /opt/stack/data/venv/lib/python3.12/site-packages/oslo_service/backend/_threading/loopingcall.py:125}}
Jun 23 20:34:42.290982 np0000003488 nova-conductor[98781]: DEBUG oslo.service.backend._threading.loopingcall [None req-9693f8aa-879b-4590-8993-6b546dae3777 None None] Dynamic interval looping call 'nova.service.Service.periodic_tasks' sleeping for 60.00 seconds {{(pid=98781) _run_loop /opt/stack/data/venv/lib/python3.12/site-packages/oslo_service/backend/_threading/loopingcall.py:125}}
Jun 23 20:34:45.302037 np0000003488 nova-conductor[98781]: DEBUG dbcounter [-] [98781] Writing DB stats nova_cell0:SELECT=3,nova_cell0:UPDATE=1 {{(pid=98781) stat_writer /opt/stack/data/venv/lib/python3.12/site-packages/dbcounter.py:115}}
Jun 23 20:34:45.306038 np0000003488 nova-conductor[98754]: DEBUG dbcounter [-] [98754] Writing DB stats nova_cell0:SELECT=4,nova_cell0:INSERT=1,nova_cell0:UPDATE=1 {{(pid=98754) stat_writer /opt/stack/data/venv/lib/python3.12/site-packages/dbcounter.py:115}}
Jun 23 20:34:45.311434 np0000003488 nova-conductor[98803]: DEBUG dbcounter [-] [98803] Writing DB stats nova_cell0:SELECT=3 {{(pid=98803) stat_writer /opt/stack/data/venv/lib/python3.12/site-packages/dbcounter.py:115}}
Jun 23 20:34:45.328350 np0000003488 nova-conductor[98808]: DEBUG dbcounter [-] [98808] Writing DB stats nova_cell0:SELECT=3 {{(pid=98808) stat_writer /opt/stack/data/venv/lib/python3.12/site-packages/dbcounter.py:115}}
Jun 23 20:35:01.298662 np0000003488 nova-conductor[98754]: DEBUG oslo.service.backend._threading.loopingcall [None req-7948826d-e651-4b7e-88a4-811e50dde07d None None] Dynamic interval looping call 'nova.service.Service.periodic_tasks' sleeping for 60.00 seconds {{(pid=98754) _run_loop /opt/stack/data/venv/lib/python3.12/site-packages/oslo_service/backend/_threading/loopingcall.py:125}}
Jun 23 20:35:30.322094 np0000003488 nova-conductor[98808]: DEBUG oslo.service.backend._threading.loopingcall [None req-bf9f1689-751e-4f2c-a095-b05631d62fa4 None None] Dynamic interval looping call 'nova.service.Service.periodic_tasks' sleeping for 60.00 seconds {{(pid=98808) _run_loop /opt/stack/data/venv/lib/python3.12/site-packages/oslo_service/backend/_threading/loopingcall.py:125}}
Jun 23 20:35:40.306556 np0000003488 nova-conductor[98803]: DEBUG oslo.service.backend._threading.loopingcall [None req-7c5107d0-3004-4d5a-aa9e-b72bdeba7f96 None None] Dynamic interval looping call 'nova.service.Service.periodic_tasks' sleeping for 60.00 seconds {{(pid=98803) _run_loop /opt/stack/data/venv/lib/python3.12/site-packages/oslo_service/backend/_threading/loopingcall.py:125}}
Jun 23 20:35:42.291609 np0000003488 nova-conductor[98781]: DEBUG oslo.service.backend._threading.loopingcall [None req-9693f8aa-879b-4590-8993-6b546dae3777 None None] Dynamic interval looping call 'nova.service.Service.periodic_tasks' sleeping for 60.00 seconds {{(pid=98781) _run_loop /opt/stack/data/venv/lib/python3.12/site-packages/oslo_service/backend/_threading/loopingcall.py:125}}
Jun 23 20:36:01.299199 np0000003488 nova-conductor[98754]: DEBUG oslo.service.backend._threading.loopingcall [None req-7948826d-e651-4b7e-88a4-811e50dde07d None None] Dynamic interval looping call 'nova.service.Service.periodic_tasks' sleeping for 60.00 seconds {{(pid=98754) _run_loop /opt/stack/data/venv/lib/python3.12/site-packages/oslo_service/backend/_threading/loopingcall.py:125}}
Jun 23 20:36:30.322520 np0000003488 nova-conductor[98808]: DEBUG oslo.service.backend._threading.loopingcall [None req-bf9f1689-751e-4f2c-a095-b05631d62fa4 None None] Dynamic interval looping call 'nova.service.Service.periodic_tasks' sleeping for 60.00 seconds {{(pid=98808) _run_loop /opt/stack/data/venv/lib/python3.12/site-packages/oslo_service/backend/_threading/loopingcall.py:125}}
Jun 23 20:36:35.293456 np0000003488 nova-conductor[98781]: DEBUG oslo.service.backend._threading.loopingcall [-] Fixed interval looping call 'nova.servicegroup.drivers.db.DbDriver._report_state' sleeping for 119.99 seconds {{(pid=98781) _run_loop /opt/stack/data/venv/lib/python3.12/site-packages/oslo_service/backend/_threading/loopingcall.py:125}}
Jun 23 20:36:35.299761 np0000003488 nova-conductor[98754]: DEBUG oslo.service.backend._threading.loopingcall [-] Fixed interval looping call 'nova.servicegroup.drivers.db.DbDriver._report_state' sleeping for 120.00 seconds {{(pid=98754) _run_loop /opt/stack/data/venv/lib/python3.12/site-packages/oslo_service/backend/_threading/loopingcall.py:125}}
Jun 23 20:36:35.307671 np0000003488 nova-conductor[98803]: DEBUG oslo.service.backend._threading.loopingcall [-] Fixed interval looping call 'nova.servicegroup.drivers.db.DbDriver._report_state' sleeping for 120.00 seconds {{(pid=98803) _run_loop /opt/stack/data/venv/lib/python3.12/site-packages/oslo_service/backend/_threading/loopingcall.py:125}}
Jun 23 20:36:35.328046 np0000003488 nova-conductor[98808]: DEBUG oslo.service.backend._threading.loopingcall [-] Fixed interval looping call 'nova.servicegroup.drivers.db.DbDriver._report_state' sleeping for 120.00 seconds {{(pid=98808) _run_loop /opt/stack/data/venv/lib/python3.12/site-packages/oslo_service/backend/_threading/loopingcall.py:125}}
Jun 23 20:36:40.306954 np0000003488 nova-conductor[98803]: DEBUG oslo.service.backend._threading.loopingcall [None req-7c5107d0-3004-4d5a-aa9e-b72bdeba7f96 None None] Dynamic interval looping call 'nova.service.Service.periodic_tasks' sleeping for 60.00 seconds {{(pid=98803) _run_loop /opt/stack/data/venv/lib/python3.12/site-packages/oslo_service/backend/_threading/loopingcall.py:125}}
Jun 23 20:36:42.292710 np0000003488 nova-conductor[98781]: DEBUG oslo.service.backend._threading.loopingcall [None req-9693f8aa-879b-4590-8993-6b546dae3777 None None] Dynamic interval looping call 'nova.service.Service.periodic_tasks' sleeping for 60.00 seconds {{(pid=98781) _run_loop /opt/stack/data/venv/lib/python3.12/site-packages/oslo_service/backend/_threading/loopingcall.py:125}}
Jun 23 20:36:45.290458 np0000003488 nova-conductor[98781]: DEBUG dbcounter [-] [98781] Writing DB stats nova_cell0:SELECT=1,nova_cell0:UPDATE=1 {{(pid=98781) stat_writer /opt/stack/data/venv/lib/python3.12/site-packages/dbcounter.py:115}}
Jun 23 20:36:45.298442 np0000003488 nova-conductor[98754]: DEBUG dbcounter [-] [98754] Writing DB stats nova_cell0:SELECT=1 {{(pid=98754) stat_writer /opt/stack/data/venv/lib/python3.12/site-packages/dbcounter.py:115}}
Jun 23 20:36:45.306266 np0000003488 nova-conductor[98803]: DEBUG dbcounter [-] [98803] Writing DB stats nova_cell0:SELECT=1 {{(pid=98803) stat_writer /opt/stack/data/venv/lib/python3.12/site-packages/dbcounter.py:115}}
Jun 23 20:36:45.323805 np0000003488 nova-conductor[98808]: DEBUG dbcounter [-] [98808] Writing DB stats nova_cell0:SELECT=1 {{(pid=98808) stat_writer /opt/stack/data/venv/lib/python3.12/site-packages/dbcounter.py:115}}
Jun 23 20:36:51.613878 np0000003488 nova-conductor[98781]: DEBUG oslo_db.sqlalchemy.engines [None req-d1fb564b-b366-4769-84b7-61111dbdf571 tempest-DeleteServersTestJSON-1266954571 tempest-DeleteServersTestJSON-1266954571-project-member] Parent process 97244 forked (98781) with an open database connection, which is being discarded and recreated. {{(pid=98781) checkout /opt/stack/data/venv/lib/python3.12/site-packages/oslo_db/sqlalchemy/engines.py:402}}
Jun 23 20:36:51.670233 np0000003488 nova-conductor[98781]: DEBUG dbcounter [-] [98781] Writer thread running {{(pid=98781) stat_writer /opt/stack/data/venv/lib/python3.12/site-packages/dbcounter.py:102}}
Jun 23 20:36:52.701820 np0000003488 nova-conductor[98781]: DEBUG nova.conductor.manager [None req-d1fb564b-b366-4769-84b7-61111dbdf571 tempest-DeleteServersTestJSON-1266954571 tempest-DeleteServersTestJSON-1266954571-project-member] Took 1.03 seconds to select destinations for 1 instance(s). {{(pid=98781) _schedule_instances /opt/stack/nova/nova/conductor/manager.py:968}}
Jun 23 20:36:52.732576 np0000003488 nova-conductor[98781]: DEBUG oslo_concurrency.lockutils [None req-d1fb564b-b366-4769-84b7-61111dbdf571 tempest-DeleteServersTestJSON-1266954571 tempest-DeleteServersTestJSON-1266954571-project-member] Acquiring lock "475dd6f7-d767-4de3-862e-ab45f15aa115" by "nova.context.set_target_cell..get_or_set_cached_cell_and_set_connections" {{(pid=98781) inner /opt/stack/data/venv/lib/python3.12/site-packages/oslo_concurrency/lockutils.py:511}}
Jun 23 20:36:52.732878 np0000003488 nova-conductor[98781]: DEBUG oslo_concurrency.lockutils [None req-d1fb564b-b366-4769-84b7-61111dbdf571 tempest-DeleteServersTestJSON-1266954571 tempest-DeleteServersTestJSON-1266954571-project-member] Lock "475dd6f7-d767-4de3-862e-ab45f15aa115" acquired by "nova.context.set_target_cell..get_or_set_cached_cell_and_set_connections" :: waited 0.000s {{(pid=98781) inner /opt/stack/data/venv/lib/python3.12/site-packages/oslo_concurrency/lockutils.py:524}}
Jun 23 20:36:52.734208 np0000003488 nova-conductor[98781]: DEBUG oslo_concurrency.lockutils [None req-d1fb564b-b366-4769-84b7-61111dbdf571 tempest-DeleteServersTestJSON-1266954571 tempest-DeleteServersTestJSON-1266954571-project-member] Lock "475dd6f7-d767-4de3-862e-ab45f15aa115" "released" by "nova.context.set_target_cell..get_or_set_cached_cell_and_set_connections" :: held 0.001s {{(pid=98781) inner /opt/stack/data/venv/lib/python3.12/site-packages/oslo_concurrency/lockutils.py:543}}
Jun 23 20:36:52.736298 np0000003488 nova-conductor[98781]: INFO dbcounter [None req-d1fb564b-b366-4769-84b7-61111dbdf571 tempest-DeleteServersTestJSON-1266954571 tempest-DeleteServersTestJSON-1266954571-project-member] Registered counter for database nova_cell1
Jun 23 20:36:52.776853 np0000003488 nova-conductor[98781]: DEBUG oslo_db.sqlalchemy.engines [None req-d1fb564b-b366-4769-84b7-61111dbdf571 tempest-DeleteServersTestJSON-1266954571 tempest-DeleteServersTestJSON-1266954571-project-member] MySQL server mode set to STRICT_TRANS_TABLES,STRICT_ALL_TABLES,NO_ZERO_IN_DATE,NO_ZERO_DATE,ERROR_FOR_DIVISION_BY_ZERO,TRADITIONAL,NO_ENGINE_SUBSTITUTION {{(pid=98781) _check_effective_sql_mode /opt/stack/data/venv/lib/python3.12/site-packages/oslo_db/sqlalchemy/engines.py:325}}
Jun 23 20:36:52.783163 np0000003488 nova-conductor[98781]: DEBUG dbcounter [-] [98781] Writer thread running {{(pid=98781) stat_writer /opt/stack/data/venv/lib/python3.12/site-packages/dbcounter.py:102}}
Jun 23 20:36:52.856461 np0000003488 nova-conductor[98781]: INFO nova.utils [None req-d1fb564b-b366-4769-84b7-61111dbdf571 tempest-DeleteServersTestJSON-1266954571 tempest-DeleteServersTestJSON-1266954571-project-member] The cell worker thread pool ForkProcess-2.cell_worker is initialized
Jun 23 20:36:52.856708 np0000003488 nova-conductor[98781]: DEBUG oslo_concurrency.lockutils [None req-d1fb564b-b366-4769-84b7-61111dbdf571 tempest-DeleteServersTestJSON-1266954571 tempest-DeleteServersTestJSON-1266954571-project-member] Acquiring lock "00000000-0000-0000-0000-000000000000" by "nova.context.set_target_cell..get_or_set_cached_cell_and_set_connections" {{(pid=98781) inner /opt/stack/data/venv/lib/python3.12/site-packages/oslo_concurrency/lockutils.py:511}}
Jun 23 20:36:52.856895 np0000003488 nova-conductor[98781]: DEBUG oslo_concurrency.lockutils [None req-d1fb564b-b366-4769-84b7-61111dbdf571 tempest-DeleteServersTestJSON-1266954571 tempest-DeleteServersTestJSON-1266954571-project-member] Lock "00000000-0000-0000-0000-000000000000" acquired by "nova.context.set_target_cell..get_or_set_cached_cell_and_set_connections" :: waited 0.000s {{(pid=98781) inner /opt/stack/data/venv/lib/python3.12/site-packages/oslo_concurrency/lockutils.py:524}}
Jun 23 20:36:52.857285 np0000003488 nova-conductor[98781]: DEBUG oslo_concurrency.lockutils [None req-d1fb564b-b366-4769-84b7-61111dbdf571 tempest-DeleteServersTestJSON-1266954571 tempest-DeleteServersTestJSON-1266954571-project-member] Lock "00000000-0000-0000-0000-000000000000" "released" by "nova.context.set_target_cell..get_or_set_cached_cell_and_set_connections" :: held 0.000s {{(pid=98781) inner /opt/stack/data/venv/lib/python3.12/site-packages/oslo_concurrency/lockutils.py:543}}
Jun 23 20:36:52.858010 np0000003488 nova-conductor[98781]: DEBUG oslo_concurrency.lockutils [None req-d1fb564b-b366-4769-84b7-61111dbdf571 tempest-DeleteServersTestJSON-1266954571 tempest-DeleteServersTestJSON-1266954571-project-member] Acquiring lock "475dd6f7-d767-4de3-862e-ab45f15aa115" by "nova.context.set_target_cell..get_or_set_cached_cell_and_set_connections" {{(pid=98781) inner /opt/stack/data/venv/lib/python3.12/site-packages/oslo_concurrency/lockutils.py:511}}
Jun 23 20:36:52.858159 np0000003488 nova-conductor[98781]: DEBUG oslo_concurrency.lockutils [None req-d1fb564b-b366-4769-84b7-61111dbdf571 tempest-DeleteServersTestJSON-1266954571 tempest-DeleteServersTestJSON-1266954571-project-member] Lock "475dd6f7-d767-4de3-862e-ab45f15aa115" acquired by "nova.context.set_target_cell..get_or_set_cached_cell_and_set_connections" :: waited 0.000s {{(pid=98781) inner /opt/stack/data/venv/lib/python3.12/site-packages/oslo_concurrency/lockutils.py:524}}
Jun 23 20:36:52.858300 np0000003488 nova-conductor[98781]: DEBUG oslo_concurrency.lockutils [None req-d1fb564b-b366-4769-84b7-61111dbdf571 tempest-DeleteServersTestJSON-1266954571 tempest-DeleteServersTestJSON-1266954571-project-member] Lock "475dd6f7-d767-4de3-862e-ab45f15aa115" "released" by "nova.context.set_target_cell..get_or_set_cached_cell_and_set_connections" :: held 0.000s {{(pid=98781) inner /opt/stack/data/venv/lib/python3.12/site-packages/oslo_concurrency/lockutils.py:543}}
Jun 23 20:36:52.860019 np0000003488 nova-conductor[98781]: INFO dbcounter [None req-d1fb564b-b366-4769-84b7-61111dbdf571 tempest-DeleteServersTestJSON-1266954571 tempest-DeleteServersTestJSON-1266954571-project-member] Registered counter for database nova_cell0
Jun 23 20:36:52.906890 np0000003488 nova-conductor[98781]: DEBUG oslo_db.sqlalchemy.engines [None req-d1fb564b-b366-4769-84b7-61111dbdf571 tempest-DeleteServersTestJSON-1266954571 tempest-DeleteServersTestJSON-1266954571-project-member] MySQL server mode set to STRICT_TRANS_TABLES,STRICT_ALL_TABLES,NO_ZERO_IN_DATE,NO_ZERO_DATE,ERROR_FOR_DIVISION_BY_ZERO,TRADITIONAL,NO_ENGINE_SUBSTITUTION {{(pid=98781) _check_effective_sql_mode /opt/stack/data/venv/lib/python3.12/site-packages/oslo_db/sqlalchemy/engines.py:325}}
Jun 23 20:36:52.915412 np0000003488 nova-conductor[98781]: DEBUG dbcounter [-] [98781] Writer thread running {{(pid=98781) stat_writer /opt/stack/data/venv/lib/python3.12/site-packages/dbcounter.py:102}}
Jun 23 20:36:52.933962 np0000003488 nova-conductor[98781]: DEBUG nova.quota [None req-d1fb564b-b366-4769-84b7-61111dbdf571 tempest-DeleteServersTestJSON-1266954571 tempest-DeleteServersTestJSON-1266954571-project-member] Getting quotas for project 6bcd2fa114b0437bbc8f0b3cc628fccd. Resources: {'ram', 'cores', 'instances'} {{(pid=98781) _get_quotas /opt/stack/nova/nova/quota.py:392}}
Jun 23 20:36:52.937650 np0000003488 nova-conductor[98781]: DEBUG nova.quota [None req-d1fb564b-b366-4769-84b7-61111dbdf571 tempest-DeleteServersTestJSON-1266954571 tempest-DeleteServersTestJSON-1266954571-project-member] Getting quotas for user 346cf17fa64f473abf7034b40496143b and project 6bcd2fa114b0437bbc8f0b3cc628fccd. Resources: {'ram', 'cores', 'instances'} {{(pid=98781) _get_quotas /opt/stack/nova/nova/quota.py:382}}
Jun 23 20:36:52.948078 np0000003488 nova-conductor[98781]: DEBUG nova.conductor.manager [None req-d1fb564b-b366-4769-84b7-61111dbdf571 tempest-DeleteServersTestJSON-1266954571 tempest-DeleteServersTestJSON-1266954571-project-member] [instance: f71c608b-95c0-4b29-bbdb-004a93c205cf] Selected host: np0000003488; Selected node: np0000003488; Alternates: [] {{(pid=98781) schedule_and_build_instances /opt/stack/nova/nova/conductor/manager.py:1784}}
Jun 23 20:36:52.948812 np0000003488 nova-conductor[98781]: DEBUG oslo_concurrency.lockutils [None req-d1fb564b-b366-4769-84b7-61111dbdf571 tempest-DeleteServersTestJSON-1266954571 tempest-DeleteServersTestJSON-1266954571-project-member] Acquiring lock "475dd6f7-d767-4de3-862e-ab45f15aa115" by "nova.context.set_target_cell..get_or_set_cached_cell_and_set_connections" {{(pid=98781) inner /opt/stack/data/venv/lib/python3.12/site-packages/oslo_concurrency/lockutils.py:511}}
Jun 23 20:36:52.949016 np0000003488 nova-conductor[98781]: DEBUG oslo_concurrency.lockutils [None req-d1fb564b-b366-4769-84b7-61111dbdf571 tempest-DeleteServersTestJSON-1266954571 tempest-DeleteServersTestJSON-1266954571-project-member] Lock "475dd6f7-d767-4de3-862e-ab45f15aa115" acquired by "nova.context.set_target_cell..get_or_set_cached_cell_and_set_connections" :: waited 0.000s {{(pid=98781) inner /opt/stack/data/venv/lib/python3.12/site-packages/oslo_concurrency/lockutils.py:524}}
Jun 23 20:36:52.949175 np0000003488 nova-conductor[98781]: DEBUG oslo_concurrency.lockutils [None req-d1fb564b-b366-4769-84b7-61111dbdf571 tempest-DeleteServersTestJSON-1266954571 tempest-DeleteServersTestJSON-1266954571-project-member] Lock "475dd6f7-d767-4de3-862e-ab45f15aa115" "released" by "nova.context.set_target_cell..get_or_set_cached_cell_and_set_connections" :: held 0.000s {{(pid=98781) inner /opt/stack/data/venv/lib/python3.12/site-packages/oslo_concurrency/lockutils.py:543}}
Jun 23 20:36:52.959465 np0000003488 nova-conductor[98781]: DEBUG nova.conductor.manager [None req-d1fb564b-b366-4769-84b7-61111dbdf571 tempest-DeleteServersTestJSON-1266954571 tempest-DeleteServersTestJSON-1266954571-project-member] [instance: f71c608b-95c0-4b29-bbdb-004a93c205cf] block_device_mapping [BlockDeviceMapping(attachment_id=,boot_index=0,connection_info=None,created_at=,delete_on_termination=True,deleted=,deleted_at=,destination_type='local',device_name=None,device_type='disk',disk_bus=None,encrypted=False,encryption_format=None,encryption_options=None,encryption_secret_uuid=None,guest_format=None,id=,image_id='7163aa89-dabd-41eb-b233-922a6347637d',instance=,instance_uuid=,no_device=False,snapshot_id=None,source_type='image',tag=None,updated_at=,uuid=,volume_id=None,volume_size=None,volume_type=None)] {{(pid=98781) _create_block_device_mapping /opt/stack/nova/nova/conductor/manager.py:1529}}
Jun 23 20:36:52.961472 np0000003488 nova-conductor[98781]: DEBUG oslo_concurrency.lockutils [None req-d1fb564b-b366-4769-84b7-61111dbdf571 tempest-DeleteServersTestJSON-1266954571 tempest-DeleteServersTestJSON-1266954571-project-member] Acquiring lock "475dd6f7-d767-4de3-862e-ab45f15aa115" by "nova.context.set_target_cell..get_or_set_cached_cell_and_set_connections" {{(pid=98781) inner /opt/stack/data/venv/lib/python3.12/site-packages/oslo_concurrency/lockutils.py:511}}
Jun 23 20:36:52.962354 np0000003488 nova-conductor[98781]: DEBUG oslo_concurrency.lockutils [None req-d1fb564b-b366-4769-84b7-61111dbdf571 tempest-DeleteServersTestJSON-1266954571 tempest-DeleteServersTestJSON-1266954571-project-member] Lock "475dd6f7-d767-4de3-862e-ab45f15aa115" acquired by "nova.context.set_target_cell..get_or_set_cached_cell_and_set_connections" :: waited 0.000s {{(pid=98781) inner /opt/stack/data/venv/lib/python3.12/site-packages/oslo_concurrency/lockutils.py:524}}
Jun 23 20:36:52.962354 np0000003488 nova-conductor[98781]: DEBUG oslo_concurrency.lockutils [None req-d1fb564b-b366-4769-84b7-61111dbdf571 tempest-DeleteServersTestJSON-1266954571 tempest-DeleteServersTestJSON-1266954571-project-member] Lock "475dd6f7-d767-4de3-862e-ab45f15aa115" "released" by "nova.context.set_target_cell..get_or_set_cached_cell_and_set_connections" :: held 0.000s {{(pid=98781) inner /opt/stack/data/venv/lib/python3.12/site-packages/oslo_concurrency/lockutils.py:543}}
Jun 23 20:36:53.005311 np0000003488 nova-conductor[98781]: DEBUG oslo_concurrency.lockutils [None req-d1fb564b-b366-4769-84b7-61111dbdf571 tempest-DeleteServersTestJSON-1266954571 tempest-DeleteServersTestJSON-1266954571-project-member] Acquiring lock "475dd6f7-d767-4de3-862e-ab45f15aa115" by "nova.context.set_target_cell..get_or_set_cached_cell_and_set_connections" {{(pid=98781) inner /opt/stack/data/venv/lib/python3.12/site-packages/oslo_concurrency/lockutils.py:511}}
