Jun 23 20:34:01.054941 np0000003488 devstack@neutron-api.service[90438]: DEBUG neutron.api.extensions [None req-76bda842-ac14-4dde-9b22-5965ec31ec96 None None] Ext name="Subnet service types" alias="subnet-service-types" description="Provides ability to set the subnet service_types field" updated="2016-03-15T18:00:00-00:00" {{(pid=90438) _check_extension /opt/stack/neutron/neutron/api/extensions.py:415}}
Jun 23 20:34:01.054941 np0000003488 devstack@neutron-api.service[90438]: INFO neutron.api.extensions [None req-76bda842-ac14-4dde-9b22-5965ec31ec96 None None] Loaded extension: subnet-service-types
Jun 23 20:34:01.055067 np0000003488 devstack@neutron-api.service[90437]: DEBUG neutron.api.extensions [None req-1fb8bdd0-052c-4a3a-8751-53766a0d6440 None None] Extended resource: tags {{(pid=90437) __init__ /opt/stack/neutron/neutron/api/extensions.py:156}}
Jun 23 20:34:01.055117 np0000003488 devstack@neutron-api.service[90438]: DEBUG neutron.api.extensions [None req-76bda842-ac14-4dde-9b22-5965ec31ec96 None None] Loading extension file: subnetallocation.py {{(pid=90438) _load_all_extensions_from_path /opt/stack/neutron/neutron/api/extensions.py:449}}
Jun 23 20:34:01.055117 np0000003488 devstack@neutron-api.service[90438]: DEBUG neutron.api.extensions [None req-76bda842-ac14-4dde-9b22-5965ec31ec96 None None] Ext name="Subnet Allocation" alias="subnet_allocation" description="Enables allocation of subnets from a subnet pool" updated="2015-03-30T10:00:00-00:00" {{(pid=90438) _check_extension /opt/stack/neutron/neutron/api/extensions.py:415}}
Jun 23 20:34:01.055211 np0000003488 devstack@neutron-api.service[90436]: DEBUG neutron.api.extensions [None req-9e70bee5-6595-49e7-b9b2-befd60d77d6b None None] Extended resource: tags {{(pid=90436) __init__ /opt/stack/neutron/neutron/api/extensions.py:156}}
Jun 23 20:34:01.055308 np0000003488 devstack@neutron-api.service[90438]: INFO neutron.api.extensions [None req-76bda842-ac14-4dde-9b22-5965ec31ec96 None None] Loaded extension: subnet_allocation
Jun 23 20:34:01.055308 np0000003488 devstack@neutron-api.service[90438]: DEBUG neutron.api.extensions [None req-76bda842-ac14-4dde-9b22-5965ec31ec96 None None] Loading extension file: subnetpool_prefix_ops.py {{(pid=90438) _load_all_extensions_from_path /opt/stack/neutron/neutron/api/extensions.py:449}}
Jun 23 20:34:01.055420 np0000003488 devstack@neutron-api.service[90437]: DEBUG neutron.api.extensions [None req-1fb8bdd0-052c-4a3a-8751-53766a0d6440 None None] Extended resource: tags {{(pid=90437) __init__ /opt/stack/neutron/neutron/api/extensions.py:156}}
Jun 23 20:34:01.055499 np0000003488 devstack@neutron-api.service[90438]: DEBUG neutron.api.extensions [None req-76bda842-ac14-4dde-9b22-5965ec31ec96 None None] Ext name="Subnet Pool Prefix Operations" alias="subnetpool-prefix-ops" description="Provides support for adjusting the prefix list of subnet pools" updated="2019-02-08T10:00:00-00:00" {{(pid=90438) _check_extension /opt/stack/neutron/neutron/api/extensions.py:415}}
Jun 23 20:34:01.055499 np0000003488 devstack@neutron-api.service[90438]: INFO neutron.api.extensions [None req-76bda842-ac14-4dde-9b22-5965ec31ec96 None None] Loaded extension: subnetpool-prefix-ops
Jun 23 20:34:01.055499 np0000003488 devstack@neutron-api.service[90438]: DEBUG neutron.api.extensions [None req-76bda842-ac14-4dde-9b22-5965ec31ec96 None None] Loading extension file: tag_creation.py {{(pid=90438) _load_all_extensions_from_path /opt/stack/neutron/neutron/api/extensions.py:449}}
Jun 23 20:34:01.055622 np0000003488 devstack@neutron-api.service[90436]: DEBUG neutron.api.extensions [None req-9e70bee5-6595-49e7-b9b2-befd60d77d6b None None] Extended resource: tags {{(pid=90436) __init__ /opt/stack/neutron/neutron/api/extensions.py:156}}
Jun 23 20:34:01.055692 np0000003488 devstack@neutron-api.service[90438]: DEBUG neutron.api.extensions [None req-76bda842-ac14-4dde-9b22-5965ec31ec96 None None] Ext name="Tag creation extension" alias="tag-creation" description="Allow to create multiple tags for a resource" updated="2024-23-07T10:00:00-00:00" {{(pid=90438) _check_extension /opt/stack/neutron/neutron/api/extensions.py:415}}
Jun 23 20:34:01.055692 np0000003488 devstack@neutron-api.service[90438]: INFO neutron.api.extensions [None req-76bda842-ac14-4dde-9b22-5965ec31ec96 None None] Loaded extension: tag-creation
Jun 23 20:34:01.055692 np0000003488 devstack@neutron-api.service[90438]: DEBUG neutron.api.extensions [None req-76bda842-ac14-4dde-9b22-5965ec31ec96 None None] Loading extension file: tag_ports_during_bulk_creation.py {{(pid=90438) _load_all_extensions_from_path /opt/stack/neutron/neutron/api/extensions.py:449}}
Jun 23 20:34:01.055864 np0000003488 devstack@neutron-api.service[90437]: DEBUG neutron.api.extensions [None req-1fb8bdd0-052c-4a3a-8751-53766a0d6440 None None] Extended resource: tags {{(pid=90437) __init__ /opt/stack/neutron/neutron/api/extensions.py:156}}
Jun 23 20:34:01.056008 np0000003488 devstack@neutron-api.service[90438]: DEBUG neutron.api.extensions [None req-76bda842-ac14-4dde-9b22-5965ec31ec96 None None] Ext name="Tag Ports During Bulk Creation" alias="tag-ports-during-bulk-creation" description="Allow to tag ports during bulk creation" updated="2019-12-29T19:00:00-00:00" {{(pid=90438) _check_extension /opt/stack/neutron/neutron/api/extensions.py:415}}
Jun 23 20:34:01.056008 np0000003488 devstack@neutron-api.service[90438]: INFO neutron.api.extensions [None req-76bda842-ac14-4dde-9b22-5965ec31ec96 None None] Extension tag-ports-during-bulk-creation not supported by any of loaded plugins
Jun 23 20:34:01.056008 np0000003488 devstack@neutron-api.service[90438]: DEBUG neutron.api.extensions [None req-76bda842-ac14-4dde-9b22-5965ec31ec96 None None] Loading extension file: tagging.py {{(pid=90438) _load_all_extensions_from_path /opt/stack/neutron/neutron/api/extensions.py:449}}
Jun 23 20:34:01.056008 np0000003488 devstack@neutron-api.service[90438]: DEBUG neutron.api.extensions [None req-76bda842-ac14-4dde-9b22-5965ec31ec96 None None] Ext name="Tag support for resources with standard attribute: port, subnet, subnetpool, network, security_group, router, floatingip, policy, trunk, network_segment_range" alias="standard-attr-tag" description="Enables to set tag on resources with standard attribute." updated="2017-01-01T00:00:00-00:00" {{(pid=90438) _check_extension /opt/stack/neutron/neutron/api/extensions.py:415}}
Jun 23 20:34:01.056008 np0000003488 devstack@neutron-api.service[90438]: INFO neutron.api.extensions [None req-76bda842-ac14-4dde-9b22-5965ec31ec96 None None] Loaded extension: standard-attr-tag
Jun 23 20:34:01.056008 np0000003488 devstack@neutron-api.service[90438]: DEBUG neutron.api.extensions [None req-76bda842-ac14-4dde-9b22-5965ec31ec96 None None] Loading extension file: timestamp.py {{(pid=90438) _load_all_extensions_from_path /opt/stack/neutron/neutron/api/extensions.py:449}}
Jun 23 20:34:01.056299 np0000003488 devstack@neutron-api.service[90438]: DEBUG neutron.api.extensions [None req-76bda842-ac14-4dde-9b22-5965ec31ec96 None None] Ext name="Resource timestamps" alias="standard-attr-timestamp" description="Adds created_at and updated_at fields to all Neutron resources that have Neutron standard attributes." updated="2016-09-12T10:00:00-00:00" {{(pid=90438) _check_extension /opt/stack/neutron/neutron/api/extensions.py:415}}
Jun 23 20:34:01.056299 np0000003488 devstack@neutron-api.service[90438]: INFO neutron.api.extensions [None req-76bda842-ac14-4dde-9b22-5965ec31ec96 None None] Loaded extension: standard-attr-timestamp
Jun 23 20:34:01.056299 np0000003488 devstack@neutron-api.service[90438]: DEBUG neutron.api.extensions [None req-76bda842-ac14-4dde-9b22-5965ec31ec96 None None] Loading extension file: trunk.py {{(pid=90438) _load_all_extensions_from_path /opt/stack/neutron/neutron/api/extensions.py:449}}
Jun 23 20:34:01.056299 np0000003488 devstack@neutron-api.service[90438]: DEBUG neutron.api.extensions [None req-76bda842-ac14-4dde-9b22-5965ec31ec96 None None] Ext name="Trunk Extension" alias="trunk" description="Provides support for trunk ports" updated="2016-01-01T10:00:00-00:00" {{(pid=90438) _check_extension /opt/stack/neutron/neutron/api/extensions.py:415}}
Jun 23 20:34:01.056299 np0000003488 devstack@neutron-api.service[90438]: INFO neutron.api.extensions [None req-76bda842-ac14-4dde-9b22-5965ec31ec96 None None] Extension trunk not supported by any of loaded plugins
Jun 23 20:34:01.056299 np0000003488 devstack@neutron-api.service[90438]: DEBUG neutron.api.extensions [None req-76bda842-ac14-4dde-9b22-5965ec31ec96 None None] Loading extension file: trunk_details.py {{(pid=90438) _load_all_extensions_from_path /opt/stack/neutron/neutron/api/extensions.py:449}}
Jun 23 20:34:01.056299 np0000003488 devstack@neutron-api.service[90438]: DEBUG neutron.api.extensions [None req-76bda842-ac14-4dde-9b22-5965ec31ec96 None None] Ext name="Trunk port details" alias="trunk-details" description="Expose trunk port details" updated="2016-01-01T10:00:00-00:00" {{(pid=90438) _check_extension /opt/stack/neutron/neutron/api/extensions.py:415}}
Jun 23 20:34:01.056509 np0000003488 devstack@neutron-api.service[90438]: INFO neutron.api.extensions [None req-76bda842-ac14-4dde-9b22-5965ec31ec96 None None] Extension trunk-details not supported by any of loaded plugins
Jun 23 20:34:01.056509 np0000003488 devstack@neutron-api.service[90438]: DEBUG neutron.api.extensions [None req-76bda842-ac14-4dde-9b22-5965ec31ec96 None None] Loading extension file: uplink_status_propagation.py {{(pid=90438) _load_all_extensions_from_path /opt/stack/neutron/neutron/api/extensions.py:449}}
Jun 23 20:34:01.056509 np0000003488 devstack@neutron-api.service[90438]: DEBUG neutron.api.extensions [None req-76bda842-ac14-4dde-9b22-5965ec31ec96 None None] Ext name="Uplink status propagation extension" alias="uplink-status-propagation" description="Provides ability to propagate port uplink status." updated="2018-05-31T18:00:00-00:00" {{(pid=90438) _check_extension /opt/stack/neutron/neutron/api/extensions.py:415}}
Jun 23 20:34:01.056509 np0000003488 devstack@neutron-api.service[90438]: INFO neutron.api.extensions [None req-76bda842-ac14-4dde-9b22-5965ec31ec96 None None] Extension uplink-status-propagation not supported by any of loaded plugins
Jun 23 20:34:01.056509 np0000003488 devstack@neutron-api.service[90438]: DEBUG neutron.api.extensions [None req-76bda842-ac14-4dde-9b22-5965ec31ec96 None None] Loading extension file: uplink_status_propagation_updatable.py {{(pid=90438) _load_all_extensions_from_path /opt/stack/neutron/neutron/api/extensions.py:449}}
Jun 23 20:34:01.056509 np0000003488 devstack@neutron-api.service[90438]: DEBUG neutron.api.extensions [None req-76bda842-ac14-4dde-9b22-5965ec31ec96 None None] Ext name="Uplink status propagation updatable extension" alias="uplink-status-propagation-updatable" description="Provides ability to update the port uplink status." updated="2024-09-03T18:00:00-00:00" {{(pid=90438) _check_extension /opt/stack/neutron/neutron/api/extensions.py:415}}
Jun 23 20:34:01.056509 np0000003488 devstack@neutron-api.service[90438]: INFO neutron.api.extensions [None req-76bda842-ac14-4dde-9b22-5965ec31ec96 None None] Extension uplink-status-propagation-updatable not supported by any of loaded plugins
Jun 23 20:34:01.056717 np0000003488 devstack@neutron-api.service[90438]: DEBUG neutron.api.extensions [None req-76bda842-ac14-4dde-9b22-5965ec31ec96 None None] Loading extension file: vlantransparent.py {{(pid=90438) _load_all_extensions_from_path /opt/stack/neutron/neutron/api/extensions.py:449}}
Jun 23 20:34:01.056717 np0000003488 devstack@neutron-api.service[90438]: DEBUG neutron.api.extensions [None req-76bda842-ac14-4dde-9b22-5965ec31ec96 None None] Ext name="Vlantransparent" alias="vlan-transparent" description="Provides Vlan Transparent Networks" updated="2015-03-23T09:00:00-00:00" {{(pid=90438) _check_extension /opt/stack/neutron/neutron/api/extensions.py:415}}
Jun 23 20:34:01.056717 np0000003488 devstack@neutron-api.service[90438]: INFO neutron.api.extensions [None req-76bda842-ac14-4dde-9b22-5965ec31ec96 None None] Loaded extension: vlan-transparent
Jun 23 20:34:01.056717 np0000003488 devstack@neutron-api.service[90438]: INFO neutron.quota.resource_registry [None req-76bda842-ac14-4dde-9b22-5965ec31ec96 None None] Creating instance of TrackedResource for resource:network
Jun 23 20:34:01.056717 np0000003488 devstack@neutron-api.service[90438]: INFO neutron.quota.resource_registry [None req-76bda842-ac14-4dde-9b22-5965ec31ec96 None None] Creating instance of TrackedResource for resource:subnet
Jun 23 20:34:01.056717 np0000003488 devstack@neutron-api.service[90438]: INFO neutron.quota.resource_registry [None req-76bda842-ac14-4dde-9b22-5965ec31ec96 None None] Creating instance of TrackedResource for resource:subnetpool
Jun 23 20:34:01.056717 np0000003488 devstack@neutron-api.service[90438]: INFO neutron.quota.resource_registry [None req-76bda842-ac14-4dde-9b22-5965ec31ec96 None None] Creating instance of TrackedResource for resource:port
Jun 23 20:34:01.056717 np0000003488 devstack@neutron-api.service[90438]: INFO neutron.quota.resource_registry [None req-76bda842-ac14-4dde-9b22-5965ec31ec96 None None] Creating instance of CountableResource for resource:router_route
Jun 23 20:34:01.056717 np0000003488 devstack@neutron-api.service[90438]: DEBUG neutron.api.v2.resource_helper [None req-76bda842-ac14-4dde-9b22-5965ec31ec96 None None] Service L3_ROUTER_NAT assigned prefix: {{(pid=90438) build_resource_info /opt/stack/neutron/neutron/api/v2/resource_helper.py:77}}
Jun 23 20:34:01.056973 np0000003488 devstack@neutron-api.service[90436]: DEBUG neutron_lib.callbacks.manager [None req-9e70bee5-6595-49e7-b9b2-befd60d77d6b None None] Publish callbacks ['neutron.plugins.ml2.drivers.ovn.mech_driver.mech_driver.OVNMechanismDriver.pre_fork_initialize-865358'] for process (None), before_spawn {{(pid=90436) _notify_loop /opt/stack/data/venv/lib/python3.12/site-packages/neutron_lib/callbacks/manager.py:184}}
Jun 23 20:34:01.057091 np0000003488 devstack@neutron-api.service[90437]: DEBUG neutron_lib.callbacks.manager [None req-1fb8bdd0-052c-4a3a-8751-53766a0d6440 None None] Publish callbacks ['neutron.plugins.ml2.drivers.ovn.mech_driver.mech_driver.OVNMechanismDriver.pre_fork_initialize-882825'] for process (None), before_spawn {{(pid=90437) _notify_loop /opt/stack/data/venv/lib/python3.12/site-packages/neutron_lib/callbacks/manager.py:184}}
Jun 23 20:34:01.057186 np0000003488 devstack@neutron-api.service[90438]: DEBUG neutron.api.v2.resource_helper [None req-76bda842-ac14-4dde-9b22-5965ec31ec96 None None] Service FLAVORS assigned prefix: {{(pid=90438) build_resource_info /opt/stack/neutron/neutron/api/v2/resource_helper.py:77}}
Jun 23 20:34:01.057240 np0000003488 devstack@neutron-api.service[90436]: DEBUG oslo_concurrency.processutils [None req-9e70bee5-6595-49e7-b9b2-befd60d77d6b None None] Running cmd (subprocess): ovsdb-client transact ssl:10.4.3.44:6641 --timeout 180 -p /opt/stack/data/CA/int-ca/private/devstack-cert.key -c /opt/stack/data/CA/int-ca/devstack-cert.crt -C /opt/stack/data/CA/int-ca/ca-chain.pem ["OVN_Northbound", {"op": "wait", "timeout": 0, "table": "Port_Group", "where": [["name", "==", "neutron_pg_drop"]], "until": "==", "rows": []}, {"op": "insert", "table": "ACL", "row": {"action": "drop", "direction": "to-lport", "match": "outport == @neutron_pg_drop && ip", "priority": 1001}, "uuid-name": "droptoport"}, {"op": "insert", "table": "ACL", "row": {"action": "drop", "direction": "from-lport", "match": "inport == @neutron_pg_drop && ip", "priority": 1001}, "uuid-name": "dropfromport"}, {"op": "insert", "table": "Port_Group", "row": {"name": "neutron_pg_drop", "acls": ["set", [["named-uuid", "droptoport"], ["named-uuid", "dropfromport"]]]}}] {{(pid=90436) execute /opt/stack/data/venv/lib/python3.12/site-packages/oslo_concurrency/processutils.py:440}}
Jun 23 20:34:01.057364 np0000003488 devstack@neutron-api.service[90437]: DEBUG oslo_concurrency.processutils [None req-1fb8bdd0-052c-4a3a-8751-53766a0d6440 None None] Running cmd (subprocess): ovsdb-client transact ssl:10.4.3.44:6641 --timeout 180 -p /opt/stack/data/CA/int-ca/private/devstack-cert.key -c /opt/stack/data/CA/int-ca/devstack-cert.crt -C /opt/stack/data/CA/int-ca/ca-chain.pem ["OVN_Northbound", {"op": "wait", "timeout": 0, "table": "Port_Group", "where": [["name", "==", "neutron_pg_drop"]], "until": "==", "rows": []}, {"op": "insert", "table": "ACL", "row": {"action": "drop", "direction": "to-lport", "match": "outport == @neutron_pg_drop && ip", "priority": 1001}, "uuid-name": "droptoport"}, {"op": "insert", "table": "ACL", "row": {"action": "drop", "direction": "from-lport", "match": "inport == @neutron_pg_drop && ip", "priority": 1001}, "uuid-name": "dropfromport"}, {"op": "insert", "table": "Port_Group", "row": {"name": "neutron_pg_drop", "acls": ["set", [["named-uuid", "droptoport"], ["named-uuid", "dropfromport"]]]}}] {{(pid=90437) execute /opt/stack/data/venv/lib/python3.12/site-packages/oslo_concurrency/processutils.py:440}}
Jun 23 20:34:01.057476 np0000003488 devstack@neutron-api.service[90438]: DEBUG neutron.api.v2.resource_helper [None req-76bda842-ac14-4dde-9b22-5965ec31ec96 None None] Service L3_ROUTER_NAT assigned prefix: {{(pid=90438) build_resource_info /opt/stack/neutron/neutron/api/v2/resource_helper.py:77}}
Jun 23 20:34:01.057476 np0000003488 devstack@neutron-api.service[90438]: DEBUG neutron.api.v2.resource_helper [None req-76bda842-ac14-4dde-9b22-5965ec31ec96 None None] Service L3_ROUTER_NAT assigned prefix: {{(pid=90438) build_resource_info /opt/stack/neutron/neutron/api/v2/resource_helper.py:77}}
Jun 23 20:34:01.057476 np0000003488 devstack@neutron-api.service[90438]: INFO neutron.quota.resource_registry [None req-76bda842-ac14-4dde-9b22-5965ec31ec96 None None] Creating instance of TrackedResource for resource:router
Jun 23 20:34:01.057476 np0000003488 devstack@neutron-api.service[90438]: INFO neutron.quota.resource_registry [None req-76bda842-ac14-4dde-9b22-5965ec31ec96 None None] Creating instance of TrackedResource for resource:floatingip
Jun 23 20:34:01.057476 np0000003488 devstack@neutron-api.service[90438]: INFO neutron.quota.resource_registry [None req-76bda842-ac14-4dde-9b22-5965ec31ec96 None None] Creating instance of CountableResource for resource:rbac_policy
Jun 23 20:34:01.057476 np0000003488 devstack@neutron-api.service[90438]: INFO neutron.quota.resource_registry [None req-76bda842-ac14-4dde-9b22-5965ec31ec96 None None] Creating instance of TrackedResource for resource:security_group
Jun 23 20:34:01.057476 np0000003488 devstack@neutron-api.service[90438]: INFO neutron.quota.resource_registry [None req-76bda842-ac14-4dde-9b22-5965ec31ec96 None None] Creating instance of TrackedResource for resource:security_group_rule
Jun 23 20:34:01.057476 np0000003488 devstack@neutron-api.service[90438]: DEBUG neutron.api.v2.resource_helper [None req-76bda842-ac14-4dde-9b22-5965ec31ec96 None None] Service CORE assigned prefix: {{(pid=90438) build_resource_info /opt/stack/neutron/neutron/api/v2/resource_helper.py:77}}
Jun 23 20:34:01.057476 np0000003488 devstack@neutron-api.service[90438]: INFO neutron.quota.resource_registry [None req-76bda842-ac14-4dde-9b22-5965ec31ec96 None None] Creating instance of TrackedResource for resource:subnetpool
Jun 23 20:34:01.057765 np0000003488 devstack@neutron-api.service[90438]: WARNING neutron.quota.resource_registry [None req-76bda842-ac14-4dde-9b22-5965ec31ec96 None None] subnetpool is already registered
Jun 23 20:34:01.057765 np0000003488 devstack@neutron-api.service[90438]: DEBUG neutron.api.v2.resource_helper [None req-76bda842-ac14-4dde-9b22-5965ec31ec96 None None] Service CORE assigned prefix: {{(pid=90438) build_resource_info /opt/stack/neutron/neutron/api/v2/resource_helper.py:77}}
Jun 23 20:34:01.057765 np0000003488 devstack@neutron-api.service[90438]: INFO neutron.quota.resource_registry [None req-76bda842-ac14-4dde-9b22-5965ec31ec96 None None] Creating instance of TrackedResource for resource:subnetpool
Jun 23 20:34:01.057765 np0000003488 devstack@neutron-api.service[90438]: WARNING neutron.quota.resource_registry [None req-76bda842-ac14-4dde-9b22-5965ec31ec96 None None] subnetpool is already registered
Jun 23 20:34:01.057765 np0000003488 devstack@neutron-api.service[90438]: INFO neutron.quota.resource_registry [None req-76bda842-ac14-4dde-9b22-5965ec31ec96 None None] Creating instance of CountableResource for resource:router_route
Jun 23 20:34:01.057765 np0000003488 devstack@neutron-api.service[90438]: WARNING neutron.quota.resource_registry [None req-76bda842-ac14-4dde-9b22-5965ec31ec96 None None] router_route is already registered
Jun 23 20:34:01.057765 np0000003488 devstack@neutron-api.service[90438]: DEBUG neutron.api.v2.resource_helper [None req-76bda842-ac14-4dde-9b22-5965ec31ec96 None None] Service L3_ROUTER_NAT assigned prefix: {{(pid=90438) build_resource_info /opt/stack/neutron/neutron/api/v2/resource_helper.py:77}}
Jun 23 20:34:01.057765 np0000003488 devstack@neutron-api.service[90438]: DEBUG neutron.api.v2.resource_helper [None req-76bda842-ac14-4dde-9b22-5965ec31ec96 None None] Service FLAVORS assigned prefix: {{(pid=90438) build_resource_info /opt/stack/neutron/neutron/api/v2/resource_helper.py:77}}
Jun 23 20:34:01.057765 np0000003488 devstack@neutron-api.service[90438]: DEBUG neutron.api.v2.resource_helper [None req-76bda842-ac14-4dde-9b22-5965ec31ec96 None None] Service L3_ROUTER_NAT assigned prefix: {{(pid=90438) build_resource_info /opt/stack/neutron/neutron/api/v2/resource_helper.py:77}}
Jun 23 20:34:01.058029 np0000003488 devstack@neutron-api.service[90438]: DEBUG neutron.api.v2.resource_helper [None req-76bda842-ac14-4dde-9b22-5965ec31ec96 None None] Service L3_ROUTER_NAT assigned prefix: {{(pid=90438) build_resource_info /opt/stack/neutron/neutron/api/v2/resource_helper.py:77}}
Jun 23 20:34:01.058029 np0000003488 devstack@neutron-api.service[90438]: INFO neutron.quota.resource_registry [None req-76bda842-ac14-4dde-9b22-5965ec31ec96 None None] Creating instance of TrackedResource for resource:router
Jun 23 20:34:01.058029 np0000003488 devstack@neutron-api.service[90438]: WARNING neutron.quota.resource_registry [None req-76bda842-ac14-4dde-9b22-5965ec31ec96 None None] router is already registered
Jun 23 20:34:01.058029 np0000003488 devstack@neutron-api.service[90438]: INFO neutron.quota.resource_registry [None req-76bda842-ac14-4dde-9b22-5965ec31ec96 None None] Creating instance of TrackedResource for resource:floatingip
Jun 23 20:34:01.058029 np0000003488 devstack@neutron-api.service[90438]: WARNING neutron.quota.resource_registry [None req-76bda842-ac14-4dde-9b22-5965ec31ec96 None None] floatingip is already registered
Jun 23 20:34:01.058029 np0000003488 devstack@neutron-api.service[90438]: INFO neutron.quota.resource_registry [None req-76bda842-ac14-4dde-9b22-5965ec31ec96 None None] Creating instance of CountableResource for resource:rbac_policy
Jun 23 20:34:01.058029 np0000003488 devstack@neutron-api.service[90438]: WARNING neutron.quota.resource_registry [None req-76bda842-ac14-4dde-9b22-5965ec31ec96 None None] rbac_policy is already registered
Jun 23 20:34:01.058029 np0000003488 devstack@neutron-api.service[90438]: INFO neutron.quota.resource_registry [None req-76bda842-ac14-4dde-9b22-5965ec31ec96 None None] Creating instance of TrackedResource for resource:security_group
Jun 23 20:34:01.058029 np0000003488 devstack@neutron-api.service[90438]: WARNING neutron.quota.resource_registry [None req-76bda842-ac14-4dde-9b22-5965ec31ec96 None None] security_group is already registered
Jun 23 20:34:01.058029 np0000003488 devstack@neutron-api.service[90438]: INFO neutron.quota.resource_registry [None req-76bda842-ac14-4dde-9b22-5965ec31ec96 None None] Creating instance of TrackedResource for resource:security_group_rule
Jun 23 20:34:01.058029 np0000003488 devstack@neutron-api.service[90438]: WARNING neutron.quota.resource_registry [None req-76bda842-ac14-4dde-9b22-5965ec31ec96 None None] security_group_rule is already registered
Jun 23 20:34:01.058641 np0000003488 devstack@neutron-api.service[90438]: DEBUG neutron.api.v2.resource_helper [None req-76bda842-ac14-4dde-9b22-5965ec31ec96 None None] Service CORE assigned prefix: {{(pid=90438) build_resource_info /opt/stack/neutron/neutron/api/v2/resource_helper.py:77}}
Jun 23 20:34:01.058641 np0000003488 devstack@neutron-api.service[90438]: INFO neutron.quota.resource_registry [None req-76bda842-ac14-4dde-9b22-5965ec31ec96 None None] Creating instance of TrackedResource for resource:subnetpool
Jun 23 20:34:01.058641 np0000003488 devstack@neutron-api.service[90438]: WARNING neutron.quota.resource_registry [None req-76bda842-ac14-4dde-9b22-5965ec31ec96 None None] subnetpool is already registered
Jun 23 20:34:01.058641 np0000003488 devstack@neutron-api.service[90438]: DEBUG neutron.api.v2.resource_helper [None req-76bda842-ac14-4dde-9b22-5965ec31ec96 None None] Service CORE assigned prefix: {{(pid=90438) build_resource_info /opt/stack/neutron/neutron/api/v2/resource_helper.py:77}}
Jun 23 20:34:01.058641 np0000003488 devstack@neutron-api.service[90438]: INFO neutron.quota.resource_registry [None req-76bda842-ac14-4dde-9b22-5965ec31ec96 None None] Creating instance of TrackedResource for resource:subnetpool
Jun 23 20:34:01.058641 np0000003488 devstack@neutron-api.service[90438]: WARNING neutron.quota.resource_registry [None req-76bda842-ac14-4dde-9b22-5965ec31ec96 None None] subnetpool is already registered
Jun 23 20:34:01.058641 np0000003488 devstack@neutron-api.service[90438]: DEBUG neutron.api.extensions [None req-76bda842-ac14-4dde-9b22-5965ec31ec96 None None] Extended resource: extensions {{(pid=90438) __init__ /opt/stack/neutron/neutron/api/extensions.py:156}}
Jun 23 20:34:01.058641 np0000003488 devstack@neutron-api.service[90438]: DEBUG neutron.api.extensions [None req-76bda842-ac14-4dde-9b22-5965ec31ec96 None None] Extended resource: address-groups {{(pid=90438) __init__ /opt/stack/neutron/neutron/api/extensions.py:156}}
Jun 23 20:34:01.058641 np0000003488 devstack@neutron-api.service[90438]: DEBUG neutron.api.extensions [None req-76bda842-ac14-4dde-9b22-5965ec31ec96 None None] Extended resource: address-scopes {{(pid=90438) __init__ /opt/stack/neutron/neutron/api/extensions.py:156}}
Jun 23 20:34:01.059183 np0000003488 devstack@neutron-api.service[90438]: DEBUG neutron.api.extensions [None req-76bda842-ac14-4dde-9b22-5965ec31ec96 None None] Extended resource: agents {{(pid=90438) __init__ /opt/stack/neutron/neutron/api/extensions.py:156}}
Jun 23 20:34:01.059183 np0000003488 devstack@neutron-api.service[90438]: DEBUG neutron.api.extensions [None req-76bda842-ac14-4dde-9b22-5965ec31ec96 None None] Extended resource: auto-allocated-topology {{(pid=90438) __init__ /opt/stack/neutron/neutron/api/extensions.py:156}}
Jun 23 20:34:01.059183 np0000003488 devstack@neutron-api.service[90438]: DEBUG neutron.api.extensions [None req-76bda842-ac14-4dde-9b22-5965ec31ec96 None None] Extended resource: availability_zones {{(pid=90438) __init__ /opt/stack/neutron/neutron/api/extensions.py:156}}
Jun 23 20:34:01.059183 np0000003488 devstack@neutron-api.service[90438]: DEBUG neutron.api.extensions [None req-76bda842-ac14-4dde-9b22-5965ec31ec96 None None] Extended resource: dhcp-networks {{(pid=90438) __init__ /opt/stack/neutron/neutron/api/extensions.py:156}}
Jun 23 20:34:01.059183 np0000003488 devstack@neutron-api.service[90438]: DEBUG neutron.api.extensions [None req-76bda842-ac14-4dde-9b22-5965ec31ec96 None None] Extended resource: dhcp-agents {{(pid=90438) __init__ /opt/stack/neutron/neutron/api/extensions.py:156}}
Jun 23 20:34:01.059183 np0000003488 devstack@neutron-api.service[90438]: DEBUG neutron.api.extensions [None req-76bda842-ac14-4dde-9b22-5965ec31ec96 None None] Extended resource: routers {{(pid=90438) __init__ /opt/stack/neutron/neutron/api/extensions.py:156}}
Jun 23 20:34:01.059183 np0000003488 devstack@neutron-api.service[90438]: DEBUG neutron.api.extensions [None req-76bda842-ac14-4dde-9b22-5965ec31ec96 None None] Extended resource: flavors {{(pid=90438) __init__ /opt/stack/neutron/neutron/api/extensions.py:156}}
Jun 23 20:34:01.059183 np0000003488 devstack@neutron-api.service[90438]: DEBUG neutron.api.extensions [None req-76bda842-ac14-4dde-9b22-5965ec31ec96 None None] Extended resource: service_profiles {{(pid=90438) __init__ /opt/stack/neutron/neutron/api/extensions.py:156}}
Jun 23 20:34:01.059536 np0000003488 devstack@neutron-api.service[90438]: DEBUG neutron.api.extensions [None req-76bda842-ac14-4dde-9b22-5965ec31ec96 None None] Extended resource: next_providers {{(pid=90438) __init__ /opt/stack/neutron/neutron/api/extensions.py:156}}
Jun 23 20:34:01.059536 np0000003488 devstack@neutron-api.service[90438]: DEBUG neutron.api.extensions [None req-76bda842-ac14-4dde-9b22-5965ec31ec96 None None] Extended resource: service_profiles {{(pid=90438) __init__ /opt/stack/neutron/neutron/api/extensions.py:156}}
Jun 23 20:34:01.059536 np0000003488 devstack@neutron-api.service[90438]: DEBUG neutron.api.extensions [None req-76bda842-ac14-4dde-9b22-5965ec31ec96 None None] Extended resource: floatingip-pools {{(pid=90438) __init__ /opt/stack/neutron/neutron/api/extensions.py:156}}
Jun 23 20:34:01.059536 np0000003488 devstack@neutron-api.service[90438]: DEBUG neutron.api.extensions [None req-76bda842-ac14-4dde-9b22-5965ec31ec96 None None] Extended resource: routers {{(pid=90438) __init__ /opt/stack/neutron/neutron/api/extensions.py:156}}
Jun 23 20:34:01.059536 np0000003488 devstack@neutron-api.service[90438]: DEBUG neutron.api.extensions [None req-76bda842-ac14-4dde-9b22-5965ec31ec96 None None] Extended resource: floatingips {{(pid=90438) __init__ /opt/stack/neutron/neutron/api/extensions.py:156}}
Jun 23 20:34:01.059536 np0000003488 devstack@neutron-api.service[90438]: DEBUG neutron.api.extensions [None req-76bda842-ac14-4dde-9b22-5965ec31ec96 None None] Extended resource: l3-routers {{(pid=90438) __init__ /opt/stack/neutron/neutron/api/extensions.py:156}}
Jun 23 20:34:01.059536 np0000003488 devstack@neutron-api.service[90438]: DEBUG neutron.api.extensions [None req-76bda842-ac14-4dde-9b22-5965ec31ec96 None None] Extended resource: l3-agents {{(pid=90438) __init__ /opt/stack/neutron/neutron/api/extensions.py:156}}
Jun 23 20:34:01.059536 np0000003488 devstack@neutron-api.service[90438]: DEBUG neutron.api.extensions [None req-76bda842-ac14-4dde-9b22-5965ec31ec96 None None] Extended resource: network-ip-availabilities {{(pid=90438) __init__ /opt/stack/neutron/neutron/api/extensions.py:156}}
Jun 23 20:34:01.059849 np0000003488 devstack@neutron-api.service[90438]: DEBUG neutron.api.extensions [None req-76bda842-ac14-4dde-9b22-5965ec31ec96 None None] Extended resource: network-ip-availabilities {{(pid=90438) __init__ /opt/stack/neutron/neutron/api/extensions.py:156}}
Jun 23 20:34:01.059849 np0000003488 devstack@neutron-api.service[90438]: DEBUG neutron.api.extensions [None req-76bda842-ac14-4dde-9b22-5965ec31ec96 None None] Extended resource: bindings {{(pid=90438) __init__ /opt/stack/neutron/neutron/api/extensions.py:156}}
Jun 23 20:34:01.059849 np0000003488 devstack@neutron-api.service[90438]: DEBUG neutron.api.extensions [None req-76bda842-ac14-4dde-9b22-5965ec31ec96 None None] Extended resource: quotas {{(pid=90438) __init__ /opt/stack/neutron/neutron/api/extensions.py:156}}
Jun 23 20:34:01.059849 np0000003488 devstack@neutron-api.service[90438]: DEBUG neutron.api.extensions [None req-76bda842-ac14-4dde-9b22-5965ec31ec96 None None] Extended resource: quotas {{(pid=90438) __init__ /opt/stack/neutron/neutron/api/extensions.py:156}}
Jun 23 20:34:01.059849 np0000003488 devstack@neutron-api.service[90438]: DEBUG neutron.api.extensions [None req-76bda842-ac14-4dde-9b22-5965ec31ec96 None None] Extended resource: rbac-policies {{(pid=90438) __init__ /opt/stack/neutron/neutron/api/extensions.py:156}}
Jun 23 20:34:01.059849 np0000003488 devstack@neutron-api.service[90438]: DEBUG neutron.api.extensions [None req-76bda842-ac14-4dde-9b22-5965ec31ec96 None None] Extended resource: default-security-group-rules {{(pid=90438) __init__ /opt/stack/neutron/neutron/api/extensions.py:156}}
Jun 23 20:34:01.059849 np0000003488 devstack@neutron-api.service[90438]: DEBUG neutron.api.extensions [None req-76bda842-ac14-4dde-9b22-5965ec31ec96 None None] Extended resource: security-groups-default-statefulness {{(pid=90438) __init__ /opt/stack/neutron/neutron/api/extensions.py:156}}
Jun 23 20:34:01.059849 np0000003488 devstack@neutron-api.service[90438]: DEBUG neutron.api.extensions [None req-76bda842-ac14-4dde-9b22-5965ec31ec96 None None] Extended resource: security-groups {{(pid=90438) __init__ /opt/stack/neutron/neutron/api/extensions.py:156}}
Jun 23 20:34:01.060106 np0000003488 devstack@neutron-api.service[90438]: DEBUG neutron.api.extensions [None req-76bda842-ac14-4dde-9b22-5965ec31ec96 None None] Extended resource: security-group-rules {{(pid=90438) __init__ /opt/stack/neutron/neutron/api/extensions.py:156}}
Jun 23 20:34:01.060106 np0000003488 devstack@neutron-api.service[90438]: DEBUG neutron.api.extensions [None req-76bda842-ac14-4dde-9b22-5965ec31ec96 None None] Extended resource: service-providers {{(pid=90438) __init__ /opt/stack/neutron/neutron/api/extensions.py:156}}
Jun 23 20:34:01.060106 np0000003488 devstack@neutron-api.service[90438]: DEBUG neutron.api.extensions [None req-76bda842-ac14-4dde-9b22-5965ec31ec96 None None] Extended resource: subnetpools {{(pid=90438) __init__ /opt/stack/neutron/neutron/api/extensions.py:156}}
Jun 23 20:34:01.060106 np0000003488 devstack@neutron-api.service[90438]: DEBUG neutron.api.extensions [None req-76bda842-ac14-4dde-9b22-5965ec31ec96 None None] Extended resource: subnetpools {{(pid=90438) __init__ /opt/stack/neutron/neutron/api/extensions.py:156}}
Jun 23 20:34:01.060106 np0000003488 devstack@neutron-api.service[90438]: DEBUG neutron.api.extensions [None req-76bda842-ac14-4dde-9b22-5965ec31ec96 None None] Extended resource: tags {{(pid=90438) __init__ /opt/stack/neutron/neutron/api/extensions.py:156}}
Jun 23 20:34:01.060106 np0000003488 devstack@neutron-api.service[90438]: DEBUG neutron.api.extensions [None req-76bda842-ac14-4dde-9b22-5965ec31ec96 None None] Extended resource: tags {{(pid=90438) __init__ /opt/stack/neutron/neutron/api/extensions.py:156}}
Jun 23 20:34:01.060106 np0000003488 devstack@neutron-api.service[90438]: DEBUG neutron.api.extensions [None req-76bda842-ac14-4dde-9b22-5965ec31ec96 None None] Extended resource: tags {{(pid=90438) __init__ /opt/stack/neutron/neutron/api/extensions.py:156}}
Jun 23 20:34:01.060106 np0000003488 devstack@neutron-api.service[90438]: DEBUG neutron.api.extensions [None req-76bda842-ac14-4dde-9b22-5965ec31ec96 None None] Extended resource: tags {{(pid=90438) __init__ /opt/stack/neutron/neutron/api/extensions.py:156}}
Jun 23 20:34:01.060393 np0000003488 devstack@neutron-api.service[90438]: DEBUG neutron.api.extensions [None req-76bda842-ac14-4dde-9b22-5965ec31ec96 None None] Extended resource: tags {{(pid=90438) __init__ /opt/stack/neutron/neutron/api/extensions.py:156}}
Jun 23 20:34:01.060393 np0000003488 devstack@neutron-api.service[90438]: DEBUG neutron.api.extensions [None req-76bda842-ac14-4dde-9b22-5965ec31ec96 None None] Extended resource: tags {{(pid=90438) __init__ /opt/stack/neutron/neutron/api/extensions.py:156}}
Jun 23 20:34:01.060393 np0000003488 devstack@neutron-api.service[90438]: DEBUG neutron.api.extensions [None req-76bda842-ac14-4dde-9b22-5965ec31ec96 None None] Extended resource: tags {{(pid=90438) __init__ /opt/stack/neutron/neutron/api/extensions.py:156}}
Jun 23 20:34:01.060393 np0000003488 devstack@neutron-api.service[90438]: DEBUG neutron.api.extensions [None req-76bda842-ac14-4dde-9b22-5965ec31ec96 None None] Extended resource: tags {{(pid=90438) __init__ /opt/stack/neutron/neutron/api/extensions.py:156}}
Jun 23 20:34:01.060393 np0000003488 devstack@neutron-api.service[90438]: DEBUG neutron.api.extensions [None req-76bda842-ac14-4dde-9b22-5965ec31ec96 None None] Extended resource: tags {{(pid=90438) __init__ /opt/stack/neutron/neutron/api/extensions.py:156}}
Jun 23 20:34:01.060393 np0000003488 devstack@neutron-api.service[90438]: DEBUG neutron.api.extensions [None req-76bda842-ac14-4dde-9b22-5965ec31ec96 None None] Extended resource: tags {{(pid=90438) __init__ /opt/stack/neutron/neutron/api/extensions.py:156}}
Jun 23 20:34:01.060393 np0000003488 devstack@neutron-api.service[90438]: DEBUG neutron_lib.callbacks.manager [None req-76bda842-ac14-4dde-9b22-5965ec31ec96 None None] Publish callbacks ['neutron.plugins.ml2.drivers.ovn.mech_driver.mech_driver.OVNMechanismDriver.pre_fork_initialize-922561'] for process (None), before_spawn {{(pid=90438) _notify_loop /opt/stack/data/venv/lib/python3.12/site-packages/neutron_lib/callbacks/manager.py:184}}
Jun 23 20:34:01.060612 np0000003488 devstack@neutron-api.service[90438]: DEBUG oslo_concurrency.processutils [None req-76bda842-ac14-4dde-9b22-5965ec31ec96 None None] Running cmd (subprocess): ovsdb-client transact ssl:10.4.3.44:6641 --timeout 180 -p /opt/stack/data/CA/int-ca/private/devstack-cert.key -c /opt/stack/data/CA/int-ca/devstack-cert.crt -C /opt/stack/data/CA/int-ca/ca-chain.pem ["OVN_Northbound", {"op": "wait", "timeout": 0, "table": "Port_Group", "where": [["name", "==", "neutron_pg_drop"]], "until": "==", "rows": []}, {"op": "insert", "table": "ACL", "row": {"action": "drop", "direction": "to-lport", "match": "outport == @neutron_pg_drop && ip", "priority": 1001}, "uuid-name": "droptoport"}, {"op": "insert", "table": "ACL", "row": {"action": "drop", "direction": "from-lport", "match": "inport == @neutron_pg_drop && ip", "priority": 1001}, "uuid-name": "dropfromport"}, {"op": "insert", "table": "Port_Group", "row": {"name": "neutron_pg_drop", "acls": ["set", [["named-uuid", "droptoport"], ["named-uuid", "dropfromport"]]]}}] {{(pid=90438) execute /opt/stack/data/venv/lib/python3.12/site-packages/oslo_concurrency/processutils.py:440}}
Jun 23 20:34:01.060695 np0000003488 devstack@neutron-api.service[90437]: DEBUG oslo_concurrency.processutils [None req-1fb8bdd0-052c-4a3a-8751-53766a0d6440 None None] CMD "ovsdb-client transact ssl:10.4.3.44:6641 --timeout 180 -p /opt/stack/data/CA/int-ca/private/devstack-cert.key -c /opt/stack/data/CA/int-ca/devstack-cert.crt -C /opt/stack/data/CA/int-ca/ca-chain.pem ["OVN_Northbound", {"op": "wait", "timeout": 0, "table": "Port_Group", "where": [["name", "==", "neutron_pg_drop"]], "until": "==", "rows": []}, {"op": "insert", "table": "ACL", "row": {"action": "drop", "direction": "to-lport", "match": "outport == @neutron_pg_drop && ip", "priority": 1001}, "uuid-name": "droptoport"}, {"op": "insert", "table": "ACL", "row": {"action": "drop", "direction": "from-lport", "match": "inport == @neutron_pg_drop && ip", "priority": 1001}, "uuid-name": "dropfromport"}, {"op": "insert", "table": "Port_Group", "row": {"name": "neutron_pg_drop", "acls": ["set", [["named-uuid", "droptoport"], ["named-uuid", "dropfromport"]]]}}]" returned: 0 in 0.093s {{(pid=90437) execute /opt/stack/data/venv/lib/python3.12/site-packages/oslo_concurrency/processutils.py:468}}
Jun 23 20:34:01.060695 np0000003488 devstack@neutron-api.service[90437]: DEBUG neutron_lib.callbacks.manager [None req-1fb8bdd0-052c-4a3a-8751-53766a0d6440 None None] Publish callbacks ['neutron.plugins.ml2.drivers.ovn.mech_driver.mech_driver.OVNMechanismDriver.post_fork_initialize-883553', 'neutron.services.pvlan.drivers.ovn.driver._initialize_pvlan_pg_drop-8720190258620', 'neutron.services.ovn_l3.plugin.OVNL3RouterPlugin._post_fork_initialize-2102'] for process (None), after_init {{(pid=90437) _notify_loop /opt/stack/data/venv/lib/python3.12/site-packages/neutron_lib/callbacks/manager.py:184}}
Jun 23 20:34:01.060918 np0000003488 devstack@neutron-api.service[90437]: DEBUG oslo_concurrency.lockutils [None req-1fb8bdd0-052c-4a3a-8751-53766a0d6440 None None] Acquiring lock "singleton_lock" {{(pid=90437) lock /opt/stack/data/venv/lib/python3.12/site-packages/oslo_concurrency/lockutils.py:395}}
Jun 23 20:34:01.061034 np0000003488 devstack@neutron-api.service[90437]: DEBUG oslo_concurrency.lockutils [None req-1fb8bdd0-052c-4a3a-8751-53766a0d6440 None None] Acquired lock "singleton_lock" {{(pid=90437) lock /opt/stack/data/venv/lib/python3.12/site-packages/oslo_concurrency/lockutils.py:398}}
Jun 23 20:34:01.061284 np0000003488 devstack@neutron-api.service[90437]: DEBUG oslo_concurrency.lockutils [None req-1fb8bdd0-052c-4a3a-8751-53766a0d6440 None None] Releasing lock "singleton_lock" {{(pid=90437) lock /opt/stack/data/venv/lib/python3.12/site-packages/oslo_concurrency/lockutils.py:418}}
Jun 23 20:34:01.064370 np0000003488 devstack@neutron-api.service[90436]: DEBUG oslo_concurrency.processutils [None req-9e70bee5-6595-49e7-b9b2-befd60d77d6b None None] CMD "ovsdb-client transact ssl:10.4.3.44:6641 --timeout 180 -p /opt/stack/data/CA/int-ca/private/devstack-cert.key -c /opt/stack/data/CA/int-ca/devstack-cert.crt -C /opt/stack/data/CA/int-ca/ca-chain.pem ["OVN_Northbound", {"op": "wait", "timeout": 0, "table": "Port_Group", "where": [["name", "==", "neutron_pg_drop"]], "until": "==", "rows": []}, {"op": "insert", "table": "ACL", "row": {"action": "drop", "direction": "to-lport", "match": "outport == @neutron_pg_drop && ip", "priority": 1001}, "uuid-name": "droptoport"}, {"op": "insert", "table": "ACL", "row": {"action": "drop", "direction": "from-lport", "match": "inport == @neutron_pg_drop && ip", "priority": 1001}, "uuid-name": "dropfromport"}, {"op": "insert", "table": "Port_Group", "row": {"name": "neutron_pg_drop", "acls": ["set", [["named-uuid", "droptoport"], ["named-uuid", "dropfromport"]]]}}]" returned: 0 in 0.100s {{(pid=90436) execute /opt/stack/data/venv/lib/python3.12/site-packages/oslo_concurrency/processutils.py:468}}
Jun 23 20:34:01.065024 np0000003488 devstack@neutron-api.service[90436]: DEBUG neutron_lib.callbacks.manager [None req-9e70bee5-6595-49e7-b9b2-befd60d77d6b None None] Publish callbacks ['neutron.plugins.ml2.drivers.ovn.mech_driver.mech_driver.OVNMechanismDriver.post_fork_initialize-865382', 'neutron.services.pvlan.drivers.ovn.driver._initialize_pvlan_pg_drop-8720190265758', 'neutron.services.ovn_l3.plugin.OVNL3RouterPlugin._post_fork_initialize-8237385'] for process (None), after_init {{(pid=90436) _notify_loop /opt/stack/data/venv/lib/python3.12/site-packages/neutron_lib/callbacks/manager.py:184}}
Jun 23 20:34:01.065211 np0000003488 devstack@neutron-api.service[90437]: DEBUG neutron.plugins.ml2.drivers.ovn.mech_driver.mech_driver [None req-1fb8bdd0-052c-4a3a-8751-53766a0d6440 None None] Hash Ring setup using WSGI start time 2026-06-23 20:33:55+00:00 {{(pid=90437) _init_hash_ring /opt/stack/neutron/neutron/plugins/ml2/drivers/ovn/mech_driver/mech_driver.py:404}}
Jun 23 20:34:01.065539 np0000003488 devstack@neutron-api.service[90436]: DEBUG oslo_concurrency.lockutils [None req-9e70bee5-6595-49e7-b9b2-befd60d77d6b None None] Acquiring lock "singleton_lock" {{(pid=90436) lock /opt/stack/data/venv/lib/python3.12/site-packages/oslo_concurrency/lockutils.py:395}}
Jun 23 20:34:01.065669 np0000003488 devstack@neutron-api.service[90436]: DEBUG oslo_concurrency.lockutils [None req-9e70bee5-6595-49e7-b9b2-befd60d77d6b None None] Acquired lock "singleton_lock" {{(pid=90436) lock /opt/stack/data/venv/lib/python3.12/site-packages/oslo_concurrency/lockutils.py:398}}
Jun 23 20:34:01.065961 np0000003488 devstack@neutron-api.service[90436]: DEBUG oslo_concurrency.lockutils [None req-9e70bee5-6595-49e7-b9b2-befd60d77d6b None None] Releasing lock "singleton_lock" {{(pid=90436) lock /opt/stack/data/venv/lib/python3.12/site-packages/oslo_concurrency/lockutils.py:418}}
Jun 23 20:34:01.068281 np0000003488 devstack@neutron-api.service[90436]: DEBUG neutron.plugins.ml2.drivers.ovn.mech_driver.mech_driver [None req-9e70bee5-6595-49e7-b9b2-befd60d77d6b None None] Hash Ring setup using WSGI start time 2026-06-23 20:33:55+00:00 {{(pid=90436) _init_hash_ring /opt/stack/neutron/neutron/plugins/ml2/drivers/ovn/mech_driver/mech_driver.py:404}}
Jun 23 20:34:01.079113 np0000003488 devstack@neutron-api.service[90437]: INFO neutron.db.ovn_hash_ring_db [None req-1fb8bdd0-052c-4a3a-8751-53766a0d6440 None None] Nodes from host "np0000003488" and group "mechanism_driver" removed from the Hash Ring created at 2026-06-23 20:33:55+00:00
Jun 23 20:34:01.082543 np0000003488 devstack@neutron-api.service[90437]: INFO neutron.db.ovn_hash_ring_db [None req-1fb8bdd0-052c-4a3a-8751-53766a0d6440 None None] Node 7e1eb973da38595ca808eb3ac3b32bea from host "np0000003488" and group "mechanism_driver" added to the Hash Ring
Jun 23 20:34:01.085757 np0000003488 devstack@neutron-api.service[90438]: DEBUG oslo_concurrency.processutils [None req-76bda842-ac14-4dde-9b22-5965ec31ec96 None None] CMD "ovsdb-client transact ssl:10.4.3.44:6641 --timeout 180 -p /opt/stack/data/CA/int-ca/private/devstack-cert.key -c /opt/stack/data/CA/int-ca/devstack-cert.crt -C /opt/stack/data/CA/int-ca/ca-chain.pem ["OVN_Northbound", {"op": "wait", "timeout": 0, "table": "Port_Group", "where": [["name", "==", "neutron_pg_drop"]], "until": "==", "rows": []}, {"op": "insert", "table": "ACL", "row": {"action": "drop", "direction": "to-lport", "match": "outport == @neutron_pg_drop && ip", "priority": 1001}, "uuid-name": "droptoport"}, {"op": "insert", "table": "ACL", "row": {"action": "drop", "direction": "from-lport", "match": "inport == @neutron_pg_drop && ip", "priority": 1001}, "uuid-name": "dropfromport"}, {"op": "insert", "table": "Port_Group", "row": {"name": "neutron_pg_drop", "acls": ["set", [["named-uuid", "droptoport"], ["named-uuid", "dropfromport"]]]}}]" returned: 0 in 0.077s {{(pid=90438) execute /opt/stack/data/venv/lib/python3.12/site-packages/oslo_concurrency/processutils.py:468}}
Jun 23 20:34:01.087238 np0000003488 devstack@neutron-api.service[90438]: DEBUG neutron_lib.callbacks.manager [None req-76bda842-ac14-4dde-9b22-5965ec31ec96 None None] Publish callbacks ['neutron.plugins.ml2.drivers.ovn.mech_driver.mech_driver.OVNMechanismDriver.post_fork_initialize-922553', 'neutron.services.pvlan.drivers.ovn.driver._initialize_pvlan_pg_drop-8720190257796', 'neutron.services.ovn_l3.plugin.OVNL3RouterPlugin._post_fork_initialize-7749072'] for process (None), after_init {{(pid=90438) _notify_loop /opt/stack/data/venv/lib/python3.12/site-packages/neutron_lib/callbacks/manager.py:184}}
Jun 23 20:34:01.088088 np0000003488 devstack@neutron-api.service[90438]: DEBUG oslo_concurrency.lockutils [None req-76bda842-ac14-4dde-9b22-5965ec31ec96 None None] Acquiring lock "singleton_lock" {{(pid=90438) lock /opt/stack/data/venv/lib/python3.12/site-packages/oslo_concurrency/lockutils.py:395}}
Jun 23 20:34:01.088088 np0000003488 devstack@neutron-api.service[90438]: DEBUG oslo_concurrency.lockutils [None req-76bda842-ac14-4dde-9b22-5965ec31ec96 None None] Acquired lock "singleton_lock" {{(pid=90438) lock /opt/stack/data/venv/lib/python3.12/site-packages/oslo_concurrency/lockutils.py:398}}
Jun 23 20:34:01.088088 np0000003488 devstack@neutron-api.service[90438]: DEBUG oslo_concurrency.lockutils [None req-76bda842-ac14-4dde-9b22-5965ec31ec96 None None] Releasing lock "singleton_lock" {{(pid=90438) lock /opt/stack/data/venv/lib/python3.12/site-packages/oslo_concurrency/lockutils.py:418}}
Jun 23 20:34:01.089692 np0000003488 devstack@neutron-api.service[90437]: DEBUG neutron.plugins.ml2.drivers.ovn.mech_driver.mech_driver [None req-1fb8bdd0-052c-4a3a-8751-53766a0d6440 None None] Hash Ring setup, this worker has detected 2 OVN hash ring registers in the database {{(pid=90437) _init_hash_ring /opt/stack/neutron/neutron/plugins/ml2/drivers/ovn/mech_driver/mech_driver.py:414}}
Jun 23 20:34:01.094484 np0000003488 devstack@neutron-api.service[90438]: DEBUG neutron.plugins.ml2.drivers.ovn.mech_driver.mech_driver [None req-76bda842-ac14-4dde-9b22-5965ec31ec96 None None] Hash Ring setup using WSGI start time 2026-06-23 20:33:55+00:00 {{(pid=90438) _init_hash_ring /opt/stack/neutron/neutron/plugins/ml2/drivers/ovn/mech_driver/mech_driver.py:404}}
Jun 23 20:34:01.096981 np0000003488 devstack@neutron-api.service[90437]: DEBUG neutron.plugins.ml2.drivers.ovn.mech_driver.ovsdb.maintenance [None req-1fb8bdd0-052c-4a3a-8751-53766a0d6440 None None] Periodic task found: HashRingHealthCheckPeriodics.touch_hash_ring_node {{(pid=90437) add_periodics /opt/stack/neutron/neutron/plugins/ml2/drivers/ovn/mech_driver/ovsdb/maintenance.py:146}}
Jun 23 20:34:01.097677 np0000003488 devstack@neutron-api.service[90437]: INFO neutron.plugins.ml2.drivers.ovn.mech_driver.mech_driver [None req-1fb8bdd0-052c-4a3a-8751-53766a0d6440 None None] Hash Ring probing thread for node 7e1eb973da38595ca808eb3ac3b32bea has started
Jun 23 20:34:01.098072 np0000003488 devstack@neutron-api.service[90437]: INFO neutron.plugins.ml2.drivers.ovn.mech_driver.ovsdb.impl_idl_ovn [None req-1fb8bdd0-052c-4a3a-8751-53766a0d6440 None None] Getting OvsdbNbOvnIdl for WorkerService with retry
Jun 23 20:34:01.098642 np0000003488 devstack@neutron-api.service[90436]: INFO neutron.db.ovn_hash_ring_db [None req-9e70bee5-6595-49e7-b9b2-befd60d77d6b None None] Nodes from host "np0000003488" and group "mechanism_driver" removed from the Hash Ring created at 2026-06-23 20:33:55+00:00
Jun 23 20:34:01.102394 np0000003488 devstack@neutron-api.service[90436]: INFO neutron.db.ovn_hash_ring_db [None req-9e70bee5-6595-49e7-b9b2-befd60d77d6b None None] Node 38440aef61cc5330831cbafd2093b42f from host "np0000003488" and group "mechanism_driver" added to the Hash Ring
Jun 23 20:34:01.105194 np0000003488 devstack@neutron-api.service[90438]: DEBUG neutron_lib.db.api [None req-76bda842-ac14-4dde-9b22-5965ec31ec96 None None] Retry wrapper got retriable exception: (pymysql.err.OperationalError) (1213, 'Deadlock found when trying to get lock; try restarting transaction')
