May 18 12:06:05.762233 np0000000936 devstack@neutron-api.service[86819]: DEBUG ovsdbapp.backend.ovs_idl.transaction [None req-c2403ec3-0a70-4860-86dc-6553ff21c738 None None] Running txn n=1 command(idx=1): HAChassisGroupAddChassisCommand(_result=None, hcg=neutron-ec0526e6-3f08-4896-9200-4d2d1c829b6d, chassis=cbbc42ae-a487-40ba-97f4-7b660d417245, priority=1, columns={}) {{(pid=86819) do_commit /opt/stack/data/venv/lib/python3.12/site-packages/ovsdbapp/backend/ovs_idl/transaction.py:89}}
May 18 12:06:05.762486 np0000000936 devstack@neutron-api.service[86819]: DEBUG ovsdbapp.backend.ovs_idl.transaction [None req-c2403ec3-0a70-4860-86dc-6553ff21c738 None None] Transaction caused no change {{(pid=86819) do_commit /opt/stack/data/venv/lib/python3.12/site-packages/ovsdbapp/backend/ovs_idl/transaction.py:129}}
May 18 12:06:05.819956 np0000000936 devstack@neutron-api.service[86819]: DEBUG ovsdbapp.backend.ovs_idl.transaction [None req-c2403ec3-0a70-4860-86dc-6553ff21c738 None None] Running txn n=1 command(idx=0): CheckRevisionNumberCommand(_result=None, name=lrp-560c5b2f-e5c5-44b2-ba87-2adef426dc86, resource={'id': '560c5b2f-e5c5-44b2-ba87-2adef426dc86', 'name': '', 'network_id': 'ec0526e6-3f08-4896-9200-4d2d1c829b6d', 'project_id': '999c2049fd6b4b03aaa7953e8653d8b7', 'mac_address': 'fa:16:3e:2f:d9:14', 'admin_state_up': True, 'status': 'ACTIVE', 'device_id': '3b6a961b-630d-4e59-9bf1-1bf245ff3b05', 'device_owner': 'network:router_interface', 'standard_attr_id': 24, 'fixed_ips': [{'subnet_id': 'd19aaee3-4b5c-4154-a192-90448dae4e29', 'ip_address': 'fd9b:859d:1393::1'}], 'allowed_address_pairs': [], 'extra_dhcp_opts': [], 'security_groups': [], 'description': '', 'binding:vnic_type': 'normal', 'binding:profile': {}, 'binding:host_id': '', 'binding:vif_type': 'unbound', 'binding:vif_details': {}, 'port_security_enabled': False, 'tags': [], 'created_at': '2026-05-18T12:05:57Z', 'updated_at': '2026-05-18T12:06:01Z', 'revision_number': 4, 'tenant_id': '999c2049fd6b4b03aaa7953e8653d8b7'}, resource_type=router_ports, if_exists=True) {{(pid=86819) do_commit /opt/stack/data/venv/lib/python3.12/site-packages/ovsdbapp/backend/ovs_idl/transaction.py:89}}
May 18 12:06:05.820379 np0000000936 devstack@neutron-api.service[86819]: DEBUG ovsdbapp.backend.ovs_idl.transaction [None req-c2403ec3-0a70-4860-86dc-6553ff21c738 None None] Running txn n=1 command(idx=1): UpdateLRouterPortCommand(_result=None, name=lrp-560c5b2f-e5c5-44b2-ba87-2adef426dc86, columns={'external_ids': {'neutron:revision_number': '4', 'neutron:subnet_ids': 'd19aaee3-4b5c-4154-a192-90448dae4e29', 'neutron:network_name': 'neutron-ec0526e6-3f08-4896-9200-4d2d1c829b6d', 'neutron:is_ext_gw': 'False', 'neutron:router_name': 'neutron-3b6a961b-630d-4e59-9bf1-1bf245ff3b05'}, 'options': {}, 'networks': ['fd9b:859d:1393::1/64'], 'ipv6_ra_configs': {'address_mode': 'slaac', 'send_periodic': 'true', 'mtu': '1372'}}, if_exists=False) {{(pid=86819) do_commit /opt/stack/data/venv/lib/python3.12/site-packages/ovsdbapp/backend/ovs_idl/transaction.py:89}}
May 18 12:06:05.820890 np0000000936 devstack@neutron-api.service[86819]: DEBUG ovsdbapp.backend.ovs_idl.transaction [None req-c2403ec3-0a70-4860-86dc-6553ff21c738 None None] Running txn n=1 command(idx=2): SetLRouterPortInLSwitchPortCommand(_result=None, lswitch_port=560c5b2f-e5c5-44b2-ba87-2adef426dc86, lrouter_port=lrp-560c5b2f-e5c5-44b2-ba87-2adef426dc86, is_gw_port=False, if_exists=True, lsp_address=router) {{(pid=86819) do_commit /opt/stack/data/venv/lib/python3.12/site-packages/ovsdbapp/backend/ovs_idl/transaction.py:89}}
May 18 12:06:05.821369 np0000000936 devstack@neutron-api.service[86819]: DEBUG ovsdbapp.backend.ovs_idl.transaction [None req-c2403ec3-0a70-4860-86dc-6553ff21c738 None None] Transaction caused no change {{(pid=86819) do_commit /opt/stack/data/venv/lib/python3.12/site-packages/ovsdbapp/backend/ovs_idl/transaction.py:129}}
May 18 12:06:07.280418 np0000000936 devstack@neutron-api.service[86820]: WARNING neutron.plugins.ml2.drivers.ovn.mech_driver.ovsdb.ovn_client [None req-ca4114c1-be4a-4539-88a6-6e19a47d9724 None None] No hosting information found for port 560c5b2f-e5c5-44b2-ba87-2adef426dc86: RuntimeError: No hosting information found for port 560c5b2f-e5c5-44b2-ba87-2adef426dc86
May 18 12:06:07.313340 np0000000936 devstack@neutron-api.service[86820]: INFO neutron.common.ovn.utils [None req-ca4114c1-be4a-4539-88a6-6e19a47d9724 None None] HA Chassis Group neutron-ec0526e6-3f08-4896-9200-4d2d1c829b6d synchronized; highest priority chassis cbbc42ae-a487-40ba-97f4-7b660d417245
May 18 12:06:07.316860 np0000000936 devstack@neutron-api.service[86820]: DEBUG ovsdbapp.backend.ovs_idl.transaction [None req-da3995a3-a752-4417-8fa4-5f2dc27942e2 None None] Running txn n=1 command(idx=0): DbSetCommand(_result=None, table=HA_Chassis_Group, record=neutron-ec0526e6-3f08-4896-9200-4d2d1c829b6d, col_values=(('external_ids', {'neutron:availability_zone_hints': '', 'neutron:network_id': 'ec0526e6-3f08-4896-9200-4d2d1c829b6d', 'neutron:router_id': '3b6a961b-630d-4e59-9bf1-1bf245ff3b05'}),), if_exists=True) {{(pid=86820) do_commit /opt/stack/data/venv/lib/python3.12/site-packages/ovsdbapp/backend/ovs_idl/transaction.py:89}}
May 18 12:06:07.317194 np0000000936 devstack@neutron-api.service[86820]: DEBUG ovsdbapp.backend.ovs_idl.transaction [None req-da3995a3-a752-4417-8fa4-5f2dc27942e2 None None] Running txn n=1 command(idx=1): HAChassisGroupAddChassisCommand(_result=None, hcg=neutron-ec0526e6-3f08-4896-9200-4d2d1c829b6d, chassis=cbbc42ae-a487-40ba-97f4-7b660d417245, priority=1, columns={}) {{(pid=86820) do_commit /opt/stack/data/venv/lib/python3.12/site-packages/ovsdbapp/backend/ovs_idl/transaction.py:89}}
May 18 12:06:07.317380 np0000000936 devstack@neutron-api.service[86820]: DEBUG ovsdbapp.backend.ovs_idl.transaction [None req-da3995a3-a752-4417-8fa4-5f2dc27942e2 None None] Transaction caused no change {{(pid=86820) do_commit /opt/stack/data/venv/lib/python3.12/site-packages/ovsdbapp/backend/ovs_idl/transaction.py:129}}
May 18 12:06:07.393626 np0000000936 devstack@neutron-api.service[86820]: DEBUG ovsdbapp.backend.ovs_idl.transaction [None req-da3995a3-a752-4417-8fa4-5f2dc27942e2 None None] Running txn n=1 command(idx=0): CheckRevisionNumberCommand(_result=None, name=lrp-560c5b2f-e5c5-44b2-ba87-2adef426dc86, resource={'id': '560c5b2f-e5c5-44b2-ba87-2adef426dc86', 'name': '', 'network_id': 'ec0526e6-3f08-4896-9200-4d2d1c829b6d', 'project_id': '999c2049fd6b4b03aaa7953e8653d8b7', 'mac_address': 'fa:16:3e:2f:d9:14', 'admin_state_up': True, 'status': 'ACTIVE', 'device_id': '3b6a961b-630d-4e59-9bf1-1bf245ff3b05', 'device_owner': 'network:router_interface', 'standard_attr_id': 24, 'fixed_ips': [{'subnet_id': 'd19aaee3-4b5c-4154-a192-90448dae4e29', 'ip_address': 'fd9b:859d:1393::1'}], 'allowed_address_pairs': [], 'extra_dhcp_opts': [], 'security_groups': [], 'description': '', 'binding:vnic_type': 'normal', 'binding:profile': {}, 'binding:host_id': '', 'binding:vif_type': 'unbound', 'binding:vif_details': {}, 'port_security_enabled': False, 'tags': [], 'created_at': '2026-05-18T12:05:57Z', 'updated_at': '2026-05-18T12:06:01Z', 'revision_number': 4, 'tenant_id': '999c2049fd6b4b03aaa7953e8653d8b7'}, resource_type=router_ports, if_exists=True) {{(pid=86820) do_commit /opt/stack/data/venv/lib/python3.12/site-packages/ovsdbapp/backend/ovs_idl/transaction.py:89}}
May 18 12:06:07.393884 np0000000936 devstack@neutron-api.service[86820]: DEBUG ovsdbapp.backend.ovs_idl.transaction [None req-da3995a3-a752-4417-8fa4-5f2dc27942e2 None None] Running txn n=1 command(idx=1): UpdateLRouterPortCommand(_result=None, name=lrp-560c5b2f-e5c5-44b2-ba87-2adef426dc86, columns={'external_ids': {'neutron:revision_number': '4', 'neutron:subnet_ids': 'd19aaee3-4b5c-4154-a192-90448dae4e29', 'neutron:network_name': 'neutron-ec0526e6-3f08-4896-9200-4d2d1c829b6d', 'neutron:is_ext_gw': 'False', 'neutron:router_name': 'neutron-3b6a961b-630d-4e59-9bf1-1bf245ff3b05'}, 'options': {}, 'networks': ['fd9b:859d:1393::1/64'], 'ipv6_ra_configs': {'address_mode': 'slaac', 'send_periodic': 'true', 'mtu': '1372'}}, if_exists=False) {{(pid=86820) do_commit /opt/stack/data/venv/lib/python3.12/site-packages/ovsdbapp/backend/ovs_idl/transaction.py:89}}
May 18 12:06:07.394246 np0000000936 devstack@neutron-api.service[86820]: DEBUG ovsdbapp.backend.ovs_idl.transaction [None req-da3995a3-a752-4417-8fa4-5f2dc27942e2 None None] Running txn n=1 command(idx=2): SetLRouterPortInLSwitchPortCommand(_result=None, lswitch_port=560c5b2f-e5c5-44b2-ba87-2adef426dc86, lrouter_port=lrp-560c5b2f-e5c5-44b2-ba87-2adef426dc86, is_gw_port=False, if_exists=True, lsp_address=router) {{(pid=86820) do_commit /opt/stack/data/venv/lib/python3.12/site-packages/ovsdbapp/backend/ovs_idl/transaction.py:89}}
May 18 12:06:07.394576 np0000000936 devstack@neutron-api.service[86820]: DEBUG ovsdbapp.backend.ovs_idl.transaction [None req-da3995a3-a752-4417-8fa4-5f2dc27942e2 None None] Transaction caused no change {{(pid=86820) do_commit /opt/stack/data/venv/lib/python3.12/site-packages/ovsdbapp/backend/ovs_idl/transaction.py:129}}
May 18 12:06:07.457929 np0000000936 devstack@neutron-api.service[86820]: DEBUG ovsdbapp.backend.ovs_idl.transaction [None req-da3995a3-a752-4417-8fa4-5f2dc27942e2 None None] Running txn n=1 command(idx=0): CheckRevisionNumberCommand(_result=None, name=lrp-560c5b2f-e5c5-44b2-ba87-2adef426dc86, resource={'id': '560c5b2f-e5c5-44b2-ba87-2adef426dc86', 'name': '', 'network_id': 'ec0526e6-3f08-4896-9200-4d2d1c829b6d', 'project_id': '999c2049fd6b4b03aaa7953e8653d8b7', 'mac_address': 'fa:16:3e:2f:d9:14', 'admin_state_up': True, 'status': 'ACTIVE', 'device_id': '3b6a961b-630d-4e59-9bf1-1bf245ff3b05', 'device_owner': 'network:router_interface', 'standard_attr_id': 24, 'fixed_ips': [{'subnet_id': 'd19aaee3-4b5c-4154-a192-90448dae4e29', 'ip_address': 'fd9b:859d:1393::1'}], 'allowed_address_pairs': [], 'extra_dhcp_opts': [], 'security_groups': [], 'description': '', 'binding:vnic_type': 'normal', 'binding:profile': {}, 'binding:host_id': '', 'binding:vif_type': 'unbound', 'binding:vif_details': {}, 'port_security_enabled': False, 'tags': [], 'created_at': '2026-05-18T12:05:57Z', 'updated_at': '2026-05-18T12:06:01Z', 'revision_number': 4, 'tenant_id': '999c2049fd6b4b03aaa7953e8653d8b7'}, resource_type=router_ports, if_exists=True) {{(pid=86820) do_commit /opt/stack/data/venv/lib/python3.12/site-packages/ovsdbapp/backend/ovs_idl/transaction.py:89}}
May 18 12:06:07.458178 np0000000936 devstack@neutron-api.service[86820]: DEBUG ovsdbapp.backend.ovs_idl.transaction [None req-da3995a3-a752-4417-8fa4-5f2dc27942e2 None None] Running txn n=1 command(idx=1): UpdateLRouterPortCommand(_result=None, name=lrp-560c5b2f-e5c5-44b2-ba87-2adef426dc86, columns={'external_ids': {'neutron:revision_number': '4', 'neutron:subnet_ids': 'd19aaee3-4b5c-4154-a192-90448dae4e29', 'neutron:network_name': 'neutron-ec0526e6-3f08-4896-9200-4d2d1c829b6d', 'neutron:is_ext_gw': 'False', 'neutron:router_name': 'neutron-3b6a961b-630d-4e59-9bf1-1bf245ff3b05'}, 'options': {}, 'networks': ['fd9b:859d:1393::1/64'], 'ipv6_ra_configs': {'address_mode': 'slaac', 'send_periodic': 'true', 'mtu': '1372'}}, if_exists=False) {{(pid=86820) do_commit /opt/stack/data/venv/lib/python3.12/site-packages/ovsdbapp/backend/ovs_idl/transaction.py:89}}
May 18 12:06:07.458524 np0000000936 devstack@neutron-api.service[86820]: DEBUG ovsdbapp.backend.ovs_idl.transaction [None req-da3995a3-a752-4417-8fa4-5f2dc27942e2 None None] Running txn n=1 command(idx=2): SetLRouterPortInLSwitchPortCommand(_result=None, lswitch_port=560c5b2f-e5c5-44b2-ba87-2adef426dc86, lrouter_port=lrp-560c5b2f-e5c5-44b2-ba87-2adef426dc86, is_gw_port=False, if_exists=True, lsp_address=router) {{(pid=86820) do_commit /opt/stack/data/venv/lib/python3.12/site-packages/ovsdbapp/backend/ovs_idl/transaction.py:89}}
May 18 12:06:07.458814 np0000000936 devstack@neutron-api.service[86820]: DEBUG ovsdbapp.backend.ovs_idl.transaction [None req-da3995a3-a752-4417-8fa4-5f2dc27942e2 None None] Transaction caused no change {{(pid=86820) do_commit /opt/stack/data/venv/lib/python3.12/site-packages/ovsdbapp/backend/ovs_idl/transaction.py:129}}
May 18 12:06:07.524002 np0000000936 devstack@neutron-api.service[86820]: DEBUG ovsdbapp.backend.ovs_idl.transaction [None req-da3995a3-a752-4417-8fa4-5f2dc27942e2 None None] Running txn n=1 command(idx=0): CheckRevisionNumberCommand(_result=None, name=lrp-560c5b2f-e5c5-44b2-ba87-2adef426dc86, resource={'id': '560c5b2f-e5c5-44b2-ba87-2adef426dc86', 'name': '', 'network_id': 'ec0526e6-3f08-4896-9200-4d2d1c829b6d', 'project_id': '999c2049fd6b4b03aaa7953e8653d8b7', 'mac_address': 'fa:16:3e:2f:d9:14', 'admin_state_up': True, 'status': 'ACTIVE', 'device_id': '3b6a961b-630d-4e59-9bf1-1bf245ff3b05', 'device_owner': 'network:router_interface', 'standard_attr_id': 24, 'fixed_ips': [{'subnet_id': 'd19aaee3-4b5c-4154-a192-90448dae4e29', 'ip_address': 'fd9b:859d:1393::1'}], 'allowed_address_pairs': [], 'extra_dhcp_opts': [], 'security_groups': [], 'description': '', 'binding:vnic_type': 'normal', 'binding:profile': {}, 'binding:host_id': '', 'binding:vif_type': 'unbound', 'binding:vif_details': {}, 'port_security_enabled': False, 'tags': [], 'created_at': '2026-05-18T12:05:57Z', 'updated_at': '2026-05-18T12:06:01Z', 'revision_number': 4, 'tenant_id': '999c2049fd6b4b03aaa7953e8653d8b7'}, resource_type=router_ports, if_exists=True) {{(pid=86820) do_commit /opt/stack/data/venv/lib/python3.12/site-packages/ovsdbapp/backend/ovs_idl/transaction.py:89}}
May 18 12:06:07.524310 np0000000936 devstack@neutron-api.service[86820]: DEBUG ovsdbapp.backend.ovs_idl.transaction [None req-da3995a3-a752-4417-8fa4-5f2dc27942e2 None None] Running txn n=1 command(idx=1): UpdateLRouterPortCommand(_result=None, name=lrp-560c5b2f-e5c5-44b2-ba87-2adef426dc86, columns={'external_ids': {'neutron:revision_number': '4', 'neutron:subnet_ids': 'd19aaee3-4b5c-4154-a192-90448dae4e29', 'neutron:network_name': 'neutron-ec0526e6-3f08-4896-9200-4d2d1c829b6d', 'neutron:is_ext_gw': 'False', 'neutron:router_name': 'neutron-3b6a961b-630d-4e59-9bf1-1bf245ff3b05'}, 'options': {}, 'networks': ['fd9b:859d:1393::1/64'], 'ipv6_ra_configs': {'address_mode': 'slaac', 'send_periodic': 'true', 'mtu': '1372'}}, if_exists=False) {{(pid=86820) do_commit /opt/stack/data/venv/lib/python3.12/site-packages/ovsdbapp/backend/ovs_idl/transaction.py:89}}
May 18 12:06:07.524789 np0000000936 devstack@neutron-api.service[86820]: DEBUG ovsdbapp.backend.ovs_idl.transaction [None req-da3995a3-a752-4417-8fa4-5f2dc27942e2 None None] Running txn n=1 command(idx=2): SetLRouterPortInLSwitchPortCommand(_result=None, lswitch_port=560c5b2f-e5c5-44b2-ba87-2adef426dc86, lrouter_port=lrp-560c5b2f-e5c5-44b2-ba87-2adef426dc86, is_gw_port=False, if_exists=True, lsp_address=router) {{(pid=86820) do_commit /opt/stack/data/venv/lib/python3.12/site-packages/ovsdbapp/backend/ovs_idl/transaction.py:89}}
May 18 12:06:07.525253 np0000000936 devstack@neutron-api.service[86820]: DEBUG ovsdbapp.backend.ovs_idl.transaction [None req-da3995a3-a752-4417-8fa4-5f2dc27942e2 None None] Transaction caused no change {{(pid=86820) do_commit /opt/stack/data/venv/lib/python3.12/site-packages/ovsdbapp/backend/ovs_idl/transaction.py:129}}
May 18 12:06:07.610168 np0000000936 devstack@neutron-api.service[86820]: DEBUG ovsdbapp.backend.ovs_idl.transaction [None req-da3995a3-a752-4417-8fa4-5f2dc27942e2 None None] Running txn n=1 command(idx=0): CheckRevisionNumberCommand(_result=None, name=lrp-560c5b2f-e5c5-44b2-ba87-2adef426dc86, resource={'id': '560c5b2f-e5c5-44b2-ba87-2adef426dc86', 'name': '', 'network_id': 'ec0526e6-3f08-4896-9200-4d2d1c829b6d', 'project_id': '999c2049fd6b4b03aaa7953e8653d8b7', 'mac_address': 'fa:16:3e:2f:d9:14', 'admin_state_up': True, 'status': 'ACTIVE', 'device_id': '3b6a961b-630d-4e59-9bf1-1bf245ff3b05', 'device_owner': 'network:router_interface', 'standard_attr_id': 24, 'fixed_ips': [{'subnet_id': 'd19aaee3-4b5c-4154-a192-90448dae4e29', 'ip_address': 'fd9b:859d:1393::1'}], 'allowed_address_pairs': [], 'extra_dhcp_opts': [], 'security_groups': [], 'description': '', 'binding:vnic_type': 'normal', 'binding:profile': {}, 'binding:host_id': '', 'binding:vif_type': 'unbound', 'binding:vif_details': {}, 'port_security_enabled': False, 'tags': [], 'created_at': '2026-05-18T12:05:57Z', 'updated_at': '2026-05-18T12:06:01Z', 'revision_number': 4, 'tenant_id': '999c2049fd6b4b03aaa7953e8653d8b7'}, resource_type=router_ports, if_exists=True) {{(pid=86820) do_commit /opt/stack/data/venv/lib/python3.12/site-packages/ovsdbapp/backend/ovs_idl/transaction.py:89}}
May 18 12:06:07.610554 np0000000936 devstack@neutron-api.service[86820]: DEBUG ovsdbapp.backend.ovs_idl.transaction [None req-da3995a3-a752-4417-8fa4-5f2dc27942e2 None None] Running txn n=1 command(idx=1): UpdateLRouterPortCommand(_result=None, name=lrp-560c5b2f-e5c5-44b2-ba87-2adef426dc86, columns={'external_ids': {'neutron:revision_number': '4', 'neutron:subnet_ids': 'd19aaee3-4b5c-4154-a192-90448dae4e29', 'neutron:network_name': 'neutron-ec0526e6-3f08-4896-9200-4d2d1c829b6d', 'neutron:is_ext_gw': 'False', 'neutron:router_name': 'neutron-3b6a961b-630d-4e59-9bf1-1bf245ff3b05'}, 'options': {}, 'networks': ['fd9b:859d:1393::1/64'], 'ipv6_ra_configs': {'address_mode': 'slaac', 'send_periodic': 'true', 'mtu': '1372'}}, if_exists=False) {{(pid=86820) do_commit /opt/stack/data/venv/lib/python3.12/site-packages/ovsdbapp/backend/ovs_idl/transaction.py:89}}
May 18 12:06:07.610950 np0000000936 devstack@neutron-api.service[86820]: DEBUG ovsdbapp.backend.ovs_idl.transaction [None req-da3995a3-a752-4417-8fa4-5f2dc27942e2 None None] Running txn n=1 command(idx=2): SetLRouterPortInLSwitchPortCommand(_result=None, lswitch_port=560c5b2f-e5c5-44b2-ba87-2adef426dc86, lrouter_port=lrp-560c5b2f-e5c5-44b2-ba87-2adef426dc86, is_gw_port=False, if_exists=True, lsp_address=router) {{(pid=86820) do_commit /opt/stack/data/venv/lib/python3.12/site-packages/ovsdbapp/backend/ovs_idl/transaction.py:89}}
May 18 12:06:07.611337 np0000000936 devstack@neutron-api.service[86820]: DEBUG ovsdbapp.backend.ovs_idl.transaction [None req-da3995a3-a752-4417-8fa4-5f2dc27942e2 None None] Transaction caused no change {{(pid=86820) do_commit /opt/stack/data/venv/lib/python3.12/site-packages/ovsdbapp/backend/ovs_idl/transaction.py:129}}
May 18 12:06:11.509759 np0000000936 devstack@neutron-api.service[86819]: DEBUG futurist.periodics [-] Submitting periodic callback 'neutron.plugins.ml2.drivers.ovn.mech_driver.ovsdb.maintenance.HashRingHealthCheckPeriodics.touch_hash_ring_node' {{(pid=86819) _process_scheduled /opt/stack/data/venv/lib/python3.12/site-packages/futurist/periodics.py:784}}
May 18 12:06:11.510463 np0000000936 devstack@neutron-api.service[86819]: DEBUG neutron.plugins.ml2.drivers.ovn.mech_driver.ovsdb.maintenance [-] Touching Hash Ring node "5ea45bd20dbe50cb80a9265d73faa108" from periodic health check thread {{(pid=86819) touch_hash_ring_node /opt/stack/neutron/neutron/plugins/ml2/drivers/ovn/mech_driver/ovsdb/maintenance.py:1466}}
May 18 12:06:12.202714 np0000000936 devstack@neutron-api.service[86820]: DEBUG futurist.periodics [-] Submitting periodic callback 'neutron.plugins.ml2.drivers.ovn.mech_driver.ovsdb.maintenance.HashRingHealthCheckPeriodics.touch_hash_ring_node' {{(pid=86820) _process_scheduled /opt/stack/data/venv/lib/python3.12/site-packages/futurist/periodics.py:784}}
May 18 12:06:12.203158 np0000000936 devstack@neutron-api.service[86820]: DEBUG neutron.plugins.ml2.drivers.ovn.mech_driver.ovsdb.maintenance [-] Touching Hash Ring node "66933e58e7b9538ea52659e345e99ade" from periodic health check thread {{(pid=86820) touch_hash_ring_node /opt/stack/neutron/neutron/plugins/ml2/drivers/ovn/mech_driver/ovsdb/maintenance.py:1466}}
May 18 12:06:21.526095 np0000000936 devstack@neutron-api.service[86819]: DEBUG dbcounter [-] [86819] Writing DB stats neutron:SELECT=2351,neutron:INSERT=704,neutron:DELETE=12,neutron:UPDATE=110 {{(pid=86819) stat_writer /opt/stack/data/venv/lib/python3.12/site-packages/dbcounter.py:115}}
May 18 12:06:22.209674 np0000000936 devstack@neutron-api.service[86820]: DEBUG dbcounter [-] [86820] Writing DB stats neutron:SELECT=4191,neutron:INSERT=97,neutron:DELETE=15,neutron:UPDATE=101 {{(pid=86820) stat_writer /opt/stack/data/venv/lib/python3.12/site-packages/dbcounter.py:115}}
May 18 12:06:26.510812 np0000000936 devstack@neutron-api.service[86819]: DEBUG futurist.periodics [-] Submitting periodic callback 'neutron.plugins.ml2.drivers.ovn.mech_driver.ovsdb.maintenance.HashRingHealthCheckPeriodics.touch_hash_ring_node' {{(pid=86819) _process_scheduled /opt/stack/data/venv/lib/python3.12/site-packages/futurist/periodics.py:784}}
May 18 12:06:26.511369 np0000000936 devstack@neutron-api.service[86819]: DEBUG neutron.plugins.ml2.drivers.ovn.mech_driver.ovsdb.maintenance [-] Touching Hash Ring node "5ea45bd20dbe50cb80a9265d73faa108" from periodic health check thread {{(pid=86819) touch_hash_ring_node /opt/stack/neutron/neutron/plugins/ml2/drivers/ovn/mech_driver/ovsdb/maintenance.py:1466}}
May 18 12:06:27.203394 np0000000936 devstack@neutron-api.service[86820]: DEBUG futurist.periodics [-] Submitting periodic callback 'neutron.plugins.ml2.drivers.ovn.mech_driver.ovsdb.maintenance.HashRingHealthCheckPeriodics.touch_hash_ring_node' {{(pid=86820) _process_scheduled /opt/stack/data/venv/lib/python3.12/site-packages/futurist/periodics.py:784}}
May 18 12:06:27.205021 np0000000936 devstack@neutron-api.service[86820]: DEBUG neutron.plugins.ml2.drivers.ovn.mech_driver.ovsdb.maintenance [-] Touching Hash Ring node "66933e58e7b9538ea52659e345e99ade" from periodic health check thread {{(pid=86820) touch_hash_ring_node /opt/stack/neutron/neutron/plugins/ml2/drivers/ovn/mech_driver/ovsdb/maintenance.py:1466}}
May 18 12:06:36.524436 np0000000936 devstack@neutron-api.service[86819]: DEBUG dbcounter [-] [86819] Writing DB stats neutron:UPDATE=1,neutron:SELECT=1 {{(pid=86819) stat_writer /opt/stack/data/venv/lib/python3.12/site-packages/dbcounter.py:115}}
May 18 12:06:37.217644 np0000000936 devstack@neutron-api.service[86820]: DEBUG dbcounter [-] [86820] Writing DB stats neutron:UPDATE=1,neutron:SELECT=1 {{(pid=86820) stat_writer /opt/stack/data/venv/lib/python3.12/site-packages/dbcounter.py:115}}
May 18 12:06:41.511355 np0000000936 devstack@neutron-api.service[86819]: DEBUG futurist.periodics [-] Submitting periodic callback 'neutron.plugins.ml2.drivers.ovn.mech_driver.ovsdb.maintenance.HashRingHealthCheckPeriodics.touch_hash_ring_node' {{(pid=86819) _process_scheduled /opt/stack/data/venv/lib/python3.12/site-packages/futurist/periodics.py:784}}
May 18 12:06:41.511755 np0000000936 devstack@neutron-api.service[86819]: DEBUG neutron.plugins.ml2.drivers.ovn.mech_driver.ovsdb.maintenance [-] Touching Hash Ring node "5ea45bd20dbe50cb80a9265d73faa108" from periodic health check thread {{(pid=86819) touch_hash_ring_node /opt/stack/neutron/neutron/plugins/ml2/drivers/ovn/mech_driver/ovsdb/maintenance.py:1466}}
May 18 12:06:42.204966 np0000000936 devstack@neutron-api.service[86820]: DEBUG futurist.periodics [-] Submitting periodic callback 'neutron.plugins.ml2.drivers.ovn.mech_driver.ovsdb.maintenance.HashRingHealthCheckPeriodics.touch_hash_ring_node' {{(pid=86820) _process_scheduled /opt/stack/data/venv/lib/python3.12/site-packages/futurist/periodics.py:784}}
May 18 12:06:42.205444 np0000000936 devstack@neutron-api.service[86820]: DEBUG neutron.plugins.ml2.drivers.ovn.mech_driver.ovsdb.maintenance [-] Touching Hash Ring node "66933e58e7b9538ea52659e345e99ade" from periodic health check thread {{(pid=86820) touch_hash_ring_node /opt/stack/neutron/neutron/plugins/ml2/drivers/ovn/mech_driver/ovsdb/maintenance.py:1466}}
May 18 12:06:51.520797 np0000000936 devstack@neutron-api.service[86819]: DEBUG dbcounter [-] [86819] Writing DB stats neutron:UPDATE=1,neutron:SELECT=1 {{(pid=86819) stat_writer /opt/stack/data/venv/lib/python3.12/site-packages/dbcounter.py:115}}
May 18 12:06:52.214000 np0000000936 devstack@neutron-api.service[86820]: DEBUG dbcounter [-] [86820] Writing DB stats neutron:UPDATE=1,neutron:SELECT=1 {{(pid=86820) stat_writer /opt/stack/data/venv/lib/python3.12/site-packages/dbcounter.py:115}}
May 18 12:06:56.511858 np0000000936 devstack@neutron-api.service[86819]: DEBUG futurist.periodics [-] Submitting periodic callback 'neutron.plugins.ml2.drivers.ovn.mech_driver.ovsdb.maintenance.HashRingHealthCheckPeriodics.touch_hash_ring_node' {{(pid=86819) _process_scheduled /opt/stack/data/venv/lib/python3.12/site-packages/futurist/periodics.py:784}}
May 18 12:06:56.512425 np0000000936 devstack@neutron-api.service[86819]: DEBUG neutron.plugins.ml2.drivers.ovn.mech_driver.ovsdb.maintenance [-] Touching Hash Ring node "5ea45bd20dbe50cb80a9265d73faa108" from periodic health check thread {{(pid=86819) touch_hash_ring_node /opt/stack/neutron/neutron/plugins/ml2/drivers/ovn/mech_driver/ovsdb/maintenance.py:1466}}
May 18 12:06:57.205405 np0000000936 devstack@neutron-api.service[86820]: DEBUG futurist.periodics [-] Submitting periodic callback 'neutron.plugins.ml2.drivers.ovn.mech_driver.ovsdb.maintenance.HashRingHealthCheckPeriodics.touch_hash_ring_node' {{(pid=86820) _process_scheduled /opt/stack/data/venv/lib/python3.12/site-packages/futurist/periodics.py:784}}
May 18 12:06:57.205790 np0000000936 devstack@neutron-api.service[86820]: DEBUG neutron.plugins.ml2.drivers.ovn.mech_driver.ovsdb.maintenance [-] Touching Hash Ring node "66933e58e7b9538ea52659e345e99ade" from periodic health check thread {{(pid=86820) touch_hash_ring_node /opt/stack/neutron/neutron/plugins/ml2/drivers/ovn/mech_driver/ovsdb/maintenance.py:1466}}
May 18 12:07:01.020401 np0000000936 devstack@neutron-api.service[86819]: DEBUG neutron.api.wsgi [None req-e5fb5d58-2520-4cb0-abc2-f3d44fe06168 admin admin] Missing Content-Type {{(pid=86819) get_content_type /opt/stack/neutron/neutron/api/wsgi.py:80}}
May 18 12:07:01.020818 np0000000936 devstack@neutron-api.service[86819]: DEBUG neutron.api.wsgi [None req-e5fb5d58-2520-4cb0-abc2-f3d44fe06168 admin admin] https://10.4.3.99/networking/v2.0/extensions returned with HTTP 200 {{(pid=86819) __call__ /opt/stack/neutron/neutron/api/wsgi.py:540}}
May 18 12:07:01.021097 np0000000936 devstack@neutron-api.service[86819]: [pid: 86819|app: 0|req: 18/34] 10.4.3.99 () {64 vars in 1285 bytes} [Mon May 18 12:07:01 2026] GET /networking/v2.0/extensions => generated 15209 bytes in 3 msecs (HTTP/1.1 200) 4 headers in 159 bytes (1 switches on core 0)
May 18 12:07:01.282565 np0000000936 devstack@neutron-api.service[86820]: INFO neutron.pecan_wsgi.hooks.translation [None req-25f98b20-acfc-4d64-96cc-7529982e969c admin admin] GET failed (client error): The resource could not be found.
May 18 12:07:01.282565 np0000000936 devstack@neutron-api.service[86820]: [pid: 86820|app: 0|req: 17/35] 10.4.3.99 () {64 vars in 1287 bytes} [Mon May 18 12:07:01 2026] GET /networking/v2.0/networks/public => generated 108 bytes in 7 msecs (HTTP/1.1 404) 4 headers in 164 bytes (1 switches on core 0)
May 18 12:07:01.320974 np0000000936 devstack@neutron-api.service[86819]: DEBUG neutron.pecan_wsgi.hooks.policy_enforcement [None req-bc04b836-49bc-479c-b6e3-15e70971c727 admin admin] Attributes excluded by policy engine: ['standard_attr_id'] {{(pid=86819) _exclude_attributes_by_policy /opt/stack/neutron/neutron/pecan_wsgi/hooks/policy_enforcement.py:256}}
May 18 12:07:01.321798 np0000000936 devstack@neutron-api.service[86819]: [pid: 86819|app: 0|req: 19/36] 10.4.3.99 () {64 vars in 1302 bytes} [Mon May 18 12:07:01 2026] GET /networking/v2.0/networks?name=public => generated 759 bytes in 33 msecs (HTTP/1.1 200) 4 headers in 157 bytes (1 switches on core 0)
May 18 12:07:01.501540 np0000000936 devstack@neutron-api.service[86820]: DEBUG neutron.api.v2.base [None req-fd369b8f-e2ee-4d30-a9f1-dd173d6c94f3 admin admin] Request body: {'network': {'shared': True, 'name': 'shared', 'admin_state_up': True}} {{(pid=86820) prepare_request_body /opt/stack/neutron/neutron/api/v2/base.py:727}}
May 18 12:07:01.513442 np0000000936 devstack@neutron-api.service[86820]: DEBUG neutron.pecan_wsgi.hooks.quota_enforcement [None req-fd369b8f-e2ee-4d30-a9f1-dd173d6c94f3 admin admin] Made reservation on behalf of 999c2049fd6b4b03aaa7953e8653d8b7 for: {'network': 1} {{(pid=86820) before /opt/stack/neutron/neutron/pecan_wsgi/hooks/quota_enforcement.py:66}}
May 18 12:07:01.515884 np0000000936 devstack@neutron-api.service[86820]: DEBUG neutron_lib.callbacks.manager [None req-fd369b8f-e2ee-4d30-a9f1-dd173d6c94f3 admin admin] Publish callbacks ['neutron.plugins.ml2.plugin.SecurityGroupDbMixin._ensure_default_security_group_handler-119952'] for network (None), before_create {{(pid=86820) _notify_loop /opt/stack/data/venv/lib/python3.12/site-packages/neutron_lib/callbacks/manager.py:184}}
May 18 12:07:01.538408 np0000000936 devstack@neutron-api.service[86820]: WARNING neutron.services.revisions.revision_plugin [None req-fd369b8f-e2ee-4d30-a9f1-dd173d6c94f3 admin admin] Could not find related network for resource to bump revision.
May 18 12:07:01.573038 np0000000936 devstack@neutron-api.service[86820]: DEBUG neutron.plugins.ml2.drivers.helpers [None req-fd369b8f-e2ee-4d30-a9f1-dd173d6c94f3 admin admin] geneve segment allocate from pool success with {'geneve_vni': 32006} {{(pid=86820) allocate_partially_specified_segment /opt/stack/neutron/neutron/plugins/ml2/drivers/helpers.py:142}}
May 18 12:07:01.579738 np0000000936 devstack@neutron-api.service[86820]: DEBUG neutron_lib.callbacks.manager [None req-fd369b8f-e2ee-4d30-a9f1-dd173d6c94f3 admin admin] Publish callbacks ['neutron.services.segments.db._add_segment_host_mapping_for_segment-8542199819858', 'neutron.plugins.ml2.plugin.Ml2Plugin._handle_segment_change-929454'] for segment (bb73089e-63bb-4e1a-9da0-a5e1ed7db329), precommit_create {{(pid=86820) _notify_loop /opt/stack/data/venv/lib/python3.12/site-packages/neutron_lib/callbacks/manager.py:184}}
May 18 12:07:01.579880 np0000000936 devstack@neutron-api.service[86820]: INFO neutron.db.segments_db [None req-fd369b8f-e2ee-4d30-a9f1-dd173d6c94f3 admin admin] Added segment bb73089e-63bb-4e1a-9da0-a5e1ed7db329 of type geneve for network cf0f66a5-dc3f-4a77-b677-5214cfa3e11a
May 18 12:07:01.591101 np0000000936 devstack@neutron-api.service[86820]: DEBUG neutron_lib.callbacks.manager [None req-fd369b8f-e2ee-4d30-a9f1-dd173d6c94f3 admin admin] Publish callbacks ['neutron.services.auto_allocate.db._ensure_external_network_default_value_callback-8542197181494'] for network (cf0f66a5-dc3f-4a77-b677-5214cfa3e11a), precommit_create {{(pid=86820) _notify_loop /opt/stack/data/venv/lib/python3.12/site-packages/neutron_lib/callbacks/manager.py:184}}
May 18 12:07:01.600726 np0000000936 devstack@neutron-api.service[86820]: DEBUG neutron.plugins.ml2.drivers.ovn.mech_driver.mech_driver [None req-fd369b8f-e2ee-4d30-a9f1-dd173d6c94f3 admin admin] Validating network segment with type geneve, segmentation ID 32006, physical network None {{(pid=86820) _validate_network_segments /opt/stack/neutron/neutron/plugins/ml2/drivers/ovn/mech_driver/mech_driver.py:641}}
May 18 12:07:01.600878 np0000000936 devstack@neutron-api.service[86820]: DEBUG neutron.db.ovn_revision_numbers_db [None req-fd369b8f-e2ee-4d30-a9f1-dd173d6c94f3 admin admin] create_initial_revision uuid=cf0f66a5-dc3f-4a77-b677-5214cfa3e11a, type=networks, rev=-1 {{(pid=86820) create_initial_revision /opt/stack/neutron/neutron/db/ovn_revision_numbers_db.py:98}}
May 18 12:07:01.606343 np0000000936 devstack@neutron-api.service[86820]: DEBUG neutron_lib.callbacks.manager [None req-fd369b8f-e2ee-4d30-a9f1-dd173d6c94f3 admin admin] Publish callbacks ['neutron.plugins.ml2.ovo_rpc._ObjectChangeHandler.handle_event-6807049'] for network (cf0f66a5-dc3f-4a77-b677-5214cfa3e11a), after_create {{(pid=86820) _notify_loop /opt/stack/data/venv/lib/python3.12/site-packages/neutron_lib/callbacks/manager.py:184}}
May 18 12:07:01.618100 np0000000936 devstack@neutron-api.service[86820]: DEBUG neutron.api.rpc.handlers.resources_rpc [None req-fd369b8f-e2ee-4d30-a9f1-dd173d6c94f3 admin admin] Pushing event updated for resources: {'Network': ['ID=cf0f66a5-dc3f-4a77-b677-5214cfa3e11a,revision_number=1']} {{(pid=86820) push /opt/stack/neutron/neutron/api/rpc/handlers/resources_rpc.py:237}}
May 18 12:07:01.621631 np0000000936 devstack@neutron-api.service[86820]: DEBUG ovsdbapp.backend.ovs_idl.transaction [None req-da3995a3-a752-4417-8fa4-5f2dc27942e2 None None] Running txn n=1 command(idx=0): CheckLivenessCommand(_result=None) {{(pid=86820) do_commit /opt/stack/data/venv/lib/python3.12/site-packages/ovsdbapp/backend/ovs_idl/transaction.py:89}}
May 18 12:07:01.633660 np0000000936 devstack@neutron-api.service[86819]: DEBUG neutron.plugins.ml2.drivers.ovn.mech_driver.ovsdb.ovsdb_monitor [None req-6cb8e74b-f453-4663-b727-a8e796f9100c None None] ChassisAgentWriteEvent : Matched Chassis_Private, update, None None {{(pid=86819) matches /opt/stack/neutron/neutron/plugins/ml2/drivers/ovn/mech_driver/ovsdb/ovsdb_monitor.py:64}}
May 18 12:07:01.635232 np0000000936 devstack@neutron-api.service[86820]: DEBUG neutron.plugins.ml2.drivers.ovn.mech_driver.ovsdb.ovsdb_monitor [None req-8a14a1d8-0212-4938-884e-a9f512f608fd None None] ChassisAgentWriteEvent : Matched Chassis_Private, update, None None {{(pid=86820) matches /opt/stack/neutron/neutron/plugins/ml2/drivers/ovn/mech_driver/ovsdb/ovsdb_monitor.py:64}}
May 18 12:07:01.638218 np0000000936 devstack@neutron-api.service[86820]: DEBUG neutron.common.ovn.hash_ring_manager [None req-da3995a3-a752-4417-8fa4-5f2dc27942e2 None None] Hash Ring loaded. 2 active nodes. 0 offline nodes {{(pid=86820) _load_hash_ring /opt/stack/neutron/neutron/common/ovn/hash_ring_manager.py:102}}
May 18 12:07:01.638536 np0000000936 devstack@neutron-api.service[86820]: DEBUG neutron.plugins.ml2.drivers.ovn.mech_driver.ovsdb.ovsdb_monitor [None req-da3995a3-a752-4417-8fa4-5f2dc27942e2 None None] Hash Ring: Node 66933e58e7b9538ea52659e345e99ade (host: np0000000936) handling event "update" for row dc0b7cfc-27a2-4380-b02d-da67dea5c881 (table: NB_Global) {{(pid=86820) notify /opt/stack/neutron/neutron/plugins/ml2/drivers/ovn/mech_driver/ovsdb/ovsdb_monitor.py:942}}
May 18 12:07:01.639575 np0000000936 devstack@neutron-api.service[86819]: DEBUG neutron.common.ovn.hash_ring_manager [None req-c2403ec3-0a70-4860-86dc-6553ff21c738 None None] Hash Ring loaded. 2 active nodes. 0 offline nodes {{(pid=86819) _load_hash_ring /opt/stack/neutron/neutron/common/ovn/hash_ring_manager.py:102}}
May 18 12:07:01.639753 np0000000936 devstack@neutron-api.service[86820]: DEBUG neutron.plugins.ml2.drivers.ovn.mech_driver.ovsdb.ovsdb_monitor [None req-da3995a3-a752-4417-8fa4-5f2dc27942e2 None None] Hash Ring: Node 66933e58e7b9538ea52659e345e99ade (host: np0000000936) handling event "update" for row dc0b7cfc-27a2-4380-b02d-da67dea5c881 (table: NB_Global) {{(pid=86820) notify /opt/stack/neutron/neutron/plugins/ml2/drivers/ovn/mech_driver/ovsdb/ovsdb_monitor.py:942}}
May 18 12:07:01.640531 np0000000936 devstack@neutron-api.service[86820]: DEBUG neutron.plugins.ml2.drivers.ovn.mech_driver.ovsdb.ovsdb_monitor [None req-da3995a3-a752-4417-8fa4-5f2dc27942e2 None None] Hash Ring: Node 66933e58e7b9538ea52659e345e99ade (host: np0000000936) handling event "update" for row dc0b7cfc-27a2-4380-b02d-da67dea5c881 (table: NB_Global) {{(pid=86820) notify /opt/stack/neutron/neutron/plugins/ml2/drivers/ovn/mech_driver/ovsdb/ovsdb_monitor.py:942}}
May 18 12:07:01.641708 np0000000936 devstack@neutron-api.service[86820]: DEBUG neutron.plugins.ml2.drivers.ovn.mech_driver.ovsdb.ovsdb_monitor [None req-da3995a3-a752-4417-8fa4-5f2dc27942e2 None None] Hash Ring: Node 66933e58e7b9538ea52659e345e99ade (host: np0000000936) handling event "update" for row dc0b7cfc-27a2-4380-b02d-da67dea5c881 (table: NB_Global) {{(pid=86820) notify /opt/stack/neutron/neutron/plugins/ml2/drivers/ovn/mech_driver/ovsdb/ovsdb_monitor.py:942}}
May 18 12:07:01.642106 np0000000936 devstack@neutron-api.service[86819]: DEBUG neutron.common.ovn.hash_ring_manager [None req-6cb8e74b-f453-4663-b727-a8e796f9100c None None] Hash Ring loaded. 2 active nodes. 0 offline nodes {{(pid=86819) _load_hash_ring /opt/stack/neutron/neutron/common/ovn/hash_ring_manager.py:102}}
May 18 12:07:01.644409 np0000000936 devstack@neutron-api.service[86819]: DEBUG neutron.plugins.ml2.drivers.ovn.mech_driver.ovsdb.ovsdb_monitor [None req-6cb8e74b-f453-4663-b727-a8e796f9100c None None] Hash Ring: Node 5ea45bd20dbe50cb80a9265d73faa108 (host: np0000000936) handling event "update" for row 54ea6a76-5e6e-479b-aa3c-5484f4e3e90e (table: Chassis_Private) {{(pid=86819) notify /opt/stack/neutron/neutron/plugins/ml2/drivers/ovn/mech_driver/ovsdb/ovsdb_monitor.py:942}}
May 18 12:07:01.645577 np0000000936 devstack@neutron-api.service[86819]: DEBUG neutron.plugins.ml2.drivers.ovn.mech_driver.ovsdb.ovsdb_monitor [None req-6cb8e74b-f453-4663-b727-a8e796f9100c None None] ChassisOVNAgentWriteEvent : Matched Chassis_Private, update, None None {{(pid=86819) matches /opt/stack/neutron/neutron/plugins/ml2/drivers/ovn/mech_driver/ovsdb/ovsdb_monitor.py:64}}
May 18 12:07:01.645847 np0000000936 devstack@neutron-api.service[86819]: DEBUG neutron.plugins.ml2.drivers.ovn.mech_driver.ovsdb.ovsdb_monitor [None req-6cb8e74b-f453-4663-b727-a8e796f9100c None None] Hash Ring: Node 5ea45bd20dbe50cb80a9265d73faa108 (host: np0000000936) handling event "update" for row 54ea6a76-5e6e-479b-aa3c-5484f4e3e90e (table: Chassis_Private) {{(pid=86819) notify /opt/stack/neutron/neutron/plugins/ml2/drivers/ovn/mech_driver/ovsdb/ovsdb_monitor.py:942}}
May 18 12:07:01.646711 np0000000936 devstack@neutron-api.service[86820]: DEBUG neutron.api.rpc.callbacks.version_manager [None req-fd369b8f-e2ee-4d30-a9f1-dd173d6c94f3 admin admin] Tracked resource versions report:
May 18 12:07:01.646711 np0000000936 devstack@neutron-api.service[86820]: pushed versions:
May 18 12:07:01.646711 np0000000936 devstack@neutron-api.service[86820]: { 'AddressGroup': {'1.2'},
May 18 12:07:01.646711 np0000000936 devstack@neutron-api.service[86820]: 'Agent': {'1.1'},
May 18 12:07:01.646711 np0000000936 devstack@neutron-api.service[86820]: 'ConntrackHelper': {'1.0'},
May 18 12:07:01.646711 np0000000936 devstack@neutron-api.service[86820]: 'LocalIPAssociation': {'1.0'},
May 18 12:07:01.646711 np0000000936 devstack@neutron-api.service[86820]: 'Log': {'1.0'},
May 18 12:07:01.646711 np0000000936 devstack@neutron-api.service[86820]: 'NDPProxy': {'1.0'},
May 18 12:07:01.646711 np0000000936 devstack@neutron-api.service[86820]: 'Network': {'1.2'},
May 18 12:07:01.646711 np0000000936 devstack@neutron-api.service[86820]: 'Port': {'1.10'},
May 18 12:07:01.646711 np0000000936 devstack@neutron-api.service[86820]: 'PortForwarding': {'1.3'},
May 18 12:07:01.646711 np0000000936 devstack@neutron-api.service[86820]: 'QosPolicy': {'1.10'},
May 18 12:07:01.646711 np0000000936 devstack@neutron-api.service[86820]: 'SecurityGroup': {'1.6'},
May 18 12:07:01.646711 np0000000936 devstack@neutron-api.service[86820]: 'SecurityGroupRule': {'1.3'},
May 18 12:07:01.646711 np0000000936 devstack@neutron-api.service[86820]: 'SubPort': {'1.0'},
May 18 12:07:01.646711 np0000000936 devstack@neutron-api.service[86820]: 'Subnet': {'1.2'},
May 18 12:07:01.646711 np0000000936 devstack@neutron-api.service[86820]: 'Trunk': {'1.1'}}
May 18 12:07:01.646711 np0000000936 devstack@neutron-api.service[86820]: consumer versions:
May 18 12:07:01.646711 np0000000936 devstack@neutron-api.service[86820]: { OVN Neutron agent@np0000000936: {},
May 18 12:07:01.646711 np0000000936 devstack@neutron-api.service[86820]: OVN Controller Gateway agent@np0000000936: {}}
May 18 12:07:01.646711 np0000000936 devstack@neutron-api.service[86820]: {{(pid=86820) report /opt/stack/neutron/neutron/api/rpc/callbacks/version_manager.py:183}}
May 18 12:07:01.648892 np0000000936 devstack@neutron-api.service[86820]: DEBUG neutron.common.ovn.hash_ring_manager [None req-8a14a1d8-0212-4938-884e-a9f512f608fd None None] Hash Ring loaded. 2 active nodes. 0 offline nodes {{(pid=86820) _load_hash_ring /opt/stack/neutron/neutron/common/ovn/hash_ring_manager.py:102}}
May 18 12:07:01.651121 np0000000936 devstack@neutron-api.service[86820]: DEBUG neutron.plugins.ml2.drivers.ovn.mech_driver.ovsdb.ovsdb_monitor [None req-8a14a1d8-0212-4938-884e-a9f512f608fd None None] ChassisOVNAgentWriteEvent : Matched Chassis_Private, update, None None {{(pid=86820) matches /opt/stack/neutron/neutron/plugins/ml2/drivers/ovn/mech_driver/ovsdb/ovsdb_monitor.py:64}}
May 18 12:07:01.654897 np0000000936 devstack@neutron-api.service[86820]: DEBUG ovsdbapp.backend.ovs_idl.transaction [None req-da3995a3-a752-4417-8fa4-5f2dc27942e2 None None] Running txn n=1 command(idx=0): AddNetworkCommand(_result=None, network_uuid=cf0f66a5-dc3f-4a77-b677-5214cfa3e11a, may_exist=True, columns={'external_ids': {'neutron:network_name': 'shared', 'neutron:mtu': '1372', 'neutron:revision_number': '1', 'neutron:availability_zone_hints': '', 'neutron:provnet-network-type': 'geneve'}, 'other_config': {'mcast_snoop': 'false', 'mcast_flood_unregistered': 'false', 'vlan-passthru': 'false'}}) {{(pid=86820) do_commit /opt/stack/data/venv/lib/python3.12/site-packages/ovsdbapp/backend/ovs_idl/transaction.py:89}}
May 18 12:07:01.656673 np0000000936 devstack@neutron-api.service[86820]: DEBUG neutron.plugins.ml2.drivers.ovn.mech_driver.ovsdb.ovsdb_monitor [None req-da3995a3-a752-4417-8fa4-5f2dc27942e2 None None] Hash Ring: Node 66933e58e7b9538ea52659e345e99ade (host: np0000000936) handling event "create" for row cf0f66a5-dc3f-4a77-b677-5214cfa3e11a (table: Logical_Switch) {{(pid=86820) notify /opt/stack/neutron/neutron/plugins/ml2/drivers/ovn/mech_driver/ovsdb/ovsdb_monitor.py:942}}
May 18 12:07:01.659422 np0000000936 devstack@neutron-api.service[86819]: DEBUG neutron.plugins.ml2.drivers.ovn.mech_driver.ovsdb.ovsdb_monitor [None req-6cb8e74b-f453-4663-b727-a8e796f9100c None None] Hash Ring: Node 5ea45bd20dbe50cb80a9265d73faa108 (host: np0000000936) handling event "create" for row dcd69763-c44e-4ba1-a6fc-56f5edf6c7a3 (table: Datapath_Binding) {{(pid=86819) notify /opt/stack/neutron/neutron/plugins/ml2/drivers/ovn/mech_driver/ovsdb/ovsdb_monitor.py:942}}
May 18 12:07:01.673790 np0000000936 devstack@neutron-api.service[86820]: INFO neutron.db.ovn_revision_numbers_db [None req-fd369b8f-e2ee-4d30-a9f1-dd173d6c94f3 admin admin] Successfully bumped revision number for resource cf0f66a5-dc3f-4a77-b677-5214cfa3e11a (type: networks) to 1
May 18 12:07:01.683425 np0000000936 devstack@neutron-api.service[86820]: DEBUG neutron_lib.callbacks.manager [None req-fd369b8f-e2ee-4d30-a9f1-dd173d6c94f3 admin admin] Publish callbacks ['neutron.plugins.ml2.plugin.SecurityGroupDbMixin._ensure_default_security_group_handler-119952'] for port (None), before_create {{(pid=86820) _notify_loop /opt/stack/data/venv/lib/python3.12/site-packages/neutron_lib/callbacks/manager.py:184}}
May 18 12:07:01.739099 np0000000936 devstack@neutron-api.service[86820]: DEBUG neutron_lib.callbacks.manager [None req-fd369b8f-e2ee-4d30-a9f1-dd173d6c94f3 admin admin] Publish callbacks ['neutron.plugins.ml2.drivers.ovn.mech_driver.mech_driver.OVNMechanismDriver._validate_allowed_address_pairs-452918'] for allowed_address_pair (705b39b2-e6f2-47ab-ad13-fd06f7df8720), before_create {{(pid=86820) _notify_loop /opt/stack/data/venv/lib/python3.12/site-packages/neutron_lib/callbacks/manager.py:184}}
May 18 12:07:01.739647 np0000000936 devstack@neutron-api.service[86820]: DEBUG neutron_lib.callbacks.manager [None req-fd369b8f-e2ee-4d30-a9f1-dd173d6c94f3 admin admin] Publish callbacks [] for port (705b39b2-e6f2-47ab-ad13-fd06f7df8720), precommit_create {{(pid=86820) _notify_loop /opt/stack/data/venv/lib/python3.12/site-packages/neutron_lib/callbacks/manager.py:184}}
May 18 12:07:01.739783 np0000000936 devstack@neutron-api.service[86820]: DEBUG neutron.plugins.ml2.drivers.ovn.mech_driver.mech_driver [None req-fd369b8f-e2ee-4d30-a9f1-dd173d6c94f3 admin admin] No provisioning block for port 705b39b2-e6f2-47ab-ad13-fd06f7df8720 since it does not have a host {{(pid=86820) _is_port_provisioning_required /opt/stack/neutron/neutron/plugins/ml2/drivers/ovn/mech_driver/mech_driver.py:894}}
May 18 12:07:01.739886 np0000000936 devstack@neutron-api.service[86820]: DEBUG neutron.db.ovn_revision_numbers_db [None req-fd369b8f-e2ee-4d30-a9f1-dd173d6c94f3 admin admin] create_initial_revision uuid=705b39b2-e6f2-47ab-ad13-fd06f7df8720, type=ports, rev=-1 {{(pid=86820) create_initial_revision /opt/stack/neutron/neutron/db/ovn_revision_numbers_db.py:98}}
May 18 12:07:01.764059 np0000000936 devstack@neutron-api.service[86820]: DEBUG neutron_lib.callbacks.manager [None req-fd369b8f-e2ee-4d30-a9f1-dd173d6c94f3 admin admin] Publish callbacks ['neutron.plugins.ml2.ovo_rpc._ObjectChangeHandler.handle_event-6807522'] for port (705b39b2-e6f2-47ab-ad13-fd06f7df8720), after_create {{(pid=86820) _notify_loop /opt/stack/data/venv/lib/python3.12/site-packages/neutron_lib/callbacks/manager.py:184}}
May 18 12:07:01.788253 np0000000936 devstack@neutron-api.service[86820]: DEBUG neutron.api.rpc.handlers.resources_rpc [None req-fd369b8f-e2ee-4d30-a9f1-dd173d6c94f3 admin admin] Pushing event updated for resources: {'Port': ['ID=705b39b2-e6f2-47ab-ad13-fd06f7df8720,revision_number=1']} {{(pid=86820) push /opt/stack/neutron/neutron/api/rpc/handlers/resources_rpc.py:237}}
May 18 12:07:01.793217 np0000000936 devstack@neutron-api.service[86820]: DEBUG ovsdbapp.backend.ovs_idl.transaction [None req-da3995a3-a752-4417-8fa4-5f2dc27942e2 None None] Running txn n=1 command(idx=0): AddLSwitchPortCommand(_result=None, lport=705b39b2-e6f2-47ab-ad13-fd06f7df8720, lswitch=neutron-cf0f66a5-dc3f-4a77-b677-5214cfa3e11a, may_exist=True, network_uuid=cf0f66a5-dc3f-4a77-b677-5214cfa3e11a, columns={'addresses': ['fa:16:3e:04:74:c3'], 'external_ids': {'neutron:port_name': '', 'neutron:device_id': 'ovnmeta-cf0f66a5-dc3f-4a77-b677-5214cfa3e11a', 'neutron:project_id': '999c2049fd6b4b03aaa7953e8653d8b7', 'neutron:cidrs': '', 'neutron:device_owner': 'network:distributed', 'neutron:subnet_pool_addr_scope4': '', 'neutron:subnet_pool_addr_scope6': '', 'neutron:network_name': 'neutron-cf0f66a5-dc3f-4a77-b677-5214cfa3e11a', 'neutron:security_group_ids': '', 'neutron:revision_number': '1', 'neutron:vnic_type': 'normal', 'neutron:port_capabilities': '', 'neutron:mtu': ''}, 'parent_name': [], 'tag': [], 'enabled': True, 'options': {}, 'type': 'localport', 'port_security': [], 'dhcpv4_options': [], 'dhcpv6_options': []}) {{(pid=86820) do_commit /opt/stack/data/venv/lib/python3.12/site-packages/ovsdbapp/backend/ovs_idl/transaction.py:89}}
May 18 12:07:01.793579 np0000000936 devstack@neutron-api.service[86820]: DEBUG ovsdbapp.backend.ovs_idl.transaction [None req-da3995a3-a752-4417-8fa4-5f2dc27942e2 None None] Running txn n=1 command(idx=1): QoSDelCommand(_result=None, switch=neutron-cf0f66a5-dc3f-4a77-b677-5214cfa3e11a, conditions=[('direction', '=', 'to-lport'), ('priority', '=', 2002), ('match', '=', 'outport == "705b39b2-e6f2-47ab-ad13-fd06f7df8720"')], if_exists=True) {{(pid=86820) do_commit /opt/stack/data/venv/lib/python3.12/site-packages/ovsdbapp/backend/ovs_idl/transaction.py:89}}
May 18 12:07:01.793725 np0000000936 devstack@neutron-api.service[86820]: DEBUG ovsdbapp.backend.ovs_idl.transaction [None req-da3995a3-a752-4417-8fa4-5f2dc27942e2 None None] Running txn n=1 command(idx=2): QoSDelCommand(_result=None, switch=neutron-cf0f66a5-dc3f-4a77-b677-5214cfa3e11a, conditions=[('direction', '=', 'from-lport'), ('priority', '=', 2002), ('match', '=', 'inport == "705b39b2-e6f2-47ab-ad13-fd06f7df8720"')], if_exists=True) {{(pid=86820) do_commit /opt/stack/data/venv/lib/python3.12/site-packages/ovsdbapp/backend/ovs_idl/transaction.py:89}}
May 18 12:07:01.796182 np0000000936 devstack@neutron-api.service[86820]: DEBUG neutron.plugins.ml2.drivers.ovn.mech_driver.ovsdb.ovsdb_monitor [None req-da3995a3-a752-4417-8fa4-5f2dc27942e2 None None] Hash Ring: Node 66933e58e7b9538ea52659e345e99ade (host: np0000000936) handling event "update" for row cf0f66a5-dc3f-4a77-b677-5214cfa3e11a (table: Logical_Switch) {{(pid=86820) notify /opt/stack/neutron/neutron/plugins/ml2/drivers/ovn/mech_driver/ovsdb/ovsdb_monitor.py:942}}
May 18 12:07:01.797541 np0000000936 devstack@neutron-api.service[86820]: DEBUG neutron.plugins.ml2.drivers.ovn.mech_driver.ovsdb.ovsdb_monitor [None req-da3995a3-a752-4417-8fa4-5f2dc27942e2 None None] Hash Ring: Node 66933e58e7b9538ea52659e345e99ade (host: np0000000936) handling event "create" for row 7bcfac8e-3358-407f-8235-f5b9c1d9f35a (table: Logical_Switch_Port) {{(pid=86820) notify /opt/stack/neutron/neutron/plugins/ml2/drivers/ovn/mech_driver/ovsdb/ovsdb_monitor.py:942}}
