May 20 19:02:33.954386 np0000001103 devstack@g-api.service[101927]: DEBUG glance.api.middleware.version_negotiation [None req-c8db2177-ef5b-4ea5-bc35-d5cd598f1819 tempest-ServerBootFromVolumeStableRescueTest-1324828749 tempest-ServerBootFromVolumeStableRescueTest-1324828749-project-member] Determining version of request: PUT /v2/images/a63c42d0-2b0e-4bb6-88e2-c70af6eef37b/file Accept: */* {{(pid=101927) process_request /opt/stack/glance/glance/api/middleware/version_negotiation.py:44}}
May 20 19:02:33.954495 np0000001103 devstack@g-api.service[101927]: DEBUG glance.api.middleware.version_negotiation [None req-c8db2177-ef5b-4ea5-bc35-d5cd598f1819 tempest-ServerBootFromVolumeStableRescueTest-1324828749 tempest-ServerBootFromVolumeStableRescueTest-1324828749-project-member] Using url versioning {{(pid=101927) process_request /opt/stack/glance/glance/api/middleware/version_negotiation.py:57}}
May 20 19:02:33.954608 np0000001103 devstack@g-api.service[101927]: DEBUG glance.api.middleware.version_negotiation [None req-c8db2177-ef5b-4ea5-bc35-d5cd598f1819 tempest-ServerBootFromVolumeStableRescueTest-1324828749 tempest-ServerBootFromVolumeStableRescueTest-1324828749-project-member] Matched version: v2 {{(pid=101927) process_request /opt/stack/glance/glance/api/middleware/version_negotiation.py:69}}
May 20 19:02:33.955169 np0000001103 devstack@g-api.service[101927]: DEBUG glance.api.middleware.version_negotiation [None req-c8db2177-ef5b-4ea5-bc35-d5cd598f1819 tempest-ServerBootFromVolumeStableRescueTest-1324828749 tempest-ServerBootFromVolumeStableRescueTest-1324828749-project-member] new path /v2/images/a63c42d0-2b0e-4bb6-88e2-c70af6eef37b/file {{(pid=101927) process_request /opt/stack/glance/glance/api/middleware/version_negotiation.py:70}}
May 20 19:02:34.212143 np0000001103 devstack@g-api.service[101926]: DEBUG glance.api.middleware.version_negotiation [None req-c8db2177-ef5b-4ea5-bc35-d5cd598f1819 tempest-ServerBootFromVolumeStableRescueTest-1324828749 tempest-ServerBootFromVolumeStableRescueTest-1324828749-project-member] Determining version of request: GET /v2/images/a63c42d0-2b0e-4bb6-88e2-c70af6eef37b Accept: application/json {{(pid=101926) process_request /opt/stack/glance/glance/api/middleware/version_negotiation.py:44}}
May 20 19:02:34.212500 np0000001103 devstack@g-api.service[101926]: DEBUG glance.api.middleware.version_negotiation [None req-c8db2177-ef5b-4ea5-bc35-d5cd598f1819 tempest-ServerBootFromVolumeStableRescueTest-1324828749 tempest-ServerBootFromVolumeStableRescueTest-1324828749-project-member] Using url versioning {{(pid=101926) process_request /opt/stack/glance/glance/api/middleware/version_negotiation.py:57}}
May 20 19:02:34.212500 np0000001103 devstack@g-api.service[101926]: DEBUG glance.api.middleware.version_negotiation [None req-c8db2177-ef5b-4ea5-bc35-d5cd598f1819 tempest-ServerBootFromVolumeStableRescueTest-1324828749 tempest-ServerBootFromVolumeStableRescueTest-1324828749-project-member] Matched version: v2 {{(pid=101926) process_request /opt/stack/glance/glance/api/middleware/version_negotiation.py:69}}
May 20 19:02:34.212570 np0000001103 devstack@g-api.service[101926]: DEBUG glance.api.middleware.version_negotiation [None req-c8db2177-ef5b-4ea5-bc35-d5cd598f1819 tempest-ServerBootFromVolumeStableRescueTest-1324828749 tempest-ServerBootFromVolumeStableRescueTest-1324828749-project-member] new path /v2/images/a63c42d0-2b0e-4bb6-88e2-c70af6eef37b {{(pid=101926) process_request /opt/stack/glance/glance/api/middleware/version_negotiation.py:70}}
May 20 19:02:34.222728 np0000001103 devstack@g-api.service[101926]: [pid: 101926|app: 0|req: 59/175] 127.0.0.1 () {40 vars in 838 bytes} [Wed May 20 19:02:34 2026] GET /v2/images/a63c42d0-2b0e-4bb6-88e2-c70af6eef37b => generated 1470 bytes in 11 msecs (HTTP/1.1 200) 4 headers in 158 bytes (1 switches on core 0)
May 20 19:02:34.374545 np0000001103 devstack@g-api.service[101928]: DEBUG glance.api.middleware.version_negotiation [None req-c8db2177-ef5b-4ea5-bc35-d5cd598f1819 tempest-ServerBootFromVolumeStableRescueTest-1324828749 tempest-ServerBootFromVolumeStableRescueTest-1324828749-project-member] Determining version of request: GET /v2/images/b24ab0e0-7b01-4a07-94aa-846e6f3daad4 Accept: */* {{(pid=101928) process_request /opt/stack/glance/glance/api/middleware/version_negotiation.py:44}}
May 20 19:02:34.374836 np0000001103 devstack@g-api.service[101928]: DEBUG glance.api.middleware.version_negotiation [None req-c8db2177-ef5b-4ea5-bc35-d5cd598f1819 tempest-ServerBootFromVolumeStableRescueTest-1324828749 tempest-ServerBootFromVolumeStableRescueTest-1324828749-project-member] Using url versioning {{(pid=101928) process_request /opt/stack/glance/glance/api/middleware/version_negotiation.py:57}}
May 20 19:02:34.374836 np0000001103 devstack@g-api.service[101928]: DEBUG glance.api.middleware.version_negotiation [None req-c8db2177-ef5b-4ea5-bc35-d5cd598f1819 tempest-ServerBootFromVolumeStableRescueTest-1324828749 tempest-ServerBootFromVolumeStableRescueTest-1324828749-project-member] Matched version: v2 {{(pid=101928) process_request /opt/stack/glance/glance/api/middleware/version_negotiation.py:69}}
May 20 19:02:34.374836 np0000001103 devstack@g-api.service[101928]: DEBUG glance.api.middleware.version_negotiation [None req-c8db2177-ef5b-4ea5-bc35-d5cd598f1819 tempest-ServerBootFromVolumeStableRescueTest-1324828749 tempest-ServerBootFromVolumeStableRescueTest-1324828749-project-member] new path /v2/images/b24ab0e0-7b01-4a07-94aa-846e6f3daad4 {{(pid=101928) process_request /opt/stack/glance/glance/api/middleware/version_negotiation.py:70}}
May 20 19:02:34.389319 np0000001103 devstack@g-api.service[101928]: [pid: 101928|app: 0|req: 62/176] 127.0.0.1 () {44 vars in 1115 bytes} [Wed May 20 19:02:34 2026] GET /v2/images/b24ab0e0-7b01-4a07-94aa-846e6f3daad4 => generated 1336 bytes in 15 msecs (HTTP/1.1 200) 4 headers in 158 bytes (1 switches on core 0)
May 20 19:02:34.423505 np0000001103 devstack@g-api.service[101926]: DEBUG glance.api.middleware.version_negotiation [None req-e6d29c8c-e4c6-4c02-88ab-f4fd391d2667 tempest-ServerBootFromVolumeStableRescueTest-1324828749 tempest-ServerBootFromVolumeStableRescueTest-1324828749-project-member] Determining version of request: GET /v2/schemas/image Accept: */* {{(pid=101926) process_request /opt/stack/glance/glance/api/middleware/version_negotiation.py:44}}
May 20 19:02:34.423682 np0000001103 devstack@g-api.service[101926]: DEBUG glance.api.middleware.version_negotiation [None req-e6d29c8c-e4c6-4c02-88ab-f4fd391d2667 tempest-ServerBootFromVolumeStableRescueTest-1324828749 tempest-ServerBootFromVolumeStableRescueTest-1324828749-project-member] Using url versioning {{(pid=101926) process_request /opt/stack/glance/glance/api/middleware/version_negotiation.py:57}}
May 20 19:02:34.423843 np0000001103 devstack@g-api.service[101926]: DEBUG glance.api.middleware.version_negotiation [None req-e6d29c8c-e4c6-4c02-88ab-f4fd391d2667 tempest-ServerBootFromVolumeStableRescueTest-1324828749 tempest-ServerBootFromVolumeStableRescueTest-1324828749-project-member] Matched version: v2 {{(pid=101926) process_request /opt/stack/glance/glance/api/middleware/version_negotiation.py:69}}
May 20 19:02:34.423981 np0000001103 devstack@g-api.service[101926]: DEBUG glance.api.middleware.version_negotiation [None req-e6d29c8c-e4c6-4c02-88ab-f4fd391d2667 tempest-ServerBootFromVolumeStableRescueTest-1324828749 tempest-ServerBootFromVolumeStableRescueTest-1324828749-project-member] new path /v2/schemas/image {{(pid=101926) process_request /opt/stack/glance/glance/api/middleware/version_negotiation.py:70}}
May 20 19:02:34.427011 np0000001103 devstack@g-api.service[101926]: [pid: 101926|app: 0|req: 60/177] 127.0.0.1 () {44 vars in 1055 bytes} [Wed May 20 19:02:34 2026] GET /v2/schemas/image => generated 6083 bytes in 3 msecs (HTTP/1.1 200) 4 headers in 158 bytes (1 switches on core 0)
May 20 19:02:34.438813 np0000001103 devstack@g-api.service[101927]: INFO glance.api.v2.image_data [None req-c8db2177-ef5b-4ea5-bc35-d5cd598f1819 tempest-ServerBootFromVolumeStableRescueTest-1324828749 tempest-ServerBootFromVolumeStableRescueTest-1324828749-project-member] Unable to create trust: no such option collect_timing in group [keystone_authtoken] Use the existing user token.
May 20 19:02:34.879606 np0000001103 devstack@g-api.service[101927]: DEBUG glance.location [None req-c8db2177-ef5b-4ea5-bc35-d5cd598f1819 tempest-ServerBootFromVolumeStableRescueTest-1324828749 tempest-ServerBootFromVolumeStableRescueTest-1324828749-project-member] Enabling in-flight format inspection for qcow2 {{(pid=101927) set_data /opt/stack/glance/glance/location.py:616}}
May 20 19:02:34.879606 np0000001103 devstack@g-api.service[101927]: DEBUG glance_store.backend [None req-c8db2177-ef5b-4ea5-bc35-d5cd598f1819 tempest-ServerBootFromVolumeStableRescueTest-1324828749 tempest-ServerBootFromVolumeStableRescueTest-1324828749-project-member] Attempting to import store swift {{(pid=101927) _load_store /opt/stack/data/venv/lib/python3.12/site-packages/glance_store/backend.py:215}}
May 20 19:02:34.880372 np0000001103 devstack@g-api.service[101928]: DEBUG glance.api.middleware.version_negotiation [None req-fe296755-8771-46b1-b315-6e731e506957 tempest-ServerStableDeviceRescueTest-1420998428 tempest-ServerStableDeviceRescueTest-1420998428-project-member] Determining version of request: GET /v2/images/b24ab0e0-7b01-4a07-94aa-846e6f3daad4 Accept: */* {{(pid=101928) process_request /opt/stack/glance/glance/api/middleware/version_negotiation.py:44}}
May 20 19:02:34.880515 np0000001103 devstack@g-api.service[101928]: DEBUG glance.api.middleware.version_negotiation [None req-fe296755-8771-46b1-b315-6e731e506957 tempest-ServerStableDeviceRescueTest-1420998428 tempest-ServerStableDeviceRescueTest-1420998428-project-member] Using url versioning {{(pid=101928) process_request /opt/stack/glance/glance/api/middleware/version_negotiation.py:57}}
May 20 19:02:34.880665 np0000001103 devstack@g-api.service[101928]: DEBUG glance.api.middleware.version_negotiation [None req-fe296755-8771-46b1-b315-6e731e506957 tempest-ServerStableDeviceRescueTest-1420998428 tempest-ServerStableDeviceRescueTest-1420998428-project-member] Matched version: v2 {{(pid=101928) process_request /opt/stack/glance/glance/api/middleware/version_negotiation.py:69}}
May 20 19:02:34.880753 np0000001103 devstack@g-api.service[101927]: DEBUG glance_store.capabilities [None req-c8db2177-ef5b-4ea5-bc35-d5cd598f1819 tempest-ServerBootFromVolumeStableRescueTest-1324828749 tempest-ServerBootFromVolumeStableRescueTest-1324828749-project-member] Store glance_store._drivers.swift.store.SingleTenantStore doesn't support updating dynamic storage capabilities. Please overwrite 'update_capabilities' method of the store to implement updating logics if needed. {{(pid=101927) update_capabilities /opt/stack/data/venv/lib/python3.12/site-packages/glance_store/capabilities.py:91}}
May 20 19:02:34.880869 np0000001103 devstack@g-api.service[101928]: DEBUG glance.api.middleware.version_negotiation [None req-fe296755-8771-46b1-b315-6e731e506957 tempest-ServerStableDeviceRescueTest-1420998428 tempest-ServerStableDeviceRescueTest-1420998428-project-member] new path /v2/images/b24ab0e0-7b01-4a07-94aa-846e6f3daad4 {{(pid=101928) process_request /opt/stack/glance/glance/api/middleware/version_negotiation.py:70}}
May 20 19:02:34.884136 np0000001103 devstack@g-api.service[101927]: DEBUG glance_store.driver [None req-c8db2177-ef5b-4ea5-bc35-d5cd598f1819 tempest-ServerBootFromVolumeStableRescueTest-1324828749 tempest-ServerBootFromVolumeStableRescueTest-1324828749-project-member] Late loading location class glance_store._drivers.swift.store.StoreLocation {{(pid=101927) get_store_location_class /opt/stack/data/venv/lib/python3.12/site-packages/glance_store/driver.py:134}}
May 20 19:02:34.884136 np0000001103 devstack@g-api.service[101927]: DEBUG glance_store.location [None req-c8db2177-ef5b-4ea5-bc35-d5cd598f1819 tempest-ServerBootFromVolumeStableRescueTest-1324828749 tempest-ServerBootFromVolumeStableRescueTest-1324828749-project-member] Registering scheme swift+https with {'store': , 'location_class': , 'store_entry': 'swift'} {{(pid=101927) register_scheme_map /opt/stack/data/venv/lib/python3.12/site-packages/glance_store/location.py:146}}
May 20 19:02:34.884136 np0000001103 devstack@g-api.service[101927]: DEBUG glance_store.location [None req-c8db2177-ef5b-4ea5-bc35-d5cd598f1819 tempest-ServerBootFromVolumeStableRescueTest-1324828749 tempest-ServerBootFromVolumeStableRescueTest-1324828749-project-member] Registering scheme swift+https with {'store': , 'location_class': , 'store_entry': 'swift'} {{(pid=101927) register_scheme_map /opt/stack/data/venv/lib/python3.12/site-packages/glance_store/location.py:146}}
May 20 19:02:34.884136 np0000001103 devstack@g-api.service[101927]: DEBUG glance_store.location [None req-c8db2177-ef5b-4ea5-bc35-d5cd598f1819 tempest-ServerBootFromVolumeStableRescueTest-1324828749 tempest-ServerBootFromVolumeStableRescueTest-1324828749-project-member] Registering scheme swift with {'store': , 'location_class': , 'store_entry': 'swift'} {{(pid=101927) register_scheme_map /opt/stack/data/venv/lib/python3.12/site-packages/glance_store/location.py:146}}
May 20 19:02:34.884136 np0000001103 devstack@g-api.service[101927]: DEBUG glance_store.location [None req-c8db2177-ef5b-4ea5-bc35-d5cd598f1819 tempest-ServerBootFromVolumeStableRescueTest-1324828749 tempest-ServerBootFromVolumeStableRescueTest-1324828749-project-member] Registering scheme swift+https with {'store': , 'location_class': , 'store_entry': 'swift'} {{(pid=101927) register_scheme_map /opt/stack/data/venv/lib/python3.12/site-packages/glance_store/location.py:146}}
May 20 19:02:34.884136 np0000001103 devstack@g-api.service[101927]: DEBUG glance_store.location [None req-c8db2177-ef5b-4ea5-bc35-d5cd598f1819 tempest-ServerBootFromVolumeStableRescueTest-1324828749 tempest-ServerBootFromVolumeStableRescueTest-1324828749-project-member] Registering scheme swift with {'store': , 'location_class': , 'store_entry': 'swift'} {{(pid=101927) register_scheme_map /opt/stack/data/venv/lib/python3.12/site-packages/glance_store/location.py:146}}
May 20 19:02:34.884136 np0000001103 devstack@g-api.service[101927]: DEBUG glance_store.location [None req-c8db2177-ef5b-4ea5-bc35-d5cd598f1819 tempest-ServerBootFromVolumeStableRescueTest-1324828749 tempest-ServerBootFromVolumeStableRescueTest-1324828749-project-member] Registering scheme swift+http with {'store': , 'location_class': , 'store_entry': 'swift'} {{(pid=101927) register_scheme_map /opt/stack/data/venv/lib/python3.12/site-packages/glance_store/location.py:146}}
May 20 19:02:34.884136 np0000001103 devstack@g-api.service[101927]: DEBUG glance_store.location [None req-c8db2177-ef5b-4ea5-bc35-d5cd598f1819 tempest-ServerBootFromVolumeStableRescueTest-1324828749 tempest-ServerBootFromVolumeStableRescueTest-1324828749-project-member] Registering scheme swift+https with {'store': , 'location_class': , 'store_entry': 'swift'} {{(pid=101927) register_scheme_map /opt/stack/data/venv/lib/python3.12/site-packages/glance_store/location.py:146}}
May 20 19:02:34.884136 np0000001103 devstack@g-api.service[101927]: DEBUG glance_store.location [None req-c8db2177-ef5b-4ea5-bc35-d5cd598f1819 tempest-ServerBootFromVolumeStableRescueTest-1324828749 tempest-ServerBootFromVolumeStableRescueTest-1324828749-project-member] Registering scheme swift with {'store': , 'location_class': , 'store_entry': 'swift'} {{(pid=101927) register_scheme_map /opt/stack/data/venv/lib/python3.12/site-packages/glance_store/location.py:146}}
May 20 19:02:34.884136 np0000001103 devstack@g-api.service[101927]: DEBUG glance_store.location [None req-c8db2177-ef5b-4ea5-bc35-d5cd598f1819 tempest-ServerBootFromVolumeStableRescueTest-1324828749 tempest-ServerBootFromVolumeStableRescueTest-1324828749-project-member] Registering scheme swift+http with {'store': , 'location_class': , 'store_entry': 'swift'} {{(pid=101927) register_scheme_map /opt/stack/data/venv/lib/python3.12/site-packages/glance_store/location.py:146}}
May 20 19:02:34.884699 np0000001103 devstack@g-api.service[101927]: DEBUG glance_store.location [None req-c8db2177-ef5b-4ea5-bc35-d5cd598f1819 tempest-ServerBootFromVolumeStableRescueTest-1324828749 tempest-ServerBootFromVolumeStableRescueTest-1324828749-project-member] Registering scheme swift+config with {'store': , 'location_class': , 'store_entry': 'swift'} {{(pid=101927) register_scheme_map /opt/stack/data/venv/lib/python3.12/site-packages/glance_store/location.py:146}}
May 20 19:02:34.891479 np0000001103 devstack@g-api.service[101928]: [pid: 101928|app: 0|req: 63/178] 127.0.0.1 () {44 vars in 1115 bytes} [Wed May 20 19:02:34 2026] GET /v2/images/b24ab0e0-7b01-4a07-94aa-846e6f3daad4 => generated 1336 bytes in 11 msecs (HTTP/1.1 200) 4 headers in 158 bytes (1 switches on core 0)
May 20 19:02:34.938067 np0000001103 devstack@g-api.service[101926]: DEBUG glance.api.middleware.version_negotiation [None req-fe296755-8771-46b1-b315-6e731e506957 tempest-ServerStableDeviceRescueTest-1420998428 tempest-ServerStableDeviceRescueTest-1420998428-project-member] Determining version of request: GET /v2/schemas/image Accept: */* {{(pid=101926) process_request /opt/stack/glance/glance/api/middleware/version_negotiation.py:44}}
May 20 19:02:34.938067 np0000001103 devstack@g-api.service[101926]: DEBUG glance.api.middleware.version_negotiation [None req-fe296755-8771-46b1-b315-6e731e506957 tempest-ServerStableDeviceRescueTest-1420998428 tempest-ServerStableDeviceRescueTest-1420998428-project-member] Using url versioning {{(pid=101926) process_request /opt/stack/glance/glance/api/middleware/version_negotiation.py:57}}
May 20 19:02:34.938067 np0000001103 devstack@g-api.service[101926]: DEBUG glance.api.middleware.version_negotiation [None req-fe296755-8771-46b1-b315-6e731e506957 tempest-ServerStableDeviceRescueTest-1420998428 tempest-ServerStableDeviceRescueTest-1420998428-project-member] Matched version: v2 {{(pid=101926) process_request /opt/stack/glance/glance/api/middleware/version_negotiation.py:69}}
May 20 19:02:34.938067 np0000001103 devstack@g-api.service[101926]: DEBUG glance.api.middleware.version_negotiation [None req-fe296755-8771-46b1-b315-6e731e506957 tempest-ServerStableDeviceRescueTest-1420998428 tempest-ServerStableDeviceRescueTest-1420998428-project-member] new path /v2/schemas/image {{(pid=101926) process_request /opt/stack/glance/glance/api/middleware/version_negotiation.py:70}}
May 20 19:02:34.944052 np0000001103 devstack@g-api.service[101926]: [pid: 101926|app: 0|req: 61/179] 127.0.0.1 () {44 vars in 1055 bytes} [Wed May 20 19:02:34 2026] GET /v2/schemas/image => generated 6083 bytes in 5 msecs (HTTP/1.1 200) 4 headers in 158 bytes (1 switches on core 0)
May 20 19:02:35.002806 np0000001103 devstack@g-api.service[101928]: DEBUG glance.api.middleware.version_negotiation [None req-1b75705f-e8ea-4b40-aad3-0f56687be429 tempest-ServerStableDeviceRescueTest-1420998428 tempest-ServerStableDeviceRescueTest-1420998428-project-member] Determining version of request: GET /v2/schemas/image Accept: */* {{(pid=101928) process_request /opt/stack/glance/glance/api/middleware/version_negotiation.py:44}}
May 20 19:02:35.002806 np0000001103 devstack@g-api.service[101928]: DEBUG glance.api.middleware.version_negotiation [None req-1b75705f-e8ea-4b40-aad3-0f56687be429 tempest-ServerStableDeviceRescueTest-1420998428 tempest-ServerStableDeviceRescueTest-1420998428-project-member] Using url versioning {{(pid=101928) process_request /opt/stack/glance/glance/api/middleware/version_negotiation.py:57}}
May 20 19:02:35.002806 np0000001103 devstack@g-api.service[101928]: DEBUG glance.api.middleware.version_negotiation [None req-1b75705f-e8ea-4b40-aad3-0f56687be429 tempest-ServerStableDeviceRescueTest-1420998428 tempest-ServerStableDeviceRescueTest-1420998428-project-member] Matched version: v2 {{(pid=101928) process_request /opt/stack/glance/glance/api/middleware/version_negotiation.py:69}}
May 20 19:02:35.002806 np0000001103 devstack@g-api.service[101928]: DEBUG glance.api.middleware.version_negotiation [None req-1b75705f-e8ea-4b40-aad3-0f56687be429 tempest-ServerStableDeviceRescueTest-1420998428 tempest-ServerStableDeviceRescueTest-1420998428-project-member] new path /v2/schemas/image {{(pid=101928) process_request /opt/stack/glance/glance/api/middleware/version_negotiation.py:70}}
May 20 19:02:35.005024 np0000001103 devstack@g-api.service[101928]: [pid: 101928|app: 0|req: 64/180] 127.0.0.1 () {44 vars in 1055 bytes} [Wed May 20 19:02:35 2026] GET /v2/schemas/image => generated 6083 bytes in 3 msecs (HTTP/1.1 200) 4 headers in 158 bytes (1 switches on core 0)
May 20 19:02:35.061626 np0000001103 devstack@g-api.service[101926]: DEBUG glance.api.middleware.version_negotiation [None req-1b75705f-e8ea-4b40-aad3-0f56687be429 tempest-ServerStableDeviceRescueTest-1420998428 tempest-ServerStableDeviceRescueTest-1420998428-project-member] Determining version of request: PATCH /v2/images/b24ab0e0-7b01-4a07-94aa-846e6f3daad4 Accept: */* {{(pid=101926) process_request /opt/stack/glance/glance/api/middleware/version_negotiation.py:44}}
May 20 19:02:35.061804 np0000001103 devstack@g-api.service[101926]: DEBUG glance.api.middleware.version_negotiation [None req-1b75705f-e8ea-4b40-aad3-0f56687be429 tempest-ServerStableDeviceRescueTest-1420998428 tempest-ServerStableDeviceRescueTest-1420998428-project-member] Using url versioning {{(pid=101926) process_request /opt/stack/glance/glance/api/middleware/version_negotiation.py:57}}
May 20 19:02:35.061874 np0000001103 devstack@g-api.service[101926]: DEBUG glance.api.middleware.version_negotiation [None req-1b75705f-e8ea-4b40-aad3-0f56687be429 tempest-ServerStableDeviceRescueTest-1420998428 tempest-ServerStableDeviceRescueTest-1420998428-project-member] Matched version: v2 {{(pid=101926) process_request /opt/stack/glance/glance/api/middleware/version_negotiation.py:69}}
May 20 19:02:35.062093 np0000001103 devstack@g-api.service[101926]: DEBUG glance.api.middleware.version_negotiation [None req-1b75705f-e8ea-4b40-aad3-0f56687be429 tempest-ServerStableDeviceRescueTest-1420998428 tempest-ServerStableDeviceRescueTest-1420998428-project-member] new path /v2/images/b24ab0e0-7b01-4a07-94aa-846e6f3daad4 {{(pid=101926) process_request /opt/stack/glance/glance/api/middleware/version_negotiation.py:70}}
May 20 19:02:35.221014 np0000001103 devstack@g-api.service[101927]: DEBUG swiftclient [None req-c8db2177-ef5b-4ea5-bc35-d5cd598f1819 tempest-ServerBootFromVolumeStableRescueTest-1324828749 tempest-ServerBootFromVolumeStableRescueTest-1324828749-project-member] REQ: curl -i https://10.4.3.251:8080/v1/AUTH_c90a63ed6c094b9cbacaffb83120d0a7/glance -I -H "X-Auth-Token: gAAAAABqDgVKi6hJ..." {{(pid=101927) http_log /opt/stack/data/venv/lib/python3.12/site-packages/swiftclient/client.py:160}}
May 20 19:02:35.221180 np0000001103 devstack@g-api.service[101927]: DEBUG swiftclient [None req-c8db2177-ef5b-4ea5-bc35-d5cd598f1819 tempest-ServerBootFromVolumeStableRescueTest-1324828749 tempest-ServerBootFromVolumeStableRescueTest-1324828749-project-member] RESP STATUS: 204 No Content {{(pid=101927) http_log /opt/stack/data/venv/lib/python3.12/site-packages/swiftclient/client.py:161}}
May 20 19:02:35.221403 np0000001103 devstack@g-api.service[101927]: DEBUG swiftclient [None req-c8db2177-ef5b-4ea5-bc35-d5cd598f1819 tempest-ServerBootFromVolumeStableRescueTest-1324828749 tempest-ServerBootFromVolumeStableRescueTest-1324828749-project-member] RESP HEADERS: {'Date': 'Wed, 20 May 2026 19:02:35 GMT', 'Server': 'Apache/2.4.58 (Ubuntu)', 'Content-Type': 'text/plain; charset=utf-8', 'X-Container-Object-Count': '5', 'X-Container-Bytes-Used': '87883776', 'X-Timestamp': '1779303476.19050', 'Last-Modified': 'Wed, 20 May 2026 18:57:57 GMT', 'Accept-Ranges': 'bytes', 'X-Storage-Policy': 'Policy-0', 'X-Container-Sharding': 'False', 'Vary': 'Accept', 'X-Trans-Id': 'tx75cff5dd6344410386490-006a0e054b', 'X-Openstack-Request-Id': 'tx75cff5dd6344410386490-006a0e054b', 'Connection': 'close'} {{(pid=101927) http_log /opt/stack/data/venv/lib/python3.12/site-packages/swiftclient/client.py:162}}
May 20 19:02:35.221565 np0000001103 devstack@g-api.service[101927]: DEBUG glance_store._drivers.swift.store [None req-c8db2177-ef5b-4ea5-bc35-d5cd598f1819 tempest-ServerBootFromVolumeStableRescueTest-1324828749 tempest-ServerBootFromVolumeStableRescueTest-1324828749-project-member] Adding image object 'a63c42d0-2b0e-4bb6-88e2-c70af6eef37b' to Swift {{(pid=101927) add /opt/stack/data/venv/lib/python3.12/site-packages/glance_store/_drivers/swift/store.py:978}}
May 20 19:02:35.221640 np0000001103 devstack@g-api.service[101927]: DEBUG glance_store._drivers.swift.store [None req-c8db2177-ef5b-4ea5-bc35-d5cd598f1819 tempest-ServerBootFromVolumeStableRescueTest-1324828749 tempest-ServerBootFromVolumeStableRescueTest-1324828749-project-member] Cannot determine image size because it is either not provided in the request or chunked-transfer encoding is used. Adding image as a segmented object to Swift. {{(pid=101927) add /opt/stack/data/venv/lib/python3.12/site-packages/glance_store/_drivers/swift/store.py:1002}}
May 20 19:02:35.229647 np0000001103 devstack@g-api.service[101927]: DEBUG oslo_utils.imageutils.format_inspector [None req-c8db2177-ef5b-4ea5-bc35-d5cd598f1819 tempest-ServerBootFromVolumeStableRescueTest-1324828749 tempest-ServerBootFromVolumeStableRescueTest-1324828749-project-member] Format inspector for vmdk does not match, excluding from consideration (Signature KDMV not found: b'QFI\xfb') {{(pid=101927) _process_chunk /opt/stack/data/venv/lib/python3.12/site-packages/oslo_utils/imageutils/format_inspector.py:1538}}
May 20 19:02:35.232061 np0000001103 devstack@g-api.service[101928]: DEBUG glance.api.middleware.version_negotiation [None req-1b75705f-e8ea-4b40-aad3-0f56687be429 tempest-ServerStableDeviceRescueTest-1420998428 tempest-ServerStableDeviceRescueTest-1420998428-project-member] Determining version of request: GET /v2/images/a63c42d0-2b0e-4bb6-88e2-c70af6eef37b Accept: application/json {{(pid=101928) process_request /opt/stack/glance/glance/api/middleware/version_negotiation.py:44}}
May 20 19:02:35.232244 np0000001103 devstack@g-api.service[101928]: DEBUG glance.api.middleware.version_negotiation [None req-1b75705f-e8ea-4b40-aad3-0f56687be429 tempest-ServerStableDeviceRescueTest-1420998428 tempest-ServerStableDeviceRescueTest-1420998428-project-member] Using url versioning {{(pid=101928) process_request /opt/stack/glance/glance/api/middleware/version_negotiation.py:57}}
May 20 19:02:35.232520 np0000001103 devstack@g-api.service[101928]: DEBUG glance.api.middleware.version_negotiation [None req-1b75705f-e8ea-4b40-aad3-0f56687be429 tempest-ServerStableDeviceRescueTest-1420998428 tempest-ServerStableDeviceRescueTest-1420998428-project-member] Matched version: v2 {{(pid=101928) process_request /opt/stack/glance/glance/api/middleware/version_negotiation.py:69}}
May 20 19:02:35.232696 np0000001103 devstack@g-api.service[101928]: DEBUG glance.api.middleware.version_negotiation [None req-1b75705f-e8ea-4b40-aad3-0f56687be429 tempest-ServerStableDeviceRescueTest-1420998428 tempest-ServerStableDeviceRescueTest-1420998428-project-member] new path /v2/images/a63c42d0-2b0e-4bb6-88e2-c70af6eef37b {{(pid=101928) process_request /opt/stack/glance/glance/api/middleware/version_negotiation.py:70}}
May 20 19:02:35.233917 np0000001103 devstack@g-api.service[101927]: DEBUG oslo_utils.imageutils.format_inspector [None req-c8db2177-ef5b-4ea5-bc35-d5cd598f1819 tempest-ServerBootFromVolumeStableRescueTest-1324828749 tempest-ServerBootFromVolumeStableRescueTest-1324828749-project-member] Format inspector for vhdx does not match, excluding from consideration (Region signature not found at 30000) {{(pid=101927) _process_chunk /opt/stack/data/venv/lib/python3.12/site-packages/oslo_utils/imageutils/format_inspector.py:1538}}
May 20 19:02:35.248454 np0000001103 devstack@g-api.service[101928]: [pid: 101928|app: 0|req: 65/181] 127.0.0.1 () {40 vars in 838 bytes} [Wed May 20 19:02:35 2026] GET /v2/images/a63c42d0-2b0e-4bb6-88e2-c70af6eef37b => generated 1470 bytes in 16 msecs (HTTP/1.1 200) 4 headers in 158 bytes (1 switches on core 0)
May 20 19:02:35.261113 np0000001103 devstack@g-api.service[101926]: [pid: 101926|app: 0|req: 62/182] 127.0.0.1 () {46 vars in 1158 bytes} [Wed May 20 19:02:35 2026] PATCH /v2/images/b24ab0e0-7b01-4a07-94aa-846e6f3daad4 => generated 1447 bytes in 199 msecs (HTTP/1.1 200) 4 headers in 158 bytes (1 switches on core 0)
May 20 19:02:35.319604 np0000001103 devstack@g-api.service[101928]: DEBUG glance.api.middleware.version_negotiation [None req-4c4d0c4e-92aa-4616-8b7c-a41a895aa0df tempest-ServerBootFromVolumeStableRescueTest-1324828749 tempest-ServerBootFromVolumeStableRescueTest-1324828749-project-member] Determining version of request: GET /v2/images/b24ab0e0-7b01-4a07-94aa-846e6f3daad4 Accept: */* {{(pid=101928) process_request /opt/stack/glance/glance/api/middleware/version_negotiation.py:44}}
May 20 19:02:35.319807 np0000001103 devstack@g-api.service[101928]: DEBUG glance.api.middleware.version_negotiation [None req-4c4d0c4e-92aa-4616-8b7c-a41a895aa0df tempest-ServerBootFromVolumeStableRescueTest-1324828749 tempest-ServerBootFromVolumeStableRescueTest-1324828749-project-member] Using url versioning {{(pid=101928) process_request /opt/stack/glance/glance/api/middleware/version_negotiation.py:57}}
May 20 19:02:35.320000 np0000001103 devstack@g-api.service[101928]: DEBUG glance.api.middleware.version_negotiation [None req-4c4d0c4e-92aa-4616-8b7c-a41a895aa0df tempest-ServerBootFromVolumeStableRescueTest-1324828749 tempest-ServerBootFromVolumeStableRescueTest-1324828749-project-member] Matched version: v2 {{(pid=101928) process_request /opt/stack/glance/glance/api/middleware/version_negotiation.py:69}}
May 20 19:02:35.320100 np0000001103 devstack@g-api.service[101928]: DEBUG glance.api.middleware.version_negotiation [None req-4c4d0c4e-92aa-4616-8b7c-a41a895aa0df tempest-ServerBootFromVolumeStableRescueTest-1324828749 tempest-ServerBootFromVolumeStableRescueTest-1324828749-project-member] new path /v2/images/b24ab0e0-7b01-4a07-94aa-846e6f3daad4 {{(pid=101928) process_request /opt/stack/glance/glance/api/middleware/version_negotiation.py:70}}
May 20 19:02:35.338015 np0000001103 devstack@g-api.service[101928]: [pid: 101928|app: 0|req: 66/183] 127.0.0.1 () {44 vars in 1115 bytes} [Wed May 20 19:02:35 2026] GET /v2/images/b24ab0e0-7b01-4a07-94aa-846e6f3daad4 => generated 1447 bytes in 18 msecs (HTTP/1.1 200) 4 headers in 158 bytes (1 switches on core 0)
May 20 19:02:35.380565 np0000001103 devstack@g-api.service[101926]: DEBUG glance.api.middleware.version_negotiation [None req-1b75705f-e8ea-4b40-aad3-0f56687be429 tempest-ServerStableDeviceRescueTest-1420998428 tempest-ServerStableDeviceRescueTest-1420998428-project-member] Determining version of request: PUT /v2/images/b24ab0e0-7b01-4a07-94aa-846e6f3daad4/file Accept: */* {{(pid=101926) process_request /opt/stack/glance/glance/api/middleware/version_negotiation.py:44}}
May 20 19:02:35.381200 np0000001103 devstack@g-api.service[101926]: DEBUG glance.api.middleware.version_negotiation [None req-1b75705f-e8ea-4b40-aad3-0f56687be429 tempest-ServerStableDeviceRescueTest-1420998428 tempest-ServerStableDeviceRescueTest-1420998428-project-member] Using url versioning {{(pid=101926) process_request /opt/stack/glance/glance/api/middleware/version_negotiation.py:57}}
May 20 19:02:35.381200 np0000001103 devstack@g-api.service[101926]: DEBUG glance.api.middleware.version_negotiation [None req-1b75705f-e8ea-4b40-aad3-0f56687be429 tempest-ServerStableDeviceRescueTest-1420998428 tempest-ServerStableDeviceRescueTest-1420998428-project-member] Matched version: v2 {{(pid=101926) process_request /opt/stack/glance/glance/api/middleware/version_negotiation.py:69}}
May 20 19:02:35.381200 np0000001103 devstack@g-api.service[101926]: DEBUG glance.api.middleware.version_negotiation [None req-1b75705f-e8ea-4b40-aad3-0f56687be429 tempest-ServerStableDeviceRescueTest-1420998428 tempest-ServerStableDeviceRescueTest-1420998428-project-member] new path /v2/images/b24ab0e0-7b01-4a07-94aa-846e6f3daad4/file {{(pid=101926) process_request /opt/stack/glance/glance/api/middleware/version_negotiation.py:70}}
May 20 19:02:35.452842 np0000001103 devstack@g-api.service[101927]: DEBUG swiftclient [None req-c8db2177-ef5b-4ea5-bc35-d5cd598f1819 tempest-ServerBootFromVolumeStableRescueTest-1324828749 tempest-ServerBootFromVolumeStableRescueTest-1324828749-project-member] REQ: curl -i https://10.4.3.251:8080/v1/AUTH_c90a63ed6c094b9cbacaffb83120d0a7/glance/a63c42d0-2b0e-4bb6-88e2-c70af6eef37b-00001 -X PUT -H "X-Auth-Token: gAAAAABqDgVKi6hJ..." {{(pid=101927) http_log /opt/stack/data/venv/lib/python3.12/site-packages/swiftclient/client.py:160}}
May 20 19:02:35.453206 np0000001103 devstack@g-api.service[101927]: DEBUG swiftclient [None req-c8db2177-ef5b-4ea5-bc35-d5cd598f1819 tempest-ServerBootFromVolumeStableRescueTest-1324828749 tempest-ServerBootFromVolumeStableRescueTest-1324828749-project-member] RESP STATUS: 201 Created {{(pid=101927) http_log /opt/stack/data/venv/lib/python3.12/site-packages/swiftclient/client.py:161}}
May 20 19:02:35.453206 np0000001103 devstack@g-api.service[101927]: DEBUG swiftclient [None req-c8db2177-ef5b-4ea5-bc35-d5cd598f1819 tempest-ServerBootFromVolumeStableRescueTest-1324828749 tempest-ServerBootFromVolumeStableRescueTest-1324828749-project-member] RESP HEADERS: {'Date': 'Wed, 20 May 2026 19:02:35 GMT', 'Server': 'Apache/2.4.58 (Ubuntu)', 'Content-Type': 'text/html; charset=UTF-8', 'Content-Length': '0', 'Etag': '4fa343ee581d8d2e78533191fd1ac3e1', 'Last-Modified': 'Wed, 20 May 2026 19:02:36 GMT', 'X-Trans-Id': 'tx5272806f6c1040a8957f8-006a0e054b', 'X-Openstack-Request-Id': 'tx5272806f6c1040a8957f8-006a0e054b', 'Connection': 'close'} {{(pid=101927) http_log /opt/stack/data/venv/lib/python3.12/site-packages/swiftclient/client.py:162}}
May 20 19:02:35.453329 np0000001103 devstack@g-api.service[101927]: DEBUG glance_store._drivers.swift.store [None req-c8db2177-ef5b-4ea5-bc35-d5cd598f1819 tempest-ServerBootFromVolumeStableRescueTest-1324828749 tempest-ServerBootFromVolumeStableRescueTest-1324828749-project-member] Wrote chunk a63c42d0-2b0e-4bb6-88e2-c70af6eef37b-00001 (1/?) of length 23527424 to Swift returning MD5 of content: 4fa343ee581d8d2e78533191fd1ac3e1 {{(pid=101927) add /opt/stack/data/venv/lib/python3.12/site-packages/glance_store/_drivers/swift/store.py:1067}}
May 20 19:02:35.453602 np0000001103 devstack@g-api.service[101927]: DEBUG glance_store._drivers.swift.store [None req-c8db2177-ef5b-4ea5-bc35-d5cd598f1819 tempest-ServerBootFromVolumeStableRescueTest-1324828749 tempest-ServerBootFromVolumeStableRescueTest-1324828749-project-member] Not writing zero-length chunk. {{(pid=101927) add /opt/stack/data/venv/lib/python3.12/site-packages/glance_store/_drivers/swift/store.py:1036}}
May 20 19:02:35.481141 np0000001103 devstack@g-api.service[101927]: DEBUG swiftclient [None req-c8db2177-ef5b-4ea5-bc35-d5cd598f1819 tempest-ServerBootFromVolumeStableRescueTest-1324828749 tempest-ServerBootFromVolumeStableRescueTest-1324828749-project-member] REQ: curl -i https://10.4.3.251:8080/v1/AUTH_c90a63ed6c094b9cbacaffb83120d0a7/glance/a63c42d0-2b0e-4bb6-88e2-c70af6eef37b -X PUT -H "X-Object-Manifest: glance/a63c42d0-2b0e-4bb6-88e2-c70af6eef37b-" -H "X-Auth-Token: gAAAAABqDgVKi6hJ..." -H "Content-Length: 0" {{(pid=101927) http_log /opt/stack/data/venv/lib/python3.12/site-packages/swiftclient/client.py:160}}
May 20 19:02:35.481251 np0000001103 devstack@g-api.service[101927]: DEBUG swiftclient [None req-c8db2177-ef5b-4ea5-bc35-d5cd598f1819 tempest-ServerBootFromVolumeStableRescueTest-1324828749 tempest-ServerBootFromVolumeStableRescueTest-1324828749-project-member] RESP STATUS: 201 Created {{(pid=101927) http_log /opt/stack/data/venv/lib/python3.12/site-packages/swiftclient/client.py:161}}
May 20 19:02:35.481410 np0000001103 devstack@g-api.service[101927]: DEBUG swiftclient [None req-c8db2177-ef5b-4ea5-bc35-d5cd598f1819 tempest-ServerBootFromVolumeStableRescueTest-1324828749 tempest-ServerBootFromVolumeStableRescueTest-1324828749-project-member] RESP HEADERS: {'Date': 'Wed, 20 May 2026 19:02:35 GMT', 'Server': 'Apache/2.4.58 (Ubuntu)', 'Content-Type': 'text/html; charset=UTF-8', 'Content-Length': '0', 'Etag': 'd41d8cd98f00b204e9800998ecf8427e', 'Last-Modified': 'Wed, 20 May 2026 19:02:36 GMT', 'X-Trans-Id': 'txb19854c3012749c795908-006a0e054b', 'X-Openstack-Request-Id': 'txb19854c3012749c795908-006a0e054b', 'Connection': 'close'} {{(pid=101927) http_log /opt/stack/data/venv/lib/python3.12/site-packages/swiftclient/client.py:162}}
May 20 19:02:35.481879 np0000001103 devstack@g-api.service[101927]: INFO glance.location [None req-c8db2177-ef5b-4ea5-bc35-d5cd598f1819 tempest-ServerBootFromVolumeStableRescueTest-1324828749 tempest-ServerBootFromVolumeStableRescueTest-1324828749-project-member] Image format matched and virtual size computed: 1073741824
May 20 19:02:35.512842 np0000001103 devstack@g-api.service[101928]: DEBUG glance.api.middleware.version_negotiation [None req-1b75705f-e8ea-4b40-aad3-0f56687be429 tempest-ServerStableDeviceRescueTest-1420998428 tempest-ServerStableDeviceRescueTest-1420998428-project-member] Determining version of request: GET /v2/images/b24ab0e0-7b01-4a07-94aa-846e6f3daad4 Accept: */* {{(pid=101928) process_request /opt/stack/glance/glance/api/middleware/version_negotiation.py:44}}
May 20 19:02:35.512842 np0000001103 devstack@g-api.service[101928]: DEBUG glance.api.middleware.version_negotiation [None req-1b75705f-e8ea-4b40-aad3-0f56687be429 tempest-ServerStableDeviceRescueTest-1420998428 tempest-ServerStableDeviceRescueTest-1420998428-project-member] Using url versioning {{(pid=101928) process_request /opt/stack/glance/glance/api/middleware/version_negotiation.py:57}}
May 20 19:02:35.512842 np0000001103 devstack@g-api.service[101928]: DEBUG glance.api.middleware.version_negotiation [None req-1b75705f-e8ea-4b40-aad3-0f56687be429 tempest-ServerStableDeviceRescueTest-1420998428 tempest-ServerStableDeviceRescueTest-1420998428-project-member] Matched version: v2 {{(pid=101928) process_request /opt/stack/glance/glance/api/middleware/version_negotiation.py:69}}
May 20 19:02:35.512842 np0000001103 devstack@g-api.service[101928]: DEBUG glance.api.middleware.version_negotiation [None req-1b75705f-e8ea-4b40-aad3-0f56687be429 tempest-ServerStableDeviceRescueTest-1420998428 tempest-ServerStableDeviceRescueTest-1420998428-project-member] new path /v2/images/b24ab0e0-7b01-4a07-94aa-846e6f3daad4 {{(pid=101928) process_request /opt/stack/glance/glance/api/middleware/version_negotiation.py:70}}
May 20 19:02:35.530198 np0000001103 devstack@g-api.service[101928]: [pid: 101928|app: 0|req: 67/184] 127.0.0.1 () {44 vars in 1115 bytes} [Wed May 20 19:02:35 2026] GET /v2/images/b24ab0e0-7b01-4a07-94aa-846e6f3daad4 => generated 1447 bytes in 18 msecs (HTTP/1.1 200) 4 headers in 158 bytes (1 switches on core 0)
May 20 19:02:35.537159 np0000001103 devstack@g-api.service[101927]: DEBUG glance_store.backend [None req-c8db2177-ef5b-4ea5-bc35-d5cd598f1819 tempest-ServerBootFromVolumeStableRescueTest-1324828749 tempest-ServerBootFromVolumeStableRescueTest-1324828749-project-member] Attempting to import store swift {{(pid=101927) _load_store /opt/stack/data/venv/lib/python3.12/site-packages/glance_store/backend.py:215}}
May 20 19:02:35.538802 np0000001103 devstack@g-api.service[101927]: DEBUG glance_store.capabilities [None req-c8db2177-ef5b-4ea5-bc35-d5cd598f1819 tempest-ServerBootFromVolumeStableRescueTest-1324828749 tempest-ServerBootFromVolumeStableRescueTest-1324828749-project-member] Store glance_store._drivers.swift.store.SingleTenantStore doesn't support updating dynamic storage capabilities. Please overwrite 'update_capabilities' method of the store to implement updating logics if needed. {{(pid=101927) update_capabilities /opt/stack/data/venv/lib/python3.12/site-packages/glance_store/capabilities.py:91}}
May 20 19:02:35.538956 np0000001103 devstack@g-api.service[101927]: DEBUG glance_store.driver [None req-c8db2177-ef5b-4ea5-bc35-d5cd598f1819 tempest-ServerBootFromVolumeStableRescueTest-1324828749 tempest-ServerBootFromVolumeStableRescueTest-1324828749-project-member] Late loading location class glance_store._drivers.swift.store.StoreLocation {{(pid=101927) get_store_location_class /opt/stack/data/venv/lib/python3.12/site-packages/glance_store/driver.py:134}}
May 20 19:02:35.539125 np0000001103 devstack@g-api.service[101927]: DEBUG glance_store.location [None req-c8db2177-ef5b-4ea5-bc35-d5cd598f1819 tempest-ServerBootFromVolumeStableRescueTest-1324828749 tempest-ServerBootFromVolumeStableRescueTest-1324828749-project-member] Registering scheme swift+https with {'store': , 'location_class': , 'store_entry': 'swift'} {{(pid=101927) register_scheme_map /opt/stack/data/venv/lib/python3.12/site-packages/glance_store/location.py:146}}
May 20 19:02:35.539241 np0000001103 devstack@g-api.service[101927]: DEBUG glance_store.location [None req-c8db2177-ef5b-4ea5-bc35-d5cd598f1819 tempest-ServerBootFromVolumeStableRescueTest-1324828749 tempest-ServerBootFromVolumeStableRescueTest-1324828749-project-member] Registering scheme swift+https with {'store': , 'location_class': , 'store_entry': 'swift'} {{(pid=101927) register_scheme_map /opt/stack/data/venv/lib/python3.12/site-packages/glance_store/location.py:146}}
May 20 19:02:35.539365 np0000001103 devstack@g-api.service[101927]: DEBUG glance_store.location [None req-c8db2177-ef5b-4ea5-bc35-d5cd598f1819 tempest-ServerBootFromVolumeStableRescueTest-1324828749 tempest-ServerBootFromVolumeStableRescueTest-1324828749-project-member] Registering scheme swift with {'store': , 'location_class': , 'store_entry': 'swift'} {{(pid=101927) register_scheme_map /opt/stack/data/venv/lib/python3.12/site-packages/glance_store/location.py:146}}
May 20 19:02:35.539474 np0000001103 devstack@g-api.service[101927]: DEBUG glance_store.location [None req-c8db2177-ef5b-4ea5-bc35-d5cd598f1819 tempest-ServerBootFromVolumeStableRescueTest-1324828749 tempest-ServerBootFromVolumeStableRescueTest-1324828749-project-member] Registering scheme swift+https with {'store': , 'location_class': , 'store_entry': 'swift'} {{(pid=101927) register_scheme_map /opt/stack/data/venv/lib/python3.12/site-packages/glance_store/location.py:146}}
May 20 19:02:35.539578 np0000001103 devstack@g-api.service[101927]: DEBUG glance_store.location [None req-c8db2177-ef5b-4ea5-bc35-d5cd598f1819 tempest-ServerBootFromVolumeStableRescueTest-1324828749 tempest-ServerBootFromVolumeStableRescueTest-1324828749-project-member] Registering scheme swift with {'store': , 'location_class': , 'store_entry': 'swift'} {{(pid=101927) register_scheme_map /opt/stack/data/venv/lib/python3.12/site-packages/glance_store/location.py:146}}
May 20 19:02:35.539681 np0000001103 devstack@g-api.service[101927]: DEBUG glance_store.location [None req-c8db2177-ef5b-4ea5-bc35-d5cd598f1819 tempest-ServerBootFromVolumeStableRescueTest-1324828749 tempest-ServerBootFromVolumeStableRescueTest-1324828749-project-member] Registering scheme swift+http with {'store': , 'location_class': , 'store_entry': 'swift'} {{(pid=101927) register_scheme_map /opt/stack/data/venv/lib/python3.12/site-packages/glance_store/location.py:146}}
May 20 19:02:35.539811 np0000001103 devstack@g-api.service[101927]: DEBUG glance_store.location [None req-c8db2177-ef5b-4ea5-bc35-d5cd598f1819 tempest-ServerBootFromVolumeStableRescueTest-1324828749 tempest-ServerBootFromVolumeStableRescueTest-1324828749-project-member] Registering scheme swift+https with {'store': , 'location_class': , 'store_entry': 'swift'} {{(pid=101927) register_scheme_map /opt/stack/data/venv/lib/python3.12/site-packages/glance_store/location.py:146}}
May 20 19:02:35.539918 np0000001103 devstack@g-api.service[101927]: DEBUG glance_store.location [None req-c8db2177-ef5b-4ea5-bc35-d5cd598f1819 tempest-ServerBootFromVolumeStableRescueTest-1324828749 tempest-ServerBootFromVolumeStableRescueTest-1324828749-project-member] Registering scheme swift with {'store': , 'location_class': , 'store_entry': 'swift'} {{(pid=101927) register_scheme_map /opt/stack/data/venv/lib/python3.12/site-packages/glance_store/location.py:146}}
May 20 19:02:35.540022 np0000001103 devstack@g-api.service[101927]: DEBUG glance_store.location [None req-c8db2177-ef5b-4ea5-bc35-d5cd598f1819 tempest-ServerBootFromVolumeStableRescueTest-1324828749 tempest-ServerBootFromVolumeStableRescueTest-1324828749-project-member] Registering scheme swift+http with {'store': , 'location_class': , 'store_entry': 'swift'} {{(pid=101927) register_scheme_map /opt/stack/data/venv/lib/python3.12/site-packages/glance_store/location.py:146}}
May 20 19:02:35.540155 np0000001103 devstack@g-api.service[101927]: DEBUG glance_store.location [None req-c8db2177-ef5b-4ea5-bc35-d5cd598f1819 tempest-ServerBootFromVolumeStableRescueTest-1324828749 tempest-ServerBootFromVolumeStableRescueTest-1324828749-project-member] Registering scheme swift+config with {'store': , 'location_class': , 'store_entry': 'swift'} {{(pid=101927) register_scheme_map /opt/stack/data/venv/lib/python3.12/site-packages/glance_store/location.py:146}}
May 20 19:02:35.540279 np0000001103 devstack@g-api.service[101927]: DEBUG glance_store.backend [None req-c8db2177-ef5b-4ea5-bc35-d5cd598f1819 tempest-ServerBootFromVolumeStableRescueTest-1324828749 tempest-ServerBootFromVolumeStableRescueTest-1324828749-project-member] Skipping store.set_acls... not implemented. {{(pid=101927) set_acls /opt/stack/data/venv/lib/python3.12/site-packages/glance_store/backend.py:507}}
May 20 19:02:35.542377 np0000001103 devstack@g-api.service[101927]: [pid: 101927|app: 0|req: 56/185] 127.0.0.1 () {46 vars in 1158 bytes} [Wed May 20 19:02:33 2026] PUT /v2/images/a63c42d0-2b0e-4bb6-88e2-c70af6eef37b/file => generated 0 bytes in 1588 msecs (HTTP/1.1 204) 4 headers in 171 bytes (1 switches on core 0)
May 20 19:02:35.567714 np0000001103 devstack@g-api.service[101928]: DEBUG glance.api.middleware.version_negotiation [None req-650ff6e3-5971-4398-95dc-dd72a0691c8d tempest-ServerStableDeviceRescueTest-1420998428 tempest-ServerStableDeviceRescueTest-1420998428-project-member] Determining version of request: GET /v2/schemas/image Accept: */* {{(pid=101928) process_request /opt/stack/glance/glance/api/middleware/version_negotiation.py:44}}
May 20 19:02:35.569252 np0000001103 devstack@g-api.service[101928]: DEBUG glance.api.middleware.version_negotiation [None req-650ff6e3-5971-4398-95dc-dd72a0691c8d tempest-ServerStableDeviceRescueTest-1420998428 tempest-ServerStableDeviceRescueTest-1420998428-project-member] Using url versioning {{(pid=101928) process_request /opt/stack/glance/glance/api/middleware/version_negotiation.py:57}}
May 20 19:02:35.569252 np0000001103 devstack@g-api.service[101928]: DEBUG glance.api.middleware.version_negotiation [None req-650ff6e3-5971-4398-95dc-dd72a0691c8d tempest-ServerStableDeviceRescueTest-1420998428 tempest-ServerStableDeviceRescueTest-1420998428-project-member] Matched version: v2 {{(pid=101928) process_request /opt/stack/glance/glance/api/middleware/version_negotiation.py:69}}
May 20 19:02:35.569252 np0000001103 devstack@g-api.service[101928]: DEBUG glance.api.middleware.version_negotiation [None req-650ff6e3-5971-4398-95dc-dd72a0691c8d tempest-ServerStableDeviceRescueTest-1420998428 tempest-ServerStableDeviceRescueTest-1420998428-project-member] new path /v2/schemas/image {{(pid=101928) process_request /opt/stack/glance/glance/api/middleware/version_negotiation.py:70}}
May 20 19:02:35.572453 np0000001103 devstack@g-api.service[101928]: [pid: 101928|app: 0|req: 68/186] 127.0.0.1 () {44 vars in 1055 bytes} [Wed May 20 19:02:35 2026] GET /v2/schemas/image => generated 6083 bytes in 5 msecs (HTTP/1.1 200) 4 headers in 158 bytes (1 switches on core 0)
May 20 19:02:35.588003 np0000001103 devstack@g-api.service[101927]: DEBUG glance.api.middleware.version_negotiation [None req-c8db2177-ef5b-4ea5-bc35-d5cd598f1819 tempest-ServerBootFromVolumeStableRescueTest-1324828749 tempest-ServerBootFromVolumeStableRescueTest-1324828749-project-member] Determining version of request: GET /v2/images/a63c42d0-2b0e-4bb6-88e2-c70af6eef37b Accept: */* {{(pid=101927) process_request /opt/stack/glance/glance/api/middleware/version_negotiation.py:44}}
May 20 19:02:35.588003 np0000001103 devstack@g-api.service[101927]: DEBUG glance.api.middleware.version_negotiation [None req-c8db2177-ef5b-4ea5-bc35-d5cd598f1819 tempest-ServerBootFromVolumeStableRescueTest-1324828749 tempest-ServerBootFromVolumeStableRescueTest-1324828749-project-member] Using url versioning {{(pid=101927) process_request /opt/stack/glance/glance/api/middleware/version_negotiation.py:57}}
May 20 19:02:35.588003 np0000001103 devstack@g-api.service[101927]: DEBUG glance.api.middleware.version_negotiation [None req-c8db2177-ef5b-4ea5-bc35-d5cd598f1819 tempest-ServerBootFromVolumeStableRescueTest-1324828749 tempest-ServerBootFromVolumeStableRescueTest-1324828749-project-member] Matched version: v2 {{(pid=101927) process_request /opt/stack/glance/glance/api/middleware/version_negotiation.py:69}}
May 20 19:02:35.588003 np0000001103 devstack@g-api.service[101927]: DEBUG glance.api.middleware.version_negotiation [None req-c8db2177-ef5b-4ea5-bc35-d5cd598f1819 tempest-ServerBootFromVolumeStableRescueTest-1324828749 tempest-ServerBootFromVolumeStableRescueTest-1324828749-project-member] new path /v2/images/a63c42d0-2b0e-4bb6-88e2-c70af6eef37b {{(pid=101927) process_request /opt/stack/glance/glance/api/middleware/version_negotiation.py:70}}
