May 20 18:57:03.424617 np0000001103 devstack@neutron-api.service[89921]: DEBUG neutron_lib.callbacks.manager [None req-d569f260-bcc5-42f7-9834-b0694dabdb4d None None] Subscribe: > port precommit_delete 55550000, False {{(pid=89921) subscribe /opt/stack/data/venv/lib/python3.12/site-packages/neutron_lib/callbacks/manager.py:52}}
May 20 18:57:03.424737 np0000001103 devstack@neutron-api.service[89921]: DEBUG neutron_lib.callbacks.manager [None req-d569f260-bcc5-42f7-9834-b0694dabdb4d None None] Subscribe: port before_update 55550000, False {{(pid=89921) subscribe /opt/stack/data/venv/lib/python3.12/site-packages/neutron_lib/callbacks/manager.py:52}}
May 20 18:57:03.424867 np0000001103 devstack@neutron-api.service[89921]: DEBUG neutron_lib.callbacks.manager [None req-d569f260-bcc5-42f7-9834-b0694dabdb4d None None] Subscribe: port before_delete 55550000, False {{(pid=89921) subscribe /opt/stack/data/venv/lib/python3.12/site-packages/neutron_lib/callbacks/manager.py:52}}
May 20 18:57:03.424999 np0000001103 devstack@neutron-api.service[89921]: DEBUG neutron_lib.callbacks.manager [None req-d569f260-bcc5-42f7-9834-b0694dabdb4d None None] Subscribe: > router precommit_create 55550000, False {{(pid=89921) subscribe /opt/stack/data/venv/lib/python3.12/site-packages/neutron_lib/callbacks/manager.py:52}}
May 20 18:57:03.425150 np0000001103 devstack@neutron-api.service[89921]: DEBUG neutron_lib.callbacks.manager [None req-d569f260-bcc5-42f7-9834-b0694dabdb4d None None] Subscribe: > router precommit_create 55550000, False {{(pid=89921) subscribe /opt/stack/data/venv/lib/python3.12/site-packages/neutron_lib/callbacks/manager.py:52}}
May 20 18:57:03.425378 np0000001103 devstack@neutron-api.service[89921]: DEBUG neutron_lib.callbacks.manager [None req-d569f260-bcc5-42f7-9834-b0694dabdb4d None None] Subscribe: > router precommit_update 55550000, False {{(pid=89921) subscribe /opt/stack/data/venv/lib/python3.12/site-packages/neutron_lib/callbacks/manager.py:52}}
May 20 18:57:03.425528 np0000001103 devstack@neutron-api.service[89921]: DEBUG neutron_lib.callbacks.manager [None req-d569f260-bcc5-42f7-9834-b0694dabdb4d None None] Subscribe: subnet after_update 55550000, False {{(pid=89921) subscribe /opt/stack/data/venv/lib/python3.12/site-packages/neutron_lib/callbacks/manager.py:52}}
May 20 18:57:03.425778 np0000001103 devstack@neutron-api.service[89921]: DEBUG neutron.quota.resource_registry [None req-d569f260-bcc5-42f7-9834-b0694dabdb4d None None] Tracking information for resource: router configured {{(pid=89921) set_tracked_resource /opt/stack/neutron/neutron/quota/resource_registry.py:203}}
May 20 18:57:03.425905 np0000001103 devstack@neutron-api.service[89921]: DEBUG neutron.quota.resource_registry [None req-d569f260-bcc5-42f7-9834-b0694dabdb4d None None] Tracking information for resource: floatingip configured {{(pid=89921) set_tracked_resource /opt/stack/neutron/neutron/quota/resource_registry.py:203}}
May 20 18:57:03.426017 np0000001103 devstack@neutron-api.service[89921]: INFO neutron.services.ovn_l3.plugin [None req-d569f260-bcc5-42f7-9834-b0694dabdb4d None None] Starting OVNL3RouterPlugin
May 20 18:57:03.426321 np0000001103 devstack@neutron-api.service[89921]: DEBUG neutron_lib.callbacks.manager [None req-d569f260-bcc5-42f7-9834-b0694dabdb4d None None] Subscribe: > port_forwarding_plugin after_init 55550000, False {{(pid=89921) subscribe /opt/stack/data/venv/lib/python3.12/site-packages/neutron_lib/callbacks/manager.py:52}}
May 20 18:57:03.426577 np0000001103 devstack@neutron-api.service[89921]: DEBUG neutron_lib.callbacks.manager [None req-d569f260-bcc5-42f7-9834-b0694dabdb4d None None] Subscribe: > router before_create 55550100, False {{(pid=89921) subscribe /opt/stack/data/venv/lib/python3.12/site-packages/neutron_lib/callbacks/manager.py:52}}
May 20 18:57:03.426718 np0000001103 devstack@neutron-api.service[89921]: DEBUG neutron_lib.callbacks.manager [None req-d569f260-bcc5-42f7-9834-b0694dabdb4d None None] Subscribe: > router precommit_delete 55550100, False {{(pid=89921) subscribe /opt/stack/data/venv/lib/python3.12/site-packages/neutron_lib/callbacks/manager.py:52}}
May 20 18:57:03.426877 np0000001103 devstack@neutron-api.service[89921]: DEBUG neutron_lib.callbacks.manager [None req-d569f260-bcc5-42f7-9834-b0694dabdb4d None None] Subscribe: > router precommit_create 55550100, False {{(pid=89921) subscribe /opt/stack/data/venv/lib/python3.12/site-packages/neutron_lib/callbacks/manager.py:52}}
May 20 18:57:03.426976 np0000001103 devstack@neutron-api.service[89921]: DEBUG neutron_lib.callbacks.manager [None req-d569f260-bcc5-42f7-9834-b0694dabdb4d None None] Subscribe: > router precommit_update 55550100, False {{(pid=89921) subscribe /opt/stack/data/venv/lib/python3.12/site-packages/neutron_lib/callbacks/manager.py:52}}
May 20 18:57:03.431262 np0000001103 devstack@neutron-api.service[89921]: DEBUG neutron.services.provider_configuration [None req-d569f260-bcc5-42f7-9834-b0694dabdb4d None None] Service providers = [] {{(pid=89921) parse_service_provider_opt /opt/stack/neutron/neutron/services/provider_configuration.py:170}}
May 20 18:57:03.431405 np0000001103 devstack@neutron-api.service[89921]: DEBUG neutron.db.servicetype_db [None req-d569f260-bcc5-42f7-9834-b0694dabdb4d None None] Adding provider configuration for service L3_ROUTER_NAT {{(pid=89921) add_provider_configuration /opt/stack/neutron/neutron/db/servicetype_db.py:45}}
May 20 18:57:03.433289 np0000001103 devstack@neutron-api.service[89921]: DEBUG neutron_lib.callbacks.manager [None req-d569f260-bcc5-42f7-9834-b0694dabdb4d None None] Subscribe: > router precommit_create 55549900, False {{(pid=89921) subscribe /opt/stack/data/venv/lib/python3.12/site-packages/neutron_lib/callbacks/manager.py:52}}
May 20 18:57:03.433289 np0000001103 devstack@neutron-api.service[89921]: DEBUG neutron_lib.callbacks.manager [None req-d569f260-bcc5-42f7-9834-b0694dabdb4d None None] Subscribe: > router_interface after_create 55550000, False {{(pid=89921) subscribe /opt/stack/data/venv/lib/python3.12/site-packages/neutron_lib/callbacks/manager.py:52}}
May 20 18:57:03.433345 np0000001103 devstack@neutron-api.service[89921]: DEBUG neutron_lib.callbacks.manager [None req-d569f260-bcc5-42f7-9834-b0694dabdb4d None None] Subscribe: > floatingip after_create 55550000, False {{(pid=89921) subscribe /opt/stack/data/venv/lib/python3.12/site-packages/neutron_lib/callbacks/manager.py:52}}
May 20 18:57:03.433513 np0000001103 devstack@neutron-api.service[89921]: DEBUG neutron_lib.callbacks.manager [None req-d569f260-bcc5-42f7-9834-b0694dabdb4d None None] Subscribe: > floatingip precommit_create 55550000, False {{(pid=89921) subscribe /opt/stack/data/venv/lib/python3.12/site-packages/neutron_lib/callbacks/manager.py:52}}
May 20 18:57:03.433643 np0000001103 devstack@neutron-api.service[89921]: DEBUG neutron_lib.callbacks.manager [None req-d569f260-bcc5-42f7-9834-b0694dabdb4d None None] Subscribe: > floatingip precommit_update 55550000, False {{(pid=89921) subscribe /opt/stack/data/venv/lib/python3.12/site-packages/neutron_lib/callbacks/manager.py:52}}
May 20 18:57:03.433750 np0000001103 devstack@neutron-api.service[89921]: DEBUG neutron_lib.callbacks.manager [None req-d569f260-bcc5-42f7-9834-b0694dabdb4d None None] Subscribe: > floatingip after_delete 55550000, False {{(pid=89921) subscribe /opt/stack/data/venv/lib/python3.12/site-packages/neutron_lib/callbacks/manager.py:52}}
May 20 18:57:03.433985 np0000001103 devstack@neutron-api.service[89921]: DEBUG neutron_lib.callbacks.manager [None req-d569f260-bcc5-42f7-9834-b0694dabdb4d None None] Subscribe: > floatingip after_status_update 55550000, False {{(pid=89921) subscribe /opt/stack/data/venv/lib/python3.12/site-packages/neutron_lib/callbacks/manager.py:52}}
May 20 18:57:03.434056 np0000001103 devstack@neutron-api.service[89921]: DEBUG neutron_lib.callbacks.manager [None req-d569f260-bcc5-42f7-9834-b0694dabdb4d None None] Subscribe: > floatingip after_update 55550000, False {{(pid=89921) subscribe /opt/stack/data/venv/lib/python3.12/site-packages/neutron_lib/callbacks/manager.py:52}}
May 20 18:57:03.434267 np0000001103 devstack@neutron-api.service[89921]: DEBUG neutron_lib.callbacks.manager [None req-d569f260-bcc5-42f7-9834-b0694dabdb4d None None] Subscribe: > port_forwarding after_create 55550000, False {{(pid=89921) subscribe /opt/stack/data/venv/lib/python3.12/site-packages/neutron_lib/callbacks/manager.py:52}}
May 20 18:57:03.434326 np0000001103 devstack@neutron-api.service[89921]: DEBUG neutron_lib.callbacks.manager [None req-d569f260-bcc5-42f7-9834-b0694dabdb4d None None] Subscribe: > router_interface after_delete 55550000, False {{(pid=89921) subscribe /opt/stack/data/venv/lib/python3.12/site-packages/neutron_lib/callbacks/manager.py:52}}
May 20 18:57:03.434449 np0000001103 devstack@neutron-api.service[89921]: DEBUG neutron_lib.callbacks.manager [None req-d569f260-bcc5-42f7-9834-b0694dabdb4d None None] Subscribe: > router after_create 55550000, False {{(pid=89921) subscribe /opt/stack/data/venv/lib/python3.12/site-packages/neutron_lib/callbacks/manager.py:52}}
May 20 18:57:03.434586 np0000001103 devstack@neutron-api.service[89921]: DEBUG neutron_lib.callbacks.manager [None req-d569f260-bcc5-42f7-9834-b0694dabdb4d None None] Subscribe: > router precommit_create 55550000, False {{(pid=89921) subscribe /opt/stack/data/venv/lib/python3.12/site-packages/neutron_lib/callbacks/manager.py:52}}
May 20 18:57:03.434712 np0000001103 devstack@neutron-api.service[89921]: DEBUG neutron_lib.callbacks.manager [None req-d569f260-bcc5-42f7-9834-b0694dabdb4d None None] Subscribe: > router after_delete 55550000, False {{(pid=89921) subscribe /opt/stack/data/venv/lib/python3.12/site-packages/neutron_lib/callbacks/manager.py:52}}
May 20 18:57:03.434856 np0000001103 devstack@neutron-api.service[89921]: DEBUG neutron_lib.callbacks.manager [None req-d569f260-bcc5-42f7-9834-b0694dabdb4d None None] Subscribe: > router after_update 55550000, False {{(pid=89921) subscribe /opt/stack/data/venv/lib/python3.12/site-packages/neutron_lib/callbacks/manager.py:52}}
May 20 18:57:03.434999 np0000001103 devstack@neutron-api.service[89921]: DEBUG neutron.services.service_base [None req-d569f260-bcc5-42f7-9834-b0694dabdb4d None None] Loaded 'neutron.services.ovn_l3.service_providers.ovn.OvnDriver' provider for service L3_ROUTER_NAT {{(pid=89921) load_drivers /opt/stack/neutron/neutron/services/service_base.py:49}}
May 20 18:57:03.435278 np0000001103 devstack@neutron-api.service[89921]: DEBUG neutron_lib.callbacks.manager [None req-d569f260-bcc5-42f7-9834-b0694dabdb4d None None] Subscribe: > process after_init 55550001, True {{(pid=89921) subscribe /opt/stack/data/venv/lib/python3.12/site-packages/neutron_lib/callbacks/manager.py:52}}
May 20 18:57:03.435553 np0000001103 devstack@neutron-api.service[89921]: DEBUG neutron.manager [None req-d569f260-bcc5-42f7-9834-b0694dabdb4d None None] Successfully loaded L3_ROUTER_NAT plugin. Description: L3 Router Service Plugin for basic L3 forwarding using OVN {{(pid=89921) _create_and_add_service_plugin /opt/stack/neutron/neutron/manager.py:239}}
May 20 18:57:03.435745 np0000001103 devstack@neutron-api.service[89921]: INFO neutron.manager [None req-d569f260-bcc5-42f7-9834-b0694dabdb4d None None] Loading Plugin: auto_allocate
May 20 18:57:03.437041 np0000001103 devstack@neutron-api.service[89921]: DEBUG neutron_lib.callbacks.manager [None req-d569f260-bcc5-42f7-9834-b0694dabdb4d None None] Subscribe: network precommit_update 55550000, False {{(pid=89921) subscribe /opt/stack/data/venv/lib/python3.12/site-packages/neutron_lib/callbacks/manager.py:52}}
May 20 18:57:03.437187 np0000001103 devstack@neutron-api.service[89921]: DEBUG neutron_lib.callbacks.manager [None req-d569f260-bcc5-42f7-9834-b0694dabdb4d None None] Subscribe: network precommit_create 55550000, False {{(pid=89921) subscribe /opt/stack/data/venv/lib/python3.12/site-packages/neutron_lib/callbacks/manager.py:52}}
May 20 18:57:03.437519 np0000001103 devstack@neutron-api.service[89921]: DEBUG neutron.manager [None req-d569f260-bcc5-42f7-9834-b0694dabdb4d None None] Successfully loaded auto-allocated-topology plugin. Description: Auto Allocated Topology - aka get me a network. {{(pid=89921) _create_and_add_service_plugin /opt/stack/neutron/neutron/manager.py:239}}
May 20 18:57:03.437605 np0000001103 devstack@neutron-api.service[89921]: INFO neutron.manager [None req-d569f260-bcc5-42f7-9834-b0694dabdb4d None None] Loading Plugin: tag
May 20 18:57:03.441597 np0000001103 devstack@neutron-api.service[89921]: DEBUG neutron.manager [None req-d569f260-bcc5-42f7-9834-b0694dabdb4d None None] Successfully loaded TAG plugin. Description: Tag support {{(pid=89921) _create_and_add_service_plugin /opt/stack/neutron/neutron/manager.py:239}}
May 20 18:57:03.441710 np0000001103 devstack@neutron-api.service[89921]: INFO neutron.manager [None req-d569f260-bcc5-42f7-9834-b0694dabdb4d None None] Loading Plugin: timestamp
May 20 18:57:03.443491 np0000001103 devstack@neutron-api.service[89921]: DEBUG neutron.manager [None req-d569f260-bcc5-42f7-9834-b0694dabdb4d None None] Successfully loaded timestamp plugin. Description: Adds timestamps to Neutron resources with standard attributes {{(pid=89921) _create_and_add_service_plugin /opt/stack/neutron/neutron/manager.py:239}}
May 20 18:57:03.443636 np0000001103 devstack@neutron-api.service[89921]: INFO neutron.manager [None req-d569f260-bcc5-42f7-9834-b0694dabdb4d None None] Loading Plugin: network_ip_availability
May 20 18:57:03.445777 np0000001103 devstack@neutron-api.service[89921]: DEBUG neutron.manager [None req-d569f260-bcc5-42f7-9834-b0694dabdb4d None None] Successfully loaded network-ip-availability plugin. Description: Provides IP availability data for each network and subnet. {{(pid=89921) _create_and_add_service_plugin /opt/stack/neutron/neutron/manager.py:239}}
May 20 18:57:03.445911 np0000001103 devstack@neutron-api.service[89921]: INFO neutron.manager [None req-d569f260-bcc5-42f7-9834-b0694dabdb4d None None] Loading Plugin: flavors
May 20 18:57:03.447294 np0000001103 devstack@neutron-api.service[89921]: DEBUG neutron.manager [None req-d569f260-bcc5-42f7-9834-b0694dabdb4d None None] Successfully loaded FLAVORS plugin. Description: Neutron Flavors and Service Profiles manager plugin {{(pid=89921) _create_and_add_service_plugin /opt/stack/neutron/neutron/manager.py:239}}
May 20 18:57:03.447424 np0000001103 devstack@neutron-api.service[89921]: INFO neutron.manager [None req-d569f260-bcc5-42f7-9834-b0694dabdb4d None None] Loading Plugin: revisions
May 20 18:57:03.448922 np0000001103 devstack@neutron-api.service[89921]: DEBUG neutron.manager [None req-d569f260-bcc5-42f7-9834-b0694dabdb4d None None] Successfully loaded revision_plugin plugin. Description: Adds revision numbers to resources. {{(pid=89921) _create_and_add_service_plugin /opt/stack/neutron/neutron/manager.py:239}}
May 20 18:57:03.449149 np0000001103 devstack@neutron-api.service[89921]: DEBUG oslo_concurrency.lockutils [None req-d569f260-bcc5-42f7-9834-b0694dabdb4d None None] Lock "manager" "released" by "neutron.manager.NeutronManager._create_instance" :: held 3.796s {{(pid=89921) inner /opt/stack/data/venv/lib/python3.12/site-packages/oslo_concurrency/lockutils.py:543}}
May 20 18:57:03.449422 np0000001103 devstack@neutron-api.service[89921]: DEBUG neutron.api.extensions [None req-d569f260-bcc5-42f7-9834-b0694dabdb4d None None] get_extension_paths = OrderedDict({'/opt/stack/neutron/neutron/extensions': 1}) {{(pid=89921) get_extensions_path /opt/stack/neutron/neutron/api/extensions.py:640}}
May 20 18:57:03.449566 np0000001103 devstack@neutron-api.service[89921]: INFO neutron.api.extensions [None req-d569f260-bcc5-42f7-9834-b0694dabdb4d None None] Initializing extension manager.
May 20 18:57:03.449880 np0000001103 devstack@neutron-api.service[89921]: DEBUG neutron.api.extensions [None req-d569f260-bcc5-42f7-9834-b0694dabdb4d None None] Loading extension file: __init__.py {{(pid=89921) _load_all_extensions_from_path /opt/stack/neutron/neutron/api/extensions.py:449}}
May 20 18:57:03.450048 np0000001103 devstack@neutron-api.service[89922]: INFO neutron.plugins.ml2.drivers.type_vlan [None req-d665d348-72ef-406c-9776-e0a3d9dd3da3 None None] VlanTypeDriver initialization complete
May 20 18:57:03.450308 np0000001103 devstack@neutron-api.service[89921]: DEBUG neutron.api.extensions [None req-d569f260-bcc5-42f7-9834-b0694dabdb4d None None] Loading extension file: __pycache__ {{(pid=89921) _load_all_extensions_from_path /opt/stack/neutron/neutron/api/extensions.py:449}}
May 20 18:57:03.450308 np0000001103 devstack@neutron-api.service[89921]: DEBUG neutron.api.extensions [None req-d569f260-bcc5-42f7-9834-b0694dabdb4d None None] Loading extension file: address_group.py {{(pid=89921) _load_all_extensions_from_path /opt/stack/neutron/neutron/api/extensions.py:449}}
May 20 18:57:03.450461 np0000001103 devstack@neutron-api.service[89922]: INFO neutron.plugins.ml2.managers [None req-d665d348-72ef-406c-9776-e0a3d9dd3da3 None None] Initializing extension driver 'port_security'
May 20 18:57:03.450461 np0000001103 devstack@neutron-api.service[89922]: INFO neutron.plugins.ml2.extensions.port_security [None req-d665d348-72ef-406c-9776-e0a3d9dd3da3 None None] PortSecurityExtensionDriver initialization complete
May 20 18:57:03.450533 np0000001103 devstack@neutron-api.service[89922]: INFO neutron.plugins.ml2.managers [None req-d665d348-72ef-406c-9776-e0a3d9dd3da3 None None] Initializing extension driver 'qos'
May 20 18:57:03.450677 np0000001103 devstack@neutron-api.service[89921]: DEBUG neutron.api.extensions [None req-d569f260-bcc5-42f7-9834-b0694dabdb4d None None] Ext name="Address group" alias="address-group" description="Support address group" updated="2020-07-15T10:00:00-00:00" {{(pid=89921) _check_extension /opt/stack/neutron/neutron/api/extensions.py:415}}
May 20 18:57:03.450738 np0000001103 devstack@neutron-api.service[89922]: DEBUG neutron.plugins.ml2.extensions.qos [None req-d665d348-72ef-406c-9776-e0a3d9dd3da3 None None] QosExtensionDriver initialization complete {{(pid=89922) initialize /opt/stack/neutron/neutron/plugins/ml2/extensions/qos.py:31}}
May 20 18:57:03.450831 np0000001103 devstack@neutron-api.service[89922]: INFO neutron.plugins.ml2.managers [None req-d665d348-72ef-406c-9776-e0a3d9dd3da3 None None] Initializing mechanism driver 'ovn'
May 20 18:57:03.450987 np0000001103 devstack@neutron-api.service[89922]: INFO neutron.plugins.ml2.drivers.ovn.mech_driver.mech_driver [None req-d665d348-72ef-406c-9776-e0a3d9dd3da3 None None] Starting OVNMechanismDriver
May 20 18:57:03.451009 np0000001103 devstack@neutron-api.service[89921]: INFO neutron.api.extensions [None req-d569f260-bcc5-42f7-9834-b0694dabdb4d None None] Loaded extension: address-group
May 20 18:57:03.451153 np0000001103 devstack@neutron-api.service[89921]: DEBUG neutron.api.extensions [None req-d569f260-bcc5-42f7-9834-b0694dabdb4d None None] Loading extension file: address_scope.py {{(pid=89921) _load_all_extensions_from_path /opt/stack/neutron/neutron/api/extensions.py:449}}
May 20 18:57:03.451642 np0000001103 devstack@neutron-api.service[89921]: DEBUG neutron.api.extensions [None req-d569f260-bcc5-42f7-9834-b0694dabdb4d None None] Ext name="Address scope" alias="address-scope" description="Address scopes extension." updated="2015-07-26T10:00:00-00:00" {{(pid=89921) _check_extension /opt/stack/neutron/neutron/api/extensions.py:415}}
May 20 18:57:03.451858 np0000001103 devstack@neutron-api.service[89921]: INFO neutron.api.extensions [None req-d569f260-bcc5-42f7-9834-b0694dabdb4d None None] Loaded extension: address-scope
May 20 18:57:03.451948 np0000001103 devstack@neutron-api.service[89921]: DEBUG neutron.api.extensions [None req-d569f260-bcc5-42f7-9834-b0694dabdb4d None None] Loading extension file: admin_state_down_before_update.py {{(pid=89921) _load_all_extensions_from_path /opt/stack/neutron/neutron/api/extensions.py:449}}
May 20 18:57:03.452276 np0000001103 devstack@neutron-api.service[89921]: DEBUG neutron.api.extensions [None req-d569f260-bcc5-42f7-9834-b0694dabdb4d None None] Ext name="Enforce Router's Admin State Down Before Update Extension" alias="router-admin-state-down-before-update" description="Ensure that the admin state of a router is DOWN (admin_state_up=False) before updating the distributed attribute" updated="2019-07-02T15:56:00" {{(pid=89921) _check_extension /opt/stack/neutron/neutron/api/extensions.py:415}}
May 20 18:57:03.452506 np0000001103 devstack@neutron-api.service[89921]: INFO neutron.api.extensions [None req-d569f260-bcc5-42f7-9834-b0694dabdb4d None None] Extension router-admin-state-down-before-update not supported by any of loaded plugins
May 20 18:57:03.452632 np0000001103 devstack@neutron-api.service[89921]: DEBUG neutron.api.extensions [None req-d569f260-bcc5-42f7-9834-b0694dabdb4d None None] Loading extension file: agent.py {{(pid=89921) _load_all_extensions_from_path /opt/stack/neutron/neutron/api/extensions.py:449}}
May 20 18:57:03.452998 np0000001103 devstack@neutron-api.service[89921]: DEBUG neutron.api.extensions [None req-d569f260-bcc5-42f7-9834-b0694dabdb4d None None] Ext name="agent" alias="agent" description="The agent management extension." updated="2013-02-03T10:00:00-00:00" {{(pid=89921) _check_extension /opt/stack/neutron/neutron/api/extensions.py:415}}
May 20 18:57:03.453267 np0000001103 devstack@neutron-api.service[89922]: DEBUG neutron_lib.callbacks.manager [None req-d665d348-72ef-406c-9776-e0a3d9dd3da3 None None] Subscribe: > process before_spawn 55550000, False {{(pid=89922) subscribe /opt/stack/data/venv/lib/python3.12/site-packages/neutron_lib/callbacks/manager.py:52}}
May 20 18:57:03.453332 np0000001103 devstack@neutron-api.service[89921]: INFO neutron.api.extensions [None req-d569f260-bcc5-42f7-9834-b0694dabdb4d None None] Loaded extension: agent
May 20 18:57:03.453362 np0000001103 devstack@neutron-api.service[89921]: DEBUG neutron.api.extensions [None req-d569f260-bcc5-42f7-9834-b0694dabdb4d None None] Loading extension file: agent_resources_synced.py {{(pid=89921) _load_all_extensions_from_path /opt/stack/neutron/neutron/api/extensions.py:449}}
May 20 18:57:03.453403 np0000001103 devstack@neutron-api.service[89922]: DEBUG neutron_lib.callbacks.manager [None req-d665d348-72ef-406c-9776-e0a3d9dd3da3 None None] Subscribe: > process after_init 55550000, True {{(pid=89922) subscribe /opt/stack/data/venv/lib/python3.12/site-packages/neutron_lib/callbacks/manager.py:52}}
May 20 18:57:03.453584 np0000001103 devstack@neutron-api.service[89922]: DEBUG neutron_lib.callbacks.manager [None req-d665d348-72ef-406c-9776-e0a3d9dd3da3 None None] Subscribe: > segment after_create 55550000, False {{(pid=89922) subscribe /opt/stack/data/venv/lib/python3.12/site-packages/neutron_lib/callbacks/manager.py:52}}
May 20 18:57:03.453656 np0000001103 devstack@neutron-api.service[89921]: DEBUG neutron.api.extensions [None req-d569f260-bcc5-42f7-9834-b0694dabdb4d None None] Ext name="Agent's Resource View Synced to Placement" alias="agent-resources-synced" description="Stores success/failure of last sync to Placement" updated="2018-12-19T00:00:00-00:00" {{(pid=89921) _check_extension /opt/stack/neutron/neutron/api/extensions.py:415}}
May 20 18:57:03.453721 np0000001103 devstack@neutron-api.service[89922]: DEBUG neutron_lib.callbacks.manager [None req-d665d348-72ef-406c-9776-e0a3d9dd3da3 None None] Subscribe: > segment after_create 55550000, False {{(pid=89922) subscribe /opt/stack/data/venv/lib/python3.12/site-packages/neutron_lib/callbacks/manager.py:52}}
May 20 18:57:03.453843 np0000001103 devstack@neutron-api.service[89922]: DEBUG neutron_lib.callbacks.manager [None req-d665d348-72ef-406c-9776-e0a3d9dd3da3 None None] Subscribe: > segment after_delete 55550000, False {{(pid=89922) subscribe /opt/stack/data/venv/lib/python3.12/site-packages/neutron_lib/callbacks/manager.py:52}}
May 20 18:57:03.453878 np0000001103 devstack@neutron-api.service[89921]: INFO neutron.api.extensions [None req-d569f260-bcc5-42f7-9834-b0694dabdb4d None None] Extension agent-resources-synced not supported by any of loaded plugins
May 20 18:57:03.454059 np0000001103 devstack@neutron-api.service[89922]: DEBUG neutron_lib.callbacks.manager [None req-d665d348-72ef-406c-9776-e0a3d9dd3da3 None None] Subscribe: > allowed_address_pair before_create 55550000, False {{(pid=89922) subscribe /opt/stack/data/venv/lib/python3.12/site-packages/neutron_lib/callbacks/manager.py:52}}
May 20 18:57:03.454133 np0000001103 devstack@neutron-api.service[89921]: DEBUG neutron.api.extensions [None req-d569f260-bcc5-42f7-9834-b0694dabdb4d None None] Loading extension file: agent_sort_key.py {{(pid=89921) _load_all_extensions_from_path /opt/stack/neutron/neutron/api/extensions.py:449}}
May 20 18:57:03.454156 np0000001103 devstack@neutron-api.service[89922]: DEBUG neutron_lib.callbacks.manager [None req-d665d348-72ef-406c-9776-e0a3d9dd3da3 None None] Subscribe: > security_group precommit_create 55550000, False {{(pid=89922) subscribe /opt/stack/data/venv/lib/python3.12/site-packages/neutron_lib/callbacks/manager.py:52}}
May 20 18:57:03.454318 np0000001103 devstack@neutron-api.service[89922]: DEBUG neutron_lib.callbacks.manager [None req-d665d348-72ef-406c-9776-e0a3d9dd3da3 None None] Subscribe: > security_group after_update 55550000, False {{(pid=89922) subscribe /opt/stack/data/venv/lib/python3.12/site-packages/neutron_lib/callbacks/manager.py:52}}
May 20 18:57:03.454464 np0000001103 devstack@neutron-api.service[89921]: DEBUG neutron.api.extensions [None req-d569f260-bcc5-42f7-9834-b0694dabdb4d None None] Ext name="Agents Sort Key" alias="agent_sort_key" description="Enabling the keyword sort_key for sorting in agents." updated="2013-02-03T10:00:00-00:00" {{(pid=89921) _check_extension /opt/stack/neutron/neutron/api/extensions.py:415}}
May 20 18:57:03.454535 np0000001103 devstack@neutron-api.service[89922]: DEBUG neutron_lib.callbacks.manager [None req-d665d348-72ef-406c-9776-e0a3d9dd3da3 None None] Subscribe: > security_group after_create 55550000, False {{(pid=89922) subscribe /opt/stack/data/venv/lib/python3.12/site-packages/neutron_lib/callbacks/manager.py:52}}
May 20 18:57:03.454592 np0000001103 devstack@neutron-api.service[89921]: INFO neutron.api.extensions [None req-d569f260-bcc5-42f7-9834-b0694dabdb4d None None] Extension agent_sort_key not supported by any of loaded plugins
May 20 18:57:03.454669 np0000001103 devstack@neutron-api.service[89922]: DEBUG neutron_lib.callbacks.manager [None req-d665d348-72ef-406c-9776-e0a3d9dd3da3 None None] Subscribe: > security_group precommit_delete 55550000, False {{(pid=89922) subscribe /opt/stack/data/venv/lib/python3.12/site-packages/neutron_lib/callbacks/manager.py:52}}
May 20 18:57:03.454701 np0000001103 devstack@neutron-api.service[89921]: DEBUG neutron.api.extensions [None req-d569f260-bcc5-42f7-9834-b0694dabdb4d None None] Loading extension file: allowedaddresspairs.py {{(pid=89921) _load_all_extensions_from_path /opt/stack/neutron/neutron/api/extensions.py:449}}
May 20 18:57:03.454732 np0000001103 devstack@neutron-api.service[89922]: DEBUG neutron_lib.callbacks.manager [None req-d665d348-72ef-406c-9776-e0a3d9dd3da3 None None] Subscribe: > security_group after_delete 55550000, False {{(pid=89922) subscribe /opt/stack/data/venv/lib/python3.12/site-packages/neutron_lib/callbacks/manager.py:52}}
May 20 18:57:03.454958 np0000001103 devstack@neutron-api.service[89922]: DEBUG neutron_lib.callbacks.manager [None req-d665d348-72ef-406c-9776-e0a3d9dd3da3 None None] Subscribe: > security_group_rule precommit_create 55550000, False {{(pid=89922) subscribe /opt/stack/data/venv/lib/python3.12/site-packages/neutron_lib/callbacks/manager.py:52}}
May 20 18:57:03.454958 np0000001103 devstack@neutron-api.service[89922]: DEBUG neutron_lib.callbacks.manager [None req-d665d348-72ef-406c-9776-e0a3d9dd3da3 None None] Subscribe: > security_group_rule after_create 55550000, False {{(pid=89922) subscribe /opt/stack/data/venv/lib/python3.12/site-packages/neutron_lib/callbacks/manager.py:52}}
May 20 18:57:03.455123 np0000001103 devstack@neutron-api.service[89922]: DEBUG neutron_lib.callbacks.manager [None req-d665d348-72ef-406c-9776-e0a3d9dd3da3 None None] Subscribe: > security_group_rule before_delete 55550000, False {{(pid=89922) subscribe /opt/stack/data/venv/lib/python3.12/site-packages/neutron_lib/callbacks/manager.py:52}}
May 20 18:57:03.455219 np0000001103 devstack@neutron-api.service[89922]: DEBUG neutron_lib.callbacks.manager [None req-d665d348-72ef-406c-9776-e0a3d9dd3da3 None None] Subscribe: > address_group after_create 55550000, False {{(pid=89922) subscribe /opt/stack/data/venv/lib/python3.12/site-packages/neutron_lib/callbacks/manager.py:52}}
May 20 18:57:03.455396 np0000001103 devstack@neutron-api.service[89922]: DEBUG neutron_lib.callbacks.manager [None req-d665d348-72ef-406c-9776-e0a3d9dd3da3 None None] Subscribe: > address_group after_update 55550000, False {{(pid=89922) subscribe /opt/stack/data/venv/lib/python3.12/site-packages/neutron_lib/callbacks/manager.py:52}}
May 20 18:57:03.455480 np0000001103 devstack@neutron-api.service[89922]: DEBUG neutron_lib.callbacks.manager [None req-d665d348-72ef-406c-9776-e0a3d9dd3da3 None None] Subscribe: > address_group after_delete 55550000, False {{(pid=89922) subscribe /opt/stack/data/venv/lib/python3.12/site-packages/neutron_lib/callbacks/manager.py:52}}
May 20 18:57:03.455742 np0000001103 devstack@neutron-api.service[89922]: DEBUG neutron_lib.callbacks.manager [None req-d665d348-72ef-406c-9776-e0a3d9dd3da3 None None] Subscribe: > qos_plugin after_init 55550000, False {{(pid=89922) subscribe /opt/stack/data/venv/lib/python3.12/site-packages/neutron_lib/callbacks/manager.py:52}}
May 20 18:57:03.455785 np0000001103 devstack@neutron-api.service[89921]: DEBUG neutron.api.extensions [None req-d569f260-bcc5-42f7-9834-b0694dabdb4d None None] Ext name="Allowed Address Pairs" alias="allowed-address-pairs" description="Provides allowed address pairs" updated="2013-07-23T10:00:00-00:00" {{(pid=89921) _check_extension /opt/stack/neutron/neutron/api/extensions.py:415}}
May 20 18:57:03.455997 np0000001103 devstack@neutron-api.service[89922]: DEBUG neutron_lib.callbacks.manager [None req-d665d348-72ef-406c-9776-e0a3d9dd3da3 None None] Subscribe: > trunk_plugin after_init 55550000, False {{(pid=89922) subscribe /opt/stack/data/venv/lib/python3.12/site-packages/neutron_lib/callbacks/manager.py:52}}
May 20 18:57:03.456049 np0000001103 devstack@neutron-api.service[89921]: INFO neutron.api.extensions [None req-d569f260-bcc5-42f7-9834-b0694dabdb4d None None] Loaded extension: allowed-address-pairs
May 20 18:57:03.456148 np0000001103 devstack@neutron-api.service[89921]: DEBUG neutron.api.extensions [None req-d569f260-bcc5-42f7-9834-b0694dabdb4d None None] Loading extension file: auto_allocated_topology.py {{(pid=89921) _load_all_extensions_from_path /opt/stack/neutron/neutron/api/extensions.py:449}}
May 20 18:57:03.456311 np0000001103 devstack@neutron-api.service[89922]: DEBUG neutron_lib.callbacks.manager [None req-d665d348-72ef-406c-9776-e0a3d9dd3da3 None None] Subscribe: > logging-plugin after_init 55550000, False {{(pid=89922) subscribe /opt/stack/data/venv/lib/python3.12/site-packages/neutron_lib/callbacks/manager.py:52}}
May 20 18:57:03.456500 np0000001103 devstack@neutron-api.service[89921]: DEBUG neutron.api.extensions [None req-d569f260-bcc5-42f7-9834-b0694dabdb4d None None] Ext name="Auto Allocated Topology Services" alias="auto-allocated-topology" description="Auto Allocated Topology Services." updated="2016-01-01T00:00:00-00:00" {{(pid=89921) _check_extension /opt/stack/neutron/neutron/api/extensions.py:415}}
May 20 18:57:03.456730 np0000001103 devstack@neutron-api.service[89921]: INFO neutron.api.extensions [None req-d569f260-bcc5-42f7-9834-b0694dabdb4d None None] Loaded extension: auto-allocated-topology
May 20 18:57:03.456850 np0000001103 devstack@neutron-api.service[89921]: DEBUG neutron.api.extensions [None req-d569f260-bcc5-42f7-9834-b0694dabdb4d None None] Loading extension file: availability_zone.py {{(pid=89921) _load_all_extensions_from_path /opt/stack/neutron/neutron/api/extensions.py:449}}
May 20 18:57:03.457006 np0000001103 devstack@neutron-api.service[89922]: INFO neutron.services.logapi.drivers.ovn.driver [None req-d665d348-72ef-406c-9776-e0a3d9dd3da3 None None] OVN logging driver registered
May 20 18:57:03.457241 np0000001103 devstack@neutron-api.service[89921]: DEBUG neutron.api.extensions [None req-d569f260-bcc5-42f7-9834-b0694dabdb4d None None] Ext name="Availability Zone" alias="availability_zone" description="The availability zone extension." updated="2015-01-01T10:00:00-00:00" {{(pid=89921) _check_extension /opt/stack/neutron/neutron/api/extensions.py:415}}
May 20 18:57:03.457453 np0000001103 devstack@neutron-api.service[89921]: INFO neutron.api.extensions [None req-d569f260-bcc5-42f7-9834-b0694dabdb4d None None] Loaded extension: availability_zone
May 20 18:57:03.457591 np0000001103 devstack@neutron-api.service[89921]: DEBUG neutron.api.extensions [None req-d569f260-bcc5-42f7-9834-b0694dabdb4d None None] Loading extension file: availability_zone_filter.py {{(pid=89921) _load_all_extensions_from_path /opt/stack/neutron/neutron/api/extensions.py:449}}
May 20 18:57:03.457927 np0000001103 devstack@neutron-api.service[89921]: DEBUG neutron.api.extensions [None req-d569f260-bcc5-42f7-9834-b0694dabdb4d None None] Ext name="Availability Zone Filter Extension" alias="availability_zone_filter" description="Add filter parameters to AvailabilityZone resource" updated="2018-06-22T10:00:00-00:00" {{(pid=89921) _check_extension /opt/stack/neutron/neutron/api/extensions.py:415}}
May 20 18:57:03.458125 np0000001103 devstack@neutron-api.service[89921]: INFO neutron.api.extensions [None req-d569f260-bcc5-42f7-9834-b0694dabdb4d None None] Extension availability_zone_filter not supported by any of loaded plugins
May 20 18:57:03.458245 np0000001103 devstack@neutron-api.service[89921]: DEBUG neutron.api.extensions [None req-d569f260-bcc5-42f7-9834-b0694dabdb4d None None] Loading extension file: data_plane_status.py {{(pid=89921) _load_all_extensions_from_path /opt/stack/neutron/neutron/api/extensions.py:449}}
May 20 18:57:03.458538 np0000001103 devstack@neutron-api.service[89921]: DEBUG neutron.api.extensions [None req-d569f260-bcc5-42f7-9834-b0694dabdb4d None None] Ext name="Port data plane status extension" alias="data-plane-status" description="Expose status of underlying data plane" updated="2017-01-24T10:00:00-00:00" {{(pid=89921) _check_extension /opt/stack/neutron/neutron/api/extensions.py:415}}
May 20 18:57:03.458754 np0000001103 devstack@neutron-api.service[89921]: INFO neutron.api.extensions [None req-d569f260-bcc5-42f7-9834-b0694dabdb4d None None] Extension data-plane-status not supported by any of loaded plugins
May 20 18:57:03.458888 np0000001103 devstack@neutron-api.service[89921]: DEBUG neutron.api.extensions [None req-d569f260-bcc5-42f7-9834-b0694dabdb4d None None] Loading extension file: default_subnetpools.py {{(pid=89921) _load_all_extensions_from_path /opt/stack/neutron/neutron/api/extensions.py:449}}
May 20 18:57:03.459175 np0000001103 devstack@neutron-api.service[89921]: DEBUG neutron.api.extensions [None req-d569f260-bcc5-42f7-9834-b0694dabdb4d None None] Ext name="Default Subnetpools" alias="default-subnetpools" description="Provides ability to mark and use a subnetpool as the default." updated="2016-02-18T18:00:00-00:00" {{(pid=89921) _check_extension /opt/stack/neutron/neutron/api/extensions.py:415}}
May 20 18:57:03.459276 np0000001103 devstack@neutron-api.service[89922]: DEBUG neutron.plugins.ml2.plugin [None req-d665d348-72ef-406c-9776-e0a3d9dd3da3 None None] neutron.plugins.ml2.plugin.Ml2Plugin method _start_rpc_notifiers called with arguments () {} {{(pid=89922) wrapper /opt/stack/data/venv/lib/python3.12/site-packages/oslo_log/helpers.py:77}}
May 20 18:57:03.459379 np0000001103 devstack@neutron-api.service[89921]: INFO neutron.api.extensions [None req-d569f260-bcc5-42f7-9834-b0694dabdb4d None None] Loaded extension: default-subnetpools
May 20 18:57:03.459494 np0000001103 devstack@neutron-api.service[89921]: DEBUG neutron.api.extensions [None req-d569f260-bcc5-42f7-9834-b0694dabdb4d None None] Loading extension file: dhcpagentscheduler.py {{(pid=89921) _load_all_extensions_from_path /opt/stack/neutron/neutron/api/extensions.py:449}}
May 20 18:57:03.459693 np0000001103 devstack@neutron-api.service[89922]: DEBUG neutron_lib.callbacks.manager [None req-d665d348-72ef-406c-9776-e0a3d9dd3da3 None None] Subscribe: > port after_create 55550000, False {{(pid=89922) subscribe /opt/stack/data/venv/lib/python3.12/site-packages/neutron_lib/callbacks/manager.py:52}}
May 20 18:57:03.459860 np0000001103 devstack@neutron-api.service[89922]: DEBUG neutron_lib.callbacks.manager [None req-d665d348-72ef-406c-9776-e0a3d9dd3da3 None None] Subscribe: > port after_update 55550000, False {{(pid=89922) subscribe /opt/stack/data/venv/lib/python3.12/site-packages/neutron_lib/callbacks/manager.py:52}}
May 20 18:57:03.460007 np0000001103 devstack@neutron-api.service[89921]: DEBUG neutron.api.extensions [None req-d569f260-bcc5-42f7-9834-b0694dabdb4d None None] Ext name="DHCP Agent Scheduler" alias="dhcp_agent_scheduler" description="Schedule networks among dhcp agents" updated="2013-02-07T10:00:00-00:00" {{(pid=89921) _check_extension /opt/stack/neutron/neutron/api/extensions.py:415}}
May 20 18:57:03.460078 np0000001103 devstack@neutron-api.service[89922]: DEBUG neutron_lib.callbacks.manager [None req-d665d348-72ef-406c-9776-e0a3d9dd3da3 None None] Subscribe: > port after_delete 55550000, False {{(pid=89922) subscribe /opt/stack/data/venv/lib/python3.12/site-packages/neutron_lib/callbacks/manager.py:52}}
May 20 18:57:03.460183 np0000001103 devstack@neutron-api.service[89922]: DEBUG neutron_lib.callbacks.manager [None req-d665d348-72ef-406c-9776-e0a3d9dd3da3 None None] Subscribe: > subnet after_create 55550000, False {{(pid=89922) subscribe /opt/stack/data/venv/lib/python3.12/site-packages/neutron_lib/callbacks/manager.py:52}}
May 20 18:57:03.460233 np0000001103 devstack@neutron-api.service[89921]: INFO neutron.api.extensions [None req-d569f260-bcc5-42f7-9834-b0694dabdb4d None None] Loaded extension: dhcp_agent_scheduler
May 20 18:57:03.460328 np0000001103 devstack@neutron-api.service[89922]: DEBUG neutron_lib.callbacks.manager [None req-d665d348-72ef-406c-9776-e0a3d9dd3da3 None None] Subscribe: > subnet after_update 55550000, False {{(pid=89922) subscribe /opt/stack/data/venv/lib/python3.12/site-packages/neutron_lib/callbacks/manager.py:52}}
May 20 18:57:03.460372 np0000001103 devstack@neutron-api.service[89921]: DEBUG neutron.api.extensions [None req-d569f260-bcc5-42f7-9834-b0694dabdb4d None None] Loading extension file: dns.py {{(pid=89921) _load_all_extensions_from_path /opt/stack/neutron/neutron/api/extensions.py:449}}
May 20 18:57:03.460466 np0000001103 devstack@neutron-api.service[89922]: DEBUG neutron_lib.callbacks.manager [None req-d665d348-72ef-406c-9776-e0a3d9dd3da3 None None] Subscribe: > subnet after_delete 55550000, False {{(pid=89922) subscribe /opt/stack/data/venv/lib/python3.12/site-packages/neutron_lib/callbacks/manager.py:52}}
May 20 18:57:03.460618 np0000001103 devstack@neutron-api.service[89922]: DEBUG neutron_lib.callbacks.manager [None req-d665d348-72ef-406c-9776-e0a3d9dd3da3 None None] Subscribe: > network after_create 55550000, False {{(pid=89922) subscribe /opt/stack/data/venv/lib/python3.12/site-packages/neutron_lib/callbacks/manager.py:52}}
May 20 18:57:03.460667 np0000001103 devstack@neutron-api.service[89921]: DEBUG neutron.api.extensions [None req-d569f260-bcc5-42f7-9834-b0694dabdb4d None None] Ext name="DNS Integration" alias="dns-integration" description="Provides integration with DNS." updated="2015-08-15T18:00:00-00:00" {{(pid=89921) _check_extension /opt/stack/neutron/neutron/api/extensions.py:415}}
May 20 18:57:03.460769 np0000001103 devstack@neutron-api.service[89922]: DEBUG neutron_lib.callbacks.manager [None req-d665d348-72ef-406c-9776-e0a3d9dd3da3 None None] Subscribe: > network after_update 55550000, False {{(pid=89922) subscribe /opt/stack/data/venv/lib/python3.12/site-packages/neutron_lib/callbacks/manager.py:52}}
May 20 18:57:03.460955 np0000001103 devstack@neutron-api.service[89921]: INFO neutron.api.extensions [None req-d569f260-bcc5-42f7-9834-b0694dabdb4d None None] Loaded extension: dns-integration
May 20 18:57:03.461112 np0000001103 devstack@neutron-api.service[89922]: DEBUG neutron_lib.callbacks.manager [None req-d665d348-72ef-406c-9776-e0a3d9dd3da3 None None] Subscribe: > network after_delete 55550000, False {{(pid=89922) subscribe /opt/stack/data/venv/lib/python3.12/site-packages/neutron_lib/callbacks/manager.py:52}}
May 20 18:57:03.461170 np0000001103 devstack@neutron-api.service[89921]: DEBUG neutron.api.extensions [None req-d569f260-bcc5-42f7-9834-b0694dabdb4d None None] Loading extension file: dns_domain_ports.py {{(pid=89921) _load_all_extensions_from_path /opt/stack/neutron/neutron/api/extensions.py:449}}
May 20 18:57:03.461213 np0000001103 devstack@neutron-api.service[89922]: DEBUG neutron_lib.callbacks.manager [None req-d665d348-72ef-406c-9776-e0a3d9dd3da3 None None] Subscribe: > security_group after_create 55550000, False {{(pid=89922) subscribe /opt/stack/data/venv/lib/python3.12/site-packages/neutron_lib/callbacks/manager.py:52}}
May 20 18:57:03.461213 np0000001103 devstack@neutron-api.service[89922]: DEBUG neutron_lib.callbacks.manager [None req-d665d348-72ef-406c-9776-e0a3d9dd3da3 None None] Subscribe: > security_group after_update 55550000, False {{(pid=89922) subscribe /opt/stack/data/venv/lib/python3.12/site-packages/neutron_lib/callbacks/manager.py:52}}
May 20 18:57:03.461278 np0000001103 devstack@neutron-api.service[89921]: DEBUG neutron.api.extensions [None req-d569f260-bcc5-42f7-9834-b0694dabdb4d None None] Ext name="dns_domain for ports" alias="dns-domain-ports" description="Allows the DNS domain to be specified for a network port." updated="2017-04-24T10:00:00-00:00" {{(pid=89921) _check_extension /opt/stack/neutron/neutron/api/extensions.py:415}}
May 20 18:57:03.461347 np0000001103 devstack@neutron-api.service[89922]: DEBUG neutron_lib.callbacks.manager [None req-d665d348-72ef-406c-9776-e0a3d9dd3da3 None None] Subscribe: > security_group after_delete 55550000, False {{(pid=89922) subscribe /opt/stack/data/venv/lib/python3.12/site-packages/neutron_lib/callbacks/manager.py:52}}
May 20 18:57:03.461716 np0000001103 devstack@neutron-api.service[89922]: DEBUG neutron_lib.callbacks.manager [None req-d665d348-72ef-406c-9776-e0a3d9dd3da3 None None] Subscribe: > security_group_rule after_create 55550000, False {{(pid=89922) subscribe /opt/stack/data/venv/lib/python3.12/site-packages/neutron_lib/callbacks/manager.py:52}}
May 20 18:57:03.461801 np0000001103 devstack@neutron-api.service[89921]: INFO neutron.api.extensions [None req-d569f260-bcc5-42f7-9834-b0694dabdb4d None None] Loaded extension: dns-domain-ports
May 20 18:57:03.461898 np0000001103 devstack@neutron-api.service[89922]: DEBUG neutron_lib.callbacks.manager [None req-d665d348-72ef-406c-9776-e0a3d9dd3da3 None None] Subscribe: > security_group_rule after_update 55550000, False {{(pid=89922) subscribe /opt/stack/data/venv/lib/python3.12/site-packages/neutron_lib/callbacks/manager.py:52}}
May 20 18:57:03.461934 np0000001103 devstack@neutron-api.service[89921]: DEBUG neutron.api.extensions [None req-d569f260-bcc5-42f7-9834-b0694dabdb4d None None] Loading extension file: dns_integration_domain_keywords.py {{(pid=89921) _load_all_extensions_from_path /opt/stack/neutron/neutron/api/extensions.py:449}}
May 20 18:57:03.461999 np0000001103 devstack@neutron-api.service[89922]: DEBUG neutron_lib.callbacks.manager [None req-d665d348-72ef-406c-9776-e0a3d9dd3da3 None None] Subscribe: > security_group_rule after_delete 55550000, False {{(pid=89922) subscribe /opt/stack/data/venv/lib/python3.12/site-packages/neutron_lib/callbacks/manager.py:52}}
May 20 18:57:03.461999 np0000001103 devstack@neutron-api.service[89922]: DEBUG neutron_lib.callbacks.manager [None req-d665d348-72ef-406c-9776-e0a3d9dd3da3 None None] Subscribe: > address_group after_create 55550000, False {{(pid=89922) subscribe /opt/stack/data/venv/lib/python3.12/site-packages/neutron_lib/callbacks/manager.py:52}}
May 20 18:57:03.462083 np0000001103 devstack@neutron-api.service[89921]: DEBUG neutron.api.extensions [None req-d569f260-bcc5-42f7-9834-b0694dabdb4d None None] Ext name="DNS domain names with keywords allowed" alias="dns-integration-domain-keywords" description="Allows to use keywords like , , and as DNS domain name" updated="2020-06-15T18:00:00-00:00" {{(pid=89921) _check_extension /opt/stack/neutron/neutron/api/extensions.py:415}}
May 20 18:57:03.462152 np0000001103 devstack@neutron-api.service[89922]: DEBUG neutron_lib.callbacks.manager [None req-d665d348-72ef-406c-9776-e0a3d9dd3da3 None None] Subscribe: > address_group after_update 55550000, False {{(pid=89922) subscribe /opt/stack/data/venv/lib/python3.12/site-packages/neutron_lib/callbacks/manager.py:52}}
May 20 18:57:03.462152 np0000001103 devstack@neutron-api.service[89922]: DEBUG neutron_lib.callbacks.manager [None req-d665d348-72ef-406c-9776-e0a3d9dd3da3 None None] Subscribe: > address_group after_delete 55550000, False {{(pid=89922) subscribe /opt/stack/data/venv/lib/python3.12/site-packages/neutron_lib/callbacks/manager.py:52}}
May 20 18:57:03.462211 np0000001103 devstack@neutron-api.service[89921]: INFO neutron.api.extensions [None req-d569f260-bcc5-42f7-9834-b0694dabdb4d None None] Loaded extension: dns-integration-domain-keywords
May 20 18:57:03.462246 np0000001103 devstack@neutron-api.service[89922]: DEBUG neutron.plugins.ml2.ovo_rpc [None req-d665d348-72ef-406c-9776-e0a3d9dd3da3 None None] ML2 OVO RPC backend initialized. {{(pid=89922) __init__ /opt/stack/neutron/neutron/plugins/ml2/ovo_rpc.py:117}}
May 20 18:57:03.462296 np0000001103 devstack@neutron-api.service[89921]: DEBUG neutron.api.extensions [None req-d569f260-bcc5-42f7-9834-b0694dabdb4d None None] Loading extension file: dvr.py {{(pid=89921) _load_all_extensions_from_path /opt/stack/neutron/neutron/api/extensions.py:449}}
May 20 18:57:03.462707 np0000001103 devstack@neutron-api.service[89921]: DEBUG neutron.api.extensions [None req-d569f260-bcc5-42f7-9834-b0694dabdb4d None None] Ext name="Distributed Virtual Router" alias="dvr" description="Enables configuration of Distributed Virtual Routers." updated="2014-06-1T10:00:00-00:00" {{(pid=89921) _check_extension /opt/stack/neutron/neutron/api/extensions.py:415}}
May 20 18:57:03.462786 np0000001103 devstack@neutron-api.service[89921]: INFO neutron.api.extensions [None req-d569f260-bcc5-42f7-9834-b0694dabdb4d None None] Extension dvr not supported by any of loaded plugins
May 20 18:57:03.462865 np0000001103 devstack@neutron-api.service[89921]: DEBUG neutron.api.extensions [None req-d569f260-bcc5-42f7-9834-b0694dabdb4d None None] Loading extension file: ecmp_routes.py {{(pid=89921) _load_all_extensions_from_path /opt/stack/neutron/neutron/api/extensions.py:449}}
May 20 18:57:03.463172 np0000001103 devstack@neutron-api.service[89921]: DEBUG neutron.api.extensions [None req-d569f260-bcc5-42f7-9834-b0694dabdb4d None None] Ext name="Equal Cost Multipath Routing" alias="ecmp_routes" description="Allows traffic to reach thesame destination via multiple different links " updated="2020-11-26T18:00:00-00:00" {{(pid=89921) _check_extension /opt/stack/neutron/neutron/api/extensions.py:415}}
May 20 18:57:03.463417 np0000001103 devstack@neutron-api.service[89921]: INFO neutron.api.extensions [None req-d569f260-bcc5-42f7-9834-b0694dabdb4d None None] Extension ecmp_routes not supported by any of loaded plugins
May 20 18:57:03.463468 np0000001103 devstack@neutron-api.service[89922]: INFO neutron.quota [None req-d665d348-72ef-406c-9776-e0a3d9dd3da3 None None] Loaded quota_driver: .
May 20 18:57:03.463493 np0000001103 devstack@neutron-api.service[89921]: DEBUG neutron.api.extensions [None req-d569f260-bcc5-42f7-9834-b0694dabdb4d None None] Loading extension file: empty_string_filtering.py {{(pid=89921) _load_all_extensions_from_path /opt/stack/neutron/neutron/api/extensions.py:449}}
May 20 18:57:03.463695 np0000001103 devstack@neutron-api.service[89922]: INFO neutron.plugins.ml2.plugin [None req-d665d348-72ef-406c-9776-e0a3d9dd3da3 None None] Modular L2 Plugin initialization complete
May 20 18:57:03.463776 np0000001103 devstack@neutron-api.service[89921]: DEBUG neutron.api.extensions [None req-d569f260-bcc5-42f7-9834-b0694dabdb4d None None] Ext name="Empty String Filtering Extension" alias="empty-string-filtering" description="Allow filtering by attributes with empty string value" updated="2018-05-01T10:00:00-00:00" {{(pid=89921) _check_extension /opt/stack/neutron/neutron/api/extensions.py:415}}
May 20 18:57:03.463852 np0000001103 devstack@neutron-api.service[89922]: DEBUG neutron.manager [None req-d665d348-72ef-406c-9776-e0a3d9dd3da3 None None] Loading services supported by the core plugin {{(pid=89922) _load_services_from_core_plugin /opt/stack/neutron/neutron/manager.py:170}}
May 20 18:57:03.463998 np0000001103 devstack@neutron-api.service[89921]: INFO neutron.api.extensions [None req-d569f260-bcc5-42f7-9834-b0694dabdb4d None None] Loaded extension: empty-string-filtering
May 20 18:57:03.464101 np0000001103 devstack@neutron-api.service[89922]: INFO neutron.plugins.ml2.managers [None req-d665d348-72ef-406c-9776-e0a3d9dd3da3 None None] Got port-security extension from driver 'port_security'
