May 20 18:57:03.888018 np0000001103 neutron-periodic-workers[91932]: DEBUG cotyledon.oslo_config_glue [-] ovn.disable_ovn_dhcp_for_baremetal_ports = False {{(pid=91932) log_opt_values /opt/stack/data/venv/lib/python3.12/site-packages/oslo_config/cfg.py:3256}}
May 20 18:57:03.888322 np0000001103 neutron-periodic-workers[91932]: DEBUG cotyledon.oslo_config_glue [-] ovn.dns_records_ovn_owned = False {{(pid=91932) log_opt_values /opt/stack/data/venv/lib/python3.12/site-packages/oslo_config/cfg.py:3256}}
May 20 18:57:03.888322 np0000001103 neutron-periodic-workers[91932]: DEBUG cotyledon.oslo_config_glue [-] ovn.dns_servers = [] {{(pid=91932) log_opt_values /opt/stack/data/venv/lib/python3.12/site-packages/oslo_config/cfg.py:3256}}
May 20 18:57:03.888322 np0000001103 neutron-periodic-workers[91932]: DEBUG cotyledon.oslo_config_glue [-] ovn.enable_distributed_floating_ip = False {{(pid=91932) log_opt_values /opt/stack/data/venv/lib/python3.12/site-packages/oslo_config/cfg.py:3256}}
May 20 18:57:03.888322 np0000001103 neutron-periodic-workers[91932]: DEBUG cotyledon.oslo_config_glue [-] ovn.fdb_age_threshold = 300 {{(pid=91932) log_opt_values /opt/stack/data/venv/lib/python3.12/site-packages/oslo_config/cfg.py:3256}}
May 20 18:57:03.888322 np0000001103 neutron-periodic-workers[91932]: DEBUG cotyledon.oslo_config_glue [-] ovn.ha_failover_strategy = normal {{(pid=91932) log_opt_values /opt/stack/data/venv/lib/python3.12/site-packages/oslo_config/cfg.py:3256}}
May 20 18:57:03.888322 np0000001103 neutron-periodic-workers[91932]: DEBUG cotyledon.oslo_config_glue [-] ovn.live_migration_activation_strategy = rarp {{(pid=91932) log_opt_values /opt/stack/data/venv/lib/python3.12/site-packages/oslo_config/cfg.py:3256}}
May 20 18:57:03.888322 np0000001103 neutron-periodic-workers[91932]: DEBUG cotyledon.oslo_config_glue [-] ovn.localnet_learn_fdb = False {{(pid=91932) log_opt_values /opt/stack/data/venv/lib/python3.12/site-packages/oslo_config/cfg.py:3256}}
May 20 18:57:03.888322 np0000001103 neutron-periodic-workers[91932]: DEBUG cotyledon.oslo_config_glue [-] ovn.mac_binding_age_threshold = 300 {{(pid=91932) log_opt_values /opt/stack/data/venv/lib/python3.12/site-packages/oslo_config/cfg.py:3256}}
May 20 18:57:03.888322 np0000001103 neutron-periodic-workers[91932]: DEBUG cotyledon.oslo_config_glue [-] ovn.neutron_sync_mode = log {{(pid=91932) log_opt_values /opt/stack/data/venv/lib/python3.12/site-packages/oslo_config/cfg.py:3256}}
May 20 18:57:03.888535 np0000001103 neutron-periodic-workers[91932]: DEBUG cotyledon.oslo_config_glue [-] ovn.ovn_dhcp4_global_options = {} {{(pid=91932) log_opt_values /opt/stack/data/venv/lib/python3.12/site-packages/oslo_config/cfg.py:3256}}
May 20 18:57:03.888535 np0000001103 neutron-periodic-workers[91932]: DEBUG cotyledon.oslo_config_glue [-] ovn.ovn_dhcp6_global_options = {} {{(pid=91932) log_opt_values /opt/stack/data/venv/lib/python3.12/site-packages/oslo_config/cfg.py:3256}}
May 20 18:57:03.888535 np0000001103 neutron-periodic-workers[91932]: DEBUG cotyledon.oslo_config_glue [-] ovn.ovn_l3_scheduler = leastloaded {{(pid=91932) log_opt_values /opt/stack/data/venv/lib/python3.12/site-packages/oslo_config/cfg.py:3256}}
May 20 18:57:03.888535 np0000001103 neutron-periodic-workers[91932]: DEBUG cotyledon.oslo_config_glue [-] ovn.ovn_metadata_enabled = True {{(pid=91932) log_opt_values /opt/stack/data/venv/lib/python3.12/site-packages/oslo_config/cfg.py:3256}}
May 20 18:57:03.888535 np0000001103 neutron-periodic-workers[91932]: DEBUG cotyledon.oslo_config_glue [-] ovn.ovn_nb_ca_cert = /opt/stack/data/CA/int-ca/ca-chain.pem {{(pid=91932) log_opt_values /opt/stack/data/venv/lib/python3.12/site-packages/oslo_config/cfg.py:3256}}
May 20 18:57:03.888535 np0000001103 neutron-periodic-workers[91932]: DEBUG cotyledon.oslo_config_glue [-] ovn.ovn_nb_certificate = /opt/stack/data/CA/int-ca/devstack-cert.crt {{(pid=91932) log_opt_values /opt/stack/data/venv/lib/python3.12/site-packages/oslo_config/cfg.py:3256}}
May 20 18:57:03.888535 np0000001103 neutron-periodic-workers[91932]: DEBUG cotyledon.oslo_config_glue [-] ovn.ovn_nb_connection = ['ssl:10.4.3.251:6641'] {{(pid=91932) log_opt_values /opt/stack/data/venv/lib/python3.12/site-packages/oslo_config/cfg.py:3256}}
May 20 18:57:03.888535 np0000001103 neutron-periodic-workers[91932]: DEBUG cotyledon.oslo_config_glue [-] ovn.ovn_nb_private_key = /opt/stack/data/CA/int-ca/private/devstack-cert.key {{(pid=91932) log_opt_values /opt/stack/data/venv/lib/python3.12/site-packages/oslo_config/cfg.py:3256}}
May 20 18:57:03.888744 np0000001103 neutron-periodic-workers[91932]: DEBUG cotyledon.oslo_config_glue [-] ovn.ovn_router_indirect_snat = False {{(pid=91932) log_opt_values /opt/stack/data/venv/lib/python3.12/site-packages/oslo_config/cfg.py:3256}}
May 20 18:57:03.888744 np0000001103 neutron-periodic-workers[91932]: DEBUG cotyledon.oslo_config_glue [-] ovn.ovn_sb_ca_cert = /opt/stack/data/CA/int-ca/ca-chain.pem {{(pid=91932) log_opt_values /opt/stack/data/venv/lib/python3.12/site-packages/oslo_config/cfg.py:3256}}
May 20 18:57:03.888744 np0000001103 neutron-periodic-workers[91932]: DEBUG cotyledon.oslo_config_glue [-] ovn.ovn_sb_certificate = /opt/stack/data/CA/int-ca/devstack-cert.crt {{(pid=91932) log_opt_values /opt/stack/data/venv/lib/python3.12/site-packages/oslo_config/cfg.py:3256}}
May 20 18:57:03.888744 np0000001103 neutron-periodic-workers[91932]: DEBUG cotyledon.oslo_config_glue [-] ovn.ovn_sb_connection = ['ssl:10.4.3.251:6642'] {{(pid=91932) log_opt_values /opt/stack/data/venv/lib/python3.12/site-packages/oslo_config/cfg.py:3256}}
May 20 18:57:03.888744 np0000001103 neutron-periodic-workers[91932]: DEBUG cotyledon.oslo_config_glue [-] ovn.ovn_sb_private_key = /opt/stack/data/CA/int-ca/private/devstack-cert.key {{(pid=91932) log_opt_values /opt/stack/data/venv/lib/python3.12/site-packages/oslo_config/cfg.py:3256}}
May 20 18:57:03.888744 np0000001103 neutron-periodic-workers[91932]: DEBUG cotyledon.oslo_config_glue [-] ovn.ovs_create_tap = False {{(pid=91932) log_opt_values /opt/stack/data/venv/lib/python3.12/site-packages/oslo_config/cfg.py:3256}}
May 20 18:57:03.888744 np0000001103 neutron-periodic-workers[91932]: DEBUG cotyledon.oslo_config_glue [-] ovn.ovsdb_connection_timeout = 180 {{(pid=91932) log_opt_values /opt/stack/data/venv/lib/python3.12/site-packages/oslo_config/cfg.py:3256}}
May 20 18:57:03.888744 np0000001103 neutron-periodic-workers[91932]: DEBUG cotyledon.oslo_config_glue [-] ovn.ovsdb_log_level = INFO {{(pid=91932) log_opt_values /opt/stack/data/venv/lib/python3.12/site-packages/oslo_config/cfg.py:3256}}
May 20 18:57:03.888939 np0000001103 neutron-periodic-workers[91932]: DEBUG cotyledon.oslo_config_glue [-] ovn.ovsdb_probe_interval = 60000 {{(pid=91932) log_opt_values /opt/stack/data/venv/lib/python3.12/site-packages/oslo_config/cfg.py:3256}}
May 20 18:57:03.888939 np0000001103 neutron-periodic-workers[91932]: DEBUG cotyledon.oslo_config_glue [-] ovn.ovsdb_retry_max_interval = 180 {{(pid=91932) log_opt_values /opt/stack/data/venv/lib/python3.12/site-packages/oslo_config/cfg.py:3256}}
May 20 18:57:03.888939 np0000001103 neutron-periodic-workers[91932]: DEBUG cotyledon.oslo_config_glue [-] ovn.stateless_nat_enabled = False {{(pid=91932) log_opt_values /opt/stack/data/venv/lib/python3.12/site-packages/oslo_config/cfg.py:3256}}
May 20 18:57:03.888939 np0000001103 neutron-periodic-workers[91932]: DEBUG cotyledon.oslo_config_glue [-] ovn.vhost_sock_dir = /var/run/openvswitch {{(pid=91932) log_opt_values /opt/stack/data/venv/lib/python3.12/site-packages/oslo_config/cfg.py:3256}}
May 20 18:57:03.888939 np0000001103 neutron-periodic-workers[91932]: DEBUG cotyledon.oslo_config_glue [-] OVS.bridge_mac_table_size = 50000 {{(pid=91932) log_opt_values /opt/stack/data/venv/lib/python3.12/site-packages/oslo_config/cfg.py:3256}}
May 20 18:57:03.888939 np0000001103 neutron-periodic-workers[91932]: DEBUG cotyledon.oslo_config_glue [-] OVS.igmp_flood = False {{(pid=91932) log_opt_values /opt/stack/data/venv/lib/python3.12/site-packages/oslo_config/cfg.py:3256}}
May 20 18:57:03.888939 np0000001103 neutron-periodic-workers[91932]: DEBUG cotyledon.oslo_config_glue [-] OVS.igmp_flood_reports = True {{(pid=91932) log_opt_values /opt/stack/data/venv/lib/python3.12/site-packages/oslo_config/cfg.py:3256}}
May 20 18:57:03.888939 np0000001103 neutron-periodic-workers[91932]: DEBUG cotyledon.oslo_config_glue [-] OVS.igmp_flood_unregistered = False {{(pid=91932) log_opt_values /opt/stack/data/venv/lib/python3.12/site-packages/oslo_config/cfg.py:3256}}
May 20 18:57:03.888939 np0000001103 neutron-periodic-workers[91932]: DEBUG cotyledon.oslo_config_glue [-] OVS.igmp_snooping_enable = False {{(pid=91932) log_opt_values /opt/stack/data/venv/lib/python3.12/site-packages/oslo_config/cfg.py:3256}}
May 20 18:57:03.889178 np0000001103 neutron-periodic-workers[91932]: DEBUG cotyledon.oslo_config_glue [-] OVS.ovsdb_timeout = 10 {{(pid=91932) log_opt_values /opt/stack/data/venv/lib/python3.12/site-packages/oslo_config/cfg.py:3256}}
May 20 18:57:03.889178 np0000001103 neutron-periodic-workers[91932]: DEBUG cotyledon.oslo_config_glue [-] ovn_nb_global.fdb_removal_limit = 0 {{(pid=91932) log_opt_values /opt/stack/data/venv/lib/python3.12/site-packages/oslo_config/cfg.py:3256}}
May 20 18:57:03.889178 np0000001103 neutron-periodic-workers[91932]: DEBUG cotyledon.oslo_config_glue [-] ovn_nb_global.ignore_lsp_down = False {{(pid=91932) log_opt_values /opt/stack/data/venv/lib/python3.12/site-packages/oslo_config/cfg.py:3256}}
May 20 18:57:03.889178 np0000001103 neutron-periodic-workers[91932]: DEBUG cotyledon.oslo_config_glue [-] ovn_nb_global.mac_binding_removal_limit = 0 {{(pid=91932) log_opt_values /opt/stack/data/venv/lib/python3.12/site-packages/oslo_config/cfg.py:3256}}
May 20 18:57:03.889178 np0000001103 neutron-periodic-workers[91932]: DEBUG cotyledon.oslo_config_glue [-] ******************************************************************************** {{(pid=91932) log_opt_values /opt/stack/data/venv/lib/python3.12/site-packages/oslo_config/cfg.py:3263}}
May 20 18:57:03.889178 np0000001103 neutron-periodic-workers[91932]: DEBUG cotyledon._service_worker [-] Run service ServiceWrapper(0) [91932] {{(pid=91932) wait_forever /opt/stack/data/venv/lib/python3.12/site-packages/cotyledon/_service_worker.py:218}}
May 20 18:57:13.549047 np0000001103 neutron-periodic-workers[90943]: DEBUG dbcounter [-] [90943] Writing DB stats neutron:SELECT=4 {{(pid=90943) stat_writer /opt/stack/data/venv/lib/python3.12/site-packages/dbcounter.py:115}}
May 20 18:57:43.858272 np0000001103 neutron-periodic-workers[91913]: DEBUG oslo_db.sqlalchemy.engines [None req-4f59c984-49be-4dba-86a4-ce229e8b909d None None] Parent process 90943 forked (91913) with an open database connection, which is being discarded and recreated. {{(pid=91913) checkout /opt/stack/data/venv/lib/python3.12/site-packages/oslo_db/sqlalchemy/engines.py:402}}
May 20 18:57:43.864820 np0000001103 neutron-periodic-workers[91913]: DEBUG dbcounter [-] [91913] Writer thread running {{(pid=91913) stat_writer /opt/stack/data/venv/lib/python3.12/site-packages/dbcounter.py:102}}
May 20 18:57:43.882342 np0000001103 neutron-periodic-workers[91913]: DEBUG oslo.service.backend._threading.loopingcall [None req-4f59c984-49be-4dba-86a4-ce229e8b909d None None] Fixed interval looping call 'neutron.plugins.ml2.plugin.DhcpAgentSchedulerDbMixin.remove_networks_from_down_agents' sleeping for 36.97 seconds {{(pid=91913) _run_loop /opt/stack/data/venv/lib/python3.12/site-packages/oslo_service/backend/_threading/loopingcall.py:125}}
May 20 18:57:47.865004 np0000001103 neutron-periodic-workers[91925]: DEBUG dbcounter [-] [91925] Writer thread running {{(pid=91925) stat_writer /opt/stack/data/venv/lib/python3.12/site-packages/dbcounter.py:102}}
May 20 18:57:47.868304 np0000001103 neutron-periodic-workers[91925]: DEBUG neutron.db.agents_db [None req-3bcbe7cb-5578-4071-9e80-7deebe7b3fed None None] Agent healthcheck: found 0 active agents {{(pid=91925) agent_health_check /opt/stack/neutron/neutron/db/agents_db.py:322}}
May 20 18:57:47.868511 np0000001103 neutron-periodic-workers[91925]: DEBUG oslo.service.backend._threading.loopingcall [None req-3bcbe7cb-5578-4071-9e80-7deebe7b3fed None None] Fixed interval looping call 'neutron.plugins.ml2.plugin.AgentDbMixin.agent_health_check' sleeping for 36.99 seconds {{(pid=91925) _run_loop /opt/stack/data/venv/lib/python3.12/site-packages/oslo_service/backend/_threading/loopingcall.py:125}}
May 20 18:57:53.879917 np0000001103 neutron-periodic-workers[91913]: DEBUG dbcounter [-] [91913] Writing DB stats neutron:SELECT=3 {{(pid=91913) stat_writer /opt/stack/data/venv/lib/python3.12/site-packages/dbcounter.py:115}}
May 20 18:58:07.865506 np0000001103 neutron-periodic-workers[91925]: DEBUG dbcounter [-] [91925] Writing DB stats neutron:SELECT=1 {{(pid=91925) stat_writer /opt/stack/data/venv/lib/python3.12/site-packages/dbcounter.py:115}}
May 20 18:58:20.859368 np0000001103 neutron-periodic-workers[91913]: DEBUG oslo.service.backend._threading.loopingcall [None req-4f59c984-49be-4dba-86a4-ce229e8b909d None None] Fixed interval looping call 'neutron.plugins.ml2.plugin.DhcpAgentSchedulerDbMixin.remove_networks_from_down_agents' sleeping for 36.99 seconds {{(pid=91913) _run_loop /opt/stack/data/venv/lib/python3.12/site-packages/oslo_service/backend/_threading/loopingcall.py:125}}
May 20 18:58:24.862275 np0000001103 neutron-periodic-workers[91925]: DEBUG neutron.db.agents_db [None req-3bcbe7cb-5578-4071-9e80-7deebe7b3fed None None] Agent healthcheck: found 0 active agents {{(pid=91925) agent_health_check /opt/stack/neutron/neutron/db/agents_db.py:322}}
May 20 18:58:24.862647 np0000001103 neutron-periodic-workers[91925]: DEBUG oslo.service.backend._threading.loopingcall [None req-3bcbe7cb-5578-4071-9e80-7deebe7b3fed None None] Fixed interval looping call 'neutron.plugins.ml2.plugin.AgentDbMixin.agent_health_check' sleeping for 37.00 seconds {{(pid=91925) _run_loop /opt/stack/data/venv/lib/python3.12/site-packages/oslo_service/backend/_threading/loopingcall.py:125}}
May 20 18:58:30.858314 np0000001103 neutron-periodic-workers[91913]: DEBUG dbcounter [-] [91913] Writing DB stats neutron:SELECT=3 {{(pid=91913) stat_writer /opt/stack/data/venv/lib/python3.12/site-packages/dbcounter.py:115}}
May 20 18:58:34.860406 np0000001103 neutron-periodic-workers[91901]: DEBUG dbcounter [-] [91901] Writer thread running {{(pid=91901) stat_writer /opt/stack/data/venv/lib/python3.12/site-packages/dbcounter.py:102}}
May 20 18:58:34.860901 np0000001103 neutron-periodic-workers[91925]: DEBUG dbcounter [-] [91925] Writing DB stats neutron:SELECT=1 {{(pid=91925) stat_writer /opt/stack/data/venv/lib/python3.12/site-packages/dbcounter.py:115}}
May 20 18:58:34.876021 np0000001103 neutron-periodic-workers[91901]: DEBUG oslo.service.backend._threading.loopingcall [None req-3d92bffd-97c8-45ed-b8db-177b4b19ef86 None None] Fixed interval looping call 'neutron.services.ovn_l3.plugin.L3_NAT_dbonly_mixin._clean_garbage' sleeping for 299.95 seconds {{(pid=91901) _run_loop /opt/stack/data/venv/lib/python3.12/site-packages/oslo_service/backend/_threading/loopingcall.py:125}}
May 20 18:58:44.860806 np0000001103 neutron-periodic-workers[91901]: DEBUG dbcounter [-] [91901] Writing DB stats neutron:SELECT=1 {{(pid=91901) stat_writer /opt/stack/data/venv/lib/python3.12/site-packages/dbcounter.py:115}}
May 20 18:58:57.856216 np0000001103 neutron-periodic-workers[91913]: DEBUG oslo.service.backend._threading.loopingcall [None req-4f59c984-49be-4dba-86a4-ce229e8b909d None None] Fixed interval looping call 'neutron.plugins.ml2.plugin.DhcpAgentSchedulerDbMixin.remove_networks_from_down_agents' sleeping for 36.99 seconds {{(pid=91913) _run_loop /opt/stack/data/venv/lib/python3.12/site-packages/oslo_service/backend/_threading/loopingcall.py:125}}
May 20 18:59:01.865495 np0000001103 neutron-periodic-workers[91925]: DEBUG neutron.db.agents_db [None req-3bcbe7cb-5578-4071-9e80-7deebe7b3fed None None] Agent healthcheck: found 0 active agents {{(pid=91925) agent_health_check /opt/stack/neutron/neutron/db/agents_db.py:322}}
May 20 18:59:01.865882 np0000001103 neutron-periodic-workers[91925]: DEBUG oslo.service.backend._threading.loopingcall [None req-3bcbe7cb-5578-4071-9e80-7deebe7b3fed None None] Fixed interval looping call 'neutron.plugins.ml2.plugin.AgentDbMixin.agent_health_check' sleeping for 37.00 seconds {{(pid=91925) _run_loop /opt/stack/data/venv/lib/python3.12/site-packages/oslo_service/backend/_threading/loopingcall.py:125}}
May 20 18:59:03.893600 np0000001103 neutron-periodic-workers[91932]: DEBUG dbcounter [-] [91932] Writer thread running {{(pid=91932) stat_writer /opt/stack/data/venv/lib/python3.12/site-packages/dbcounter.py:102}}
May 20 18:59:03.895083 np0000001103 neutron-periodic-workers[91932]: DEBUG oslo.service.backend._threading.loopingcall [None req-4ab7c2c2-fbe2-4ed4-b217-d9dc0c29425b None None] Fixed interval looping call 'neutron.db.quota.driver_nolock.DbQuotaNoLockDriver._remove_expired_reservations' sleeping for 119.99 seconds {{(pid=91932) _run_loop /opt/stack/data/venv/lib/python3.12/site-packages/oslo_service/backend/_threading/loopingcall.py:125}}
May 20 18:59:07.855366 np0000001103 neutron-periodic-workers[91913]: DEBUG dbcounter [-] [91913] Writing DB stats neutron:SELECT=3 {{(pid=91913) stat_writer /opt/stack/data/venv/lib/python3.12/site-packages/dbcounter.py:115}}
May 20 18:59:11.864633 np0000001103 neutron-periodic-workers[91925]: DEBUG dbcounter [-] [91925] Writing DB stats neutron:SELECT=1 {{(pid=91925) stat_writer /opt/stack/data/venv/lib/python3.12/site-packages/dbcounter.py:115}}
May 20 18:59:13.893982 np0000001103 neutron-periodic-workers[91932]: DEBUG dbcounter [-] [91932] Writing DB stats neutron:DELETE=1 {{(pid=91932) stat_writer /opt/stack/data/venv/lib/python3.12/site-packages/dbcounter.py:115}}
May 20 18:59:34.851707 np0000001103 neutron-periodic-workers[91913]: DEBUG oslo.service.backend._threading.loopingcall [None req-4f59c984-49be-4dba-86a4-ce229e8b909d None None] Fixed interval looping call 'neutron.plugins.ml2.plugin.DhcpAgentSchedulerDbMixin.remove_networks_from_down_agents' sleeping for 36.99 seconds {{(pid=91913) _run_loop /opt/stack/data/venv/lib/python3.12/site-packages/oslo_service/backend/_threading/loopingcall.py:125}}
May 20 18:59:38.868891 np0000001103 neutron-periodic-workers[91925]: DEBUG neutron.db.agents_db [None req-3bcbe7cb-5578-4071-9e80-7deebe7b3fed None None] Agent healthcheck: found 0 active agents {{(pid=91925) agent_health_check /opt/stack/neutron/neutron/db/agents_db.py:322}}
May 20 18:59:38.869362 np0000001103 neutron-periodic-workers[91925]: DEBUG oslo.service.backend._threading.loopingcall [None req-3bcbe7cb-5578-4071-9e80-7deebe7b3fed None None] Fixed interval looping call 'neutron.plugins.ml2.plugin.AgentDbMixin.agent_health_check' sleeping for 37.00 seconds {{(pid=91925) _run_loop /opt/stack/data/venv/lib/python3.12/site-packages/oslo_service/backend/_threading/loopingcall.py:125}}
May 20 18:59:44.850954 np0000001103 neutron-periodic-workers[91913]: DEBUG dbcounter [-] [91913] Writing DB stats neutron:SELECT=3 {{(pid=91913) stat_writer /opt/stack/data/venv/lib/python3.12/site-packages/dbcounter.py:115}}
May 20 18:59:48.867899 np0000001103 neutron-periodic-workers[91925]: DEBUG dbcounter [-] [91925] Writing DB stats neutron:SELECT=1 {{(pid=91925) stat_writer /opt/stack/data/venv/lib/python3.12/site-packages/dbcounter.py:115}}
May 20 19:00:11.855742 np0000001103 neutron-periodic-workers[91913]: DEBUG oslo.service.backend._threading.loopingcall [None req-4f59c984-49be-4dba-86a4-ce229e8b909d None None] Fixed interval looping call 'neutron.plugins.ml2.plugin.DhcpAgentSchedulerDbMixin.remove_networks_from_down_agents' sleeping for 36.99 seconds {{(pid=91913) _run_loop /opt/stack/data/venv/lib/python3.12/site-packages/oslo_service/backend/_threading/loopingcall.py:125}}
May 20 19:00:15.873256 np0000001103 neutron-periodic-workers[91925]: DEBUG neutron.db.agents_db [None req-3bcbe7cb-5578-4071-9e80-7deebe7b3fed None None] Agent healthcheck: found 0 active agents {{(pid=91925) agent_health_check /opt/stack/neutron/neutron/db/agents_db.py:322}}
May 20 19:00:15.873678 np0000001103 neutron-periodic-workers[91925]: DEBUG oslo.service.backend._threading.loopingcall [None req-3bcbe7cb-5578-4071-9e80-7deebe7b3fed None None] Fixed interval looping call 'neutron.plugins.ml2.plugin.AgentDbMixin.agent_health_check' sleeping for 37.00 seconds {{(pid=91925) _run_loop /opt/stack/data/venv/lib/python3.12/site-packages/oslo_service/backend/_threading/loopingcall.py:125}}
May 20 19:00:21.853744 np0000001103 neutron-periodic-workers[91913]: DEBUG dbcounter [-] [91913] Writing DB stats neutron:SELECT=3 {{(pid=91913) stat_writer /opt/stack/data/venv/lib/python3.12/site-packages/dbcounter.py:115}}
May 20 19:00:25.872143 np0000001103 neutron-periodic-workers[91925]: DEBUG dbcounter [-] [91925] Writing DB stats neutron:SELECT=1 {{(pid=91925) stat_writer /opt/stack/data/venv/lib/python3.12/site-packages/dbcounter.py:115}}
May 20 19:00:48.858321 np0000001103 neutron-periodic-workers[91913]: DEBUG oslo.service.backend._threading.loopingcall [None req-4f59c984-49be-4dba-86a4-ce229e8b909d None None] Fixed interval looping call 'neutron.plugins.ml2.plugin.DhcpAgentSchedulerDbMixin.remove_networks_from_down_agents' sleeping for 36.99 seconds {{(pid=91913) _run_loop /opt/stack/data/venv/lib/python3.12/site-packages/oslo_service/backend/_threading/loopingcall.py:125}}
May 20 19:00:52.879305 np0000001103 neutron-periodic-workers[91925]: DEBUG neutron.db.agents_db [None req-3bcbe7cb-5578-4071-9e80-7deebe7b3fed None None] Agent healthcheck: found 0 active agents {{(pid=91925) agent_health_check /opt/stack/neutron/neutron/db/agents_db.py:322}}
May 20 19:00:52.879613 np0000001103 neutron-periodic-workers[91925]: DEBUG oslo.service.backend._threading.loopingcall [None req-3bcbe7cb-5578-4071-9e80-7deebe7b3fed None None] Fixed interval looping call 'neutron.plugins.ml2.plugin.AgentDbMixin.agent_health_check' sleeping for 37.00 seconds {{(pid=91925) _run_loop /opt/stack/data/venv/lib/python3.12/site-packages/oslo_service/backend/_threading/loopingcall.py:125}}
May 20 19:00:58.854671 np0000001103 neutron-periodic-workers[91913]: DEBUG dbcounter [-] [91913] Writing DB stats neutron:SELECT=3 {{(pid=91913) stat_writer /opt/stack/data/venv/lib/python3.12/site-packages/dbcounter.py:115}}
May 20 19:01:02.878398 np0000001103 neutron-periodic-workers[91925]: DEBUG dbcounter [-] [91925] Writing DB stats neutron:SELECT=1 {{(pid=91925) stat_writer /opt/stack/data/venv/lib/python3.12/site-packages/dbcounter.py:115}}
May 20 19:01:03.888889 np0000001103 neutron-periodic-workers[91932]: DEBUG oslo.service.backend._threading.loopingcall [None req-4ab7c2c2-fbe2-4ed4-b217-d9dc0c29425b None None] Fixed interval looping call 'neutron.db.quota.driver_nolock.DbQuotaNoLockDriver._remove_expired_reservations' sleeping for 120.00 seconds {{(pid=91932) _run_loop /opt/stack/data/venv/lib/python3.12/site-packages/oslo_service/backend/_threading/loopingcall.py:125}}
May 20 19:01:13.888424 np0000001103 neutron-periodic-workers[91932]: DEBUG dbcounter [-] [91932] Writing DB stats neutron:DELETE=1 {{(pid=91932) stat_writer /opt/stack/data/venv/lib/python3.12/site-packages/dbcounter.py:115}}
May 20 19:01:25.858803 np0000001103 neutron-periodic-workers[91913]: DEBUG oslo.service.backend._threading.loopingcall [None req-4f59c984-49be-4dba-86a4-ce229e8b909d None None] Fixed interval looping call 'neutron.plugins.ml2.plugin.DhcpAgentSchedulerDbMixin.remove_networks_from_down_agents' sleeping for 36.99 seconds {{(pid=91913) _run_loop /opt/stack/data/venv/lib/python3.12/site-packages/oslo_service/backend/_threading/loopingcall.py:125}}
May 20 19:01:29.885147 np0000001103 neutron-periodic-workers[91925]: DEBUG neutron.db.agents_db [None req-3bcbe7cb-5578-4071-9e80-7deebe7b3fed None None] Agent healthcheck: found 0 active agents {{(pid=91925) agent_health_check /opt/stack/neutron/neutron/db/agents_db.py:322}}
May 20 19:01:29.885481 np0000001103 neutron-periodic-workers[91925]: DEBUG oslo.service.backend._threading.loopingcall [None req-3bcbe7cb-5578-4071-9e80-7deebe7b3fed None None] Fixed interval looping call 'neutron.plugins.ml2.plugin.AgentDbMixin.agent_health_check' sleeping for 36.99 seconds {{(pid=91925) _run_loop /opt/stack/data/venv/lib/python3.12/site-packages/oslo_service/backend/_threading/loopingcall.py:125}}
May 20 19:01:35.856971 np0000001103 neutron-periodic-workers[91913]: DEBUG dbcounter [-] [91913] Writing DB stats neutron:SELECT=3 {{(pid=91913) stat_writer /opt/stack/data/venv/lib/python3.12/site-packages/dbcounter.py:115}}
May 20 19:01:39.883837 np0000001103 neutron-periodic-workers[91925]: DEBUG dbcounter [-] [91925] Writing DB stats neutron:SELECT=1 {{(pid=91925) stat_writer /opt/stack/data/venv/lib/python3.12/site-packages/dbcounter.py:115}}
May 20 19:02:02.855372 np0000001103 neutron-periodic-workers[91913]: DEBUG oslo.service.backend._threading.loopingcall [None req-4f59c984-49be-4dba-86a4-ce229e8b909d None None] Fixed interval looping call 'neutron.plugins.ml2.plugin.DhcpAgentSchedulerDbMixin.remove_networks_from_down_agents' sleeping for 36.99 seconds {{(pid=91913) _run_loop /opt/stack/data/venv/lib/python3.12/site-packages/oslo_service/backend/_threading/loopingcall.py:125}}
May 20 19:02:06.878830 np0000001103 neutron-periodic-workers[91925]: DEBUG neutron.db.agents_db [None req-3bcbe7cb-5578-4071-9e80-7deebe7b3fed None None] Agent healthcheck: found 0 active agents {{(pid=91925) agent_health_check /opt/stack/neutron/neutron/db/agents_db.py:322}}
May 20 19:02:06.879278 np0000001103 neutron-periodic-workers[91925]: DEBUG oslo.service.backend._threading.loopingcall [None req-3bcbe7cb-5578-4071-9e80-7deebe7b3fed None None] Fixed interval looping call 'neutron.plugins.ml2.plugin.AgentDbMixin.agent_health_check' sleeping for 37.00 seconds {{(pid=91925) _run_loop /opt/stack/data/venv/lib/python3.12/site-packages/oslo_service/backend/_threading/loopingcall.py:125}}
May 20 19:02:12.854660 np0000001103 neutron-periodic-workers[91913]: DEBUG dbcounter [-] [91913] Writing DB stats neutron:SELECT=3 {{(pid=91913) stat_writer /opt/stack/data/venv/lib/python3.12/site-packages/dbcounter.py:115}}
May 20 19:02:16.878533 np0000001103 neutron-periodic-workers[91925]: DEBUG dbcounter [-] [91925] Writing DB stats neutron:SELECT=1 {{(pid=91925) stat_writer /opt/stack/data/venv/lib/python3.12/site-packages/dbcounter.py:115}}
May 20 19:02:39.850419 np0000001103 neutron-periodic-workers[91913]: DEBUG oslo.service.backend._threading.loopingcall [None req-4f59c984-49be-4dba-86a4-ce229e8b909d None None] Fixed interval looping call 'neutron.plugins.ml2.plugin.DhcpAgentSchedulerDbMixin.remove_networks_from_down_agents' sleeping for 37.00 seconds {{(pid=91913) _run_loop /opt/stack/data/venv/lib/python3.12/site-packages/oslo_service/backend/_threading/loopingcall.py:125}}
May 20 19:02:43.882333 np0000001103 neutron-periodic-workers[91925]: DEBUG neutron.db.agents_db [None req-3bcbe7cb-5578-4071-9e80-7deebe7b3fed None None] Agent healthcheck: found 0 active agents {{(pid=91925) agent_health_check /opt/stack/neutron/neutron/db/agents_db.py:322}}
May 20 19:02:43.882753 np0000001103 neutron-periodic-workers[91925]: DEBUG oslo.service.backend._threading.loopingcall [None req-3bcbe7cb-5578-4071-9e80-7deebe7b3fed None None] Fixed interval looping call 'neutron.plugins.ml2.plugin.AgentDbMixin.agent_health_check' sleeping for 37.00 seconds {{(pid=91925) _run_loop /opt/stack/data/venv/lib/python3.12/site-packages/oslo_service/backend/_threading/loopingcall.py:125}}
May 20 19:02:49.849764 np0000001103 neutron-periodic-workers[91913]: DEBUG dbcounter [-] [91913] Writing DB stats neutron:SELECT=3 {{(pid=91913) stat_writer /opt/stack/data/venv/lib/python3.12/site-packages/dbcounter.py:115}}
May 20 19:02:53.881354 np0000001103 neutron-periodic-workers[91925]: DEBUG dbcounter [-] [91925] Writing DB stats neutron:SELECT=1 {{(pid=91925) stat_writer /opt/stack/data/venv/lib/python3.12/site-packages/dbcounter.py:115}}
May 20 19:03:03.892127 np0000001103 neutron-periodic-workers[91932]: DEBUG oslo.service.backend._threading.loopingcall [None req-4ab7c2c2-fbe2-4ed4-b217-d9dc0c29425b None None] Fixed interval looping call 'neutron.db.quota.driver_nolock.DbQuotaNoLockDriver._remove_expired_reservations' sleeping for 120.00 seconds {{(pid=91932) _run_loop /opt/stack/data/venv/lib/python3.12/site-packages/oslo_service/backend/_threading/loopingcall.py:125}}
May 20 19:03:13.891709 np0000001103 neutron-periodic-workers[91932]: DEBUG dbcounter [-] [91932] Writing DB stats neutron:DELETE=1 {{(pid=91932) stat_writer /opt/stack/data/venv/lib/python3.12/site-packages/dbcounter.py:115}}
May 20 19:03:16.873865 np0000001103 neutron-periodic-workers[91913]: DEBUG oslo.service.backend._threading.loopingcall [None req-4f59c984-49be-4dba-86a4-ce229e8b909d None None] Fixed interval looping call 'neutron.plugins.ml2.plugin.DhcpAgentSchedulerDbMixin.remove_networks_from_down_agents' sleeping for 36.98 seconds {{(pid=91913) _run_loop /opt/stack/data/venv/lib/python3.12/site-packages/oslo_service/backend/_threading/loopingcall.py:125}}
May 20 19:03:20.887580 np0000001103 neutron-periodic-workers[91925]: DEBUG neutron.db.agents_db [None req-3bcbe7cb-5578-4071-9e80-7deebe7b3fed None None] Agent healthcheck: found 0 active agents {{(pid=91925) agent_health_check /opt/stack/neutron/neutron/db/agents_db.py:322}}
May 20 19:03:20.887998 np0000001103 neutron-periodic-workers[91925]: DEBUG oslo.service.backend._threading.loopingcall [None req-3bcbe7cb-5578-4071-9e80-7deebe7b3fed None None] Fixed interval looping call 'neutron.plugins.ml2.plugin.AgentDbMixin.agent_health_check' sleeping for 37.00 seconds {{(pid=91925) _run_loop /opt/stack/data/venv/lib/python3.12/site-packages/oslo_service/backend/_threading/loopingcall.py:125}}
May 20 19:03:26.865380 np0000001103 neutron-periodic-workers[91913]: DEBUG dbcounter [-] [91913] Writing DB stats neutron:SELECT=3 {{(pid=91913) stat_writer /opt/stack/data/venv/lib/python3.12/site-packages/dbcounter.py:115}}
May 20 19:03:30.887524 np0000001103 neutron-periodic-workers[91925]: DEBUG dbcounter [-] [91925] Writing DB stats neutron:SELECT=1 {{(pid=91925) stat_writer /opt/stack/data/venv/lib/python3.12/site-packages/dbcounter.py:115}}
May 20 19:03:34.835287 np0000001103 neutron-periodic-workers[91901]: DEBUG oslo.service.backend._threading.loopingcall [None req-3d92bffd-97c8-45ed-b8db-177b4b19ef86 None None] Fixed interval looping call 'neutron.services.ovn_l3.plugin.L3_NAT_dbonly_mixin._clean_garbage' sleeping for 299.99 seconds {{(pid=91901) _run_loop /opt/stack/data/venv/lib/python3.12/site-packages/oslo_service/backend/_threading/loopingcall.py:125}}
May 20 19:03:44.830175 np0000001103 neutron-periodic-workers[91901]: DEBUG dbcounter [-] [91901] Writing DB stats neutron:SELECT=1 {{(pid=91901) stat_writer /opt/stack/data/venv/lib/python3.12/site-packages/dbcounter.py:115}}
May 20 19:03:53.861381 np0000001103 neutron-periodic-workers[91913]: DEBUG oslo.service.backend._threading.loopingcall [None req-4f59c984-49be-4dba-86a4-ce229e8b909d None None] Fixed interval looping call 'neutron.plugins.ml2.plugin.DhcpAgentSchedulerDbMixin.remove_networks_from_down_agents' sleeping for 36.99 seconds {{(pid=91913) _run_loop /opt/stack/data/venv/lib/python3.12/site-packages/oslo_service/backend/_threading/loopingcall.py:125}}
May 20 19:03:57.892495 np0000001103 neutron-periodic-workers[91925]: DEBUG neutron.db.agents_db [None req-3bcbe7cb-5578-4071-9e80-7deebe7b3fed None None] Agent healthcheck: found 0 active agents {{(pid=91925) agent_health_check /opt/stack/neutron/neutron/db/agents_db.py:322}}
May 20 19:03:57.892857 np0000001103 neutron-periodic-workers[91925]: DEBUG oslo.service.backend._threading.loopingcall [None req-3bcbe7cb-5578-4071-9e80-7deebe7b3fed None None] Fixed interval looping call 'neutron.plugins.ml2.plugin.AgentDbMixin.agent_health_check' sleeping for 37.00 seconds {{(pid=91925) _run_loop /opt/stack/data/venv/lib/python3.12/site-packages/oslo_service/backend/_threading/loopingcall.py:125}}
May 20 19:04:03.860357 np0000001103 neutron-periodic-workers[91913]: DEBUG dbcounter [-] [91913] Writing DB stats neutron:SELECT=3 {{(pid=91913) stat_writer /opt/stack/data/venv/lib/python3.12/site-packages/dbcounter.py:115}}
May 20 19:04:07.890621 np0000001103 neutron-periodic-workers[91925]: DEBUG dbcounter [-] [91925] Writing DB stats neutron:SELECT=1 {{(pid=91925) stat_writer /opt/stack/data/venv/lib/python3.12/site-packages/dbcounter.py:115}}
May 20 19:04:30.858278 np0000001103 neutron-periodic-workers[91913]: DEBUG oslo.service.backend._threading.loopingcall [None req-4f59c984-49be-4dba-86a4-ce229e8b909d None None] Fixed interval looping call 'neutron.plugins.ml2.plugin.DhcpAgentSchedulerDbMixin.remove_networks_from_down_agents' sleeping for 36.99 seconds {{(pid=91913) _run_loop /opt/stack/data/venv/lib/python3.12/site-packages/oslo_service/backend/_threading/loopingcall.py:125}}
May 20 19:04:34.897490 np0000001103 neutron-periodic-workers[91925]: DEBUG neutron.db.agents_db [None req-3bcbe7cb-5578-4071-9e80-7deebe7b3fed None None] Agent healthcheck: found 0 active agents {{(pid=91925) agent_health_check /opt/stack/neutron/neutron/db/agents_db.py:322}}
May 20 19:04:34.897852 np0000001103 neutron-periodic-workers[91925]: DEBUG oslo.service.backend._threading.loopingcall [None req-3bcbe7cb-5578-4071-9e80-7deebe7b3fed None None] Fixed interval looping call 'neutron.plugins.ml2.plugin.AgentDbMixin.agent_health_check' sleeping for 37.00 seconds {{(pid=91925) _run_loop /opt/stack/data/venv/lib/python3.12/site-packages/oslo_service/backend/_threading/loopingcall.py:125}}
May 20 19:04:40.857518 np0000001103 neutron-periodic-workers[91913]: DEBUG dbcounter [-] [91913] Writing DB stats neutron:SELECT=3 {{(pid=91913) stat_writer /opt/stack/data/venv/lib/python3.12/site-packages/dbcounter.py:115}}
May 20 19:04:44.899354 np0000001103 neutron-periodic-workers[91925]: DEBUG dbcounter [-] [91925] Writing DB stats neutron:SELECT=1 {{(pid=91925) stat_writer /opt/stack/data/venv/lib/python3.12/site-packages/dbcounter.py:115}}
May 20 19:05:03.894894 np0000001103 neutron-periodic-workers[91932]: DEBUG oslo.service.backend._threading.loopingcall [None req-4ab7c2c2-fbe2-4ed4-b217-d9dc0c29425b None None] Fixed interval looping call 'neutron.db.quota.driver_nolock.DbQuotaNoLockDriver._remove_expired_reservations' sleeping for 120.00 seconds {{(pid=91932) _run_loop /opt/stack/data/venv/lib/python3.12/site-packages/oslo_service/backend/_threading/loopingcall.py:125}}
May 20 19:05:07.859239 np0000001103 neutron-periodic-workers[91913]: DEBUG oslo.service.backend._threading.loopingcall [None req-4f59c984-49be-4dba-86a4-ce229e8b909d None None] Fixed interval looping call 'neutron.plugins.ml2.plugin.DhcpAgentSchedulerDbMixin.remove_networks_from_down_agents' sleeping for 36.99 seconds {{(pid=91913) _run_loop /opt/stack/data/venv/lib/python3.12/site-packages/oslo_service/backend/_threading/loopingcall.py:125}}
May 20 19:05:11.901058 np0000001103 neutron-periodic-workers[91925]: DEBUG neutron.db.agents_db [None req-3bcbe7cb-5578-4071-9e80-7deebe7b3fed None None] Agent healthcheck: found 0 active agents {{(pid=91925) agent_health_check /opt/stack/neutron/neutron/db/agents_db.py:322}}
May 20 19:05:11.901058 np0000001103 neutron-periodic-workers[91925]: DEBUG oslo.service.backend._threading.loopingcall [None req-3bcbe7cb-5578-4071-9e80-7deebe7b3fed None None] Fixed interval looping call 'neutron.plugins.ml2.plugin.AgentDbMixin.agent_health_check' sleeping for 37.00 seconds {{(pid=91925) _run_loop /opt/stack/data/venv/lib/python3.12/site-packages/oslo_service/backend/_threading/loopingcall.py:125}}
May 20 19:05:13.894315 np0000001103 neutron-periodic-workers[91932]: DEBUG dbcounter [-] [91932] Writing DB stats neutron:DELETE=1 {{(pid=91932) stat_writer /opt/stack/data/venv/lib/python3.12/site-packages/dbcounter.py:115}}
May 20 19:05:17.856994 np0000001103 neutron-periodic-workers[91913]: DEBUG dbcounter [-] [91913] Writing DB stats neutron:SELECT=3 {{(pid=91913) stat_writer /opt/stack/data/venv/lib/python3.12/site-packages/dbcounter.py:115}}
May 20 19:05:21.900055 np0000001103 neutron-periodic-workers[91925]: DEBUG dbcounter [-] [91925] Writing DB stats neutron:SELECT=1 {{(pid=91925) stat_writer /opt/stack/data/venv/lib/python3.12/site-packages/dbcounter.py:115}}
May 20 19:05:44.854696 np0000001103 neutron-periodic-workers[91913]: DEBUG oslo.service.backend._threading.loopingcall [None req-4f59c984-49be-4dba-86a4-ce229e8b909d None None] Fixed interval looping call 'neutron.plugins.ml2.plugin.DhcpAgentSchedulerDbMixin.remove_networks_from_down_agents' sleeping for 37.00 seconds {{(pid=91913) _run_loop /opt/stack/data/venv/lib/python3.12/site-packages/oslo_service/backend/_threading/loopingcall.py:125}}
May 20 19:05:48.904891 np0000001103 neutron-periodic-workers[91925]: DEBUG neutron.db.agents_db [None req-3bcbe7cb-5578-4071-9e80-7deebe7b3fed None None] Agent healthcheck: found 0 active agents {{(pid=91925) agent_health_check /opt/stack/neutron/neutron/db/agents_db.py:322}}
May 20 19:05:48.905297 np0000001103 neutron-periodic-workers[91925]: DEBUG oslo.service.backend._threading.loopingcall [None req-3bcbe7cb-5578-4071-9e80-7deebe7b3fed None None] Fixed interval looping call 'neutron.plugins.ml2.plugin.AgentDbMixin.agent_health_check' sleeping for 37.00 seconds {{(pid=91925) _run_loop /opt/stack/data/venv/lib/python3.12/site-packages/oslo_service/backend/_threading/loopingcall.py:125}}
May 20 19:05:54.854347 np0000001103 neutron-periodic-workers[91913]: DEBUG dbcounter [-] [91913] Writing DB stats neutron:SELECT=3 {{(pid=91913) stat_writer /opt/stack/data/venv/lib/python3.12/site-packages/dbcounter.py:115}}
May 20 19:05:58.903475 np0000001103 neutron-periodic-workers[91925]: DEBUG dbcounter [-] [91925] Writing DB stats neutron:SELECT=1 {{(pid=91925) stat_writer /opt/stack/data/venv/lib/python3.12/site-packages/dbcounter.py:115}}
May 20 19:06:21.863952 np0000001103 neutron-periodic-workers[91913]: DEBUG oslo.service.backend._threading.loopingcall [None req-4f59c984-49be-4dba-86a4-ce229e8b909d None None] Fixed interval looping call 'neutron.plugins.ml2.plugin.DhcpAgentSchedulerDbMixin.remove_networks_from_down_agents' sleeping for 36.99 seconds {{(pid=91913) _run_loop /opt/stack/data/venv/lib/python3.12/site-packages/oslo_service/backend/_threading/loopingcall.py:125}}
May 20 19:06:25.911309 np0000001103 neutron-periodic-workers[91925]: DEBUG neutron.db.agents_db [None req-3bcbe7cb-5578-4071-9e80-7deebe7b3fed None None] Agent healthcheck: found 0 active agents {{(pid=91925) agent_health_check /opt/stack/neutron/neutron/db/agents_db.py:322}}
May 20 19:06:25.911774 np0000001103 neutron-periodic-workers[91925]: DEBUG oslo.service.backend._threading.loopingcall [None req-3bcbe7cb-5578-4071-9e80-7deebe7b3fed None None] Fixed interval looping call 'neutron.plugins.ml2.plugin.AgentDbMixin.agent_health_check' sleeping for 36.99 seconds {{(pid=91925) _run_loop /opt/stack/data/venv/lib/python3.12/site-packages/oslo_service/backend/_threading/loopingcall.py:125}}
May 20 19:06:31.862525 np0000001103 neutron-periodic-workers[91913]: DEBUG dbcounter [-] [91913] Writing DB stats neutron:SELECT=3 {{(pid=91913) stat_writer /opt/stack/data/venv/lib/python3.12/site-packages/dbcounter.py:115}}
May 20 19:06:35.909956 np0000001103 neutron-periodic-workers[91925]: DEBUG dbcounter [-] [91925] Writing DB stats neutron:SELECT=1 {{(pid=91925) stat_writer /opt/stack/data/venv/lib/python3.12/site-packages/dbcounter.py:115}}
May 20 19:06:58.859290 np0000001103 neutron-periodic-workers[91913]: DEBUG oslo.service.backend._threading.loopingcall [None req-4f59c984-49be-4dba-86a4-ce229e8b909d None None] Fixed interval looping call 'neutron.plugins.ml2.plugin.DhcpAgentSchedulerDbMixin.remove_networks_from_down_agents' sleeping for 36.99 seconds {{(pid=91913) _run_loop /opt/stack/data/venv/lib/python3.12/site-packages/oslo_service/backend/_threading/loopingcall.py:125}}
May 20 19:07:02.905287 np0000001103 neutron-periodic-workers[91925]: DEBUG neutron.db.agents_db [None req-3bcbe7cb-5578-4071-9e80-7deebe7b3fed None None] Agent healthcheck: found 0 active agents {{(pid=91925) agent_health_check /opt/stack/neutron/neutron/db/agents_db.py:322}}
May 20 19:07:02.905660 np0000001103 neutron-periodic-workers[91925]: DEBUG oslo.service.backend._threading.loopingcall [None req-3bcbe7cb-5578-4071-9e80-7deebe7b3fed None None] Fixed interval looping call 'neutron.plugins.ml2.plugin.AgentDbMixin.agent_health_check' sleeping for 37.00 seconds {{(pid=91925) _run_loop /opt/stack/data/venv/lib/python3.12/site-packages/oslo_service/backend/_threading/loopingcall.py:125}}
May 20 19:07:03.899627 np0000001103 neutron-periodic-workers[91932]: DEBUG oslo.service.backend._threading.loopingcall [None req-4ab7c2c2-fbe2-4ed4-b217-d9dc0c29425b None None] Fixed interval looping call 'neutron.db.quota.driver_nolock.DbQuotaNoLockDriver._remove_expired_reservations' sleeping for 120.00 seconds {{(pid=91932) _run_loop /opt/stack/data/venv/lib/python3.12/site-packages/oslo_service/backend/_threading/loopingcall.py:125}}
May 20 19:07:08.858595 np0000001103 neutron-periodic-workers[91913]: DEBUG dbcounter [-] [91913] Writing DB stats neutron:SELECT=3 {{(pid=91913) stat_writer /opt/stack/data/venv/lib/python3.12/site-packages/dbcounter.py:115}}
May 20 19:07:12.904207 np0000001103 neutron-periodic-workers[91925]: DEBUG dbcounter [-] [91925] Writing DB stats neutron:SELECT=1 {{(pid=91925) stat_writer /opt/stack/data/venv/lib/python3.12/site-packages/dbcounter.py:115}}
May 20 19:07:13.898116 np0000001103 neutron-periodic-workers[91932]: DEBUG dbcounter [-] [91932] Writing DB stats neutron:DELETE=1 {{(pid=91932) stat_writer /opt/stack/data/venv/lib/python3.12/site-packages/dbcounter.py:115}}
May 20 19:07:35.858274 np0000001103 neutron-periodic-workers[91913]: DEBUG oslo.service.backend._threading.loopingcall [None req-4f59c984-49be-4dba-86a4-ce229e8b909d None None] Fixed interval looping call 'neutron.plugins.ml2.plugin.DhcpAgentSchedulerDbMixin.remove_networks_from_down_agents' sleeping for 36.99 seconds {{(pid=91913) _run_loop /opt/stack/data/venv/lib/python3.12/site-packages/oslo_service/backend/_threading/loopingcall.py:125}}
May 20 19:07:39.912725 np0000001103 neutron-periodic-workers[91925]: DEBUG neutron.db.agents_db [None req-3bcbe7cb-5578-4071-9e80-7deebe7b3fed None None] Agent healthcheck: found 0 active agents {{(pid=91925) agent_health_check /opt/stack/neutron/neutron/db/agents_db.py:322}}
May 20 19:07:39.913143 np0000001103 neutron-periodic-workers[91925]: DEBUG oslo.service.backend._threading.loopingcall [None req-3bcbe7cb-5578-4071-9e80-7deebe7b3fed None None] Fixed interval looping call 'neutron.plugins.ml2.plugin.AgentDbMixin.agent_health_check' sleeping for 36.99 seconds {{(pid=91925) _run_loop /opt/stack/data/venv/lib/python3.12/site-packages/oslo_service/backend/_threading/loopingcall.py:125}}
May 20 19:07:45.857695 np0000001103 neutron-periodic-workers[91913]: DEBUG dbcounter [-] [91913] Writing DB stats neutron:SELECT=3 {{(pid=91913) stat_writer /opt/stack/data/venv/lib/python3.12/site-packages/dbcounter.py:115}}
May 20 19:07:49.909838 np0000001103 neutron-periodic-workers[91925]: DEBUG dbcounter [-] [91925] Writing DB stats neutron:SELECT=1 {{(pid=91925) stat_writer /opt/stack/data/venv/lib/python3.12/site-packages/dbcounter.py:115}}
May 20 19:08:12.854728 np0000001103 neutron-periodic-workers[91913]: DEBUG oslo.service.backend._threading.loopingcall [None req-4f59c984-49be-4dba-86a4-ce229e8b909d None None] Fixed interval looping call 'neutron.plugins.ml2.plugin.DhcpAgentSchedulerDbMixin.remove_networks_from_down_agents' sleeping for 36.99 seconds {{(pid=91913) _run_loop /opt/stack/data/venv/lib/python3.12/site-packages/oslo_service/backend/_threading/loopingcall.py:125}}
May 20 19:08:16.907055 np0000001103 neutron-periodic-workers[91925]: DEBUG neutron.db.agents_db [None req-3bcbe7cb-5578-4071-9e80-7deebe7b3fed None None] Agent healthcheck: found 0 active agents {{(pid=91925) agent_health_check /opt/stack/neutron/neutron/db/agents_db.py:322}}
May 20 19:08:16.907055 np0000001103 neutron-periodic-workers[91925]: DEBUG oslo.service.backend._threading.loopingcall [None req-3bcbe7cb-5578-4071-9e80-7deebe7b3fed None None] Fixed interval looping call 'neutron.plugins.ml2.plugin.AgentDbMixin.agent_health_check' sleeping for 37.00 seconds {{(pid=91925) _run_loop /opt/stack/data/venv/lib/python3.12/site-packages/oslo_service/backend/_threading/loopingcall.py:125}}
May 20 19:08:22.853920 np0000001103 neutron-periodic-workers[91913]: DEBUG dbcounter [-] [91913] Writing DB stats neutron:SELECT=3 {{(pid=91913) stat_writer /opt/stack/data/venv/lib/python3.12/site-packages/dbcounter.py:115}}
May 20 19:08:26.905243 np0000001103 neutron-periodic-workers[91925]: DEBUG dbcounter [-] [91925] Writing DB stats neutron:SELECT=1 {{(pid=91925) stat_writer /opt/stack/data/venv/lib/python3.12/site-packages/dbcounter.py:115}}
May 20 19:08:34.832997 np0000001103 neutron-periodic-workers[91901]: DEBUG oslo.service.backend._threading.loopingcall [None req-3d92bffd-97c8-45ed-b8db-177b4b19ef86 None None] Fixed interval looping call 'neutron.services.ovn_l3.plugin.L3_NAT_dbonly_mixin._clean_garbage' sleeping for 299.99 seconds {{(pid=91901) _run_loop /opt/stack/data/venv/lib/python3.12/site-packages/oslo_service/backend/_threading/loopingcall.py:125}}
May 20 19:08:44.833360 np0000001103 neutron-periodic-workers[91901]: DEBUG dbcounter [-] [91901] Writing DB stats neutron:SELECT=1 {{(pid=91901) stat_writer /opt/stack/data/venv/lib/python3.12/site-packages/dbcounter.py:115}}
May 20 19:08:49.856765 np0000001103 neutron-periodic-workers[91913]: DEBUG oslo.service.backend._threading.loopingcall [None req-4f59c984-49be-4dba-86a4-ce229e8b909d None None] Fixed interval looping call 'neutron.plugins.ml2.plugin.DhcpAgentSchedulerDbMixin.remove_networks_from_down_agents' sleeping for 36.99 seconds {{(pid=91913) _run_loop /opt/stack/data/venv/lib/python3.12/site-packages/oslo_service/backend/_threading/loopingcall.py:125}}
May 20 19:08:53.910195 np0000001103 neutron-periodic-workers[91925]: DEBUG neutron.db.agents_db [None req-3bcbe7cb-5578-4071-9e80-7deebe7b3fed None None] Agent healthcheck: found 0 active agents {{(pid=91925) agent_health_check /opt/stack/neutron/neutron/db/agents_db.py:322}}
May 20 19:08:53.910642 np0000001103 neutron-periodic-workers[91925]: DEBUG oslo.service.backend._threading.loopingcall [None req-3bcbe7cb-5578-4071-9e80-7deebe7b3fed None None] Fixed interval looping call 'neutron.plugins.ml2.plugin.AgentDbMixin.agent_health_check' sleeping for 37.00 seconds {{(pid=91925) _run_loop /opt/stack/data/venv/lib/python3.12/site-packages/oslo_service/backend/_threading/loopingcall.py:125}}
May 20 19:08:59.855331 np0000001103 neutron-periodic-workers[91913]: DEBUG dbcounter [-] [91913] Writing DB stats neutron:SELECT=3 {{(pid=91913) stat_writer /opt/stack/data/venv/lib/python3.12/site-packages/dbcounter.py:115}}
May 20 19:09:03.907094 np0000001103 neutron-periodic-workers[91932]: DEBUG oslo.service.backend._threading.loopingcall [None req-4ab7c2c2-fbe2-4ed4-b217-d9dc0c29425b None None] Fixed interval looping call 'neutron.db.quota.driver_nolock.DbQuotaNoLockDriver._remove_expired_reservations' sleeping for 119.99 seconds {{(pid=91932) _run_loop /opt/stack/data/venv/lib/python3.12/site-packages/oslo_service/backend/_threading/loopingcall.py:125}}
May 20 19:09:03.909289 np0000001103 neutron-periodic-workers[91925]: DEBUG dbcounter [-] [91925] Writing DB stats neutron:SELECT=1 {{(pid=91925) stat_writer /opt/stack/data/venv/lib/python3.12/site-packages/dbcounter.py:115}}
May 20 19:09:13.906213 np0000001103 neutron-periodic-workers[91932]: DEBUG dbcounter [-] [91932] Writing DB stats neutron:DELETE=1 {{(pid=91932) stat_writer /opt/stack/data/venv/lib/python3.12/site-packages/dbcounter.py:115}}
May 20 19:09:26.853865 np0000001103 neutron-periodic-workers[91913]: DEBUG oslo.service.backend._threading.loopingcall [None req-4f59c984-49be-4dba-86a4-ce229e8b909d None None] Fixed interval looping call 'neutron.plugins.ml2.plugin.DhcpAgentSchedulerDbMixin.remove_networks_from_down_agents' sleeping for 36.99 seconds {{(pid=91913) _run_loop /opt/stack/data/venv/lib/python3.12/site-packages/oslo_service/backend/_threading/loopingcall.py:125}}
May 20 19:09:30.914147 np0000001103 neutron-periodic-workers[91925]: DEBUG neutron.db.agents_db [None req-3bcbe7cb-5578-4071-9e80-7deebe7b3fed None None] Agent healthcheck: found 0 active agents {{(pid=91925) agent_health_check /opt/stack/neutron/neutron/db/agents_db.py:322}}
May 20 19:09:30.914477 np0000001103 neutron-periodic-workers[91925]: DEBUG oslo.service.backend._threading.loopingcall [None req-3bcbe7cb-5578-4071-9e80-7deebe7b3fed None None] Fixed interval looping call 'neutron.plugins.ml2.plugin.AgentDbMixin.agent_health_check' sleeping for 37.00 seconds {{(pid=91925) _run_loop /opt/stack/data/venv/lib/python3.12/site-packages/oslo_service/backend/_threading/loopingcall.py:125}}
May 20 19:09:36.854353 np0000001103 neutron-periodic-workers[91913]: DEBUG dbcounter [-] [91913] Writing DB stats neutron:SELECT=3 {{(pid=91913) stat_writer /opt/stack/data/venv/lib/python3.12/site-packages/dbcounter.py:115}}
May 20 19:09:40.913739 np0000001103 neutron-periodic-workers[91925]: DEBUG dbcounter [-] [91925] Writing DB stats neutron:SELECT=1 {{(pid=91925) stat_writer /opt/stack/data/venv/lib/python3.12/site-packages/dbcounter.py:115}}
