Jul 16 06:00:14.285390 np0000005228 devstack@g-api.service[99677]: [pid: 99677|app: 0|req: 127/382] 127.0.0.1 () {44 vars in 1111 bytes} [Thu Jul 16 06:00:14 2026] GET /v2/images/79053119-c220-4bce-a9e7-bbe0f12e5bb4 => generated 1671 bytes in 23 msecs (HTTP/1.1 200) 4 headers in 158 bytes (1 switches on core 0)
Jul 16 06:00:14.328066 np0000005228 devstack@g-api.service[99679]: DEBUG glance.api.middleware.version_negotiation [None req-cf73911f-c116-439e-9fe6-292a4828ea38 tempest-ServerStableDeviceRescueTest-1522430834 tempest-ServerStableDeviceRescueTest-1522430834-project-member] Determining version of request: GET /v2/schemas/image Accept: */* {{(pid=99679) process_request /opt/stack/glance/glance/api/middleware/version_negotiation.py:44}}
Jul 16 06:00:14.328066 np0000005228 devstack@g-api.service[99679]: DEBUG glance.api.middleware.version_negotiation [None req-cf73911f-c116-439e-9fe6-292a4828ea38 tempest-ServerStableDeviceRescueTest-1522430834 tempest-ServerStableDeviceRescueTest-1522430834-project-member] Using url versioning {{(pid=99679) process_request /opt/stack/glance/glance/api/middleware/version_negotiation.py:57}}
Jul 16 06:00:14.328066 np0000005228 devstack@g-api.service[99679]: DEBUG glance.api.middleware.version_negotiation [None req-cf73911f-c116-439e-9fe6-292a4828ea38 tempest-ServerStableDeviceRescueTest-1522430834 tempest-ServerStableDeviceRescueTest-1522430834-project-member] Matched version: v2 {{(pid=99679) process_request /opt/stack/glance/glance/api/middleware/version_negotiation.py:69}}
Jul 16 06:00:14.328066 np0000005228 devstack@g-api.service[99679]: DEBUG glance.api.middleware.version_negotiation [None req-cf73911f-c116-439e-9fe6-292a4828ea38 tempest-ServerStableDeviceRescueTest-1522430834 tempest-ServerStableDeviceRescueTest-1522430834-project-member] new path /v2/schemas/image {{(pid=99679) process_request /opt/stack/glance/glance/api/middleware/version_negotiation.py:70}}
Jul 16 06:00:14.331775 np0000005228 devstack@g-api.service[99679]: [pid: 99679|app: 0|req: 131/383] 127.0.0.1 () {44 vars in 1051 bytes} [Thu Jul 16 06:00:14 2026] GET /v2/schemas/image => generated 6083 bytes in 5 msecs (HTTP/1.1 200) 4 headers in 158 bytes (1 switches on core 0)
Jul 16 06:00:14.537039 np0000005228 devstack@g-api.service[99677]: DEBUG glance.api.middleware.version_negotiation [None req-cf73911f-c116-439e-9fe6-292a4828ea38 tempest-ServerStableDeviceRescueTest-1522430834 tempest-ServerStableDeviceRescueTest-1522430834-project-member] Determining version of request: GET /v2/images/cb1dd1ca-86b2-4880-adeb-0832da99f124 Accept: application/json {{(pid=99677) process_request /opt/stack/glance/glance/api/middleware/version_negotiation.py:44}}
Jul 16 06:00:14.537282 np0000005228 devstack@g-api.service[99677]: DEBUG glance.api.middleware.version_negotiation [None req-cf73911f-c116-439e-9fe6-292a4828ea38 tempest-ServerStableDeviceRescueTest-1522430834 tempest-ServerStableDeviceRescueTest-1522430834-project-member] Using url versioning {{(pid=99677) process_request /opt/stack/glance/glance/api/middleware/version_negotiation.py:57}}
Jul 16 06:00:14.537458 np0000005228 devstack@g-api.service[99677]: DEBUG glance.api.middleware.version_negotiation [None req-cf73911f-c116-439e-9fe6-292a4828ea38 tempest-ServerStableDeviceRescueTest-1522430834 tempest-ServerStableDeviceRescueTest-1522430834-project-member] Matched version: v2 {{(pid=99677) process_request /opt/stack/glance/glance/api/middleware/version_negotiation.py:69}}
Jul 16 06:00:14.537593 np0000005228 devstack@g-api.service[99677]: DEBUG glance.api.middleware.version_negotiation [None req-cf73911f-c116-439e-9fe6-292a4828ea38 tempest-ServerStableDeviceRescueTest-1522430834 tempest-ServerStableDeviceRescueTest-1522430834-project-member] new path /v2/images/cb1dd1ca-86b2-4880-adeb-0832da99f124 {{(pid=99677) process_request /opt/stack/glance/glance/api/middleware/version_negotiation.py:70}}
Jul 16 06:00:14.551754 np0000005228 devstack@g-api.service[99677]: [pid: 99677|app: 0|req: 128/384] 127.0.0.1 () {40 vars in 834 bytes} [Thu Jul 16 06:00:14 2026] GET /v2/images/cb1dd1ca-86b2-4880-adeb-0832da99f124 => generated 650 bytes in 14 msecs (HTTP/1.1 200) 4 headers in 157 bytes (1 switches on core 0)
Jul 16 06:00:15.087858 np0000005228 devstack@g-api.service[99678]: DEBUG swiftclient [None req-cb2c0403-9c78-4833-b8b4-18bedf96eb7e tempest-VolumesActionsTest-341369901 tempest-VolumesActionsTest-341369901-project-member] REQ: curl -i https://10.4.3.95:8080/v1/AUTH_fc6c34b11ecb4e24a212a2eefde58e30/glance/cb1dd1ca-86b2-4880-adeb-0832da99f124-00002 -X PUT -H "X-Auth-Token: gAAAAABqWHNqkVad..." {{(pid=99678) http_log /opt/stack/data/venv/lib/python3.12/site-packages/swiftclient/client.py:160}}
Jul 16 06:00:15.088251 np0000005228 devstack@g-api.service[99678]: DEBUG swiftclient [None req-cb2c0403-9c78-4833-b8b4-18bedf96eb7e tempest-VolumesActionsTest-341369901 tempest-VolumesActionsTest-341369901-project-member] RESP STATUS: 201 Created {{(pid=99678) http_log /opt/stack/data/venv/lib/python3.12/site-packages/swiftclient/client.py:161}}
Jul 16 06:00:15.088251 np0000005228 devstack@g-api.service[99678]: DEBUG swiftclient [None req-cb2c0403-9c78-4833-b8b4-18bedf96eb7e tempest-VolumesActionsTest-341369901 tempest-VolumesActionsTest-341369901-project-member] RESP HEADERS: {'Date': 'Thu, 16 Jul 2026 06:00:15 GMT', 'Server': 'Apache/2.4.58 (Ubuntu)', 'Content-Type': 'text/html; charset=UTF-8', 'Content-Length': '0', 'Etag': 'eda9a9889837ac4bc81d6387d92c1bec', 'Last-Modified': 'Thu, 16 Jul 2026 06:00:13 GMT', 'X-Trans-Id': 'tx8eb6968cebdb4dca90d50-006a58736c', 'X-Openstack-Request-Id': 'tx8eb6968cebdb4dca90d50-006a58736c', 'Connection': 'close'} {{(pid=99678) http_log /opt/stack/data/venv/lib/python3.12/site-packages/swiftclient/client.py:162}}
Jul 16 06:00:15.088399 np0000005228 devstack@g-api.service[99678]: DEBUG glance_store._drivers.swift.store [None req-cb2c0403-9c78-4833-b8b4-18bedf96eb7e tempest-VolumesActionsTest-341369901 tempest-VolumesActionsTest-341369901-project-member] Wrote chunk cb1dd1ca-86b2-4880-adeb-0832da99f124-00002 (2/?) of length 204800000 to Swift returning MD5 of content: eda9a9889837ac4bc81d6387d92c1bec {{(pid=99678) add /opt/stack/data/venv/lib/python3.12/site-packages/glance_store/_drivers/swift/store.py:1059}}
Jul 16 06:00:15.559512 np0000005228 devstack@g-api.service[99679]: DEBUG glance.api.middleware.version_negotiation [None req-cf73911f-c116-439e-9fe6-292a4828ea38 tempest-ServerStableDeviceRescueTest-1522430834 tempest-ServerStableDeviceRescueTest-1522430834-project-member] Determining version of request: GET /v2/images/cb1dd1ca-86b2-4880-adeb-0832da99f124 Accept: application/json {{(pid=99679) process_request /opt/stack/glance/glance/api/middleware/version_negotiation.py:44}}
Jul 16 06:00:15.560031 np0000005228 devstack@g-api.service[99679]: DEBUG glance.api.middleware.version_negotiation [None req-cf73911f-c116-439e-9fe6-292a4828ea38 tempest-ServerStableDeviceRescueTest-1522430834 tempest-ServerStableDeviceRescueTest-1522430834-project-member] Using url versioning {{(pid=99679) process_request /opt/stack/glance/glance/api/middleware/version_negotiation.py:57}}
Jul 16 06:00:15.560031 np0000005228 devstack@g-api.service[99679]: DEBUG glance.api.middleware.version_negotiation [None req-cf73911f-c116-439e-9fe6-292a4828ea38 tempest-ServerStableDeviceRescueTest-1522430834 tempest-ServerStableDeviceRescueTest-1522430834-project-member] Matched version: v2 {{(pid=99679) process_request /opt/stack/glance/glance/api/middleware/version_negotiation.py:69}}
Jul 16 06:00:15.560031 np0000005228 devstack@g-api.service[99679]: DEBUG glance.api.middleware.version_negotiation [None req-cf73911f-c116-439e-9fe6-292a4828ea38 tempest-ServerStableDeviceRescueTest-1522430834 tempest-ServerStableDeviceRescueTest-1522430834-project-member] new path /v2/images/cb1dd1ca-86b2-4880-adeb-0832da99f124 {{(pid=99679) process_request /opt/stack/glance/glance/api/middleware/version_negotiation.py:70}}
Jul 16 06:00:15.572043 np0000005228 devstack@g-api.service[99679]: [pid: 99679|app: 0|req: 132/385] 127.0.0.1 () {40 vars in 834 bytes} [Thu Jul 16 06:00:15 2026] GET /v2/images/cb1dd1ca-86b2-4880-adeb-0832da99f124 => generated 650 bytes in 10 msecs (HTTP/1.1 200) 4 headers in 157 bytes (1 switches on core 0)
Jul 16 06:00:16.398034 np0000005228 devstack@g-api.service[99677]: DEBUG glance.api.middleware.version_negotiation [None req-3926e8a2-9830-436f-b004-c055819311b9 tempest-VolumesActionsTest-341369901 tempest-VolumesActionsTest-341369901-project-member] Determining version of request: GET /v2/images/a0f82ee1-6e22-42cb-ab6e-b7a7085d8b0c Accept: */* {{(pid=99677) process_request /opt/stack/glance/glance/api/middleware/version_negotiation.py:44}}
Jul 16 06:00:16.398412 np0000005228 devstack@g-api.service[99677]: DEBUG glance.api.middleware.version_negotiation [None req-3926e8a2-9830-436f-b004-c055819311b9 tempest-VolumesActionsTest-341369901 tempest-VolumesActionsTest-341369901-project-member] Using url versioning {{(pid=99677) process_request /opt/stack/glance/glance/api/middleware/version_negotiation.py:57}}
Jul 16 06:00:16.398517 np0000005228 devstack@g-api.service[99677]: DEBUG glance.api.middleware.version_negotiation [None req-3926e8a2-9830-436f-b004-c055819311b9 tempest-VolumesActionsTest-341369901 tempest-VolumesActionsTest-341369901-project-member] Matched version: v2 {{(pid=99677) process_request /opt/stack/glance/glance/api/middleware/version_negotiation.py:69}}
Jul 16 06:00:16.398681 np0000005228 devstack@g-api.service[99677]: DEBUG glance.api.middleware.version_negotiation [None req-3926e8a2-9830-436f-b004-c055819311b9 tempest-VolumesActionsTest-341369901 tempest-VolumesActionsTest-341369901-project-member] new path /v2/images/a0f82ee1-6e22-42cb-ab6e-b7a7085d8b0c {{(pid=99677) process_request /opt/stack/glance/glance/api/middleware/version_negotiation.py:70}}
Jul 16 06:00:16.415452 np0000005228 devstack@g-api.service[99677]: [pid: 99677|app: 0|req: 129/386] 127.0.0.1 () {44 vars in 1111 bytes} [Thu Jul 16 06:00:16 2026] GET /v2/images/a0f82ee1-6e22-42cb-ab6e-b7a7085d8b0c => generated 1044 bytes in 17 msecs (HTTP/1.1 200) 4 headers in 158 bytes (1 switches on core 0)
Jul 16 06:00:16.456007 np0000005228 devstack@g-api.service[99679]: DEBUG glance.api.middleware.version_negotiation [None req-5c388129-73ce-476b-8c18-ac18f6fd84b2 tempest-VolumesActionsTest-341369901 tempest-VolumesActionsTest-341369901-project-member] Determining version of request: GET /v2/schemas/image Accept: */* {{(pid=99679) process_request /opt/stack/glance/glance/api/middleware/version_negotiation.py:44}}
Jul 16 06:00:16.456168 np0000005228 devstack@g-api.service[99679]: DEBUG glance.api.middleware.version_negotiation [None req-5c388129-73ce-476b-8c18-ac18f6fd84b2 tempest-VolumesActionsTest-341369901 tempest-VolumesActionsTest-341369901-project-member] Using url versioning {{(pid=99679) process_request /opt/stack/glance/glance/api/middleware/version_negotiation.py:57}}
Jul 16 06:00:16.456373 np0000005228 devstack@g-api.service[99679]: DEBUG glance.api.middleware.version_negotiation [None req-5c388129-73ce-476b-8c18-ac18f6fd84b2 tempest-VolumesActionsTest-341369901 tempest-VolumesActionsTest-341369901-project-member] Matched version: v2 {{(pid=99679) process_request /opt/stack/glance/glance/api/middleware/version_negotiation.py:69}}
Jul 16 06:00:16.456503 np0000005228 devstack@g-api.service[99679]: DEBUG glance.api.middleware.version_negotiation [None req-5c388129-73ce-476b-8c18-ac18f6fd84b2 tempest-VolumesActionsTest-341369901 tempest-VolumesActionsTest-341369901-project-member] new path /v2/schemas/image {{(pid=99679) process_request /opt/stack/glance/glance/api/middleware/version_negotiation.py:70}}
Jul 16 06:00:16.458541 np0000005228 devstack@g-api.service[99679]: [pid: 99679|app: 0|req: 133/387] 127.0.0.1 () {44 vars in 1051 bytes} [Thu Jul 16 06:00:16 2026] GET /v2/schemas/image => generated 6083 bytes in 3 msecs (HTTP/1.1 200) 4 headers in 158 bytes (1 switches on core 0)
Jul 16 06:00:16.576468 np0000005228 devstack@g-api.service[99677]: DEBUG glance.api.middleware.version_negotiation [None req-1c8bc207-5e38-4938-845d-5c9be7ebb1d7 tempest-VolumesNegativeTest-1199398756 tempest-VolumesNegativeTest-1199398756-project-member] Determining version of request: GET /v2/images/cb1dd1ca-86b2-4880-adeb-0832da99f124 Accept: application/json {{(pid=99677) process_request /opt/stack/glance/glance/api/middleware/version_negotiation.py:44}}
Jul 16 06:00:16.576621 np0000005228 devstack@g-api.service[99677]: DEBUG glance.api.middleware.version_negotiation [None req-1c8bc207-5e38-4938-845d-5c9be7ebb1d7 tempest-VolumesNegativeTest-1199398756 tempest-VolumesNegativeTest-1199398756-project-member] Using url versioning {{(pid=99677) process_request /opt/stack/glance/glance/api/middleware/version_negotiation.py:57}}
Jul 16 06:00:16.576789 np0000005228 devstack@g-api.service[99677]: DEBUG glance.api.middleware.version_negotiation [None req-1c8bc207-5e38-4938-845d-5c9be7ebb1d7 tempest-VolumesNegativeTest-1199398756 tempest-VolumesNegativeTest-1199398756-project-member] Matched version: v2 {{(pid=99677) process_request /opt/stack/glance/glance/api/middleware/version_negotiation.py:69}}
Jul 16 06:00:16.576890 np0000005228 devstack@g-api.service[99677]: DEBUG glance.api.middleware.version_negotiation [None req-1c8bc207-5e38-4938-845d-5c9be7ebb1d7 tempest-VolumesNegativeTest-1199398756 tempest-VolumesNegativeTest-1199398756-project-member] new path /v2/images/cb1dd1ca-86b2-4880-adeb-0832da99f124 {{(pid=99677) process_request /opt/stack/glance/glance/api/middleware/version_negotiation.py:70}}
Jul 16 06:00:16.587764 np0000005228 devstack@g-api.service[99677]: [pid: 99677|app: 0|req: 130/388] 127.0.0.1 () {40 vars in 834 bytes} [Thu Jul 16 06:00:16 2026] GET /v2/images/cb1dd1ca-86b2-4880-adeb-0832da99f124 => generated 650 bytes in 11 msecs (HTTP/1.1 200) 4 headers in 157 bytes (1 switches on core 0)
Jul 16 06:00:17.071065 np0000005228 devstack@g-api.service[99678]: DEBUG swiftclient [None req-cb2c0403-9c78-4833-b8b4-18bedf96eb7e tempest-VolumesActionsTest-341369901 tempest-VolumesActionsTest-341369901-project-member] REQ: curl -i https://10.4.3.95:8080/v1/AUTH_fc6c34b11ecb4e24a212a2eefde58e30/glance/cb1dd1ca-86b2-4880-adeb-0832da99f124-00003 -X PUT -H "X-Auth-Token: gAAAAABqWHNqkVad..." {{(pid=99678) http_log /opt/stack/data/venv/lib/python3.12/site-packages/swiftclient/client.py:160}}
Jul 16 06:00:17.071339 np0000005228 devstack@g-api.service[99678]: DEBUG swiftclient [None req-cb2c0403-9c78-4833-b8b4-18bedf96eb7e tempest-VolumesActionsTest-341369901 tempest-VolumesActionsTest-341369901-project-member] RESP STATUS: 201 Created {{(pid=99678) http_log /opt/stack/data/venv/lib/python3.12/site-packages/swiftclient/client.py:161}}
Jul 16 06:00:17.071381 np0000005228 devstack@g-api.service[99678]: DEBUG swiftclient [None req-cb2c0403-9c78-4833-b8b4-18bedf96eb7e tempest-VolumesActionsTest-341369901 tempest-VolumesActionsTest-341369901-project-member] RESP HEADERS: {'Date': 'Thu, 16 Jul 2026 06:00:17 GMT', 'Server': 'Apache/2.4.58 (Ubuntu)', 'Content-Type': 'text/html; charset=UTF-8', 'Content-Length': '0', 'Etag': 'eda9a9889837ac4bc81d6387d92c1bec', 'Last-Modified': 'Thu, 16 Jul 2026 06:00:16 GMT', 'X-Trans-Id': 'tx14debbbafb034247876db-006a58736f', 'X-Openstack-Request-Id': 'tx14debbbafb034247876db-006a58736f', 'Connection': 'close'} {{(pid=99678) http_log /opt/stack/data/venv/lib/python3.12/site-packages/swiftclient/client.py:162}}
Jul 16 06:00:17.071480 np0000005228 devstack@g-api.service[99678]: DEBUG glance_store._drivers.swift.store [None req-cb2c0403-9c78-4833-b8b4-18bedf96eb7e tempest-VolumesActionsTest-341369901 tempest-VolumesActionsTest-341369901-project-member] Wrote chunk cb1dd1ca-86b2-4880-adeb-0832da99f124-00003 (3/?) of length 204800000 to Swift returning MD5 of content: eda9a9889837ac4bc81d6387d92c1bec {{(pid=99678) add /opt/stack/data/venv/lib/python3.12/site-packages/glance_store/_drivers/swift/store.py:1059}}
Jul 16 06:00:17.598531 np0000005228 devstack@g-api.service[99679]: DEBUG glance.api.middleware.version_negotiation [None req-1c8bc207-5e38-4938-845d-5c9be7ebb1d7 tempest-VolumesNegativeTest-1199398756 tempest-VolumesNegativeTest-1199398756-project-member] Determining version of request: GET /v2/images/cb1dd1ca-86b2-4880-adeb-0832da99f124 Accept: application/json {{(pid=99679) process_request /opt/stack/glance/glance/api/middleware/version_negotiation.py:44}}
Jul 16 06:00:17.598531 np0000005228 devstack@g-api.service[99679]: DEBUG glance.api.middleware.version_negotiation [None req-1c8bc207-5e38-4938-845d-5c9be7ebb1d7 tempest-VolumesNegativeTest-1199398756 tempest-VolumesNegativeTest-1199398756-project-member] Using url versioning {{(pid=99679) process_request /opt/stack/glance/glance/api/middleware/version_negotiation.py:57}}
Jul 16 06:00:17.598531 np0000005228 devstack@g-api.service[99679]: DEBUG glance.api.middleware.version_negotiation [None req-1c8bc207-5e38-4938-845d-5c9be7ebb1d7 tempest-VolumesNegativeTest-1199398756 tempest-VolumesNegativeTest-1199398756-project-member] Matched version: v2 {{(pid=99679) process_request /opt/stack/glance/glance/api/middleware/version_negotiation.py:69}}
Jul 16 06:00:17.598531 np0000005228 devstack@g-api.service[99679]: DEBUG glance.api.middleware.version_negotiation [None req-1c8bc207-5e38-4938-845d-5c9be7ebb1d7 tempest-VolumesNegativeTest-1199398756 tempest-VolumesNegativeTest-1199398756-project-member] new path /v2/images/cb1dd1ca-86b2-4880-adeb-0832da99f124 {{(pid=99679) process_request /opt/stack/glance/glance/api/middleware/version_negotiation.py:70}}
Jul 16 06:00:17.612095 np0000005228 devstack@g-api.service[99679]: [pid: 99679|app: 0|req: 134/389] 127.0.0.1 () {40 vars in 834 bytes} [Thu Jul 16 06:00:17 2026] GET /v2/images/cb1dd1ca-86b2-4880-adeb-0832da99f124 => generated 650 bytes in 15 msecs (HTTP/1.1 200) 4 headers in 157 bytes (1 switches on core 0)
Jul 16 06:00:18.625281 np0000005228 devstack@g-api.service[99677]: DEBUG glance.api.middleware.version_negotiation [None req-ac589e5c-0302-4002-b9cb-e31d0a1aee9f tempest-VolumesActionsTest-341369901 tempest-VolumesActionsTest-341369901-project-member] Determining version of request: GET /v2/images/cb1dd1ca-86b2-4880-adeb-0832da99f124 Accept: application/json {{(pid=99677) process_request /opt/stack/glance/glance/api/middleware/version_negotiation.py:44}}
Jul 16 06:00:18.625661 np0000005228 devstack@g-api.service[99677]: DEBUG glance.api.middleware.version_negotiation [None req-ac589e5c-0302-4002-b9cb-e31d0a1aee9f tempest-VolumesActionsTest-341369901 tempest-VolumesActionsTest-341369901-project-member] Using url versioning {{(pid=99677) process_request /opt/stack/glance/glance/api/middleware/version_negotiation.py:57}}
Jul 16 06:00:18.625661 np0000005228 devstack@g-api.service[99677]: DEBUG glance.api.middleware.version_negotiation [None req-ac589e5c-0302-4002-b9cb-e31d0a1aee9f tempest-VolumesActionsTest-341369901 tempest-VolumesActionsTest-341369901-project-member] Matched version: v2 {{(pid=99677) process_request /opt/stack/glance/glance/api/middleware/version_negotiation.py:69}}
Jul 16 06:00:18.625818 np0000005228 devstack@g-api.service[99677]: DEBUG glance.api.middleware.version_negotiation [None req-ac589e5c-0302-4002-b9cb-e31d0a1aee9f tempest-VolumesActionsTest-341369901 tempest-VolumesActionsTest-341369901-project-member] new path /v2/images/cb1dd1ca-86b2-4880-adeb-0832da99f124 {{(pid=99677) process_request /opt/stack/glance/glance/api/middleware/version_negotiation.py:70}}
Jul 16 06:00:18.647743 np0000005228 devstack@g-api.service[99677]: [pid: 99677|app: 0|req: 131/390] 127.0.0.1 () {40 vars in 834 bytes} [Thu Jul 16 06:00:18 2026] GET /v2/images/cb1dd1ca-86b2-4880-adeb-0832da99f124 => generated 650 bytes in 23 msecs (HTTP/1.1 200) 4 headers in 157 bytes (1 switches on core 0)
Jul 16 06:00:19.008863 np0000005228 devstack@g-api.service[99678]: DEBUG swiftclient [None req-cb2c0403-9c78-4833-b8b4-18bedf96eb7e tempest-VolumesActionsTest-341369901 tempest-VolumesActionsTest-341369901-project-member] REQ: curl -i https://10.4.3.95:8080/v1/AUTH_fc6c34b11ecb4e24a212a2eefde58e30/glance/cb1dd1ca-86b2-4880-adeb-0832da99f124-00004 -X PUT -H "X-Auth-Token: gAAAAABqWHNqkVad..." {{(pid=99678) http_log /opt/stack/data/venv/lib/python3.12/site-packages/swiftclient/client.py:160}}
Jul 16 06:00:19.009221 np0000005228 devstack@g-api.service[99678]: DEBUG swiftclient [None req-cb2c0403-9c78-4833-b8b4-18bedf96eb7e tempest-VolumesActionsTest-341369901 tempest-VolumesActionsTest-341369901-project-member] RESP STATUS: 201 Created {{(pid=99678) http_log /opt/stack/data/venv/lib/python3.12/site-packages/swiftclient/client.py:161}}
Jul 16 06:00:19.009221 np0000005228 devstack@g-api.service[99678]: DEBUG swiftclient [None req-cb2c0403-9c78-4833-b8b4-18bedf96eb7e tempest-VolumesActionsTest-341369901 tempest-VolumesActionsTest-341369901-project-member] RESP HEADERS: {'Date': 'Thu, 16 Jul 2026 06:00:19 GMT', 'Server': 'Apache/2.4.58 (Ubuntu)', 'Content-Type': 'text/html; charset=UTF-8', 'Content-Length': '0', 'Etag': 'eda9a9889837ac4bc81d6387d92c1bec', 'Last-Modified': 'Thu, 16 Jul 2026 06:00:18 GMT', 'X-Trans-Id': 'txb61715ea940e4256a6453-006a587371', 'X-Openstack-Request-Id': 'txb61715ea940e4256a6453-006a587371', 'Connection': 'close'} {{(pid=99678) http_log /opt/stack/data/venv/lib/python3.12/site-packages/swiftclient/client.py:162}}
Jul 16 06:00:19.009359 np0000005228 devstack@g-api.service[99678]: DEBUG glance_store._drivers.swift.store [None req-cb2c0403-9c78-4833-b8b4-18bedf96eb7e tempest-VolumesActionsTest-341369901 tempest-VolumesActionsTest-341369901-project-member] Wrote chunk cb1dd1ca-86b2-4880-adeb-0832da99f124-00004 (4/?) of length 204800000 to Swift returning MD5 of content: eda9a9889837ac4bc81d6387d92c1bec {{(pid=99678) add /opt/stack/data/venv/lib/python3.12/site-packages/glance_store/_drivers/swift/store.py:1059}}
Jul 16 06:00:19.660632 np0000005228 devstack@g-api.service[99679]: DEBUG glance.api.middleware.version_negotiation [None req-7612b2da-cb2b-43eb-a810-229b13f1d250 tempest-VolumesActionsTest-341369901 tempest-VolumesActionsTest-341369901-project-member] Determining version of request: GET /v2/images/cb1dd1ca-86b2-4880-adeb-0832da99f124 Accept: application/json {{(pid=99679) process_request /opt/stack/glance/glance/api/middleware/version_negotiation.py:44}}
Jul 16 06:00:19.661170 np0000005228 devstack@g-api.service[99679]: DEBUG glance.api.middleware.version_negotiation [None req-7612b2da-cb2b-43eb-a810-229b13f1d250 tempest-VolumesActionsTest-341369901 tempest-VolumesActionsTest-341369901-project-member] Using url versioning {{(pid=99679) process_request /opt/stack/glance/glance/api/middleware/version_negotiation.py:57}}
Jul 16 06:00:19.661170 np0000005228 devstack@g-api.service[99679]: DEBUG glance.api.middleware.version_negotiation [None req-7612b2da-cb2b-43eb-a810-229b13f1d250 tempest-VolumesActionsTest-341369901 tempest-VolumesActionsTest-341369901-project-member] Matched version: v2 {{(pid=99679) process_request /opt/stack/glance/glance/api/middleware/version_negotiation.py:69}}
Jul 16 06:00:19.661170 np0000005228 devstack@g-api.service[99679]: DEBUG glance.api.middleware.version_negotiation [None req-7612b2da-cb2b-43eb-a810-229b13f1d250 tempest-VolumesActionsTest-341369901 tempest-VolumesActionsTest-341369901-project-member] new path /v2/images/cb1dd1ca-86b2-4880-adeb-0832da99f124 {{(pid=99679) process_request /opt/stack/glance/glance/api/middleware/version_negotiation.py:70}}
Jul 16 06:00:19.674245 np0000005228 devstack@g-api.service[99679]: [pid: 99679|app: 0|req: 135/391] 127.0.0.1 () {40 vars in 834 bytes} [Thu Jul 16 06:00:19 2026] GET /v2/images/cb1dd1ca-86b2-4880-adeb-0832da99f124 => generated 650 bytes in 14 msecs (HTTP/1.1 200) 4 headers in 157 bytes (1 switches on core 0)
Jul 16 06:00:20.632263 np0000005228 devstack@g-api.service[99678]: DEBUG dbcounter [-] [99678] Writing DB stats glance:SELECT=43,glance:INSERT=18,glance:UPDATE=3 {{(pid=99678) stat_writer /opt/stack/data/venv/lib/python3.12/site-packages/dbcounter.py:115}}
Jul 16 06:00:20.685681 np0000005228 devstack@g-api.service[99677]: DEBUG glance.api.middleware.version_negotiation [None req-62cc5fd8-7936-4de4-a7e4-41f4a9f06411 tempest-VolumesActionsTest-341369901 tempest-VolumesActionsTest-341369901-project-member] Determining version of request: GET /v2/images/cb1dd1ca-86b2-4880-adeb-0832da99f124 Accept: application/json {{(pid=99677) process_request /opt/stack/glance/glance/api/middleware/version_negotiation.py:44}}
Jul 16 06:00:20.685681 np0000005228 devstack@g-api.service[99677]: DEBUG glance.api.middleware.version_negotiation [None req-62cc5fd8-7936-4de4-a7e4-41f4a9f06411 tempest-VolumesActionsTest-341369901 tempest-VolumesActionsTest-341369901-project-member] Using url versioning {{(pid=99677) process_request /opt/stack/glance/glance/api/middleware/version_negotiation.py:57}}
Jul 16 06:00:20.685681 np0000005228 devstack@g-api.service[99677]: DEBUG glance.api.middleware.version_negotiation [None req-62cc5fd8-7936-4de4-a7e4-41f4a9f06411 tempest-VolumesActionsTest-341369901 tempest-VolumesActionsTest-341369901-project-member] Matched version: v2 {{(pid=99677) process_request /opt/stack/glance/glance/api/middleware/version_negotiation.py:69}}
Jul 16 06:00:20.685681 np0000005228 devstack@g-api.service[99677]: DEBUG glance.api.middleware.version_negotiation [None req-62cc5fd8-7936-4de4-a7e4-41f4a9f06411 tempest-VolumesActionsTest-341369901 tempest-VolumesActionsTest-341369901-project-member] new path /v2/images/cb1dd1ca-86b2-4880-adeb-0832da99f124 {{(pid=99677) process_request /opt/stack/glance/glance/api/middleware/version_negotiation.py:70}}
Jul 16 06:00:20.711848 np0000005228 devstack@g-api.service[99677]: [pid: 99677|app: 0|req: 132/392] 127.0.0.1 () {40 vars in 834 bytes} [Thu Jul 16 06:00:20 2026] GET /v2/images/cb1dd1ca-86b2-4880-adeb-0832da99f124 => generated 650 bytes in 29 msecs (HTTP/1.1 200) 4 headers in 157 bytes (1 switches on core 0)
Jul 16 06:00:21.128268 np0000005228 devstack@g-api.service[99678]: DEBUG swiftclient [None req-cb2c0403-9c78-4833-b8b4-18bedf96eb7e tempest-VolumesActionsTest-341369901 tempest-VolumesActionsTest-341369901-project-member] REQ: curl -i https://10.4.3.95:8080/v1/AUTH_fc6c34b11ecb4e24a212a2eefde58e30/glance/cb1dd1ca-86b2-4880-adeb-0832da99f124-00005 -X PUT -H "X-Auth-Token: gAAAAABqWHNqkVad..." {{(pid=99678) http_log /opt/stack/data/venv/lib/python3.12/site-packages/swiftclient/client.py:160}}
Jul 16 06:00:21.128268 np0000005228 devstack@g-api.service[99678]: DEBUG swiftclient [None req-cb2c0403-9c78-4833-b8b4-18bedf96eb7e tempest-VolumesActionsTest-341369901 tempest-VolumesActionsTest-341369901-project-member] RESP STATUS: 201 Created {{(pid=99678) http_log /opt/stack/data/venv/lib/python3.12/site-packages/swiftclient/client.py:161}}
Jul 16 06:00:21.128470 np0000005228 devstack@g-api.service[99678]: DEBUG swiftclient [None req-cb2c0403-9c78-4833-b8b4-18bedf96eb7e tempest-VolumesActionsTest-341369901 tempest-VolumesActionsTest-341369901-project-member] RESP HEADERS: {'Date': 'Thu, 16 Jul 2026 06:00:21 GMT', 'Server': 'Apache/2.4.58 (Ubuntu)', 'Content-Type': 'text/html; charset=UTF-8', 'Content-Length': '0', 'Etag': 'eda9a9889837ac4bc81d6387d92c1bec', 'Last-Modified': 'Thu, 16 Jul 2026 06:00:20 GMT', 'X-Trans-Id': 'tx252bb2d2cea3469284ded-006a587373', 'X-Openstack-Request-Id': 'tx252bb2d2cea3469284ded-006a587373', 'Connection': 'close'} {{(pid=99678) http_log /opt/stack/data/venv/lib/python3.12/site-packages/swiftclient/client.py:162}}
Jul 16 06:00:21.128548 np0000005228 devstack@g-api.service[99678]: DEBUG glance_store._drivers.swift.store [None req-cb2c0403-9c78-4833-b8b4-18bedf96eb7e tempest-VolumesActionsTest-341369901 tempest-VolumesActionsTest-341369901-project-member] Wrote chunk cb1dd1ca-86b2-4880-adeb-0832da99f124-00005 (5/?) of length 204800000 to Swift returning MD5 of content: eda9a9889837ac4bc81d6387d92c1bec {{(pid=99678) add /opt/stack/data/venv/lib/python3.12/site-packages/glance_store/_drivers/swift/store.py:1059}}
Jul 16 06:00:21.646170 np0000005228 devstack@g-api.service[99678]: DEBUG swiftclient [None req-cb2c0403-9c78-4833-b8b4-18bedf96eb7e tempest-VolumesActionsTest-341369901 tempest-VolumesActionsTest-341369901-project-member] REQ: curl -i https://10.4.3.95:8080/v1/AUTH_fc6c34b11ecb4e24a212a2eefde58e30/glance/cb1dd1ca-86b2-4880-adeb-0832da99f124-00006 -X PUT -H "X-Auth-Token: gAAAAABqWHNqkVad..." {{(pid=99678) http_log /opt/stack/data/venv/lib/python3.12/site-packages/swiftclient/client.py:160}}
Jul 16 06:00:21.647321 np0000005228 devstack@g-api.service[99678]: DEBUG swiftclient [None req-cb2c0403-9c78-4833-b8b4-18bedf96eb7e tempest-VolumesActionsTest-341369901 tempest-VolumesActionsTest-341369901-project-member] RESP STATUS: 201 Created {{(pid=99678) http_log /opt/stack/data/venv/lib/python3.12/site-packages/swiftclient/client.py:161}}
Jul 16 06:00:21.647321 np0000005228 devstack@g-api.service[99678]: DEBUG swiftclient [None req-cb2c0403-9c78-4833-b8b4-18bedf96eb7e tempest-VolumesActionsTest-341369901 tempest-VolumesActionsTest-341369901-project-member] RESP HEADERS: {'Date': 'Thu, 16 Jul 2026 06:00:21 GMT', 'Server': 'Apache/2.4.58 (Ubuntu)', 'Content-Type': 'text/html; charset=UTF-8', 'Content-Length': '0', 'Etag': '708761f3b8777ec77058e63da08eeeb6', 'Last-Modified': 'Thu, 16 Jul 2026 06:00:22 GMT', 'X-Trans-Id': 'tx189a9a32ffcf43648734e-006a587375', 'X-Openstack-Request-Id': 'tx189a9a32ffcf43648734e-006a587375', 'Connection': 'close'} {{(pid=99678) http_log /opt/stack/data/venv/lib/python3.12/site-packages/swiftclient/client.py:162}}
Jul 16 06:00:21.647321 np0000005228 devstack@g-api.service[99678]: DEBUG glance_store._drivers.swift.store [None req-cb2c0403-9c78-4833-b8b4-18bedf96eb7e tempest-VolumesActionsTest-341369901 tempest-VolumesActionsTest-341369901-project-member] Wrote chunk cb1dd1ca-86b2-4880-adeb-0832da99f124-00006 (6/?) of length 49741824 to Swift returning MD5 of content: 708761f3b8777ec77058e63da08eeeb6 {{(pid=99678) add /opt/stack/data/venv/lib/python3.12/site-packages/glance_store/_drivers/swift/store.py:1059}}
Jul 16 06:00:21.647321 np0000005228 devstack@g-api.service[99678]: DEBUG glance_store._drivers.swift.store [None req-cb2c0403-9c78-4833-b8b4-18bedf96eb7e tempest-VolumesActionsTest-341369901 tempest-VolumesActionsTest-341369901-project-member] Not writing zero-length chunk. {{(pid=99678) add /opt/stack/data/venv/lib/python3.12/site-packages/glance_store/_drivers/swift/store.py:1028}}
Jul 16 06:00:21.672054 np0000005228 devstack@g-api.service[99678]: DEBUG swiftclient [None req-cb2c0403-9c78-4833-b8b4-18bedf96eb7e tempest-VolumesActionsTest-341369901 tempest-VolumesActionsTest-341369901-project-member] REQ: curl -i https://10.4.3.95:8080/v1/AUTH_fc6c34b11ecb4e24a212a2eefde58e30/glance/cb1dd1ca-86b2-4880-adeb-0832da99f124 -X PUT -H "X-Object-Manifest: glance/cb1dd1ca-86b2-4880-adeb-0832da99f124-" -H "X-Auth-Token: gAAAAABqWHNqkVad..." -H "Content-Length: 0" {{(pid=99678) http_log /opt/stack/data/venv/lib/python3.12/site-packages/swiftclient/client.py:160}}
Jul 16 06:00:21.672212 np0000005228 devstack@g-api.service[99678]: DEBUG swiftclient [None req-cb2c0403-9c78-4833-b8b4-18bedf96eb7e tempest-VolumesActionsTest-341369901 tempest-VolumesActionsTest-341369901-project-member] RESP STATUS: 201 Created {{(pid=99678) http_log /opt/stack/data/venv/lib/python3.12/site-packages/swiftclient/client.py:161}}
Jul 16 06:00:21.672417 np0000005228 devstack@g-api.service[99678]: DEBUG swiftclient [None req-cb2c0403-9c78-4833-b8b4-18bedf96eb7e tempest-VolumesActionsTest-341369901 tempest-VolumesActionsTest-341369901-project-member] RESP HEADERS: {'Date': 'Thu, 16 Jul 2026 06:00:21 GMT', 'Server': 'Apache/2.4.58 (Ubuntu)', 'Content-Type': 'text/html; charset=UTF-8', 'Content-Length': '0', 'Etag': 'd41d8cd98f00b204e9800998ecf8427e', 'Last-Modified': 'Thu, 16 Jul 2026 06:00:22 GMT', 'X-Trans-Id': 'tx9a2658acd9364ae5b4d19-006a587375', 'X-Openstack-Request-Id': 'tx9a2658acd9364ae5b4d19-006a587375', 'Connection': 'close'} {{(pid=99678) http_log /opt/stack/data/venv/lib/python3.12/site-packages/swiftclient/client.py:162}}
Jul 16 06:00:21.672977 np0000005228 devstack@g-api.service[99678]: INFO glance.location [None req-cb2c0403-9c78-4833-b8b4-18bedf96eb7e tempest-VolumesActionsTest-341369901 tempest-VolumesActionsTest-341369901-project-member] Image format matched and virtual size computed: 1073741824
Jul 16 06:00:21.696439 np0000005228 devstack@g-api.service[99678]: DEBUG glance_store.backend [None req-cb2c0403-9c78-4833-b8b4-18bedf96eb7e tempest-VolumesActionsTest-341369901 tempest-VolumesActionsTest-341369901-project-member] Attempting to import store swift {{(pid=99678) _load_store /opt/stack/data/venv/lib/python3.12/site-packages/glance_store/backend.py:215}}
Jul 16 06:00:21.697766 np0000005228 devstack@g-api.service[99678]: DEBUG glance_store.capabilities [None req-cb2c0403-9c78-4833-b8b4-18bedf96eb7e tempest-VolumesActionsTest-341369901 tempest-VolumesActionsTest-341369901-project-member] Store glance_store._drivers.swift.store.SingleTenantStore doesn't support updating dynamic storage capabilities. Please overwrite 'update_capabilities' method of the store to implement updating logics if needed. {{(pid=99678) update_capabilities /opt/stack/data/venv/lib/python3.12/site-packages/glance_store/capabilities.py:91}}
Jul 16 06:00:21.697853 np0000005228 devstack@g-api.service[99678]: DEBUG glance_store.driver [None req-cb2c0403-9c78-4833-b8b4-18bedf96eb7e tempest-VolumesActionsTest-341369901 tempest-VolumesActionsTest-341369901-project-member] Late loading location class glance_store._drivers.swift.store.StoreLocation {{(pid=99678) get_store_location_class /opt/stack/data/venv/lib/python3.12/site-packages/glance_store/driver.py:134}}
Jul 16 06:00:21.697948 np0000005228 devstack@g-api.service[99678]: DEBUG glance_store.location [None req-cb2c0403-9c78-4833-b8b4-18bedf96eb7e tempest-VolumesActionsTest-341369901 tempest-VolumesActionsTest-341369901-project-member] Registering scheme swift+https with {'store': , 'location_class': , 'store_entry': 'swift'} {{(pid=99678) register_scheme_map /opt/stack/data/venv/lib/python3.12/site-packages/glance_store/location.py:146}}
Jul 16 06:00:21.698033 np0000005228 devstack@g-api.service[99678]: DEBUG glance_store.location [None req-cb2c0403-9c78-4833-b8b4-18bedf96eb7e tempest-VolumesActionsTest-341369901 tempest-VolumesActionsTest-341369901-project-member] Registering scheme swift+https with {'store': , 'location_class': , 'store_entry': 'swift'} {{(pid=99678) register_scheme_map /opt/stack/data/venv/lib/python3.12/site-packages/glance_store/location.py:146}}
Jul 16 06:00:21.698131 np0000005228 devstack@g-api.service[99678]: DEBUG glance_store.location [None req-cb2c0403-9c78-4833-b8b4-18bedf96eb7e tempest-VolumesActionsTest-341369901 tempest-VolumesActionsTest-341369901-project-member] Registering scheme swift with {'store': , 'location_class': , 'store_entry': 'swift'} {{(pid=99678) register_scheme_map /opt/stack/data/venv/lib/python3.12/site-packages/glance_store/location.py:146}}
Jul 16 06:00:21.698209 np0000005228 devstack@g-api.service[99678]: DEBUG glance_store.location [None req-cb2c0403-9c78-4833-b8b4-18bedf96eb7e tempest-VolumesActionsTest-341369901 tempest-VolumesActionsTest-341369901-project-member] Registering scheme swift+https with {'store': , 'location_class': , 'store_entry': 'swift'} {{(pid=99678) register_scheme_map /opt/stack/data/venv/lib/python3.12/site-packages/glance_store/location.py:146}}
Jul 16 06:00:21.698282 np0000005228 devstack@g-api.service[99678]: DEBUG glance_store.location [None req-cb2c0403-9c78-4833-b8b4-18bedf96eb7e tempest-VolumesActionsTest-341369901 tempest-VolumesActionsTest-341369901-project-member] Registering scheme swift with {'store': , 'location_class': , 'store_entry': 'swift'} {{(pid=99678) register_scheme_map /opt/stack/data/venv/lib/python3.12/site-packages/glance_store/location.py:146}}
Jul 16 06:00:21.698365 np0000005228 devstack@g-api.service[99678]: DEBUG glance_store.location [None req-cb2c0403-9c78-4833-b8b4-18bedf96eb7e tempest-VolumesActionsTest-341369901 tempest-VolumesActionsTest-341369901-project-member] Registering scheme swift+http with {'store': , 'location_class': , 'store_entry': 'swift'} {{(pid=99678) register_scheme_map /opt/stack/data/venv/lib/python3.12/site-packages/glance_store/location.py:146}}
Jul 16 06:00:21.698484 np0000005228 devstack@g-api.service[99678]: DEBUG glance_store.location [None req-cb2c0403-9c78-4833-b8b4-18bedf96eb7e tempest-VolumesActionsTest-341369901 tempest-VolumesActionsTest-341369901-project-member] Registering scheme swift+https with {'store': , 'location_class': , 'store_entry': 'swift'} {{(pid=99678) register_scheme_map /opt/stack/data/venv/lib/python3.12/site-packages/glance_store/location.py:146}}
Jul 16 06:00:21.698582 np0000005228 devstack@g-api.service[99678]: DEBUG glance_store.location [None req-cb2c0403-9c78-4833-b8b4-18bedf96eb7e tempest-VolumesActionsTest-341369901 tempest-VolumesActionsTest-341369901-project-member] Registering scheme swift with {'store': , 'location_class': , 'store_entry': 'swift'} {{(pid=99678) register_scheme_map /opt/stack/data/venv/lib/python3.12/site-packages/glance_store/location.py:146}}
Jul 16 06:00:21.698695 np0000005228 devstack@g-api.service[99678]: DEBUG glance_store.location [None req-cb2c0403-9c78-4833-b8b4-18bedf96eb7e tempest-VolumesActionsTest-341369901 tempest-VolumesActionsTest-341369901-project-member] Registering scheme swift+http with {'store': , 'location_class': , 'store_entry': 'swift'} {{(pid=99678) register_scheme_map /opt/stack/data/venv/lib/python3.12/site-packages/glance_store/location.py:146}}
Jul 16 06:00:21.698796 np0000005228 devstack@g-api.service[99678]: DEBUG glance_store.location [None req-cb2c0403-9c78-4833-b8b4-18bedf96eb7e tempest-VolumesActionsTest-341369901 tempest-VolumesActionsTest-341369901-project-member] Registering scheme swift+config with {'store': , 'location_class': , 'store_entry': 'swift'} {{(pid=99678) register_scheme_map /opt/stack/data/venv/lib/python3.12/site-packages/glance_store/location.py:146}}
Jul 16 06:00:21.698851 np0000005228 devstack@g-api.service[99678]: DEBUG glance_store.backend [None req-cb2c0403-9c78-4833-b8b4-18bedf96eb7e tempest-VolumesActionsTest-341369901 tempest-VolumesActionsTest-341369901-project-member] Skipping store.set_acls... not implemented. {{(pid=99678) set_acls /opt/stack/data/venv/lib/python3.12/site-packages/glance_store/backend.py:507}}
Jul 16 06:00:21.700413 np0000005228 devstack@g-api.service[99678]: [pid: 99678|app: 0|req: 126/393] 127.0.0.1 () {46 vars in 1154 bytes} [Thu Jul 16 06:00:09 2026] PUT /v2/images/cb1dd1ca-86b2-4880-adeb-0832da99f124/file => generated 0 bytes in 12064 msecs (HTTP/1.1 204) 4 headers in 171 bytes (1 switches on core 0)
Jul 16 06:00:21.708339 np0000005228 devstack@g-api.service[99679]: DEBUG glance.api.middleware.version_negotiation [None req-68a3758a-3dbb-4344-ae65-ee789c0a89a0 tempest-VolumesActionsTest-341369901 tempest-VolumesActionsTest-341369901-project-member] Determining version of request: GET /v2/images/cb1dd1ca-86b2-4880-adeb-0832da99f124 Accept: */* {{(pid=99679) process_request /opt/stack/glance/glance/api/middleware/version_negotiation.py:44}}
Jul 16 06:00:21.708710 np0000005228 devstack@g-api.service[99679]: DEBUG glance.api.middleware.version_negotiation [None req-68a3758a-3dbb-4344-ae65-ee789c0a89a0 tempest-VolumesActionsTest-341369901 tempest-VolumesActionsTest-341369901-project-member] Using url versioning {{(pid=99679) process_request /opt/stack/glance/glance/api/middleware/version_negotiation.py:57}}
Jul 16 06:00:21.708710 np0000005228 devstack@g-api.service[99679]: DEBUG glance.api.middleware.version_negotiation [None req-68a3758a-3dbb-4344-ae65-ee789c0a89a0 tempest-VolumesActionsTest-341369901 tempest-VolumesActionsTest-341369901-project-member] Matched version: v2 {{(pid=99679) process_request /opt/stack/glance/glance/api/middleware/version_negotiation.py:69}}
Jul 16 06:00:21.708861 np0000005228 devstack@g-api.service[99679]: DEBUG glance.api.middleware.version_negotiation [None req-68a3758a-3dbb-4344-ae65-ee789c0a89a0 tempest-VolumesActionsTest-341369901 tempest-VolumesActionsTest-341369901-project-member] new path /v2/images/cb1dd1ca-86b2-4880-adeb-0832da99f124 {{(pid=99679) process_request /opt/stack/glance/glance/api/middleware/version_negotiation.py:70}}
Jul 16 06:00:21.719820 np0000005228 devstack@g-api.service[99679]: [pid: 99679|app: 0|req: 136/394] 127.0.0.1 () {44 vars in 1111 bytes} [Thu Jul 16 06:00:21 2026] GET /v2/images/cb1dd1ca-86b2-4880-adeb-0832da99f124 => generated 822 bytes in 12 msecs (HTTP/1.1 200) 4 headers in 157 bytes (1 switches on core 0)
Jul 16 06:00:21.720211 np0000005228 devstack@g-api.service[99677]: DEBUG glance.api.middleware.version_negotiation [None req-232a6d1e-7dab-46bd-bcbf-0946c862cd53 tempest-VolumesActionsTest-341369901 tempest-VolumesActionsTest-341369901-project-member] Determining version of request: GET /v2/images/cb1dd1ca-86b2-4880-adeb-0832da99f124 Accept: application/json {{(pid=99677) process_request /opt/stack/glance/glance/api/middleware/version_negotiation.py:44}}
Jul 16 06:00:21.720503 np0000005228 devstack@g-api.service[99677]: DEBUG glance.api.middleware.version_negotiation [None req-232a6d1e-7dab-46bd-bcbf-0946c862cd53 tempest-VolumesActionsTest-341369901 tempest-VolumesActionsTest-341369901-project-member] Using url versioning {{(pid=99677) process_request /opt/stack/glance/glance/api/middleware/version_negotiation.py:57}}
Jul 16 06:00:21.720503 np0000005228 devstack@g-api.service[99677]: DEBUG glance.api.middleware.version_negotiation [None req-232a6d1e-7dab-46bd-bcbf-0946c862cd53 tempest-VolumesActionsTest-341369901 tempest-VolumesActionsTest-341369901-project-member] Matched version: v2 {{(pid=99677) process_request /opt/stack/glance/glance/api/middleware/version_negotiation.py:69}}
Jul 16 06:00:21.720503 np0000005228 devstack@g-api.service[99677]: DEBUG glance.api.middleware.version_negotiation [None req-232a6d1e-7dab-46bd-bcbf-0946c862cd53 tempest-VolumesActionsTest-341369901 tempest-VolumesActionsTest-341369901-project-member] new path /v2/images/cb1dd1ca-86b2-4880-adeb-0832da99f124 {{(pid=99677) process_request /opt/stack/glance/glance/api/middleware/version_negotiation.py:70}}
Jul 16 06:00:21.729208 np0000005228 devstack@g-api.service[99678]: DEBUG glance.api.middleware.version_negotiation [None req-cb2c0403-9c78-4833-b8b4-18bedf96eb7e tempest-VolumesActionsTest-341369901 tempest-VolumesActionsTest-341369901-project-member] Determining version of request: GET /v2/schemas/image Accept: */* {{(pid=99678) process_request /opt/stack/glance/glance/api/middleware/version_negotiation.py:44}}
Jul 16 06:00:21.729208 np0000005228 devstack@g-api.service[99678]: DEBUG glance.api.middleware.version_negotiation [None req-cb2c0403-9c78-4833-b8b4-18bedf96eb7e tempest-VolumesActionsTest-341369901 tempest-VolumesActionsTest-341369901-project-member] Using url versioning {{(pid=99678) process_request /opt/stack/glance/glance/api/middleware/version_negotiation.py:57}}
Jul 16 06:00:21.729424 np0000005228 devstack@g-api.service[99678]: DEBUG glance.api.middleware.version_negotiation [None req-cb2c0403-9c78-4833-b8b4-18bedf96eb7e tempest-VolumesActionsTest-341369901 tempest-VolumesActionsTest-341369901-project-member] Matched version: v2 {{(pid=99678) process_request /opt/stack/glance/glance/api/middleware/version_negotiation.py:69}}
Jul 16 06:00:21.729475 np0000005228 devstack@g-api.service[99677]: [pid: 99677|app: 0|req: 133/395] 127.0.0.1 () {40 vars in 834 bytes} [Thu Jul 16 06:00:21 2026] GET /v2/images/cb1dd1ca-86b2-4880-adeb-0832da99f124 => generated 822 bytes in 9 msecs (HTTP/1.1 200) 4 headers in 157 bytes (1 switches on core 0)
Jul 16 06:00:21.729519 np0000005228 devstack@g-api.service[99678]: DEBUG glance.api.middleware.version_negotiation [None req-cb2c0403-9c78-4833-b8b4-18bedf96eb7e tempest-VolumesActionsTest-341369901 tempest-VolumesActionsTest-341369901-project-member] new path /v2/schemas/image {{(pid=99678) process_request /opt/stack/glance/glance/api/middleware/version_negotiation.py:70}}
Jul 16 06:00:21.734894 np0000005228 devstack@g-api.service[99678]: [pid: 99678|app: 0|req: 127/396] 127.0.0.1 () {44 vars in 1051 bytes} [Thu Jul 16 06:00:21 2026] GET /v2/schemas/image => generated 6083 bytes in 6 msecs (HTTP/1.1 200) 4 headers in 158 bytes (1 switches on core 0)
Jul 16 06:00:21.747096 np0000005228 devstack@g-api.service[99679]: DEBUG glance.api.middleware.version_negotiation [None req-cb2c0403-9c78-4833-b8b4-18bedf96eb7e tempest-VolumesActionsTest-341369901 tempest-VolumesActionsTest-341369901-project-member] Determining version of request: GET /v2/schemas/image Accept: */* {{(pid=99679) process_request /opt/stack/glance/glance/api/middleware/version_negotiation.py:44}}
Jul 16 06:00:21.747224 np0000005228 devstack@g-api.service[99679]: DEBUG glance.api.middleware.version_negotiation [None req-cb2c0403-9c78-4833-b8b4-18bedf96eb7e tempest-VolumesActionsTest-341369901 tempest-VolumesActionsTest-341369901-project-member] Using url versioning {{(pid=99679) process_request /opt/stack/glance/glance/api/middleware/version_negotiation.py:57}}
Jul 16 06:00:21.747294 np0000005228 devstack@g-api.service[99679]: DEBUG glance.api.middleware.version_negotiation [None req-cb2c0403-9c78-4833-b8b4-18bedf96eb7e tempest-VolumesActionsTest-341369901 tempest-VolumesActionsTest-341369901-project-member] Matched version: v2 {{(pid=99679) process_request /opt/stack/glance/glance/api/middleware/version_negotiation.py:69}}
Jul 16 06:00:21.747375 np0000005228 devstack@g-api.service[99679]: DEBUG glance.api.middleware.version_negotiation [None req-cb2c0403-9c78-4833-b8b4-18bedf96eb7e tempest-VolumesActionsTest-341369901 tempest-VolumesActionsTest-341369901-project-member] new path /v2/schemas/image {{(pid=99679) process_request /opt/stack/glance/glance/api/middleware/version_negotiation.py:70}}
Jul 16 06:00:21.749888 np0000005228 devstack@g-api.service[99679]: [pid: 99679|app: 0|req: 137/397] 127.0.0.1 () {44 vars in 1051 bytes} [Thu Jul 16 06:00:21 2026] GET /v2/schemas/image => generated 6083 bytes in 3 msecs (HTTP/1.1 200) 4 headers in 158 bytes (1 switches on core 0)
Jul 16 06:00:22.810885 np0000005228 devstack@g-api.service[99677]: DEBUG glance.api.middleware.version_negotiation [None req-ecdc8bf0-2f23-439f-9639-02acdeab3b7d tempest-VolumesActionsTest-341369901 tempest-VolumesActionsTest-341369901-project-member] Determining version of request: GET /v2/images/cb1dd1ca-86b2-4880-adeb-0832da99f124 Accept: application/json {{(pid=99677) process_request /opt/stack/glance/glance/api/middleware/version_negotiation.py:44}}
Jul 16 06:00:22.811758 np0000005228 devstack@g-api.service[99677]: DEBUG glance.api.middleware.version_negotiation [None req-ecdc8bf0-2f23-439f-9639-02acdeab3b7d tempest-VolumesActionsTest-341369901 tempest-VolumesActionsTest-341369901-project-member] Using url versioning {{(pid=99677) process_request /opt/stack/glance/glance/api/middleware/version_negotiation.py:57}}
Jul 16 06:00:22.812091 np0000005228 devstack@g-api.service[99677]: DEBUG glance.api.middleware.version_negotiation [None req-ecdc8bf0-2f23-439f-9639-02acdeab3b7d tempest-VolumesActionsTest-341369901 tempest-VolumesActionsTest-341369901-project-member] Matched version: v2 {{(pid=99677) process_request /opt/stack/glance/glance/api/middleware/version_negotiation.py:69}}
Jul 16 06:00:22.812509 np0000005228 devstack@g-api.service[99677]: DEBUG glance.api.middleware.version_negotiation [None req-ecdc8bf0-2f23-439f-9639-02acdeab3b7d tempest-VolumesActionsTest-341369901 tempest-VolumesActionsTest-341369901-project-member] new path /v2/images/cb1dd1ca-86b2-4880-adeb-0832da99f124 {{(pid=99677) process_request /opt/stack/glance/glance/api/middleware/version_negotiation.py:70}}
Jul 16 06:00:22.821996 np0000005228 devstack@g-api.service[99677]: [pid: 99677|app: 0|req: 134/398] 127.0.0.1 () {40 vars in 834 bytes} [Thu Jul 16 06:00:22 2026] GET /v2/images/cb1dd1ca-86b2-4880-adeb-0832da99f124 => generated 822 bytes in 11 msecs (HTTP/1.1 200) 4 headers in 157 bytes (1 switches on core 0)
Jul 16 06:00:22.877934 np0000005228 devstack@g-api.service[99678]: DEBUG glance.api.middleware.version_negotiation [None req-cb2c0403-9c78-4833-b8b4-18bedf96eb7e tempest-VolumesActionsTest-341369901 tempest-VolumesActionsTest-341369901-project-member] Determining version of request: GET /v2/schemas/image Accept: */* {{(pid=99678) process_request /opt/stack/glance/glance/api/middleware/version_negotiation.py:44}}
Jul 16 06:00:22.878390 np0000005228 devstack@g-api.service[99678]: DEBUG glance.api.middleware.version_negotiation [None req-cb2c0403-9c78-4833-b8b4-18bedf96eb7e tempest-VolumesActionsTest-341369901 tempest-VolumesActionsTest-341369901-project-member] Using url versioning {{(pid=99678) process_request /opt/stack/glance/glance/api/middleware/version_negotiation.py:57}}
Jul 16 06:00:22.878390 np0000005228 devstack@g-api.service[99678]: DEBUG glance.api.middleware.version_negotiation [None req-cb2c0403-9c78-4833-b8b4-18bedf96eb7e tempest-VolumesActionsTest-341369901 tempest-VolumesActionsTest-341369901-project-member] Matched version: v2 {{(pid=99678) process_request /opt/stack/glance/glance/api/middleware/version_negotiation.py:69}}
Jul 16 06:00:22.878543 np0000005228 devstack@g-api.service[99678]: DEBUG glance.api.middleware.version_negotiation [None req-cb2c0403-9c78-4833-b8b4-18bedf96eb7e tempest-VolumesActionsTest-341369901 tempest-VolumesActionsTest-341369901-project-member] new path /v2/schemas/image {{(pid=99678) process_request /opt/stack/glance/glance/api/middleware/version_negotiation.py:70}}
