Jul 16 05:53:29.991788 np0000005228 nova-conductor[95828]: DEBUG cotyledon.oslo_config_glue [-] oslo_messaging_rabbit.rabbit_ha_queues = False {{(pid=95828) log_opt_values /opt/stack/data/venv/lib/python3.12/site-packages/oslo_config/cfg.py:3253}}
Jul 16 05:53:29.991788 np0000005228 nova-conductor[95828]: DEBUG cotyledon.oslo_config_glue [-] oslo_messaging_rabbit.rabbit_interval_max = 30 {{(pid=95828) log_opt_values /opt/stack/data/venv/lib/python3.12/site-packages/oslo_config/cfg.py:3253}}
Jul 16 05:53:29.992121 np0000005228 nova-conductor[95828]: DEBUG cotyledon.oslo_config_glue [-] oslo_messaging_rabbit.rabbit_login_method = AMQPLAIN {{(pid=95828) log_opt_values /opt/stack/data/venv/lib/python3.12/site-packages/oslo_config/cfg.py:3253}}
Jul 16 05:53:29.992121 np0000005228 nova-conductor[95828]: DEBUG cotyledon.oslo_config_glue [-] oslo_messaging_rabbit.rabbit_qos_prefetch_count = 0 {{(pid=95828) log_opt_values /opt/stack/data/venv/lib/python3.12/site-packages/oslo_config/cfg.py:3253}}
Jul 16 05:53:29.992121 np0000005228 nova-conductor[95828]: DEBUG cotyledon.oslo_config_glue [-] oslo_messaging_rabbit.rabbit_quorum_delivery_limit = 0 {{(pid=95828) log_opt_values /opt/stack/data/venv/lib/python3.12/site-packages/oslo_config/cfg.py:3253}}
Jul 16 05:53:29.992121 np0000005228 nova-conductor[95828]: DEBUG cotyledon.oslo_config_glue [-] oslo_messaging_rabbit.rabbit_quorum_max_memory_bytes = 0 {{(pid=95828) log_opt_values /opt/stack/data/venv/lib/python3.12/site-packages/oslo_config/cfg.py:3253}}
Jul 16 05:53:29.992121 np0000005228 nova-conductor[95828]: DEBUG cotyledon.oslo_config_glue [-] oslo_messaging_rabbit.rabbit_quorum_max_memory_length = 0 {{(pid=95828) log_opt_values /opt/stack/data/venv/lib/python3.12/site-packages/oslo_config/cfg.py:3253}}
Jul 16 05:53:29.992121 np0000005228 nova-conductor[95828]: DEBUG cotyledon.oslo_config_glue [-] oslo_messaging_rabbit.rabbit_quorum_queue = False {{(pid=95828) log_opt_values /opt/stack/data/venv/lib/python3.12/site-packages/oslo_config/cfg.py:3253}}
Jul 16 05:53:29.992121 np0000005228 nova-conductor[95828]: DEBUG cotyledon.oslo_config_glue [-] oslo_messaging_rabbit.rabbit_retry_backoff = 2 {{(pid=95828) log_opt_values /opt/stack/data/venv/lib/python3.12/site-packages/oslo_config/cfg.py:3253}}
Jul 16 05:53:29.992121 np0000005228 nova-conductor[95828]: DEBUG cotyledon.oslo_config_glue [-] oslo_messaging_rabbit.rabbit_retry_interval = 1 {{(pid=95828) log_opt_values /opt/stack/data/venv/lib/python3.12/site-packages/oslo_config/cfg.py:3253}}
Jul 16 05:53:29.992121 np0000005228 nova-conductor[95828]: DEBUG cotyledon.oslo_config_glue [-] oslo_messaging_rabbit.rabbit_stream_fanout = False {{(pid=95828) log_opt_values /opt/stack/data/venv/lib/python3.12/site-packages/oslo_config/cfg.py:3253}}
Jul 16 05:53:29.992364 np0000005228 nova-conductor[95828]: DEBUG cotyledon.oslo_config_glue [-] oslo_messaging_rabbit.rabbit_transient_queues_ttl = 1800 {{(pid=95828) log_opt_values /opt/stack/data/venv/lib/python3.12/site-packages/oslo_config/cfg.py:3253}}
Jul 16 05:53:29.992364 np0000005228 nova-conductor[95828]: DEBUG cotyledon.oslo_config_glue [-] oslo_messaging_rabbit.rabbit_transient_quorum_queue = False {{(pid=95828) log_opt_values /opt/stack/data/venv/lib/python3.12/site-packages/oslo_config/cfg.py:3253}}
Jul 16 05:53:29.992364 np0000005228 nova-conductor[95828]: DEBUG cotyledon.oslo_config_glue [-] oslo_messaging_rabbit.rpc_conn_pool_size = 30 {{(pid=95828) log_opt_values /opt/stack/data/venv/lib/python3.12/site-packages/oslo_config/cfg.py:3253}}
Jul 16 05:53:29.992364 np0000005228 nova-conductor[95828]: DEBUG cotyledon.oslo_config_glue [-] oslo_messaging_rabbit.ssl = False {{(pid=95828) log_opt_values /opt/stack/data/venv/lib/python3.12/site-packages/oslo_config/cfg.py:3253}}
Jul 16 05:53:29.992364 np0000005228 nova-conductor[95828]: DEBUG cotyledon.oslo_config_glue [-] oslo_messaging_rabbit.ssl_ca_file = {{(pid=95828) log_opt_values /opt/stack/data/venv/lib/python3.12/site-packages/oslo_config/cfg.py:3253}}
Jul 16 05:53:29.992364 np0000005228 nova-conductor[95828]: DEBUG cotyledon.oslo_config_glue [-] oslo_messaging_rabbit.ssl_cert_file = {{(pid=95828) log_opt_values /opt/stack/data/venv/lib/python3.12/site-packages/oslo_config/cfg.py:3253}}
Jul 16 05:53:29.992364 np0000005228 nova-conductor[95828]: DEBUG cotyledon.oslo_config_glue [-] oslo_messaging_rabbit.ssl_enforce_fips_mode = False {{(pid=95828) log_opt_values /opt/stack/data/venv/lib/python3.12/site-packages/oslo_config/cfg.py:3253}}
Jul 16 05:53:29.992364 np0000005228 nova-conductor[95828]: DEBUG cotyledon.oslo_config_glue [-] oslo_messaging_rabbit.ssl_enforce_hostname_verification = True {{(pid=95828) log_opt_values /opt/stack/data/venv/lib/python3.12/site-packages/oslo_config/cfg.py:3253}}
Jul 16 05:53:29.992364 np0000005228 nova-conductor[95828]: DEBUG cotyledon.oslo_config_glue [-] oslo_messaging_rabbit.ssl_key_file = {{(pid=95828) log_opt_values /opt/stack/data/venv/lib/python3.12/site-packages/oslo_config/cfg.py:3253}}
Jul 16 05:53:29.992539 np0000005228 nova-conductor[95828]: DEBUG cotyledon.oslo_config_glue [-] oslo_messaging_rabbit.ssl_version = {{(pid=95828) log_opt_values /opt/stack/data/venv/lib/python3.12/site-packages/oslo_config/cfg.py:3253}}
Jul 16 05:53:29.992539 np0000005228 nova-conductor[95828]: DEBUG cotyledon.oslo_config_glue [-] oslo_messaging_rabbit.use_queue_manager = False {{(pid=95828) log_opt_values /opt/stack/data/venv/lib/python3.12/site-packages/oslo_config/cfg.py:3253}}
Jul 16 05:53:29.992539 np0000005228 nova-conductor[95828]: DEBUG cotyledon.oslo_config_glue [-] oslo_messaging_notifications.driver = ['messagingv2'] {{(pid=95828) log_opt_values /opt/stack/data/venv/lib/python3.12/site-packages/oslo_config/cfg.py:3253}}
Jul 16 05:53:29.992539 np0000005228 nova-conductor[95828]: DEBUG cotyledon.oslo_config_glue [-] oslo_messaging_notifications.retry = -1 {{(pid=95828) log_opt_values /opt/stack/data/venv/lib/python3.12/site-packages/oslo_config/cfg.py:3253}}
Jul 16 05:53:29.992539 np0000005228 nova-conductor[95828]: DEBUG cotyledon.oslo_config_glue [-] oslo_messaging_notifications.topics = ['notifications'] {{(pid=95828) log_opt_values /opt/stack/data/venv/lib/python3.12/site-packages/oslo_config/cfg.py:3253}}
Jul 16 05:53:29.992539 np0000005228 nova-conductor[95828]: DEBUG cotyledon.oslo_config_glue [-] oslo_messaging_notifications.transport_url = **** {{(pid=95828) log_opt_values /opt/stack/data/venv/lib/python3.12/site-packages/oslo_config/cfg.py:3253}}
Jul 16 05:53:29.992539 np0000005228 nova-conductor[95828]: DEBUG cotyledon.oslo_config_glue [-] oslo_limit.auth_section = None {{(pid=95828) log_opt_values /opt/stack/data/venv/lib/python3.12/site-packages/oslo_config/cfg.py:3253}}
Jul 16 05:53:29.992539 np0000005228 nova-conductor[95828]: DEBUG cotyledon.oslo_config_glue [-] oslo_limit.auth_type = None {{(pid=95828) log_opt_values /opt/stack/data/venv/lib/python3.12/site-packages/oslo_config/cfg.py:3253}}
Jul 16 05:53:29.992539 np0000005228 nova-conductor[95828]: DEBUG cotyledon.oslo_config_glue [-] oslo_limit.cafile = None {{(pid=95828) log_opt_values /opt/stack/data/venv/lib/python3.12/site-packages/oslo_config/cfg.py:3253}}
Jul 16 05:53:29.992696 np0000005228 nova-conductor[95828]: DEBUG cotyledon.oslo_config_glue [-] oslo_limit.certfile = None {{(pid=95828) log_opt_values /opt/stack/data/venv/lib/python3.12/site-packages/oslo_config/cfg.py:3253}}
Jul 16 05:53:29.992696 np0000005228 nova-conductor[95828]: DEBUG cotyledon.oslo_config_glue [-] oslo_limit.collect_timing = False {{(pid=95828) log_opt_values /opt/stack/data/venv/lib/python3.12/site-packages/oslo_config/cfg.py:3253}}
Jul 16 05:53:29.992696 np0000005228 nova-conductor[95828]: DEBUG cotyledon.oslo_config_glue [-] oslo_limit.connect_retries = None {{(pid=95828) log_opt_values /opt/stack/data/venv/lib/python3.12/site-packages/oslo_config/cfg.py:3253}}
Jul 16 05:53:29.992696 np0000005228 nova-conductor[95828]: DEBUG cotyledon.oslo_config_glue [-] oslo_limit.connect_retry_delay = None {{(pid=95828) log_opt_values /opt/stack/data/venv/lib/python3.12/site-packages/oslo_config/cfg.py:3253}}
Jul 16 05:53:29.992696 np0000005228 nova-conductor[95828]: DEBUG cotyledon.oslo_config_glue [-] oslo_limit.endpoint_id = None {{(pid=95828) log_opt_values /opt/stack/data/venv/lib/python3.12/site-packages/oslo_config/cfg.py:3253}}
Jul 16 05:53:29.992696 np0000005228 nova-conductor[95828]: DEBUG cotyledon.oslo_config_glue [-] oslo_limit.endpoint_interface = public {{(pid=95828) log_opt_values /opt/stack/data/venv/lib/python3.12/site-packages/oslo_config/cfg.py:3253}}
Jul 16 05:53:29.992696 np0000005228 nova-conductor[95828]: DEBUG cotyledon.oslo_config_glue [-] oslo_limit.endpoint_override = None {{(pid=95828) log_opt_values /opt/stack/data/venv/lib/python3.12/site-packages/oslo_config/cfg.py:3253}}
Jul 16 05:53:29.992696 np0000005228 nova-conductor[95828]: DEBUG cotyledon.oslo_config_glue [-] oslo_limit.endpoint_region_name = None {{(pid=95828) log_opt_values /opt/stack/data/venv/lib/python3.12/site-packages/oslo_config/cfg.py:3253}}
Jul 16 05:53:29.992696 np0000005228 nova-conductor[95828]: DEBUG cotyledon.oslo_config_glue [-] oslo_limit.endpoint_service_name = None {{(pid=95828) log_opt_values /opt/stack/data/venv/lib/python3.12/site-packages/oslo_config/cfg.py:3253}}
Jul 16 05:53:29.992857 np0000005228 nova-conductor[95828]: DEBUG cotyledon.oslo_config_glue [-] oslo_limit.endpoint_service_type = None {{(pid=95828) log_opt_values /opt/stack/data/venv/lib/python3.12/site-packages/oslo_config/cfg.py:3253}}
Jul 16 05:53:29.992857 np0000005228 nova-conductor[95828]: DEBUG cotyledon.oslo_config_glue [-] oslo_limit.insecure = False {{(pid=95828) log_opt_values /opt/stack/data/venv/lib/python3.12/site-packages/oslo_config/cfg.py:3253}}
Jul 16 05:53:29.992857 np0000005228 nova-conductor[95828]: DEBUG cotyledon.oslo_config_glue [-] oslo_limit.keyfile = None {{(pid=95828) log_opt_values /opt/stack/data/venv/lib/python3.12/site-packages/oslo_config/cfg.py:3253}}
Jul 16 05:53:29.992857 np0000005228 nova-conductor[95828]: DEBUG cotyledon.oslo_config_glue [-] oslo_limit.max_version = None {{(pid=95828) log_opt_values /opt/stack/data/venv/lib/python3.12/site-packages/oslo_config/cfg.py:3253}}
Jul 16 05:53:29.992857 np0000005228 nova-conductor[95828]: DEBUG cotyledon.oslo_config_glue [-] oslo_limit.min_version = None {{(pid=95828) log_opt_values /opt/stack/data/venv/lib/python3.12/site-packages/oslo_config/cfg.py:3253}}
Jul 16 05:53:29.992857 np0000005228 nova-conductor[95828]: DEBUG cotyledon.oslo_config_glue [-] oslo_limit.region_name = None {{(pid=95828) log_opt_values /opt/stack/data/venv/lib/python3.12/site-packages/oslo_config/cfg.py:3253}}
Jul 16 05:53:29.992857 np0000005228 nova-conductor[95828]: DEBUG cotyledon.oslo_config_glue [-] oslo_limit.retriable_status_codes = None {{(pid=95828) log_opt_values /opt/stack/data/venv/lib/python3.12/site-packages/oslo_config/cfg.py:3253}}
Jul 16 05:53:29.992857 np0000005228 nova-conductor[95828]: DEBUG cotyledon.oslo_config_glue [-] oslo_limit.service_name = None {{(pid=95828) log_opt_values /opt/stack/data/venv/lib/python3.12/site-packages/oslo_config/cfg.py:3253}}
Jul 16 05:53:29.992857 np0000005228 nova-conductor[95828]: DEBUG cotyledon.oslo_config_glue [-] oslo_limit.service_type = None {{(pid=95828) log_opt_values /opt/stack/data/venv/lib/python3.12/site-packages/oslo_config/cfg.py:3253}}
Jul 16 05:53:29.993050 np0000005228 nova-conductor[95828]: DEBUG cotyledon.oslo_config_glue [-] oslo_limit.split_loggers = False {{(pid=95828) log_opt_values /opt/stack/data/venv/lib/python3.12/site-packages/oslo_config/cfg.py:3253}}
Jul 16 05:53:29.993050 np0000005228 nova-conductor[95828]: DEBUG cotyledon.oslo_config_glue [-] oslo_limit.status_code_retries = None {{(pid=95828) log_opt_values /opt/stack/data/venv/lib/python3.12/site-packages/oslo_config/cfg.py:3253}}
Jul 16 05:53:29.993050 np0000005228 nova-conductor[95828]: DEBUG cotyledon.oslo_config_glue [-] oslo_limit.status_code_retry_delay = None {{(pid=95828) log_opt_values /opt/stack/data/venv/lib/python3.12/site-packages/oslo_config/cfg.py:3253}}
Jul 16 05:53:29.993050 np0000005228 nova-conductor[95828]: DEBUG cotyledon.oslo_config_glue [-] oslo_limit.timeout = None {{(pid=95828) log_opt_values /opt/stack/data/venv/lib/python3.12/site-packages/oslo_config/cfg.py:3253}}
Jul 16 05:53:29.993050 np0000005228 nova-conductor[95828]: DEBUG cotyledon.oslo_config_glue [-] oslo_limit.valid_interfaces = None {{(pid=95828) log_opt_values /opt/stack/data/venv/lib/python3.12/site-packages/oslo_config/cfg.py:3253}}
Jul 16 05:53:29.993050 np0000005228 nova-conductor[95828]: DEBUG cotyledon.oslo_config_glue [-] oslo_limit.version = None {{(pid=95828) log_opt_values /opt/stack/data/venv/lib/python3.12/site-packages/oslo_config/cfg.py:3253}}
Jul 16 05:53:29.993050 np0000005228 nova-conductor[95828]: DEBUG cotyledon.oslo_config_glue [-] oslo_reports.file_event_handler = None {{(pid=95828) log_opt_values /opt/stack/data/venv/lib/python3.12/site-packages/oslo_config/cfg.py:3253}}
Jul 16 05:53:29.993050 np0000005228 nova-conductor[95828]: DEBUG cotyledon.oslo_config_glue [-] oslo_reports.file_event_handler_interval = 1 {{(pid=95828) log_opt_values /opt/stack/data/venv/lib/python3.12/site-packages/oslo_config/cfg.py:3253}}
Jul 16 05:53:29.993050 np0000005228 nova-conductor[95828]: DEBUG cotyledon.oslo_config_glue [-] oslo_reports.log_dir = None {{(pid=95828) log_opt_values /opt/stack/data/venv/lib/python3.12/site-packages/oslo_config/cfg.py:3253}}
Jul 16 05:53:29.993221 np0000005228 nova-conductor[95828]: DEBUG cotyledon.oslo_config_glue [-] ******************************************************************************** {{(pid=95828) log_opt_values /opt/stack/data/venv/lib/python3.12/site-packages/oslo_config/cfg.py:3260}}
Jul 16 05:53:29.993221 np0000005228 nova-conductor[95828]: DEBUG cotyledon._service_worker [-] Run service ServiceWrapper(2) [95828] {{(pid=95828) wait_forever /opt/stack/data/venv/lib/python3.12/site-packages/cotyledon/_service_worker.py:218}}
Jul 16 05:53:29.993221 np0000005228 nova-conductor[95828]: INFO nova.service [-] Starting conductor node (version 33.1.0)
Jul 16 05:53:29.993280 np0000005228 nova-conductor[95814]: DEBUG oslo_db.sqlalchemy.engines [None req-00f9979d-c076-4214-8484-bf2030ce7422 None None] MySQL server mode set to STRICT_TRANS_TABLES,STRICT_ALL_TABLES,NO_ZERO_IN_DATE,NO_ZERO_DATE,ERROR_FOR_DIVISION_BY_ZERO,TRADITIONAL,NO_ENGINE_SUBSTITUTION {{(pid=95814) _check_effective_sql_mode /opt/stack/data/venv/lib/python3.12/site-packages/oslo_db/sqlalchemy/engines.py:325}}
Jul 16 05:53:29.993542 np0000005228 nova-conductor[95828]: INFO dbcounter [None req-60ca06cd-0d2c-4b52-af1a-7aa74969c698 None None] Registered counter for database nova_cell0
Jul 16 05:53:30.000553 np0000005228 nova-conductor[95814]: DEBUG dbcounter [-] [95814] Writer thread running {{(pid=95814) stat_writer /opt/stack/data/venv/lib/python3.12/site-packages/dbcounter.py:102}}
Jul 16 05:53:30.015965 np0000005228 nova-conductor[95820]: DEBUG oslo_db.sqlalchemy.engines [None req-0626c69a-9c1d-49fa-aaeb-d04c34b6b70c None None] MySQL server mode set to STRICT_TRANS_TABLES,STRICT_ALL_TABLES,NO_ZERO_IN_DATE,NO_ZERO_DATE,ERROR_FOR_DIVISION_BY_ZERO,TRADITIONAL,NO_ENGINE_SUBSTITUTION {{(pid=95820) _check_effective_sql_mode /opt/stack/data/venv/lib/python3.12/site-packages/oslo_db/sqlalchemy/engines.py:325}}
Jul 16 05:53:30.017975 np0000005228 nova-conductor[95814]: DEBUG nova.service [None req-00f9979d-c076-4214-8484-bf2030ce7422 None None] Creating RPC server for service: nova-conductor on topic: conductor {{(pid=95814) start /opt/stack/nova/nova/service.py:196}}
Jul 16 05:53:30.025122 np0000005228 nova-conductor[95820]: DEBUG dbcounter [-] [95820] Writer thread running {{(pid=95820) stat_writer /opt/stack/data/venv/lib/python3.12/site-packages/dbcounter.py:102}}
Jul 16 05:53:30.028379 np0000005228 nova-conductor[95820]: DEBUG nova.service [None req-0626c69a-9c1d-49fa-aaeb-d04c34b6b70c None None] Creating RPC server for service: nova-conductor on topic: conductor {{(pid=95820) start /opt/stack/nova/nova/service.py:196}}
Jul 16 05:53:30.036091 np0000005228 nova-conductor[95828]: DEBUG oslo_db.sqlalchemy.engines [None req-60ca06cd-0d2c-4b52-af1a-7aa74969c698 None None] MySQL server mode set to STRICT_TRANS_TABLES,STRICT_ALL_TABLES,NO_ZERO_IN_DATE,NO_ZERO_DATE,ERROR_FOR_DIVISION_BY_ZERO,TRADITIONAL,NO_ENGINE_SUBSTITUTION {{(pid=95828) _check_effective_sql_mode /opt/stack/data/venv/lib/python3.12/site-packages/oslo_db/sqlalchemy/engines.py:325}}
Jul 16 05:53:30.040819 np0000005228 nova-conductor[95814]: DEBUG nova.service [None req-00f9979d-c076-4214-8484-bf2030ce7422 None None] Join ServiceGroup membership for this service conductor {{(pid=95814) start /opt/stack/nova/nova/service.py:222}}
Jul 16 05:53:30.040819 np0000005228 nova-conductor[95814]: DEBUG nova.servicegroup.drivers.db [None req-00f9979d-c076-4214-8484-bf2030ce7422 None None] DB_Driver: join new ServiceGroup member np0000005228 to the conductor group, service = {{(pid=95814) join /opt/stack/nova/nova/servicegroup/drivers/db.py:44}}
Jul 16 05:53:30.046753 np0000005228 nova-conductor[95828]: DEBUG dbcounter [-] [95828] Writer thread running {{(pid=95828) stat_writer /opt/stack/data/venv/lib/python3.12/site-packages/dbcounter.py:102}}
Jul 16 05:53:30.047037 np0000005228 nova-conductor[95820]: DEBUG nova.service [None req-0626c69a-9c1d-49fa-aaeb-d04c34b6b70c None None] Join ServiceGroup membership for this service conductor {{(pid=95820) start /opt/stack/nova/nova/service.py:222}}
Jul 16 05:53:30.047227 np0000005228 nova-conductor[95820]: DEBUG nova.servicegroup.drivers.db [None req-0626c69a-9c1d-49fa-aaeb-d04c34b6b70c None None] DB_Driver: join new ServiceGroup member np0000005228 to the conductor group, service = {{(pid=95820) join /opt/stack/nova/nova/servicegroup/drivers/db.py:44}}
Jul 16 05:53:30.049446 np0000005228 nova-conductor[95828]: DEBUG nova.service [None req-60ca06cd-0d2c-4b52-af1a-7aa74969c698 None None] Creating RPC server for service: nova-conductor on topic: conductor {{(pid=95828) start /opt/stack/nova/nova/service.py:196}}
Jul 16 05:53:30.068680 np0000005228 nova-conductor[95828]: DEBUG nova.service [None req-60ca06cd-0d2c-4b52-af1a-7aa74969c698 None None] Join ServiceGroup membership for this service conductor {{(pid=95828) start /opt/stack/nova/nova/service.py:222}}
Jul 16 05:53:30.068927 np0000005228 nova-conductor[95828]: DEBUG nova.servicegroup.drivers.db [None req-60ca06cd-0d2c-4b52-af1a-7aa74969c698 None None] DB_Driver: join new ServiceGroup member np0000005228 to the conductor group, service = {{(pid=95828) join /opt/stack/nova/nova/servicegroup/drivers/db.py:44}}
Jul 16 05:53:35.054175 np0000005228 nova-conductor[95814]: DEBUG oslo.service.backend._threading.loopingcall [-] Fixed interval looping call 'nova.servicegroup.drivers.db.DbDriver._report_state' sleeping for 119.99 seconds {{(pid=95814) _run_loop /opt/stack/data/venv/lib/python3.12/site-packages/oslo_service/backend/_threading/loopingcall.py:125}}
Jul 16 05:53:35.056638 np0000005228 nova-conductor[95820]: DEBUG oslo.service.backend._threading.loopingcall [-] Fixed interval looping call 'nova.servicegroup.drivers.db.DbDriver._report_state' sleeping for 119.99 seconds {{(pid=95820) _run_loop /opt/stack/data/venv/lib/python3.12/site-packages/oslo_service/backend/_threading/loopingcall.py:125}}
Jul 16 05:53:35.080779 np0000005228 nova-conductor[95828]: DEBUG oslo.service.backend._threading.loopingcall [-] Fixed interval looping call 'nova.servicegroup.drivers.db.DbDriver._report_state' sleeping for 119.99 seconds {{(pid=95828) _run_loop /opt/stack/data/venv/lib/python3.12/site-packages/oslo_service/backend/_threading/loopingcall.py:125}}
Jul 16 05:53:38.624645 np0000005228 nova-conductor[94260]: DEBUG dbcounter [-] [94260] Writing DB stats nova_api:SELECT=1 {{(pid=94260) stat_writer /opt/stack/data/venv/lib/python3.12/site-packages/dbcounter.py:115}}
Jul 16 05:53:38.749877 np0000005228 nova-conductor[94260]: DEBUG dbcounter [-] [94260] Writing DB stats nova_cell0:SELECT=1 {{(pid=94260) stat_writer /opt/stack/data/venv/lib/python3.12/site-packages/dbcounter.py:115}}
Jul 16 05:53:38.757039 np0000005228 nova-conductor[94260]: DEBUG dbcounter [-] [94260] Writing DB stats nova_cell1:SELECT=1 {{(pid=94260) stat_writer /opt/stack/data/venv/lib/python3.12/site-packages/dbcounter.py:115}}
Jul 16 05:53:42.049139 np0000005228 nova-conductor[95820]: DEBUG oslo.service.backend._threading.loopingcall [None req-39df03fe-0575-42ae-9945-81c2867f25ea None None] Dynamic interval looping call 'nova.service.Service.periodic_tasks' sleeping for 60.00 seconds {{(pid=95820) _run_loop /opt/stack/data/venv/lib/python3.12/site-packages/oslo_service/backend/_threading/loopingcall.py:125}}
Jul 16 05:53:45.050946 np0000005228 nova-conductor[95814]: DEBUG dbcounter [-] [95814] Writing DB stats nova_cell0:SELECT=4,nova_cell0:INSERT=1,nova_cell0:UPDATE=1 {{(pid=95814) stat_writer /opt/stack/data/venv/lib/python3.12/site-packages/dbcounter.py:115}}
Jul 16 05:53:45.054513 np0000005228 nova-conductor[95820]: DEBUG dbcounter [-] [95820] Writing DB stats nova_cell0:SELECT=3 {{(pid=95820) stat_writer /opt/stack/data/venv/lib/python3.12/site-packages/dbcounter.py:115}}
Jul 16 05:53:45.076609 np0000005228 nova-conductor[95828]: DEBUG dbcounter [-] [95828] Writing DB stats nova_cell0:SELECT=3 {{(pid=95828) stat_writer /opt/stack/data/venv/lib/python3.12/site-packages/dbcounter.py:115}}
Jul 16 05:53:57.043472 np0000005228 nova-conductor[95814]: DEBUG oslo.service.backend._threading.loopingcall [None req-1d4498a5-173a-48ad-ba0f-fcd60744ccfa None None] Dynamic interval looping call 'nova.service.Service.periodic_tasks' sleeping for 60.00 seconds {{(pid=95814) _run_loop /opt/stack/data/venv/lib/python3.12/site-packages/oslo_service/backend/_threading/loopingcall.py:125}}
Jul 16 05:53:58.071142 np0000005228 nova-conductor[95828]: DEBUG oslo.service.backend._threading.loopingcall [None req-04776ef8-b6c7-4940-97d3-6975826938f7 None None] Dynamic interval looping call 'nova.service.Service.periodic_tasks' sleeping for 60.00 seconds {{(pid=95828) _run_loop /opt/stack/data/venv/lib/python3.12/site-packages/oslo_service/backend/_threading/loopingcall.py:125}}
Jul 16 05:54:42.049578 np0000005228 nova-conductor[95820]: DEBUG oslo.service.backend._threading.loopingcall [None req-39df03fe-0575-42ae-9945-81c2867f25ea None None] Dynamic interval looping call 'nova.service.Service.periodic_tasks' sleeping for 60.00 seconds {{(pid=95820) _run_loop /opt/stack/data/venv/lib/python3.12/site-packages/oslo_service/backend/_threading/loopingcall.py:125}}
Jul 16 05:54:57.054788 np0000005228 nova-conductor[95814]: DEBUG oslo.service.backend._threading.loopingcall [None req-1d4498a5-173a-48ad-ba0f-fcd60744ccfa None None] Dynamic interval looping call 'nova.service.Service.periodic_tasks' sleeping for 60.00 seconds {{(pid=95814) _run_loop /opt/stack/data/venv/lib/python3.12/site-packages/oslo_service/backend/_threading/loopingcall.py:125}}
Jul 16 05:54:58.071622 np0000005228 nova-conductor[95828]: DEBUG oslo.service.backend._threading.loopingcall [None req-04776ef8-b6c7-4940-97d3-6975826938f7 None None] Dynamic interval looping call 'nova.service.Service.periodic_tasks' sleeping for 60.00 seconds {{(pid=95828) _run_loop /opt/stack/data/venv/lib/python3.12/site-packages/oslo_service/backend/_threading/loopingcall.py:125}}
Jul 16 05:55:35.052961 np0000005228 nova-conductor[95814]: DEBUG oslo.service.backend._threading.loopingcall [-] Fixed interval looping call 'nova.servicegroup.drivers.db.DbDriver._report_state' sleeping for 119.99 seconds {{(pid=95814) _run_loop /opt/stack/data/venv/lib/python3.12/site-packages/oslo_service/backend/_threading/loopingcall.py:125}}
Jul 16 05:55:35.053502 np0000005228 nova-conductor[95820]: DEBUG oslo.service.backend._threading.loopingcall [-] Fixed interval looping call 'nova.servicegroup.drivers.db.DbDriver._report_state' sleeping for 119.99 seconds {{(pid=95820) _run_loop /opt/stack/data/venv/lib/python3.12/site-packages/oslo_service/backend/_threading/loopingcall.py:125}}
Jul 16 05:55:35.072356 np0000005228 nova-conductor[95828]: DEBUG oslo.service.backend._threading.loopingcall [-] Fixed interval looping call 'nova.servicegroup.drivers.db.DbDriver._report_state' sleeping for 120.00 seconds {{(pid=95828) _run_loop /opt/stack/data/venv/lib/python3.12/site-packages/oslo_service/backend/_threading/loopingcall.py:125}}
Jul 16 05:55:42.050544 np0000005228 nova-conductor[95820]: DEBUG oslo.service.backend._threading.loopingcall [None req-39df03fe-0575-42ae-9945-81c2867f25ea None None] Dynamic interval looping call 'nova.service.Service.periodic_tasks' sleeping for 60.00 seconds {{(pid=95820) _run_loop /opt/stack/data/venv/lib/python3.12/site-packages/oslo_service/backend/_threading/loopingcall.py:125}}
Jul 16 05:55:45.049344 np0000005228 nova-conductor[95814]: DEBUG dbcounter [-] [95814] Writing DB stats nova_cell0:SELECT=1,nova_cell0:UPDATE=1 {{(pid=95814) stat_writer /opt/stack/data/venv/lib/python3.12/site-packages/dbcounter.py:115}}
Jul 16 05:55:45.051618 np0000005228 nova-conductor[95820]: DEBUG dbcounter [-] [95820] Writing DB stats nova_cell0:SELECT=1,nova_cell0:UPDATE=1 {{(pid=95820) stat_writer /opt/stack/data/venv/lib/python3.12/site-packages/dbcounter.py:115}}
Jul 16 05:55:45.070707 np0000005228 nova-conductor[95828]: DEBUG dbcounter [-] [95828] Writing DB stats nova_cell0:SELECT=1 {{(pid=95828) stat_writer /opt/stack/data/venv/lib/python3.12/site-packages/dbcounter.py:115}}
Jul 16 05:55:55.603955 np0000005228 nova-conductor[95814]: DEBUG oslo_db.sqlalchemy.engines [None req-32826d2d-5ce2-4622-a01a-ab18dc14af48 tempest-ServersNegativeTestJSON-364645188 tempest-ServersNegativeTestJSON-364645188-project-member] Parent process 94260 forked (95814) with an open database connection, which is being discarded and recreated. {{(pid=95814) checkout /opt/stack/data/venv/lib/python3.12/site-packages/oslo_db/sqlalchemy/engines.py:402}}
Jul 16 05:55:55.644049 np0000005228 nova-conductor[95814]: DEBUG dbcounter [-] [95814] Writer thread running {{(pid=95814) stat_writer /opt/stack/data/venv/lib/python3.12/site-packages/dbcounter.py:102}}
Jul 16 05:55:56.489015 np0000005228 nova-conductor[95814]: DEBUG nova.conductor.manager [None req-32826d2d-5ce2-4622-a01a-ab18dc14af48 tempest-ServersNegativeTestJSON-364645188 tempest-ServersNegativeTestJSON-364645188-project-member] Took 0.84 seconds to select destinations for 1 instance(s). {{(pid=95814) _schedule_instances /opt/stack/nova/nova/conductor/manager.py:968}}
Jul 16 05:55:56.519912 np0000005228 nova-conductor[95814]: DEBUG oslo_concurrency.lockutils [None req-32826d2d-5ce2-4622-a01a-ab18dc14af48 tempest-ServersNegativeTestJSON-364645188 tempest-ServersNegativeTestJSON-364645188-project-member] Acquiring lock "dd477a00-aed6-4723-9007-283c17feb544" by "nova.context.set_target_cell..get_or_set_cached_cell_and_set_connections" {{(pid=95814) inner /opt/stack/data/venv/lib/python3.12/site-packages/oslo_concurrency/lockutils.py:511}}
Jul 16 05:55:56.519912 np0000005228 nova-conductor[95814]: DEBUG oslo_concurrency.lockutils [None req-32826d2d-5ce2-4622-a01a-ab18dc14af48 tempest-ServersNegativeTestJSON-364645188 tempest-ServersNegativeTestJSON-364645188-project-member] Lock "dd477a00-aed6-4723-9007-283c17feb544" acquired by "nova.context.set_target_cell..get_or_set_cached_cell_and_set_connections" :: waited 0.000s {{(pid=95814) inner /opt/stack/data/venv/lib/python3.12/site-packages/oslo_concurrency/lockutils.py:524}}
Jul 16 05:55:56.521575 np0000005228 nova-conductor[95814]: DEBUG oslo_concurrency.lockutils [None req-32826d2d-5ce2-4622-a01a-ab18dc14af48 tempest-ServersNegativeTestJSON-364645188 tempest-ServersNegativeTestJSON-364645188-project-member] Lock "dd477a00-aed6-4723-9007-283c17feb544" "released" by "nova.context.set_target_cell..get_or_set_cached_cell_and_set_connections" :: held 0.002s {{(pid=95814) inner /opt/stack/data/venv/lib/python3.12/site-packages/oslo_concurrency/lockutils.py:543}}
Jul 16 05:55:56.524308 np0000005228 nova-conductor[95814]: INFO dbcounter [None req-32826d2d-5ce2-4622-a01a-ab18dc14af48 tempest-ServersNegativeTestJSON-364645188 tempest-ServersNegativeTestJSON-364645188-project-member] Registered counter for database nova_cell1
Jul 16 05:55:56.567962 np0000005228 nova-conductor[95814]: DEBUG oslo_db.sqlalchemy.engines [None req-32826d2d-5ce2-4622-a01a-ab18dc14af48 tempest-ServersNegativeTestJSON-364645188 tempest-ServersNegativeTestJSON-364645188-project-member] MySQL server mode set to STRICT_TRANS_TABLES,STRICT_ALL_TABLES,NO_ZERO_IN_DATE,NO_ZERO_DATE,ERROR_FOR_DIVISION_BY_ZERO,TRADITIONAL,NO_ENGINE_SUBSTITUTION {{(pid=95814) _check_effective_sql_mode /opt/stack/data/venv/lib/python3.12/site-packages/oslo_db/sqlalchemy/engines.py:325}}
Jul 16 05:55:56.574452 np0000005228 nova-conductor[95814]: DEBUG dbcounter [-] [95814] Writer thread running {{(pid=95814) stat_writer /opt/stack/data/venv/lib/python3.12/site-packages/dbcounter.py:102}}
Jul 16 05:55:56.641358 np0000005228 nova-conductor[95814]: INFO nova.utils [None req-32826d2d-5ce2-4622-a01a-ab18dc14af48 tempest-ServersNegativeTestJSON-364645188 tempest-ServersNegativeTestJSON-364645188-project-member] The cell worker thread pool ForkProcess-1.cell_worker is initialized
Jul 16 05:55:56.641848 np0000005228 nova-conductor[95814]: DEBUG oslo_concurrency.lockutils [None req-32826d2d-5ce2-4622-a01a-ab18dc14af48 tempest-ServersNegativeTestJSON-364645188 tempest-ServersNegativeTestJSON-364645188-project-member] Acquiring lock "00000000-0000-0000-0000-000000000000" by "nova.context.set_target_cell..get_or_set_cached_cell_and_set_connections" {{(pid=95814) inner /opt/stack/data/venv/lib/python3.12/site-packages/oslo_concurrency/lockutils.py:511}}
Jul 16 05:55:56.641848 np0000005228 nova-conductor[95814]: DEBUG oslo_concurrency.lockutils [None req-32826d2d-5ce2-4622-a01a-ab18dc14af48 tempest-ServersNegativeTestJSON-364645188 tempest-ServersNegativeTestJSON-364645188-project-member] Lock "00000000-0000-0000-0000-000000000000" acquired by "nova.context.set_target_cell..get_or_set_cached_cell_and_set_connections" :: waited 0.000s {{(pid=95814) inner /opt/stack/data/venv/lib/python3.12/site-packages/oslo_concurrency/lockutils.py:524}}
Jul 16 05:55:56.642153 np0000005228 nova-conductor[95814]: DEBUG oslo_concurrency.lockutils [None req-32826d2d-5ce2-4622-a01a-ab18dc14af48 tempest-ServersNegativeTestJSON-364645188 tempest-ServersNegativeTestJSON-364645188-project-member] Lock "00000000-0000-0000-0000-000000000000" "released" by "nova.context.set_target_cell..get_or_set_cached_cell_and_set_connections" :: held 0.000s {{(pid=95814) inner /opt/stack/data/venv/lib/python3.12/site-packages/oslo_concurrency/lockutils.py:543}}
Jul 16 05:55:56.642869 np0000005228 nova-conductor[95814]: DEBUG oslo_concurrency.lockutils [None req-32826d2d-5ce2-4622-a01a-ab18dc14af48 tempest-ServersNegativeTestJSON-364645188 tempest-ServersNegativeTestJSON-364645188-project-member] Acquiring lock "dd477a00-aed6-4723-9007-283c17feb544" by "nova.context.set_target_cell..get_or_set_cached_cell_and_set_connections" {{(pid=95814) inner /opt/stack/data/venv/lib/python3.12/site-packages/oslo_concurrency/lockutils.py:511}}
Jul 16 05:55:56.643215 np0000005228 nova-conductor[95814]: DEBUG oslo_concurrency.lockutils [None req-32826d2d-5ce2-4622-a01a-ab18dc14af48 tempest-ServersNegativeTestJSON-364645188 tempest-ServersNegativeTestJSON-364645188-project-member] Lock "dd477a00-aed6-4723-9007-283c17feb544" acquired by "nova.context.set_target_cell..get_or_set_cached_cell_and_set_connections" :: waited 0.000s {{(pid=95814) inner /opt/stack/data/venv/lib/python3.12/site-packages/oslo_concurrency/lockutils.py:524}}
Jul 16 05:55:56.643215 np0000005228 nova-conductor[95814]: DEBUG oslo_concurrency.lockutils [None req-32826d2d-5ce2-4622-a01a-ab18dc14af48 tempest-ServersNegativeTestJSON-364645188 tempest-ServersNegativeTestJSON-364645188-project-member] Lock "dd477a00-aed6-4723-9007-283c17feb544" "released" by "nova.context.set_target_cell..get_or_set_cached_cell_and_set_connections" :: held 0.000s {{(pid=95814) inner /opt/stack/data/venv/lib/python3.12/site-packages/oslo_concurrency/lockutils.py:543}}
Jul 16 05:55:56.645213 np0000005228 nova-conductor[95814]: INFO dbcounter [None req-32826d2d-5ce2-4622-a01a-ab18dc14af48 tempest-ServersNegativeTestJSON-364645188 tempest-ServersNegativeTestJSON-364645188-project-member] Registered counter for database nova_cell0
Jul 16 05:55:56.692029 np0000005228 nova-conductor[95814]: DEBUG oslo_db.sqlalchemy.engines [None req-32826d2d-5ce2-4622-a01a-ab18dc14af48 tempest-ServersNegativeTestJSON-364645188 tempest-ServersNegativeTestJSON-364645188-project-member] MySQL server mode set to STRICT_TRANS_TABLES,STRICT_ALL_TABLES,NO_ZERO_IN_DATE,NO_ZERO_DATE,ERROR_FOR_DIVISION_BY_ZERO,TRADITIONAL,NO_ENGINE_SUBSTITUTION {{(pid=95814) _check_effective_sql_mode /opt/stack/data/venv/lib/python3.12/site-packages/oslo_db/sqlalchemy/engines.py:325}}
Jul 16 05:55:56.696917 np0000005228 nova-conductor[95814]: DEBUG dbcounter [-] [95814] Writer thread running {{(pid=95814) stat_writer /opt/stack/data/venv/lib/python3.12/site-packages/dbcounter.py:102}}
Jul 16 05:55:56.707320 np0000005228 nova-conductor[95814]: DEBUG nova.quota [None req-32826d2d-5ce2-4622-a01a-ab18dc14af48 tempest-ServersNegativeTestJSON-364645188 tempest-ServersNegativeTestJSON-364645188-project-member] Getting quotas for project e88bdcd48ed7474aad47fec7e64b0a9e. Resources: {'cores', 'ram', 'instances'} {{(pid=95814) _get_quotas /opt/stack/nova/nova/quota.py:389}}
Jul 16 05:55:56.711603 np0000005228 nova-conductor[95814]: DEBUG nova.quota [None req-32826d2d-5ce2-4622-a01a-ab18dc14af48 tempest-ServersNegativeTestJSON-364645188 tempest-ServersNegativeTestJSON-364645188-project-member] Getting quotas for user 086b10143d144360b1842642e0f3317e and project e88bdcd48ed7474aad47fec7e64b0a9e. Resources: {'cores', 'ram', 'instances'} {{(pid=95814) _get_quotas /opt/stack/nova/nova/quota.py:379}}
Jul 16 05:55:56.723761 np0000005228 nova-conductor[95814]: DEBUG nova.conductor.manager [None req-32826d2d-5ce2-4622-a01a-ab18dc14af48 tempest-ServersNegativeTestJSON-364645188 tempest-ServersNegativeTestJSON-364645188-project-member] [instance: bebd5525-8a30-4dc5-bdb8-a1871118c6d1] Selected host: np0000005228; Selected node: np0000005228; Alternates: [] {{(pid=95814) schedule_and_build_instances /opt/stack/nova/nova/conductor/manager.py:1784}}
Jul 16 05:55:56.724433 np0000005228 nova-conductor[95814]: DEBUG oslo_concurrency.lockutils [None req-32826d2d-5ce2-4622-a01a-ab18dc14af48 tempest-ServersNegativeTestJSON-364645188 tempest-ServersNegativeTestJSON-364645188-project-member] Acquiring lock "dd477a00-aed6-4723-9007-283c17feb544" by "nova.context.set_target_cell..get_or_set_cached_cell_and_set_connections" {{(pid=95814) inner /opt/stack/data/venv/lib/python3.12/site-packages/oslo_concurrency/lockutils.py:511}}
Jul 16 05:55:56.724577 np0000005228 nova-conductor[95814]: DEBUG oslo_concurrency.lockutils [None req-32826d2d-5ce2-4622-a01a-ab18dc14af48 tempest-ServersNegativeTestJSON-364645188 tempest-ServersNegativeTestJSON-364645188-project-member] Lock "dd477a00-aed6-4723-9007-283c17feb544" acquired by "nova.context.set_target_cell..get_or_set_cached_cell_and_set_connections" :: waited 0.000s {{(pid=95814) inner /opt/stack/data/venv/lib/python3.12/site-packages/oslo_concurrency/lockutils.py:524}}
Jul 16 05:55:56.724782 np0000005228 nova-conductor[95814]: DEBUG oslo_concurrency.lockutils [None req-32826d2d-5ce2-4622-a01a-ab18dc14af48 tempest-ServersNegativeTestJSON-364645188 tempest-ServersNegativeTestJSON-364645188-project-member] Lock "dd477a00-aed6-4723-9007-283c17feb544" "released" by "nova.context.set_target_cell..get_or_set_cached_cell_and_set_connections" :: held 0.000s {{(pid=95814) inner /opt/stack/data/venv/lib/python3.12/site-packages/oslo_concurrency/lockutils.py:543}}
Jul 16 05:55:56.734469 np0000005228 nova-conductor[95814]: DEBUG nova.conductor.manager [None req-32826d2d-5ce2-4622-a01a-ab18dc14af48 tempest-ServersNegativeTestJSON-364645188 tempest-ServersNegativeTestJSON-364645188-project-member] [instance: bebd5525-8a30-4dc5-bdb8-a1871118c6d1] block_device_mapping [BlockDeviceMapping(attachment_id=,boot_index=0,connection_info=None,created_at=,delete_on_termination=True,deleted=,deleted_at=,destination_type='local',device_name=None,device_type='disk',disk_bus=None,encrypted=False,encryption_format=None,encryption_options=None,encryption_secret_uuid=None,guest_format=None,id=,image_id='a0f82ee1-6e22-42cb-ab6e-b7a7085d8b0c',instance=,instance_uuid=,no_device=False,snapshot_id=None,source_type='image',tag=None,updated_at=,uuid=,volume_id=None,volume_size=None,volume_type=None)] {{(pid=95814) _create_block_device_mapping /opt/stack/nova/nova/conductor/manager.py:1529}}
Jul 16 05:55:56.736297 np0000005228 nova-conductor[95814]: DEBUG oslo_concurrency.lockutils [None req-32826d2d-5ce2-4622-a01a-ab18dc14af48 tempest-ServersNegativeTestJSON-364645188 tempest-ServersNegativeTestJSON-364645188-project-member] Acquiring lock "dd477a00-aed6-4723-9007-283c17feb544" by "nova.context.set_target_cell..get_or_set_cached_cell_and_set_connections" {{(pid=95814) inner /opt/stack/data/venv/lib/python3.12/site-packages/oslo_concurrency/lockutils.py:511}}
Jul 16 05:55:56.736524 np0000005228 nova-conductor[95814]: DEBUG oslo_concurrency.lockutils [None req-32826d2d-5ce2-4622-a01a-ab18dc14af48 tempest-ServersNegativeTestJSON-364645188 tempest-ServersNegativeTestJSON-364645188-project-member] Lock "dd477a00-aed6-4723-9007-283c17feb544" acquired by "nova.context.set_target_cell..get_or_set_cached_cell_and_set_connections" :: waited 0.000s {{(pid=95814) inner /opt/stack/data/venv/lib/python3.12/site-packages/oslo_concurrency/lockutils.py:524}}
Jul 16 05:55:56.736702 np0000005228 nova-conductor[95814]: DEBUG oslo_concurrency.lockutils [None req-32826d2d-5ce2-4622-a01a-ab18dc14af48 tempest-ServersNegativeTestJSON-364645188 tempest-ServersNegativeTestJSON-364645188-project-member] Lock "dd477a00-aed6-4723-9007-283c17feb544" "released" by "nova.context.set_target_cell..get_or_set_cached_cell_and_set_connections" :: held 0.000s {{(pid=95814) inner /opt/stack/data/venv/lib/python3.12/site-packages/oslo_concurrency/lockutils.py:543}}
Jul 16 05:55:56.778190 np0000005228 nova-conductor[95814]: DEBUG oslo_concurrency.lockutils [None req-32826d2d-5ce2-4622-a01a-ab18dc14af48 tempest-ServersNegativeTestJSON-364645188 tempest-ServersNegativeTestJSON-364645188-project-member] Acquiring lock "dd477a00-aed6-4723-9007-283c17feb544" by "nova.context.set_target_cell..get_or_set_cached_cell_and_set_connections" {{(pid=95814) inner /opt/stack/data/venv/lib/python3.12/site-packages/oslo_concurrency/lockutils.py:511}}
Jul 16 05:55:56.778401 np0000005228 nova-conductor[95814]: DEBUG oslo_concurrency.lockutils [None req-32826d2d-5ce2-4622-a01a-ab18dc14af48 tempest-ServersNegativeTestJSON-364645188 tempest-ServersNegativeTestJSON-364645188-project-member] Lock "dd477a00-aed6-4723-9007-283c17feb544" acquired by "nova.context.set_target_cell..get_or_set_cached_cell_and_set_connections" :: waited 0.000s {{(pid=95814) inner /opt/stack/data/venv/lib/python3.12/site-packages/oslo_concurrency/lockutils.py:524}}
Jul 16 05:55:56.779342 np0000005228 nova-conductor[95814]: DEBUG oslo_concurrency.lockutils [None req-32826d2d-5ce2-4622-a01a-ab18dc14af48 tempest-ServersNegativeTestJSON-364645188 tempest-ServersNegativeTestJSON-364645188-project-member] Lock "dd477a00-aed6-4723-9007-283c17feb544" "released" by "nova.context.set_target_cell..get_or_set_cached_cell_and_set_connections" :: held 0.000s {{(pid=95814) inner /opt/stack/data/venv/lib/python3.12/site-packages/oslo_concurrency/lockutils.py:543}}
Jul 16 05:55:56.779342 np0000005228 nova-conductor[95814]: DEBUG oslo_concurrency.lockutils [None req-32826d2d-5ce2-4622-a01a-ab18dc14af48 tempest-ServersNegativeTestJSON-364645188 tempest-ServersNegativeTestJSON-364645188-project-member] Acquiring lock "compute-rpcapi-router" {{(pid=95814) lock /opt/stack/data/venv/lib/python3.12/site-packages/oslo_concurrency/lockutils.py:395}}
Jul 16 05:55:56.779342 np0000005228 nova-conductor[95814]: DEBUG oslo_concurrency.lockutils [None req-32826d2d-5ce2-4622-a01a-ab18dc14af48 tempest-ServersNegativeTestJSON-364645188 tempest-ServersNegativeTestJSON-364645188-project-member] Acquired lock "compute-rpcapi-router" {{(pid=95814) lock /opt/stack/data/venv/lib/python3.12/site-packages/oslo_concurrency/lockutils.py:398}}
Jul 16 05:55:56.779507 np0000005228 nova-conductor[95814]: DEBUG oslo_concurrency.lockutils [None req-8e26c249-af6c-4d68-bac1-03750499c866 None None] Acquiring lock "00000000-0000-0000-0000-000000000000" by "nova.context.set_target_cell..get_or_set_cached_cell_and_set_connections" {{(pid=95814) inner /opt/stack/data/venv/lib/python3.12/site-packages/oslo_concurrency/lockutils.py:511}}
Jul 16 05:55:56.779641 np0000005228 nova-conductor[95814]: DEBUG oslo_concurrency.lockutils [None req-8e26c249-af6c-4d68-bac1-03750499c866 None None] Lock "00000000-0000-0000-0000-000000000000" acquired by "nova.context.set_target_cell..get_or_set_cached_cell_and_set_connections" :: waited 0.000s {{(pid=95814) inner /opt/stack/data/venv/lib/python3.12/site-packages/oslo_concurrency/lockutils.py:524}}
Jul 16 05:55:56.779791 np0000005228 nova-conductor[95814]: DEBUG oslo_concurrency.lockutils [None req-8e26c249-af6c-4d68-bac1-03750499c866 None None] Lock "00000000-0000-0000-0000-000000000000" "released" by "nova.context.set_target_cell..get_or_set_cached_cell_and_set_connections" :: held 0.000s {{(pid=95814) inner /opt/stack/data/venv/lib/python3.12/site-packages/oslo_concurrency/lockutils.py:543}}
Jul 16 05:55:56.780532 np0000005228 nova-conductor[95814]: DEBUG oslo_concurrency.lockutils [None req-8e26c249-af6c-4d68-bac1-03750499c866 None None] Acquiring lock "dd477a00-aed6-4723-9007-283c17feb544" by "nova.context.set_target_cell..get_or_set_cached_cell_and_set_connections" {{(pid=95814) inner /opt/stack/data/venv/lib/python3.12/site-packages/oslo_concurrency/lockutils.py:511}}
Jul 16 05:55:56.780724 np0000005228 nova-conductor[95814]: DEBUG oslo_concurrency.lockutils [None req-8e26c249-af6c-4d68-bac1-03750499c866 None None] Lock "dd477a00-aed6-4723-9007-283c17feb544" acquired by "nova.context.set_target_cell..get_or_set_cached_cell_and_set_connections" :: waited 0.000s {{(pid=95814) inner /opt/stack/data/venv/lib/python3.12/site-packages/oslo_concurrency/lockutils.py:524}}
Jul 16 05:55:56.780942 np0000005228 nova-conductor[95814]: DEBUG oslo_concurrency.lockutils [None req-8e26c249-af6c-4d68-bac1-03750499c866 None None] Lock "dd477a00-aed6-4723-9007-283c17feb544" "released" by "nova.context.set_target_cell..get_or_set_cached_cell_and_set_connections" :: held 0.000s {{(pid=95814) inner /opt/stack/data/venv/lib/python3.12/site-packages/oslo_concurrency/lockutils.py:543}}
Jul 16 05:55:56.793089 np0000005228 nova-conductor[95814]: INFO nova.compute.rpcapi [None req-8e26c249-af6c-4d68-bac1-03750499c866 None None] Automatically selected compute RPC version 6.5 from minimum service version 72
Jul 16 05:55:56.793367 np0000005228 nova-conductor[95814]: DEBUG oslo_concurrency.lockutils [None req-8e26c249-af6c-4d68-bac1-03750499c866 None None] Releasing lock "compute-rpcapi-router" {{(pid=95814) lock /opt/stack/data/venv/lib/python3.12/site-packages/oslo_concurrency/lockutils.py:418}}
Jul 16 05:55:57.056486 np0000005228 nova-conductor[95814]: DEBUG oslo.service.backend._threading.loopingcall [None req-1d4498a5-173a-48ad-ba0f-fcd60744ccfa None None] Dynamic interval looping call 'nova.service.Service.periodic_tasks' sleeping for 60.00 seconds {{(pid=95814) _run_loop /opt/stack/data/venv/lib/python3.12/site-packages/oslo_service/backend/_threading/loopingcall.py:125}}
Jul 16 05:55:57.549366 np0000005228 nova-conductor[95820]: DEBUG dbcounter [-] [95820] Writer thread running {{(pid=95820) stat_writer /opt/stack/data/venv/lib/python3.12/site-packages/dbcounter.py:102}}
Jul 16 05:55:57.697314 np0000005228 nova-conductor[95828]: DEBUG dbcounter [-] [95828] Writer thread running {{(pid=95828) stat_writer /opt/stack/data/venv/lib/python3.12/site-packages/dbcounter.py:102}}
Jul 16 05:55:58.001656 np0000005228 nova-conductor[95820]: DEBUG nova.conductor.manager [None req-e0321c9a-85f5-4da2-9877-b7ee056b8ca3 tempest-AttachVolumeShelveTestJSON-538953354 tempest-AttachVolumeShelveTestJSON-538953354-project-member] Took 0.45 seconds to select destinations for 1 instance(s). {{(pid=95820) _schedule_instances /opt/stack/nova/nova/conductor/manager.py:968}}
Jul 16 05:55:58.036666 np0000005228 nova-conductor[95820]: DEBUG oslo_concurrency.lockutils [None req-e0321c9a-85f5-4da2-9877-b7ee056b8ca3 tempest-AttachVolumeShelveTestJSON-538953354 tempest-AttachVolumeShelveTestJSON-538953354-project-member] Acquiring lock "dd477a00-aed6-4723-9007-283c17feb544" by "nova.context.set_target_cell..get_or_set_cached_cell_and_set_connections" {{(pid=95820) inner /opt/stack/data/venv/lib/python3.12/site-packages/oslo_concurrency/lockutils.py:511}}
Jul 16 05:55:58.036851 np0000005228 nova-conductor[95820]: DEBUG oslo_concurrency.lockutils [None req-e0321c9a-85f5-4da2-9877-b7ee056b8ca3 tempest-AttachVolumeShelveTestJSON-538953354 tempest-AttachVolumeShelveTestJSON-538953354-project-member] Lock "dd477a00-aed6-4723-9007-283c17feb544" acquired by "nova.context.set_target_cell..get_or_set_cached_cell_and_set_connections" :: waited 0.000s {{(pid=95820) inner /opt/stack/data/venv/lib/python3.12/site-packages/oslo_concurrency/lockutils.py:524}}
Jul 16 05:55:58.038350 np0000005228 nova-conductor[95820]: DEBUG oslo_concurrency.lockutils [None req-e0321c9a-85f5-4da2-9877-b7ee056b8ca3 tempest-AttachVolumeShelveTestJSON-538953354 tempest-AttachVolumeShelveTestJSON-538953354-project-member] Lock "dd477a00-aed6-4723-9007-283c17feb544" "released" by "nova.context.set_target_cell..get_or_set_cached_cell_and_set_connections" :: held 0.001s {{(pid=95820) inner /opt/stack/data/venv/lib/python3.12/site-packages/oslo_concurrency/lockutils.py:543}}
Jul 16 05:55:58.041475 np0000005228 nova-conductor[95820]: INFO dbcounter [None req-e0321c9a-85f5-4da2-9877-b7ee056b8ca3 tempest-AttachVolumeShelveTestJSON-538953354 tempest-AttachVolumeShelveTestJSON-538953354-project-member] Registered counter for database nova_cell1
Jul 16 05:55:58.073432 np0000005228 nova-conductor[95828]: DEBUG oslo.service.backend._threading.loopingcall [None req-04776ef8-b6c7-4940-97d3-6975826938f7 None None] Dynamic interval looping call 'nova.service.Service.periodic_tasks' sleeping for 60.00 seconds {{(pid=95828) _run_loop /opt/stack/data/venv/lib/python3.12/site-packages/oslo_service/backend/_threading/loopingcall.py:125}}
Jul 16 05:55:58.075815 np0000005228 nova-conductor[95820]: DEBUG oslo_db.sqlalchemy.engines [None req-e0321c9a-85f5-4da2-9877-b7ee056b8ca3 tempest-AttachVolumeShelveTestJSON-538953354 tempest-AttachVolumeShelveTestJSON-538953354-project-member] MySQL server mode set to STRICT_TRANS_TABLES,STRICT_ALL_TABLES,NO_ZERO_IN_DATE,NO_ZERO_DATE,ERROR_FOR_DIVISION_BY_ZERO,TRADITIONAL,NO_ENGINE_SUBSTITUTION {{(pid=95820) _check_effective_sql_mode /opt/stack/data/venv/lib/python3.12/site-packages/oslo_db/sqlalchemy/engines.py:325}}
Jul 16 05:55:58.086283 np0000005228 nova-conductor[95820]: DEBUG dbcounter [-] [95820] Writer thread running {{(pid=95820) stat_writer /opt/stack/data/venv/lib/python3.12/site-packages/dbcounter.py:102}}
Jul 16 05:55:58.136728 np0000005228 nova-conductor[95820]: INFO nova.utils [None req-e0321c9a-85f5-4da2-9877-b7ee056b8ca3 tempest-AttachVolumeShelveTestJSON-538953354 tempest-AttachVolumeShelveTestJSON-538953354-project-member] The cell worker thread pool ForkProcess-2.cell_worker is initialized
Jul 16 05:55:58.136973 np0000005228 nova-conductor[95820]: DEBUG oslo_concurrency.lockutils [None req-e0321c9a-85f5-4da2-9877-b7ee056b8ca3 tempest-AttachVolumeShelveTestJSON-538953354 tempest-AttachVolumeShelveTestJSON-538953354-project-member] Acquiring lock "00000000-0000-0000-0000-000000000000" by "nova.context.set_target_cell..get_or_set_cached_cell_and_set_connections" {{(pid=95820) inner /opt/stack/data/venv/lib/python3.12/site-packages/oslo_concurrency/lockutils.py:511}}
Jul 16 05:55:58.137166 np0000005228 nova-conductor[95820]: DEBUG oslo_concurrency.lockutils [None req-e0321c9a-85f5-4da2-9877-b7ee056b8ca3 tempest-AttachVolumeShelveTestJSON-538953354 tempest-AttachVolumeShelveTestJSON-538953354-project-member] Lock "00000000-0000-0000-0000-000000000000" acquired by "nova.context.set_target_cell..get_or_set_cached_cell_and_set_connections" :: waited 0.000s {{(pid=95820) inner /opt/stack/data/venv/lib/python3.12/site-packages/oslo_concurrency/lockutils.py:524}}
Jul 16 05:55:58.137522 np0000005228 nova-conductor[95820]: DEBUG oslo_concurrency.lockutils [None req-e0321c9a-85f5-4da2-9877-b7ee056b8ca3 tempest-AttachVolumeShelveTestJSON-538953354 tempest-AttachVolumeShelveTestJSON-538953354-project-member] Lock "00000000-0000-0000-0000-000000000000" "released" by "nova.context.set_target_cell..get_or_set_cached_cell_and_set_connections" :: held 0.000s {{(pid=95820) inner /opt/stack/data/venv/lib/python3.12/site-packages/oslo_concurrency/lockutils.py:543}}
Jul 16 05:55:58.138119 np0000005228 nova-conductor[95820]: DEBUG oslo_concurrency.lockutils [None req-e0321c9a-85f5-4da2-9877-b7ee056b8ca3 tempest-AttachVolumeShelveTestJSON-538953354 tempest-AttachVolumeShelveTestJSON-538953354-project-member] Acquiring lock "dd477a00-aed6-4723-9007-283c17feb544" by "nova.context.set_target_cell..get_or_set_cached_cell_and_set_connections" {{(pid=95820) inner /opt/stack/data/venv/lib/python3.12/site-packages/oslo_concurrency/lockutils.py:511}}
