Aug 25 17:16:27.638587 np0000008099 devstack@neutron-api.service[90876]: DEBUG neutron_lib.callbacks.manager [None req-c3da9a0f-5194-47bf-91fa-9ba26d37d815 None None] Subscribe: > floatingip after_delete 55550000, False {{(pid=90876) subscribe /opt/stack/data/venv/lib/python3.12/site-packages/neutron_lib/callbacks/manager.py:52}}
Aug 25 17:16:27.638672 np0000008099 devstack@neutron-api.service[90874]: DEBUG neutron_lib.callbacks.manager [None req-7f15950a-6285-4369-b1c3-b09b9f63b628 None None] Subscribe: > segment after_create 55550000, False {{(pid=90874) subscribe /opt/stack/data/venv/lib/python3.12/site-packages/neutron_lib/callbacks/manager.py:52}}
Aug 25 17:16:27.638772 np0000008099 devstack@neutron-api.service[90876]: DEBUG neutron_lib.callbacks.manager [None req-c3da9a0f-5194-47bf-91fa-9ba26d37d815 None None] Subscribe: > floatingip after_status_update 55550000, False {{(pid=90876) subscribe /opt/stack/data/venv/lib/python3.12/site-packages/neutron_lib/callbacks/manager.py:52}}
Aug 25 17:16:27.638772 np0000008099 devstack@neutron-api.service[90876]: DEBUG neutron_lib.callbacks.manager [None req-c3da9a0f-5194-47bf-91fa-9ba26d37d815 None None] Subscribe: > floatingip after_update 55550000, False {{(pid=90876) subscribe /opt/stack/data/venv/lib/python3.12/site-packages/neutron_lib/callbacks/manager.py:52}}
Aug 25 17:16:27.638924 np0000008099 devstack@neutron-api.service[90874]: DEBUG neutron_lib.callbacks.manager [None req-7f15950a-6285-4369-b1c3-b09b9f63b628 None None] Subscribe: > segment after_delete 55550000, False {{(pid=90874) subscribe /opt/stack/data/venv/lib/python3.12/site-packages/neutron_lib/callbacks/manager.py:52}}
Aug 25 17:16:27.639051 np0000008099 devstack@neutron-api.service[90876]: DEBUG neutron_lib.callbacks.manager [None req-c3da9a0f-5194-47bf-91fa-9ba26d37d815 None None] Subscribe: > port_forwarding after_create 55550000, False {{(pid=90876) subscribe /opt/stack/data/venv/lib/python3.12/site-packages/neutron_lib/callbacks/manager.py:52}}
Aug 25 17:16:27.639093 np0000008099 devstack@neutron-api.service[90874]: DEBUG neutron_lib.callbacks.manager [None req-7f15950a-6285-4369-b1c3-b09b9f63b628 None None] Subscribe: > allowed_address_pair before_create 55550000, False {{(pid=90874) subscribe /opt/stack/data/venv/lib/python3.12/site-packages/neutron_lib/callbacks/manager.py:52}}
Aug 25 17:16:27.639205 np0000008099 devstack@neutron-api.service[90876]: DEBUG neutron_lib.callbacks.manager [None req-c3da9a0f-5194-47bf-91fa-9ba26d37d815 None None] Subscribe: > router_interface after_delete 55550000, False {{(pid=90876) subscribe /opt/stack/data/venv/lib/python3.12/site-packages/neutron_lib/callbacks/manager.py:52}}
Aug 25 17:16:27.639252 np0000008099 devstack@neutron-api.service[90874]: DEBUG neutron_lib.callbacks.manager [None req-7f15950a-6285-4369-b1c3-b09b9f63b628 None None] Subscribe: > security_group precommit_create 55550000, False {{(pid=90874) subscribe /opt/stack/data/venv/lib/python3.12/site-packages/neutron_lib/callbacks/manager.py:52}}
Aug 25 17:16:27.639367 np0000008099 devstack@neutron-api.service[90876]: DEBUG neutron_lib.callbacks.manager [None req-c3da9a0f-5194-47bf-91fa-9ba26d37d815 None None] Subscribe: > router after_create 55550000, False {{(pid=90876) subscribe /opt/stack/data/venv/lib/python3.12/site-packages/neutron_lib/callbacks/manager.py:52}}
Aug 25 17:16:27.639367 np0000008099 devstack@neutron-api.service[90876]: DEBUG neutron_lib.callbacks.manager [None req-c3da9a0f-5194-47bf-91fa-9ba26d37d815 None None] Subscribe: > router precommit_create 55550000, False {{(pid=90876) subscribe /opt/stack/data/venv/lib/python3.12/site-packages/neutron_lib/callbacks/manager.py:52}}
Aug 25 17:16:27.639446 np0000008099 devstack@neutron-api.service[90874]: DEBUG neutron_lib.callbacks.manager [None req-7f15950a-6285-4369-b1c3-b09b9f63b628 None None] Subscribe: > security_group after_update 55550000, False {{(pid=90874) subscribe /opt/stack/data/venv/lib/python3.12/site-packages/neutron_lib/callbacks/manager.py:52}}
Aug 25 17:16:27.640144 np0000008099 devstack@neutron-api.service[90876]: DEBUG neutron_lib.callbacks.manager [None req-c3da9a0f-5194-47bf-91fa-9ba26d37d815 None None] Subscribe: > router after_delete 55550000, False {{(pid=90876) subscribe /opt/stack/data/venv/lib/python3.12/site-packages/neutron_lib/callbacks/manager.py:52}}
Aug 25 17:16:27.640427 np0000008099 devstack@neutron-api.service[90874]: DEBUG neutron_lib.callbacks.manager [None req-7f15950a-6285-4369-b1c3-b09b9f63b628 None None] Subscribe: > security_group after_create 55550000, False {{(pid=90874) subscribe /opt/stack/data/venv/lib/python3.12/site-packages/neutron_lib/callbacks/manager.py:52}}
Aug 25 17:16:27.641327 np0000008099 devstack@neutron-api.service[90876]: DEBUG neutron_lib.callbacks.manager [None req-c3da9a0f-5194-47bf-91fa-9ba26d37d815 None None] Subscribe: > router after_update 55550000, False {{(pid=90876) subscribe /opt/stack/data/venv/lib/python3.12/site-packages/neutron_lib/callbacks/manager.py:52}}
Aug 25 17:16:27.641327 np0000008099 devstack@neutron-api.service[90876]: DEBUG neutron.services.service_base [None req-c3da9a0f-5194-47bf-91fa-9ba26d37d815 None None] Loaded 'neutron.services.ovn_l3.service_providers.ovn.OvnDriver' provider for service L3_ROUTER_NAT {{(pid=90876) load_drivers /opt/stack/neutron/neutron/services/service_base.py:49}}
Aug 25 17:16:27.641619 np0000008099 devstack@neutron-api.service[90874]: DEBUG neutron_lib.callbacks.manager [None req-7f15950a-6285-4369-b1c3-b09b9f63b628 None None] Subscribe: > security_group precommit_delete 55550000, False {{(pid=90874) subscribe /opt/stack/data/venv/lib/python3.12/site-packages/neutron_lib/callbacks/manager.py:52}}
Aug 25 17:16:27.641992 np0000008099 devstack@neutron-api.service[90876]: DEBUG neutron_lib.callbacks.manager [None req-c3da9a0f-5194-47bf-91fa-9ba26d37d815 None None] Subscribe: > process after_init 55550001, True {{(pid=90876) subscribe /opt/stack/data/venv/lib/python3.12/site-packages/neutron_lib/callbacks/manager.py:52}}
Aug 25 17:16:27.642187 np0000008099 devstack@neutron-api.service[90874]: DEBUG neutron_lib.callbacks.manager [None req-7f15950a-6285-4369-b1c3-b09b9f63b628 None None] Subscribe: > security_group after_delete 55550000, False {{(pid=90874) subscribe /opt/stack/data/venv/lib/python3.12/site-packages/neutron_lib/callbacks/manager.py:52}}
Aug 25 17:16:27.642305 np0000008099 devstack@neutron-api.service[90876]: DEBUG neutron.manager [None req-c3da9a0f-5194-47bf-91fa-9ba26d37d815 None None] Successfully loaded L3_ROUTER_NAT plugin. Description: L3 Router Service Plugin for basic L3 forwarding using OVN {{(pid=90876) _create_and_add_service_plugin /opt/stack/neutron/neutron/manager.py:236}}
Aug 25 17:16:27.642385 np0000008099 devstack@neutron-api.service[90874]: DEBUG neutron_lib.callbacks.manager [None req-7f15950a-6285-4369-b1c3-b09b9f63b628 None None] Subscribe: > security_group_rule precommit_create 55550000, False {{(pid=90874) subscribe /opt/stack/data/venv/lib/python3.12/site-packages/neutron_lib/callbacks/manager.py:52}}
Aug 25 17:16:27.642464 np0000008099 devstack@neutron-api.service[90876]: INFO neutron.manager [None req-c3da9a0f-5194-47bf-91fa-9ba26d37d815 None None] Loading Plugin: auto_allocate
Aug 25 17:16:27.642549 np0000008099 devstack@neutron-api.service[90874]: DEBUG neutron_lib.callbacks.manager [None req-7f15950a-6285-4369-b1c3-b09b9f63b628 None None] Subscribe: > security_group_rule after_create 55550000, False {{(pid=90874) subscribe /opt/stack/data/venv/lib/python3.12/site-packages/neutron_lib/callbacks/manager.py:52}}
Aug 25 17:16:27.642549 np0000008099 devstack@neutron-api.service[90874]: DEBUG neutron_lib.callbacks.manager [None req-7f15950a-6285-4369-b1c3-b09b9f63b628 None None] Subscribe: > security_group_rule before_delete 55550000, False {{(pid=90874) subscribe /opt/stack/data/venv/lib/python3.12/site-packages/neutron_lib/callbacks/manager.py:52}}
Aug 25 17:16:27.642549 np0000008099 devstack@neutron-api.service[90874]: DEBUG neutron_lib.callbacks.manager [None req-7f15950a-6285-4369-b1c3-b09b9f63b628 None None] Subscribe: > address_group after_create 55550000, False {{(pid=90874) subscribe /opt/stack/data/venv/lib/python3.12/site-packages/neutron_lib/callbacks/manager.py:52}}
Aug 25 17:16:27.642549 np0000008099 devstack@neutron-api.service[90874]: DEBUG neutron_lib.callbacks.manager [None req-7f15950a-6285-4369-b1c3-b09b9f63b628 None None] Subscribe: > address_group after_update 55550000, False {{(pid=90874) subscribe /opt/stack/data/venv/lib/python3.12/site-packages/neutron_lib/callbacks/manager.py:52}}
Aug 25 17:16:27.642811 np0000008099 devstack@neutron-api.service[90874]: DEBUG neutron_lib.callbacks.manager [None req-7f15950a-6285-4369-b1c3-b09b9f63b628 None None] Subscribe: > address_group after_delete 55550000, False {{(pid=90874) subscribe /opt/stack/data/venv/lib/python3.12/site-packages/neutron_lib/callbacks/manager.py:52}}
Aug 25 17:16:27.642811 np0000008099 devstack@neutron-api.service[90874]: DEBUG neutron_lib.callbacks.manager [None req-7f15950a-6285-4369-b1c3-b09b9f63b628 None None] Subscribe: > qos_plugin after_init 55550000, False {{(pid=90874) subscribe /opt/stack/data/venv/lib/python3.12/site-packages/neutron_lib/callbacks/manager.py:52}}
Aug 25 17:16:27.642811 np0000008099 devstack@neutron-api.service[90874]: DEBUG neutron_lib.callbacks.manager [None req-7f15950a-6285-4369-b1c3-b09b9f63b628 None None] Subscribe: > trunk_plugin after_init 55550000, False {{(pid=90874) subscribe /opt/stack/data/venv/lib/python3.12/site-packages/neutron_lib/callbacks/manager.py:52}}
Aug 25 17:16:27.643033 np0000008099 devstack@neutron-api.service[90876]: DEBUG neutron_lib.callbacks.manager [None req-c3da9a0f-5194-47bf-91fa-9ba26d37d815 None None] Subscribe: network precommit_update 55550000, False {{(pid=90876) subscribe /opt/stack/data/venv/lib/python3.12/site-packages/neutron_lib/callbacks/manager.py:52}}
Aug 25 17:16:27.643033 np0000008099 devstack@neutron-api.service[90876]: DEBUG neutron_lib.callbacks.manager [None req-c3da9a0f-5194-47bf-91fa-9ba26d37d815 None None] Subscribe: network precommit_create 55550000, False {{(pid=90876) subscribe /opt/stack/data/venv/lib/python3.12/site-packages/neutron_lib/callbacks/manager.py:52}}
Aug 25 17:16:27.643203 np0000008099 devstack@neutron-api.service[90874]: DEBUG neutron_lib.callbacks.manager [None req-7f15950a-6285-4369-b1c3-b09b9f63b628 None None] Subscribe: > logging-plugin after_init 55550000, False {{(pid=90874) subscribe /opt/stack/data/venv/lib/python3.12/site-packages/neutron_lib/callbacks/manager.py:52}}
Aug 25 17:16:27.643369 np0000008099 devstack@neutron-api.service[90876]: DEBUG neutron.manager [None req-c3da9a0f-5194-47bf-91fa-9ba26d37d815 None None] Successfully loaded auto-allocated-topology plugin. Description: Auto Allocated Topology - aka get me a network. {{(pid=90876) _create_and_add_service_plugin /opt/stack/neutron/neutron/manager.py:236}}
Aug 25 17:16:27.643369 np0000008099 devstack@neutron-api.service[90876]: INFO neutron.manager [None req-c3da9a0f-5194-47bf-91fa-9ba26d37d815 None None] Loading Plugin: tag
Aug 25 17:16:27.643522 np0000008099 devstack@neutron-api.service[90874]: INFO neutron.services.logapi.drivers.ovn.driver [None req-7f15950a-6285-4369-b1c3-b09b9f63b628 None None] OVN logging driver registered
Aug 25 17:16:27.643522 np0000008099 devstack@neutron-api.service[90874]: DEBUG neutron_lib.callbacks.manager [None req-7f15950a-6285-4369-b1c3-b09b9f63b628 None None] Subscribe: ._register_pvlan_driver at 0x733e48e3b600> pvlan_plugin before_spawn 55550000, False {{(pid=90874) subscribe /opt/stack/data/venv/lib/python3.12/site-packages/neutron_lib/callbacks/manager.py:52}}
Aug 25 17:16:27.643522 np0000008099 devstack@neutron-api.service[90874]: DEBUG neutron_lib.callbacks.manager [None req-7f15950a-6285-4369-b1c3-b09b9f63b628 None None] Subscribe: process after_init 55550000, False {{(pid=90874) subscribe /opt/stack/data/venv/lib/python3.12/site-packages/neutron_lib/callbacks/manager.py:52}}
Aug 25 17:16:27.643911 np0000008099 devstack@neutron-api.service[90874]: DEBUG neutron.plugins.ml2.plugin [None req-7f15950a-6285-4369-b1c3-b09b9f63b628 None None] neutron.plugins.ml2.plugin.Ml2Plugin method _start_rpc_notifiers called with arguments () {} {{(pid=90874) wrapper /opt/stack/data/venv/lib/python3.12/site-packages/oslo_log/helpers.py:77}}
Aug 25 17:16:27.644167 np0000008099 devstack@neutron-api.service[90874]: DEBUG neutron_lib.callbacks.manager [None req-7f15950a-6285-4369-b1c3-b09b9f63b628 None None] Subscribe: > port after_create 55550000, False {{(pid=90874) subscribe /opt/stack/data/venv/lib/python3.12/site-packages/neutron_lib/callbacks/manager.py:52}}
Aug 25 17:16:27.645599 np0000008099 devstack@neutron-api.service[90874]: DEBUG neutron_lib.callbacks.manager [None req-7f15950a-6285-4369-b1c3-b09b9f63b628 None None] Subscribe: > port after_update 55550000, False {{(pid=90874) subscribe /opt/stack/data/venv/lib/python3.12/site-packages/neutron_lib/callbacks/manager.py:52}}
Aug 25 17:16:27.645599 np0000008099 devstack@neutron-api.service[90874]: DEBUG neutron_lib.callbacks.manager [None req-7f15950a-6285-4369-b1c3-b09b9f63b628 None None] Subscribe: > port after_delete 55550000, False {{(pid=90874) subscribe /opt/stack/data/venv/lib/python3.12/site-packages/neutron_lib/callbacks/manager.py:52}}
Aug 25 17:16:27.645934 np0000008099 devstack@neutron-api.service[90876]: DEBUG neutron.manager [None req-c3da9a0f-5194-47bf-91fa-9ba26d37d815 None None] Successfully loaded TAG plugin. Description: Tag support {{(pid=90876) _create_and_add_service_plugin /opt/stack/neutron/neutron/manager.py:236}}
Aug 25 17:16:27.645934 np0000008099 devstack@neutron-api.service[90876]: INFO neutron.manager [None req-c3da9a0f-5194-47bf-91fa-9ba26d37d815 None None] Loading Plugin: timestamp
Aug 25 17:16:27.646239 np0000008099 devstack@neutron-api.service[90874]: DEBUG neutron_lib.callbacks.manager [None req-7f15950a-6285-4369-b1c3-b09b9f63b628 None None] Subscribe: > subnet after_create 55550000, False {{(pid=90874) subscribe /opt/stack/data/venv/lib/python3.12/site-packages/neutron_lib/callbacks/manager.py:52}}
Aug 25 17:16:27.646239 np0000008099 devstack@neutron-api.service[90874]: DEBUG neutron_lib.callbacks.manager [None req-7f15950a-6285-4369-b1c3-b09b9f63b628 None None] Subscribe: > subnet after_update 55550000, False {{(pid=90874) subscribe /opt/stack/data/venv/lib/python3.12/site-packages/neutron_lib/callbacks/manager.py:52}}
Aug 25 17:16:27.646239 np0000008099 devstack@neutron-api.service[90874]: DEBUG neutron_lib.callbacks.manager [None req-7f15950a-6285-4369-b1c3-b09b9f63b628 None None] Subscribe: > subnet after_delete 55550000, False {{(pid=90874) subscribe /opt/stack/data/venv/lib/python3.12/site-packages/neutron_lib/callbacks/manager.py:52}}
Aug 25 17:16:27.646239 np0000008099 devstack@neutron-api.service[90874]: DEBUG neutron_lib.callbacks.manager [None req-7f15950a-6285-4369-b1c3-b09b9f63b628 None None] Subscribe: > network after_create 55550000, False {{(pid=90874) subscribe /opt/stack/data/venv/lib/python3.12/site-packages/neutron_lib/callbacks/manager.py:52}}
Aug 25 17:16:27.646634 np0000008099 devstack@neutron-api.service[90874]: DEBUG neutron_lib.callbacks.manager [None req-7f15950a-6285-4369-b1c3-b09b9f63b628 None None] Subscribe: > network after_update 55550000, False {{(pid=90874) subscribe /opt/stack/data/venv/lib/python3.12/site-packages/neutron_lib/callbacks/manager.py:52}}
Aug 25 17:16:27.646634 np0000008099 devstack@neutron-api.service[90874]: DEBUG neutron_lib.callbacks.manager [None req-7f15950a-6285-4369-b1c3-b09b9f63b628 None None] Subscribe: > network after_delete 55550000, False {{(pid=90874) subscribe /opt/stack/data/venv/lib/python3.12/site-packages/neutron_lib/callbacks/manager.py:52}}
Aug 25 17:16:27.646634 np0000008099 devstack@neutron-api.service[90874]: DEBUG neutron_lib.callbacks.manager [None req-7f15950a-6285-4369-b1c3-b09b9f63b628 None None] Subscribe: > security_group after_create 55550000, False {{(pid=90874) subscribe /opt/stack/data/venv/lib/python3.12/site-packages/neutron_lib/callbacks/manager.py:52}}
Aug 25 17:16:27.646634 np0000008099 devstack@neutron-api.service[90874]: DEBUG neutron_lib.callbacks.manager [None req-7f15950a-6285-4369-b1c3-b09b9f63b628 None None] Subscribe: > security_group after_update 55550000, False {{(pid=90874) subscribe /opt/stack/data/venv/lib/python3.12/site-packages/neutron_lib/callbacks/manager.py:52}}
Aug 25 17:16:27.646969 np0000008099 devstack@neutron-api.service[90874]: DEBUG neutron_lib.callbacks.manager [None req-7f15950a-6285-4369-b1c3-b09b9f63b628 None None] Subscribe: > security_group after_delete 55550000, False {{(pid=90874) subscribe /opt/stack/data/venv/lib/python3.12/site-packages/neutron_lib/callbacks/manager.py:52}}
Aug 25 17:16:27.646969 np0000008099 devstack@neutron-api.service[90874]: DEBUG neutron_lib.callbacks.manager [None req-7f15950a-6285-4369-b1c3-b09b9f63b628 None None] Subscribe: > security_group_rule after_create 55550000, False {{(pid=90874) subscribe /opt/stack/data/venv/lib/python3.12/site-packages/neutron_lib/callbacks/manager.py:52}}
Aug 25 17:16:27.646969 np0000008099 devstack@neutron-api.service[90874]: DEBUG neutron_lib.callbacks.manager [None req-7f15950a-6285-4369-b1c3-b09b9f63b628 None None] Subscribe: > security_group_rule after_update 55550000, False {{(pid=90874) subscribe /opt/stack/data/venv/lib/python3.12/site-packages/neutron_lib/callbacks/manager.py:52}}
Aug 25 17:16:27.646969 np0000008099 devstack@neutron-api.service[90874]: DEBUG neutron_lib.callbacks.manager [None req-7f15950a-6285-4369-b1c3-b09b9f63b628 None None] Subscribe: > security_group_rule after_delete 55550000, False {{(pid=90874) subscribe /opt/stack/data/venv/lib/python3.12/site-packages/neutron_lib/callbacks/manager.py:52}}
Aug 25 17:16:27.647241 np0000008099 devstack@neutron-api.service[90876]: DEBUG neutron.manager [None req-c3da9a0f-5194-47bf-91fa-9ba26d37d815 None None] Successfully loaded timestamp plugin. Description: Adds timestamps to Neutron resources with standard attributes {{(pid=90876) _create_and_add_service_plugin /opt/stack/neutron/neutron/manager.py:236}}
Aug 25 17:16:27.647318 np0000008099 devstack@neutron-api.service[90874]: DEBUG neutron_lib.callbacks.manager [None req-7f15950a-6285-4369-b1c3-b09b9f63b628 None None] Subscribe: > address_group after_create 55550000, False {{(pid=90874) subscribe /opt/stack/data/venv/lib/python3.12/site-packages/neutron_lib/callbacks/manager.py:52}}
Aug 25 17:16:27.647402 np0000008099 devstack@neutron-api.service[90876]: INFO neutron.manager [None req-c3da9a0f-5194-47bf-91fa-9ba26d37d815 None None] Loading Plugin: network_ip_availability
Aug 25 17:16:27.647482 np0000008099 devstack@neutron-api.service[90874]: DEBUG neutron_lib.callbacks.manager [None req-7f15950a-6285-4369-b1c3-b09b9f63b628 None None] Subscribe: > address_group after_update 55550000, False {{(pid=90874) subscribe /opt/stack/data/venv/lib/python3.12/site-packages/neutron_lib/callbacks/manager.py:52}}
Aug 25 17:16:27.647482 np0000008099 devstack@neutron-api.service[90874]: DEBUG neutron_lib.callbacks.manager [None req-7f15950a-6285-4369-b1c3-b09b9f63b628 None None] Subscribe: > address_group after_delete 55550000, False {{(pid=90874) subscribe /opt/stack/data/venv/lib/python3.12/site-packages/neutron_lib/callbacks/manager.py:52}}
Aug 25 17:16:27.647482 np0000008099 devstack@neutron-api.service[90874]: DEBUG neutron.plugins.ml2.ovo_rpc [None req-7f15950a-6285-4369-b1c3-b09b9f63b628 None None] ML2 OVO RPC backend initialized. {{(pid=90874) __init__ /opt/stack/neutron/neutron/plugins/ml2/ovo_rpc.py:117}}
Aug 25 17:16:27.647592 np0000008099 devstack@neutron-api.service[90874]: INFO neutron.quota [None req-7f15950a-6285-4369-b1c3-b09b9f63b628 None None] Loaded quota_driver: .
Aug 25 17:16:27.647711 np0000008099 devstack@neutron-api.service[90876]: DEBUG neutron.manager [None req-c3da9a0f-5194-47bf-91fa-9ba26d37d815 None None] Successfully loaded network-ip-availability plugin. Description: Provides IP availability data for each network and subnet. {{(pid=90876) _create_and_add_service_plugin /opt/stack/neutron/neutron/manager.py:236}}
Aug 25 17:16:27.647814 np0000008099 devstack@neutron-api.service[90874]: INFO neutron.plugins.ml2.plugin [None req-7f15950a-6285-4369-b1c3-b09b9f63b628 None None] Modular L2 Plugin initialization complete
Aug 25 17:16:27.647904 np0000008099 devstack@neutron-api.service[90876]: INFO neutron.manager [None req-c3da9a0f-5194-47bf-91fa-9ba26d37d815 None None] Loading Plugin: flavors
Aug 25 17:16:27.647987 np0000008099 devstack@neutron-api.service[90874]: DEBUG neutron.manager [None req-7f15950a-6285-4369-b1c3-b09b9f63b628 None None] Loading services supported by the core plugin {{(pid=90874) _load_services_from_core_plugin /opt/stack/neutron/neutron/manager.py:167}}
Aug 25 17:16:27.648104 np0000008099 devstack@neutron-api.service[90874]: INFO neutron.plugins.ml2.managers [None req-7f15950a-6285-4369-b1c3-b09b9f63b628 None None] Got port-security extension from driver 'port_security'
Aug 25 17:16:27.648432 np0000008099 devstack@neutron-api.service[90874]: DEBUG neutron.manager [None req-7f15950a-6285-4369-b1c3-b09b9f63b628 None None] Loading service plugins: ['ovn-router', 'auto_allocate', 'tag', 'timestamp', 'network_ip_availability', 'flavors', 'revisions'] {{(pid=90874) _load_service_plugins /opt/stack/neutron/neutron/manager.py:192}}
Aug 25 17:16:27.648511 np0000008099 devstack@neutron-api.service[90874]: INFO neutron.manager [None req-7f15950a-6285-4369-b1c3-b09b9f63b628 None None] Loading Plugin: ovn-router
Aug 25 17:16:27.648721 np0000008099 devstack@neutron-api.service[90876]: DEBUG neutron.manager [None req-c3da9a0f-5194-47bf-91fa-9ba26d37d815 None None] Successfully loaded FLAVORS plugin. Description: Neutron Flavors and Service Profiles manager plugin {{(pid=90876) _create_and_add_service_plugin /opt/stack/neutron/neutron/manager.py:236}}
Aug 25 17:16:27.648782 np0000008099 devstack@neutron-api.service[90876]: INFO neutron.manager [None req-c3da9a0f-5194-47bf-91fa-9ba26d37d815 None None] Loading Plugin: revisions
Aug 25 17:16:27.649817 np0000008099 devstack@neutron-api.service[90876]: DEBUG neutron.manager [None req-c3da9a0f-5194-47bf-91fa-9ba26d37d815 None None] Successfully loaded revision_plugin plugin. Description: Adds revision numbers to resources. {{(pid=90876) _create_and_add_service_plugin /opt/stack/neutron/neutron/manager.py:236}}
Aug 25 17:16:27.649990 np0000008099 devstack@neutron-api.service[90876]: DEBUG oslo_concurrency.lockutils [None req-c3da9a0f-5194-47bf-91fa-9ba26d37d815 None None] Lock "manager" "released" by "neutron.manager.NeutronManager._create_instance" :: held 3.813s {{(pid=90876) inner /opt/stack/data/venv/lib/python3.12/site-packages/oslo_concurrency/lockutils.py:544}}
Aug 25 17:16:27.650269 np0000008099 devstack@neutron-api.service[90876]: DEBUG neutron.api.extensions [None req-c3da9a0f-5194-47bf-91fa-9ba26d37d815 None None] get_extension_paths = OrderedDict({'/opt/stack/neutron/neutron/extensions': 1}) {{(pid=90876) get_extensions_path /opt/stack/neutron/neutron/api/extensions.py:640}}
Aug 25 17:16:27.650269 np0000008099 devstack@neutron-api.service[90876]: INFO neutron.api.extensions [None req-c3da9a0f-5194-47bf-91fa-9ba26d37d815 None None] Initializing extension manager.
Aug 25 17:16:27.650503 np0000008099 devstack@neutron-api.service[90876]: DEBUG neutron.api.extensions [None req-c3da9a0f-5194-47bf-91fa-9ba26d37d815 None None] Loading extension file: __init__.py {{(pid=90876) _load_all_extensions_from_path /opt/stack/neutron/neutron/api/extensions.py:449}}
Aug 25 17:16:27.650650 np0000008099 devstack@neutron-api.service[90876]: DEBUG neutron.api.extensions [None req-c3da9a0f-5194-47bf-91fa-9ba26d37d815 None None] Loading extension file: __pycache__ {{(pid=90876) _load_all_extensions_from_path /opt/stack/neutron/neutron/api/extensions.py:449}}
Aug 25 17:16:27.650740 np0000008099 devstack@neutron-api.service[90876]: DEBUG neutron.api.extensions [None req-c3da9a0f-5194-47bf-91fa-9ba26d37d815 None None] Loading extension file: aap_reject_multicast.py {{(pid=90876) _load_all_extensions_from_path /opt/stack/neutron/neutron/api/extensions.py:449}}
Aug 25 17:16:27.650976 np0000008099 devstack@neutron-api.service[90876]: DEBUG neutron.api.extensions [None req-c3da9a0f-5194-47bf-91fa-9ba26d37d815 None None] Ext name="Allowed address pairs reject multicast extension" alias="aap-reject-multicast" description="Reject multicast addresses in Allowed Address Pairs" updated="2026-04-01T00:00:00-00:00" {{(pid=90876) _check_extension /opt/stack/neutron/neutron/api/extensions.py:415}}
Aug 25 17:16:27.651255 np0000008099 devstack@neutron-api.service[90876]: INFO neutron.api.extensions [None req-c3da9a0f-5194-47bf-91fa-9ba26d37d815 None None] Extension aap-reject-multicast not supported by any of loaded plugins
Aug 25 17:16:27.651339 np0000008099 devstack@neutron-api.service[90876]: DEBUG neutron.api.extensions [None req-c3da9a0f-5194-47bf-91fa-9ba26d37d815 None None] Loading extension file: address_group.py {{(pid=90876) _load_all_extensions_from_path /opt/stack/neutron/neutron/api/extensions.py:449}}
Aug 25 17:16:27.651666 np0000008099 devstack@neutron-api.service[90876]: DEBUG neutron.api.extensions [None req-c3da9a0f-5194-47bf-91fa-9ba26d37d815 None None] Ext name="Address group" alias="address-group" description="Support address group" updated="2020-07-15T10:00:00-00:00" {{(pid=90876) _check_extension /opt/stack/neutron/neutron/api/extensions.py:415}}
Aug 25 17:16:27.651840 np0000008099 devstack@neutron-api.service[90876]: INFO neutron.api.extensions [None req-c3da9a0f-5194-47bf-91fa-9ba26d37d815 None None] Loaded extension: address-group
Aug 25 17:16:27.651937 np0000008099 devstack@neutron-api.service[90876]: DEBUG neutron.api.extensions [None req-c3da9a0f-5194-47bf-91fa-9ba26d37d815 None None] Loading extension file: address_scope.py {{(pid=90876) _load_all_extensions_from_path /opt/stack/neutron/neutron/api/extensions.py:449}}
Aug 25 17:16:27.652204 np0000008099 devstack@neutron-api.service[90876]: DEBUG neutron.api.extensions [None req-c3da9a0f-5194-47bf-91fa-9ba26d37d815 None None] Ext name="Address scope" alias="address-scope" description="Address scopes extension." updated="2015-07-26T10:00:00-00:00" {{(pid=90876) _check_extension /opt/stack/neutron/neutron/api/extensions.py:415}}
Aug 25 17:16:27.652820 np0000008099 devstack@neutron-api.service[90876]: INFO neutron.api.extensions [None req-c3da9a0f-5194-47bf-91fa-9ba26d37d815 None None] Loaded extension: address-scope
Aug 25 17:16:27.652820 np0000008099 devstack@neutron-api.service[90876]: DEBUG neutron.api.extensions [None req-c3da9a0f-5194-47bf-91fa-9ba26d37d815 None None] Loading extension file: admin_state_down_before_update.py {{(pid=90876) _load_all_extensions_from_path /opt/stack/neutron/neutron/api/extensions.py:449}}
Aug 25 17:16:27.652820 np0000008099 devstack@neutron-api.service[90876]: DEBUG neutron.api.extensions [None req-c3da9a0f-5194-47bf-91fa-9ba26d37d815 None None] Ext name="Enforce Router's Admin State Down Before Update Extension" alias="router-admin-state-down-before-update" description="Ensure that the admin state of a router is DOWN (admin_state_up=False) before updating the distributed attribute" updated="2019-07-02T15:56:00" {{(pid=90876) _check_extension /opt/stack/neutron/neutron/api/extensions.py:415}}
Aug 25 17:16:27.653434 np0000008099 devstack@neutron-api.service[90876]: INFO neutron.api.extensions [None req-c3da9a0f-5194-47bf-91fa-9ba26d37d815 None None] Extension router-admin-state-down-before-update not supported by any of loaded plugins
Aug 25 17:16:27.653434 np0000008099 devstack@neutron-api.service[90876]: DEBUG neutron.api.extensions [None req-c3da9a0f-5194-47bf-91fa-9ba26d37d815 None None] Loading extension file: agent.py {{(pid=90876) _load_all_extensions_from_path /opt/stack/neutron/neutron/api/extensions.py:449}}
Aug 25 17:16:27.653434 np0000008099 devstack@neutron-api.service[90876]: DEBUG neutron.api.extensions [None req-c3da9a0f-5194-47bf-91fa-9ba26d37d815 None None] Ext name="agent" alias="agent" description="The agent management extension." updated="2013-02-03T10:00:00-00:00" {{(pid=90876) _check_extension /opt/stack/neutron/neutron/api/extensions.py:415}}
Aug 25 17:16:27.653434 np0000008099 devstack@neutron-api.service[90876]: INFO neutron.api.extensions [None req-c3da9a0f-5194-47bf-91fa-9ba26d37d815 None None] Loaded extension: agent
Aug 25 17:16:27.653884 np0000008099 devstack@neutron-api.service[90876]: DEBUG neutron.api.extensions [None req-c3da9a0f-5194-47bf-91fa-9ba26d37d815 None None] Loading extension file: agent_resources_synced.py {{(pid=90876) _load_all_extensions_from_path /opt/stack/neutron/neutron/api/extensions.py:449}}
Aug 25 17:16:27.653884 np0000008099 devstack@neutron-api.service[90876]: DEBUG neutron.api.extensions [None req-c3da9a0f-5194-47bf-91fa-9ba26d37d815 None None] Ext name="Agent's Resource View Synced to Placement" alias="agent-resources-synced" description="Stores success/failure of last sync to Placement" updated="2018-12-19T00:00:00-00:00" {{(pid=90876) _check_extension /opt/stack/neutron/neutron/api/extensions.py:415}}
Aug 25 17:16:27.654122 np0000008099 devstack@neutron-api.service[90876]: INFO neutron.api.extensions [None req-c3da9a0f-5194-47bf-91fa-9ba26d37d815 None None] Extension agent-resources-synced not supported by any of loaded plugins
Aug 25 17:16:27.654122 np0000008099 devstack@neutron-api.service[90876]: DEBUG neutron.api.extensions [None req-c3da9a0f-5194-47bf-91fa-9ba26d37d815 None None] Loading extension file: agent_sort_key.py {{(pid=90876) _load_all_extensions_from_path /opt/stack/neutron/neutron/api/extensions.py:449}}
Aug 25 17:16:27.654266 np0000008099 devstack@neutron-api.service[90876]: DEBUG neutron.api.extensions [None req-c3da9a0f-5194-47bf-91fa-9ba26d37d815 None None] Ext name="Agents Sort Key" alias="agent_sort_key" description="Enabling the keyword sort_key for sorting in agents." updated="2013-02-03T10:00:00-00:00" {{(pid=90876) _check_extension /opt/stack/neutron/neutron/api/extensions.py:415}}
Aug 25 17:16:27.654444 np0000008099 devstack@neutron-api.service[90876]: INFO neutron.api.extensions [None req-c3da9a0f-5194-47bf-91fa-9ba26d37d815 None None] Extension agent_sort_key not supported by any of loaded plugins
Aug 25 17:16:27.654548 np0000008099 devstack@neutron-api.service[90876]: DEBUG neutron.api.extensions [None req-c3da9a0f-5194-47bf-91fa-9ba26d37d815 None None] Loading extension file: allowedaddresspairs.py {{(pid=90876) _load_all_extensions_from_path /opt/stack/neutron/neutron/api/extensions.py:449}}
Aug 25 17:16:27.655395 np0000008099 devstack@neutron-api.service[90876]: DEBUG neutron.api.extensions [None req-c3da9a0f-5194-47bf-91fa-9ba26d37d815 None None] Ext name="Allowed Address Pairs" alias="allowed-address-pairs" description="Provides allowed address pairs" updated="2013-07-23T10:00:00-00:00" {{(pid=90876) _check_extension /opt/stack/neutron/neutron/api/extensions.py:415}}
Aug 25 17:16:27.655594 np0000008099 devstack@neutron-api.service[90876]: INFO neutron.api.extensions [None req-c3da9a0f-5194-47bf-91fa-9ba26d37d815 None None] Loaded extension: allowed-address-pairs
Aug 25 17:16:27.655679 np0000008099 devstack@neutron-api.service[90876]: DEBUG neutron.api.extensions [None req-c3da9a0f-5194-47bf-91fa-9ba26d37d815 None None] Loading extension file: auto_allocated_topology.py {{(pid=90876) _load_all_extensions_from_path /opt/stack/neutron/neutron/api/extensions.py:449}}
Aug 25 17:16:27.655962 np0000008099 devstack@neutron-api.service[90876]: DEBUG neutron.api.extensions [None req-c3da9a0f-5194-47bf-91fa-9ba26d37d815 None None] Ext name="Auto Allocated Topology Services" alias="auto-allocated-topology" description="Auto Allocated Topology Services." updated="2016-01-01T00:00:00-00:00" {{(pid=90876) _check_extension /opt/stack/neutron/neutron/api/extensions.py:415}}
Aug 25 17:16:27.656088 np0000008099 devstack@neutron-api.service[90876]: INFO neutron.api.extensions [None req-c3da9a0f-5194-47bf-91fa-9ba26d37d815 None None] Loaded extension: auto-allocated-topology
Aug 25 17:16:27.656221 np0000008099 devstack@neutron-api.service[90876]: DEBUG neutron.api.extensions [None req-c3da9a0f-5194-47bf-91fa-9ba26d37d815 None None] Loading extension file: availability_zone.py {{(pid=90876) _load_all_extensions_from_path /opt/stack/neutron/neutron/api/extensions.py:449}}
Aug 25 17:16:27.657608 np0000008099 devstack@neutron-api.service[90876]: DEBUG neutron.api.extensions [None req-c3da9a0f-5194-47bf-91fa-9ba26d37d815 None None] Ext name="Availability Zone" alias="availability_zone" description="The availability zone extension." updated="2015-01-01T10:00:00-00:00" {{(pid=90876) _check_extension /opt/stack/neutron/neutron/api/extensions.py:415}}
Aug 25 17:16:27.657608 np0000008099 devstack@neutron-api.service[90876]: INFO neutron.api.extensions [None req-c3da9a0f-5194-47bf-91fa-9ba26d37d815 None None] Loaded extension: availability_zone
Aug 25 17:16:27.657608 np0000008099 devstack@neutron-api.service[90876]: DEBUG neutron.api.extensions [None req-c3da9a0f-5194-47bf-91fa-9ba26d37d815 None None] Loading extension file: availability_zone_filter.py {{(pid=90876) _load_all_extensions_from_path /opt/stack/neutron/neutron/api/extensions.py:449}}
Aug 25 17:16:27.657608 np0000008099 devstack@neutron-api.service[90876]: DEBUG neutron.api.extensions [None req-c3da9a0f-5194-47bf-91fa-9ba26d37d815 None None] Ext name="Availability Zone Filter Extension" alias="availability_zone_filter" description="Add filter parameters to AvailabilityZone resource" updated="2018-06-22T10:00:00-00:00" {{(pid=90876) _check_extension /opt/stack/neutron/neutron/api/extensions.py:415}}
Aug 25 17:16:27.657608 np0000008099 devstack@neutron-api.service[90876]: INFO neutron.api.extensions [None req-c3da9a0f-5194-47bf-91fa-9ba26d37d815 None None] Extension availability_zone_filter not supported by any of loaded plugins
Aug 25 17:16:27.657608 np0000008099 devstack@neutron-api.service[90876]: DEBUG neutron.api.extensions [None req-c3da9a0f-5194-47bf-91fa-9ba26d37d815 None None] Loading extension file: data_plane_status.py {{(pid=90876) _load_all_extensions_from_path /opt/stack/neutron/neutron/api/extensions.py:449}}
Aug 25 17:16:27.658056 np0000008099 devstack@neutron-api.service[90876]: DEBUG neutron.api.extensions [None req-c3da9a0f-5194-47bf-91fa-9ba26d37d815 None None] Ext name="Port data plane status extension" alias="data-plane-status" description="Expose status of underlying data plane" updated="2017-01-24T10:00:00-00:00" {{(pid=90876) _check_extension /opt/stack/neutron/neutron/api/extensions.py:415}}
Aug 25 17:16:27.658056 np0000008099 devstack@neutron-api.service[90876]: INFO neutron.api.extensions [None req-c3da9a0f-5194-47bf-91fa-9ba26d37d815 None None] Extension data-plane-status not supported by any of loaded plugins
Aug 25 17:16:27.658195 np0000008099 devstack@neutron-api.service[90876]: DEBUG neutron.api.extensions [None req-c3da9a0f-5194-47bf-91fa-9ba26d37d815 None None] Loading extension file: default_subnetpools.py {{(pid=90876) _load_all_extensions_from_path /opt/stack/neutron/neutron/api/extensions.py:449}}
Aug 25 17:16:27.658341 np0000008099 devstack@neutron-api.service[90876]: DEBUG neutron.api.extensions [None req-c3da9a0f-5194-47bf-91fa-9ba26d37d815 None None] Ext name="Default Subnetpools" alias="default-subnetpools" description="Provides ability to mark and use a subnetpool as the default." updated="2016-02-18T18:00:00-00:00" {{(pid=90876) _check_extension /opt/stack/neutron/neutron/api/extensions.py:415}}
Aug 25 17:16:27.658508 np0000008099 devstack@neutron-api.service[90876]: INFO neutron.api.extensions [None req-c3da9a0f-5194-47bf-91fa-9ba26d37d815 None None] Loaded extension: default-subnetpools
Aug 25 17:16:27.658617 np0000008099 devstack@neutron-api.service[90876]: DEBUG neutron.api.extensions [None req-c3da9a0f-5194-47bf-91fa-9ba26d37d815 None None] Loading extension file: dhcpagentscheduler.py {{(pid=90876) _load_all_extensions_from_path /opt/stack/neutron/neutron/api/extensions.py:449}}
Aug 25 17:16:27.659053 np0000008099 devstack@neutron-api.service[90876]: DEBUG neutron.api.extensions [None req-c3da9a0f-5194-47bf-91fa-9ba26d37d815 None None] Ext name="DHCP Agent Scheduler" alias="dhcp_agent_scheduler" description="Schedule networks among dhcp agents" updated="2013-02-07T10:00:00-00:00" {{(pid=90876) _check_extension /opt/stack/neutron/neutron/api/extensions.py:415}}
Aug 25 17:16:27.659204 np0000008099 devstack@neutron-api.service[90876]: INFO neutron.api.extensions [None req-c3da9a0f-5194-47bf-91fa-9ba26d37d815 None None] Loaded extension: dhcp_agent_scheduler
Aug 25 17:16:27.659290 np0000008099 devstack@neutron-api.service[90876]: DEBUG neutron.api.extensions [None req-c3da9a0f-5194-47bf-91fa-9ba26d37d815 None None] Loading extension file: dns.py {{(pid=90876) _load_all_extensions_from_path /opt/stack/neutron/neutron/api/extensions.py:449}}
Aug 25 17:16:27.659554 np0000008099 devstack@neutron-api.service[90876]: DEBUG neutron.api.extensions [None req-c3da9a0f-5194-47bf-91fa-9ba26d37d815 None None] Ext name="DNS Integration" alias="dns-integration" description="Provides integration with DNS." updated="2015-08-15T18:00:00-00:00" {{(pid=90876) _check_extension /opt/stack/neutron/neutron/api/extensions.py:415}}
Aug 25 17:16:27.659734 np0000008099 devstack@neutron-api.service[90876]: INFO neutron.api.extensions [None req-c3da9a0f-5194-47bf-91fa-9ba26d37d815 None None] Loaded extension: dns-integration
Aug 25 17:16:27.659865 np0000008099 devstack@neutron-api.service[90876]: DEBUG neutron.api.extensions [None req-c3da9a0f-5194-47bf-91fa-9ba26d37d815 None None] Loading extension file: dns_domain_ports.py {{(pid=90876) _load_all_extensions_from_path /opt/stack/neutron/neutron/api/extensions.py:449}}
Aug 25 17:16:27.660111 np0000008099 devstack@neutron-api.service[90876]: DEBUG neutron.api.extensions [None req-c3da9a0f-5194-47bf-91fa-9ba26d37d815 None None] Ext name="dns_domain for ports" alias="dns-domain-ports" description="Allows the DNS domain to be specified for a network port." updated="2017-04-24T10:00:00-00:00" {{(pid=90876) _check_extension /opt/stack/neutron/neutron/api/extensions.py:415}}
Aug 25 17:16:27.660254 np0000008099 devstack@neutron-api.service[90876]: INFO neutron.api.extensions [None req-c3da9a0f-5194-47bf-91fa-9ba26d37d815 None None] Loaded extension: dns-domain-ports
Aug 25 17:16:27.660339 np0000008099 devstack@neutron-api.service[90876]: DEBUG neutron.api.extensions [None req-c3da9a0f-5194-47bf-91fa-9ba26d37d815 None None] Loading extension file: dns_integration_domain_keywords.py {{(pid=90876) _load_all_extensions_from_path /opt/stack/neutron/neutron/api/extensions.py:449}}
Aug 25 17:16:27.660601 np0000008099 devstack@neutron-api.service[90876]: DEBUG neutron.api.extensions [None req-c3da9a0f-5194-47bf-91fa-9ba26d37d815 None None] Ext name="DNS domain names with keywords allowed" alias="dns-integration-domain-keywords" description="Allows to use keywords like , , and as DNS domain name" updated="2020-06-15T18:00:00-00:00" {{(pid=90876) _check_extension /opt/stack/neutron/neutron/api/extensions.py:415}}
Aug 25 17:16:27.660798 np0000008099 devstack@neutron-api.service[90876]: INFO neutron.api.extensions [None req-c3da9a0f-5194-47bf-91fa-9ba26d37d815 None None] Loaded extension: dns-integration-domain-keywords
Aug 25 17:16:27.660842 np0000008099 devstack@neutron-api.service[90874]: DEBUG neutron_lib.callbacks.manager [None req-7f15950a-6285-4369-b1c3-b09b9f63b628 None None] Subscribe: > router before_delete 55550000, False {{(pid=90874) subscribe /opt/stack/data/venv/lib/python3.12/site-packages/neutron_lib/callbacks/manager.py:52}}
Aug 25 17:16:27.660889 np0000008099 devstack@neutron-api.service[90876]: DEBUG neutron.api.extensions [None req-c3da9a0f-5194-47bf-91fa-9ba26d37d815 None None] Loading extension file: dvr.py {{(pid=90876) _load_all_extensions_from_path /opt/stack/neutron/neutron/api/extensions.py:449}}
Aug 25 17:16:27.660957 np0000008099 devstack@neutron-api.service[90874]: DEBUG neutron_lib.callbacks.manager [None req-7f15950a-6285-4369-b1c3-b09b9f63b628 None None] Subscribe: port before_update 55550000, False {{(pid=90874) subscribe /opt/stack/data/venv/lib/python3.12/site-packages/neutron_lib/callbacks/manager.py:52}}
Aug 25 17:16:27.661072 np0000008099 devstack@neutron-api.service[90874]: DEBUG neutron_lib.callbacks.manager [None req-7f15950a-6285-4369-b1c3-b09b9f63b628 None None] Subscribe: port after_update 55550000, False {{(pid=90874) subscribe /opt/stack/data/venv/lib/python3.12/site-packages/neutron_lib/callbacks/manager.py:52}}
Aug 25 17:16:27.661147 np0000008099 devstack@neutron-api.service[90876]: DEBUG neutron.api.extensions [None req-c3da9a0f-5194-47bf-91fa-9ba26d37d815 None None] Ext name="Distributed Virtual Router" alias="dvr" description="Enables configuration of Distributed Virtual Routers." updated="2014-06-1T10:00:00-00:00" {{(pid=90876) _check_extension /opt/stack/neutron/neutron/api/extensions.py:415}}
Aug 25 17:16:27.661192 np0000008099 devstack@neutron-api.service[90874]: DEBUG neutron_lib.callbacks.manager [None req-7f15950a-6285-4369-b1c3-b09b9f63b628 None None] Subscribe: > port precommit_delete 55550000, False {{(pid=90874) subscribe /opt/stack/data/venv/lib/python3.12/site-packages/neutron_lib/callbacks/manager.py:52}}
Aug 25 17:16:27.662085 np0000008099 devstack@neutron-api.service[90874]: DEBUG neutron_lib.callbacks.manager [None req-7f15950a-6285-4369-b1c3-b09b9f63b628 None None] Subscribe: port before_update 55550000, False {{(pid=90874) subscribe /opt/stack/data/venv/lib/python3.12/site-packages/neutron_lib/callbacks/manager.py:52}}
Aug 25 17:16:27.662144 np0000008099 devstack@neutron-api.service[90876]: INFO neutron.api.extensions [None req-c3da9a0f-5194-47bf-91fa-9ba26d37d815 None None] Extension dvr not supported by any of loaded plugins
Aug 25 17:16:27.662186 np0000008099 devstack@neutron-api.service[90874]: DEBUG neutron_lib.callbacks.manager [None req-7f15950a-6285-4369-b1c3-b09b9f63b628 None None] Subscribe: port before_delete 55550000, False {{(pid=90874) subscribe /opt/stack/data/venv/lib/python3.12/site-packages/neutron_lib/callbacks/manager.py:52}}
Aug 25 17:16:27.662233 np0000008099 devstack@neutron-api.service[90876]: DEBUG neutron.api.extensions [None req-c3da9a0f-5194-47bf-91fa-9ba26d37d815 None None] Loading extension file: ecmp_routes.py {{(pid=90876) _load_all_extensions_from_path /opt/stack/neutron/neutron/api/extensions.py:449}}
Aug 25 17:16:27.662281 np0000008099 devstack@neutron-api.service[90874]: DEBUG neutron_lib.callbacks.manager [None req-7f15950a-6285-4369-b1c3-b09b9f63b628 None None] Subscribe: > router precommit_create 55550000, False {{(pid=90874) subscribe /opt/stack/data/venv/lib/python3.12/site-packages/neutron_lib/callbacks/manager.py:52}}
Aug 25 17:16:27.662281 np0000008099 devstack@neutron-api.service[90874]: DEBUG neutron_lib.callbacks.manager [None req-7f15950a-6285-4369-b1c3-b09b9f63b628 None None] Subscribe: > router precommit_create 55550000, False {{(pid=90874) subscribe /opt/stack/data/venv/lib/python3.12/site-packages/neutron_lib/callbacks/manager.py:52}}
Aug 25 17:16:27.662361 np0000008099 devstack@neutron-api.service[90876]: DEBUG neutron.api.extensions [None req-c3da9a0f-5194-47bf-91fa-9ba26d37d815 None None] Ext name="Equal Cost Multipath Routing" alias="ecmp_routes" description="Allows traffic to reach thesame destination via multiple different links " updated="2020-11-26T18:00:00-00:00" {{(pid=90876) _check_extension /opt/stack/neutron/neutron/api/extensions.py:415}}
Aug 25 17:16:27.662402 np0000008099 devstack@neutron-api.service[90874]: DEBUG neutron_lib.callbacks.manager [None req-7f15950a-6285-4369-b1c3-b09b9f63b628 None None] Subscribe: > router precommit_update 55550000, False {{(pid=90874) subscribe /opt/stack/data/venv/lib/python3.12/site-packages/neutron_lib/callbacks/manager.py:52}}
Aug 25 17:16:27.662402 np0000008099 devstack@neutron-api.service[90874]: DEBUG neutron_lib.callbacks.manager [None req-7f15950a-6285-4369-b1c3-b09b9f63b628 None None] Subscribe: subnet after_update 55550000, False {{(pid=90874) subscribe /opt/stack/data/venv/lib/python3.12/site-packages/neutron_lib/callbacks/manager.py:52}}
Aug 25 17:16:27.662469 np0000008099 devstack@neutron-api.service[90876]: INFO neutron.api.extensions [None req-c3da9a0f-5194-47bf-91fa-9ba26d37d815 None None] Extension ecmp_routes not supported by any of loaded plugins
Aug 25 17:16:27.662469 np0000008099 devstack@neutron-api.service[90876]: DEBUG neutron.api.extensions [None req-c3da9a0f-5194-47bf-91fa-9ba26d37d815 None None] Loading extension file: empty_string_filtering.py {{(pid=90876) _load_all_extensions_from_path /opt/stack/neutron/neutron/api/extensions.py:449}}
Aug 25 17:16:27.662558 np0000008099 devstack@neutron-api.service[90874]: DEBUG neutron.quota.resource_registry [None req-7f15950a-6285-4369-b1c3-b09b9f63b628 None None] Tracking information for resource: router configured {{(pid=90874) set_tracked_resource /opt/stack/neutron/neutron/quota/resource_registry.py:203}}
Aug 25 17:16:27.662558 np0000008099 devstack@neutron-api.service[90874]: DEBUG neutron.quota.resource_registry [None req-7f15950a-6285-4369-b1c3-b09b9f63b628 None None] Tracking information for resource: floatingip configured {{(pid=90874) set_tracked_resource /opt/stack/neutron/neutron/quota/resource_registry.py:203}}
Aug 25 17:16:27.662558 np0000008099 devstack@neutron-api.service[90874]: INFO neutron.services.ovn_l3.plugin [None req-7f15950a-6285-4369-b1c3-b09b9f63b628 None None] Starting OVNL3RouterPlugin
Aug 25 17:16:27.662660 np0000008099 devstack@neutron-api.service[90876]: DEBUG neutron.api.extensions [None req-c3da9a0f-5194-47bf-91fa-9ba26d37d815 None None] Ext name="Empty String Filtering Extension" alias="empty-string-filtering" description="Allow filtering by attributes with empty string value" updated="2018-05-01T10:00:00-00:00" {{(pid=90876) _check_extension /opt/stack/neutron/neutron/api/extensions.py:415}}
Aug 25 17:16:27.662660 np0000008099 devstack@neutron-api.service[90876]: INFO neutron.api.extensions [None req-c3da9a0f-5194-47bf-91fa-9ba26d37d815 None None] Loaded extension: empty-string-filtering
Aug 25 17:16:27.662660 np0000008099 devstack@neutron-api.service[90876]: DEBUG neutron.api.extensions [None req-c3da9a0f-5194-47bf-91fa-9ba26d37d815 None None] Loading extension file: evpn.py {{(pid=90876) _load_all_extensions_from_path /opt/stack/neutron/neutron/api/extensions.py:449}}
Aug 25 17:16:27.662790 np0000008099 devstack@neutron-api.service[90874]: DEBUG neutron_lib.callbacks.manager [None req-7f15950a-6285-4369-b1c3-b09b9f63b628 None None] Subscribe: > port_forwarding_plugin after_init 55550000, False {{(pid=90874) subscribe /opt/stack/data/venv/lib/python3.12/site-packages/neutron_lib/callbacks/manager.py:52}}
Aug 25 17:16:27.662790 np0000008099 devstack@neutron-api.service[90874]: DEBUG neutron_lib.callbacks.manager [None req-7f15950a-6285-4369-b1c3-b09b9f63b628 None None] Subscribe: > router before_create 55550100, False {{(pid=90874) subscribe /opt/stack/data/venv/lib/python3.12/site-packages/neutron_lib/callbacks/manager.py:52}}
Aug 25 17:16:27.662872 np0000008099 devstack@neutron-api.service[90876]: DEBUG neutron.api.extensions [None req-c3da9a0f-5194-47bf-91fa-9ba26d37d815 None None] Ext name="EVPN" alias="evpn" description="Router extension to support EVPN Type-5 route advertisement" updated="2026-04-28T00:00:00-00:00" {{(pid=90876) _check_extension /opt/stack/neutron/neutron/api/extensions.py:415}}
Aug 25 17:16:27.662922 np0000008099 devstack@neutron-api.service[90874]: DEBUG neutron_lib.callbacks.manager [None req-7f15950a-6285-4369-b1c3-b09b9f63b628 None None] Subscribe: > router precommit_delete 55550100, False {{(pid=90874) subscribe /opt/stack/data/venv/lib/python3.12/site-packages/neutron_lib/callbacks/manager.py:52}}
Aug 25 17:16:27.662922 np0000008099 devstack@neutron-api.service[90874]: DEBUG neutron_lib.callbacks.manager [None req-7f15950a-6285-4369-b1c3-b09b9f63b628 None None] Subscribe: > router precommit_create 55550100, False {{(pid=90874) subscribe /opt/stack/data/venv/lib/python3.12/site-packages/neutron_lib/callbacks/manager.py:52}}
Aug 25 17:16:27.662992 np0000008099 devstack@neutron-api.service[90876]: INFO neutron.api.extensions [None req-c3da9a0f-5194-47bf-91fa-9ba26d37d815 None None] Extension evpn not supported by any of loaded plugins
Aug 25 17:16:27.663060 np0000008099 devstack@neutron-api.service[90874]: DEBUG neutron_lib.callbacks.manager [None req-7f15950a-6285-4369-b1c3-b09b9f63b628 None None] Subscribe: > router precommit_update 55550100, False {{(pid=90874) subscribe /opt/stack/data/venv/lib/python3.12/site-packages/neutron_lib/callbacks/manager.py:52}}
Aug 25 17:16:27.663097 np0000008099 devstack@neutron-api.service[90876]: DEBUG neutron.api.extensions [None req-c3da9a0f-5194-47bf-91fa-9ba26d37d815 None None] Loading extension file: expose_l3_conntrack_helper.py {{(pid=90876) _load_all_extensions_from_path /opt/stack/neutron/neutron/api/extensions.py:449}}
Aug 25 17:16:27.663097 np0000008099 devstack@neutron-api.service[90876]: DEBUG neutron.api.extensions [None req-c3da9a0f-5194-47bf-91fa-9ba26d37d815 None None] Ext name="Expose CT target rules for conntrack helper" alias="expose-l3-conntrack-helper" description="Expose allow adding CT target rules for conntrack helper" updated="2019-04-04T10:00:00-00:00" {{(pid=90876) _check_extension /opt/stack/neutron/neutron/api/extensions.py:415}}
Aug 25 17:16:27.663201 np0000008099 devstack@neutron-api.service[90876]: INFO neutron.api.extensions [None req-c3da9a0f-5194-47bf-91fa-9ba26d37d815 None None] Extension expose-l3-conntrack-helper not supported by any of loaded plugins
