Aug 25 17:19:48.674546 np0000008099 devstack@placement-api.service[93286]: DEBUG placement.objects.research_context [req-9375ad73-f2c0-4e75-b7ae-2f7c8b31f6ac req-9567e5b9-ac24-4c45-864d-a609bfd46eee service nova] found 1 providers with available 1 DISK_GB {{(pid=93286) get_provider_ids_matching /opt/stack/placement/placement/objects/research_context.py:566}}
Aug 25 17:19:48.674686 np0000008099 devstack@placement-api.service[93286]: DEBUG placement.objects.research_context [req-9375ad73-f2c0-4e75-b7ae-2f7c8b31f6ac req-9567e5b9-ac24-4c45-864d-a609bfd46eee service nova] found 1 providers with available 192 MEMORY_MB {{(pid=93286) get_provider_ids_matching /opt/stack/placement/placement/objects/research_context.py:566}}
Aug 25 17:19:48.675126 np0000008099 devstack@placement-api.service[93286]: DEBUG placement.objects.research_context [req-9375ad73-f2c0-4e75-b7ae-2f7c8b31f6ac req-9567e5b9-ac24-4c45-864d-a609bfd46eee service nova] found 1 providers after filtering by previous result {{(pid=93286) get_provider_ids_matching /opt/stack/placement/placement/objects/research_context.py:597}}
Aug 25 17:19:48.675243 np0000008099 devstack@placement-api.service[93286]: DEBUG placement.objects.research_context [req-9375ad73-f2c0-4e75-b7ae-2f7c8b31f6ac req-9567e5b9-ac24-4c45-864d-a609bfd46eee service nova] found 1 providers with available 1 VCPU {{(pid=93286) get_provider_ids_matching /opt/stack/placement/placement/objects/research_context.py:566}}
Aug 25 17:19:48.675402 np0000008099 devstack@placement-api.service[93286]: DEBUG placement.objects.research_context [req-9375ad73-f2c0-4e75-b7ae-2f7c8b31f6ac req-9567e5b9-ac24-4c45-864d-a609bfd46eee service nova] found 1 providers after filtering by previous result {{(pid=93286) get_provider_ids_matching /opt/stack/placement/placement/objects/research_context.py:597}}
Aug 25 17:19:48.684756 np0000008099 devstack@placement-api.service[93286]: DEBUG placement.objects.allocation_candidate [req-9375ad73-f2c0-4e75-b7ae-2f7c8b31f6ac req-9567e5b9-ac24-4c45-864d-a609bfd46eee service nova] RequestGroup(use_same_provider=False, resources={DISK_GB:1, MEMORY_MB:192, VCPU:1}, traits=(), aggregates=[]) (suffix '') returned 1 matches {{(pid=93286) _get_by_requests /opt/stack/placement/placement/objects/allocation_candidate.py:158}}
Aug 25 17:19:48.685339 np0000008099 devstack@placement-api.service[93286]: DEBUG placement.objects.allocation_candidate [req-9375ad73-f2c0-4e75-b7ae-2f7c8b31f6ac req-9567e5b9-ac24-4c45-864d-a609bfd46eee service nova] Merging candidates yields 1 allocation requests and 1 provider summaries {{(pid=93286) _merge_candidates /opt/stack/placement/placement/objects/allocation_candidate.py:973}}
Aug 25 17:19:48.686967 np0000008099 devstack@placement-api.service[93286]: INFO placement.requestlog [req-9375ad73-f2c0-4e75-b7ae-2f7c8b31f6ac req-9567e5b9-ac24-4c45-864d-a609bfd46eee service nova] 10.4.3.105 "GET /placement/allocation_candidates?limit=1000&resources=DISK_GB%3A1%2CMEMORY_MB%3A192%2CVCPU%3A1&root_required=OWNER_NOVA%2C%21COMPUTE_STATUS_DISABLED" status: 200 len: 2506 microversion: 1.36
Aug 25 17:19:48.687223 np0000008099 devstack@placement-api.service[93286]: [pid: 93286|app: 0|req: 12/48] 10.4.3.105 () {68 vars in 1651 bytes} [Tue Aug 25 17:19:48 2026] GET /placement/allocation_candidates?limit=1000&resources=DISK_GB%3A1%2CMEMORY_MB%3A192%2CVCPU%3A1&root_required=OWNER_NOVA%2C%21COMPUTE_STATUS_DISABLED => generated 2506 bytes in 129 msecs (HTTP/1.1 200) 8 headers in 297 bytes (1 switches on core 0)
Aug 25 17:19:48.781465 np0000008099 devstack@placement-api.service[93289]: DEBUG placement.requestlog [req-9375ad73-f2c0-4e75-b7ae-2f7c8b31f6ac req-0d1d609a-35c8-4140-b561-f8553c52f919 None None] Starting request: 10.4.3.105 "GET /placement/allocations/a035ddba-52c7-46f3-bba9-2177064220b8" {{(pid=93289) __call__ /opt/stack/placement/placement/requestlog.py:55}}
Aug 25 17:19:48.808668 np0000008099 devstack@placement-api.service[93289]: INFO placement.requestlog [req-9375ad73-f2c0-4e75-b7ae-2f7c8b31f6ac req-0d1d609a-35c8-4140-b561-f8553c52f919 service nova] 10.4.3.105 "GET /placement/allocations/a035ddba-52c7-46f3-bba9-2177064220b8" status: 200 len: 19 microversion: 1.28
Aug 25 17:19:48.808668 np0000008099 devstack@placement-api.service[93289]: [pid: 93289|app: 0|req: 13/49] 10.4.3.105 () {68 vars in 1501 bytes} [Tue Aug 25 17:19:48 2026] GET /placement/allocations/a035ddba-52c7-46f3-bba9-2177064220b8 => generated 19 bytes in 28 msecs (HTTP/1.1 200) 8 headers in 295 bytes (1 switches on core 0)
Aug 25 17:19:48.850254 np0000008099 devstack@placement-api.service[93288]: DEBUG placement.requestlog [req-9375ad73-f2c0-4e75-b7ae-2f7c8b31f6ac req-8f03c1fe-1af0-4140-a447-d94e9cea6f85 None None] Starting request: 10.4.3.105 "PUT /placement/allocations/a035ddba-52c7-46f3-bba9-2177064220b8" {{(pid=93288) __call__ /opt/stack/placement/placement/requestlog.py:55}}
Aug 25 17:19:49.016302 np0000008099 devstack@placement-api.service[93288]: DEBUG placement.handlers.allocation [req-9375ad73-f2c0-4e75-b7ae-2f7c8b31f6ac req-8f03c1fe-1af0-4140-a447-d94e9cea6f85 service nova] Successfully wrote allocations [, , ] {{(pid=93288) _update_consumers_and_create_allocations /opt/stack/placement/placement/handlers/allocation.py:462}}
Aug 25 17:19:49.033000 np0000008099 devstack@placement-api.service[93288]: INFO placement.requestlog [req-9375ad73-f2c0-4e75-b7ae-2f7c8b31f6ac req-8f03c1fe-1af0-4140-a447-d94e9cea6f85 service nova] 10.4.3.105 "PUT /placement/allocations/a035ddba-52c7-46f3-bba9-2177064220b8" status: 204 len: 0 microversion: 1.36
Aug 25 17:19:49.033391 np0000008099 devstack@placement-api.service[93288]: [pid: 93288|app: 0|req: 13/50] 10.4.3.105 () {72 vars in 1554 bytes} [Tue Aug 25 17:19:48 2026] PUT /placement/allocations/a035ddba-52c7-46f3-bba9-2177064220b8 => generated 0 bytes in 184 msecs (HTTP/1.1 204) 5 headers in 199 bytes (1 switches on core 0)
Aug 25 17:19:49.452708 np0000008099 devstack@placement-api.service[93287]: DEBUG placement.requestlog [req-9375ad73-f2c0-4e75-b7ae-2f7c8b31f6ac req-8f171176-1a33-46cc-9546-59bf986ea961 None None] Starting request: 10.4.3.105 "GET /placement/allocations/a035ddba-52c7-46f3-bba9-2177064220b8" {{(pid=93287) __call__ /opt/stack/placement/placement/requestlog.py:55}}
Aug 25 17:19:49.463937 np0000008099 devstack@placement-api.service[93287]: INFO placement.requestlog [req-9375ad73-f2c0-4e75-b7ae-2f7c8b31f6ac req-8f171176-1a33-46cc-9546-59bf986ea961 service nova] 10.4.3.105 "GET /placement/allocations/a035ddba-52c7-46f3-bba9-2177064220b8" status: 200 len: 257 microversion: 1.28
Aug 25 17:19:49.464423 np0000008099 devstack@placement-api.service[93287]: [pid: 93287|app: 0|req: 13/51] 10.4.3.105 () {68 vars in 1499 bytes} [Tue Aug 25 17:19:49 2026] GET /placement/allocations/a035ddba-52c7-46f3-bba9-2177064220b8 => generated 257 bytes in 12 msecs (HTTP/1.1 200) 8 headers in 296 bytes (1 switches on core 0)
Aug 25 17:19:49.619453 np0000008099 devstack@placement-api.service[93286]: DEBUG placement.requestlog [req-9375ad73-f2c0-4e75-b7ae-2f7c8b31f6ac req-9dfe28c3-c87b-4d82-964b-f6d416f82662 None None] Starting request: 10.4.3.105 "GET /placement/resource_providers/4cb3aa03-b4cc-41b9-867e-da95ff6474dc/allocations" {{(pid=93286) __call__ /opt/stack/placement/placement/requestlog.py:55}}
Aug 25 17:19:49.649508 np0000008099 devstack@placement-api.service[93286]: INFO placement.requestlog [req-9375ad73-f2c0-4e75-b7ae-2f7c8b31f6ac req-9dfe28c3-c87b-4d82-964b-f6d416f82662 service nova] 10.4.3.105 "GET /placement/resource_providers/4cb3aa03-b4cc-41b9-867e-da95ff6474dc/allocations" status: 200 len: 552 microversion: 1.0
Aug 25 17:19:49.649508 np0000008099 devstack@placement-api.service[93286]: [pid: 93286|app: 0|req: 13/52] 10.4.3.105 () {66 vars in 1512 bytes} [Tue Aug 25 17:19:49 2026] GET /placement/resource_providers/4cb3aa03-b4cc-41b9-867e-da95ff6474dc/allocations => generated 552 bytes in 30 msecs (HTTP/1.1 200) 6 headers in 224 bytes (1 switches on core 0)
Aug 25 17:19:49.699346 np0000008099 devstack@placement-api.service[93289]: DEBUG placement.requestlog [req-9375ad73-f2c0-4e75-b7ae-2f7c8b31f6ac req-fb4a6dc4-1dfd-4e7f-a724-1172df5bf965 None None] Starting request: 10.4.3.105 "GET /placement/allocations/29f67112-f996-4d2c-9164-51e4b368d014" {{(pid=93289) __call__ /opt/stack/placement/placement/requestlog.py:55}}
Aug 25 17:19:49.715401 np0000008099 devstack@placement-api.service[93289]: INFO placement.requestlog [req-9375ad73-f2c0-4e75-b7ae-2f7c8b31f6ac req-fb4a6dc4-1dfd-4e7f-a724-1172df5bf965 service nova] 10.4.3.105 "GET /placement/allocations/29f67112-f996-4d2c-9164-51e4b368d014" status: 200 len: 257 microversion: 1.28
Aug 25 17:19:49.715958 np0000008099 devstack@placement-api.service[93289]: [pid: 93289|app: 0|req: 14/53] 10.4.3.105 () {68 vars in 1499 bytes} [Tue Aug 25 17:19:49 2026] GET /placement/allocations/29f67112-f996-4d2c-9164-51e4b368d014 => generated 257 bytes in 16 msecs (HTTP/1.1 200) 8 headers in 296 bytes (1 switches on core 0)
Aug 25 17:19:49.772373 np0000008099 devstack@placement-api.service[93288]: DEBUG placement.requestlog [req-9375ad73-f2c0-4e75-b7ae-2f7c8b31f6ac req-60686cd9-dd9d-4e18-b169-d338a48c0a70 None None] Starting request: 10.4.3.105 "GET /placement/allocations/15407c08-c2d7-4c8b-95dd-657b136c5cad" {{(pid=93288) __call__ /opt/stack/placement/placement/requestlog.py:55}}
Aug 25 17:19:49.786408 np0000008099 devstack@placement-api.service[93288]: INFO placement.requestlog [req-9375ad73-f2c0-4e75-b7ae-2f7c8b31f6ac req-60686cd9-dd9d-4e18-b169-d338a48c0a70 service nova] 10.4.3.105 "GET /placement/allocations/15407c08-c2d7-4c8b-95dd-657b136c5cad" status: 200 len: 257 microversion: 1.28
Aug 25 17:19:49.786634 np0000008099 devstack@placement-api.service[93288]: [pid: 93288|app: 0|req: 14/54] 10.4.3.105 () {68 vars in 1499 bytes} [Tue Aug 25 17:19:49 2026] GET /placement/allocations/15407c08-c2d7-4c8b-95dd-657b136c5cad => generated 257 bytes in 14 msecs (HTTP/1.1 200) 8 headers in 296 bytes (1 switches on core 0)
Aug 25 17:19:49.837359 np0000008099 devstack@placement-api.service[93287]: DEBUG placement.requestlog [req-9375ad73-f2c0-4e75-b7ae-2f7c8b31f6ac req-a46c5251-f745-4e89-868a-31863a8cfd41 None None] Starting request: 10.4.3.105 "GET /placement/allocations/a035ddba-52c7-46f3-bba9-2177064220b8" {{(pid=93287) __call__ /opt/stack/placement/placement/requestlog.py:55}}
Aug 25 17:19:49.845575 np0000008099 devstack@placement-api.service[93287]: INFO placement.requestlog [req-9375ad73-f2c0-4e75-b7ae-2f7c8b31f6ac req-a46c5251-f745-4e89-868a-31863a8cfd41 service nova] 10.4.3.105 "GET /placement/allocations/a035ddba-52c7-46f3-bba9-2177064220b8" status: 200 len: 257 microversion: 1.28
Aug 25 17:19:49.845575 np0000008099 devstack@placement-api.service[93287]: [pid: 93287|app: 0|req: 14/55] 10.4.3.105 () {68 vars in 1499 bytes} [Tue Aug 25 17:19:49 2026] GET /placement/allocations/a035ddba-52c7-46f3-bba9-2177064220b8 => generated 257 bytes in 9 msecs (HTTP/1.1 200) 8 headers in 296 bytes (1 switches on core 0)
Aug 25 17:19:49.899396 np0000008099 devstack@placement-api.service[93286]: DEBUG placement.requestlog [req-9375ad73-f2c0-4e75-b7ae-2f7c8b31f6ac req-890ecef4-aad4-4616-a050-bafaf47a3672 None None] Starting request: 10.4.3.105 "GET /placement/allocations/b640f5ac-dc0f-4a3e-b24b-64dbd1fb82b3" {{(pid=93286) __call__ /opt/stack/placement/placement/requestlog.py:55}}
Aug 25 17:19:49.923069 np0000008099 devstack@placement-api.service[93286]: INFO placement.requestlog [req-9375ad73-f2c0-4e75-b7ae-2f7c8b31f6ac req-890ecef4-aad4-4616-a050-bafaf47a3672 service nova] 10.4.3.105 "GET /placement/allocations/b640f5ac-dc0f-4a3e-b24b-64dbd1fb82b3" status: 200 len: 257 microversion: 1.28
Aug 25 17:19:49.923562 np0000008099 devstack@placement-api.service[93286]: [pid: 93286|app: 0|req: 14/56] 10.4.3.105 () {68 vars in 1499 bytes} [Tue Aug 25 17:19:49 2026] GET /placement/allocations/b640f5ac-dc0f-4a3e-b24b-64dbd1fb82b3 => generated 257 bytes in 24 msecs (HTTP/1.1 200) 8 headers in 296 bytes (1 switches on core 0)
Aug 25 17:19:49.966677 np0000008099 devstack@placement-api.service[93289]: DEBUG placement.requestlog [req-9375ad73-f2c0-4e75-b7ae-2f7c8b31f6ac req-e80d187a-e185-438f-9086-833662e632e1 None None] Starting request: 10.4.3.105 "GET /placement/allocations/8f18e182-84ed-48e6-a36c-42fe0c655e5f" {{(pid=93289) __call__ /opt/stack/placement/placement/requestlog.py:55}}
Aug 25 17:19:49.983205 np0000008099 devstack@placement-api.service[93289]: INFO placement.requestlog [req-9375ad73-f2c0-4e75-b7ae-2f7c8b31f6ac req-e80d187a-e185-438f-9086-833662e632e1 service nova] 10.4.3.105 "GET /placement/allocations/8f18e182-84ed-48e6-a36c-42fe0c655e5f" status: 200 len: 257 microversion: 1.28
Aug 25 17:19:49.983528 np0000008099 devstack@placement-api.service[93289]: [pid: 93289|app: 0|req: 15/57] 10.4.3.105 () {68 vars in 1499 bytes} [Tue Aug 25 17:19:49 2026] GET /placement/allocations/8f18e182-84ed-48e6-a36c-42fe0c655e5f => generated 257 bytes in 17 msecs (HTTP/1.1 200) 8 headers in 296 bytes (1 switches on core 0)
Aug 25 17:19:51.437840 np0000008099 devstack@placement-api.service[93288]: DEBUG placement.requestlog [None req-b84d38b3-b232-4709-aa50-8da70916fdad None None] Starting request: 10.4.3.105 "GET /placement/resource_providers/92e4871d-b765-411e-a713-2261ee729922/aggregates" {{(pid=93288) __call__ /opt/stack/placement/placement/requestlog.py:55}}
Aug 25 17:19:51.951796 np0000008099 devstack@placement-api.service[93288]: INFO placement.requestlog [None req-b84d38b3-b232-4709-aa50-8da70916fdad service placement] 10.4.3.105 "GET /placement/resource_providers/92e4871d-b765-411e-a713-2261ee729922/aggregates" status: 404 len: 235 microversion: 1.1
Aug 25 17:19:51.952035 np0000008099 devstack@placement-api.service[93288]: [pid: 93288|app: 0|req: 15/58] 10.4.3.105 () {66 vars in 1474 bytes} [Tue Aug 25 17:19:51 2026] GET /placement/resource_providers/92e4871d-b765-411e-a713-2261ee729922/aggregates => generated 235 bytes in 514 msecs (HTTP/1.1 404) 5 headers in 202 bytes (1 switches on core 0)
Aug 25 17:19:52.008362 np0000008099 devstack@placement-api.service[93287]: DEBUG placement.requestlog [None req-f099f9f2-214a-4f6d-aa8d-c30ece3d7fa4 None None] Starting request: 10.4.3.105 "DELETE /placement/resource_providers/92e4871d-b765-411e-a713-2261ee729922" {{(pid=93287) __call__ /opt/stack/placement/placement/requestlog.py:55}}
Aug 25 17:19:52.019823 np0000008099 devstack@placement-api.service[93287]: DEBUG placement.wsgi_wrapper [None req-f099f9f2-214a-4f6d-aa8d-c30ece3d7fa4 service placement] Placement API returning an error response: No resource provider with uuid 92e4871d-b765-411e-a713-2261ee729922 found for delete {{(pid=93287) call_func /opt/stack/placement/placement/wsgi_wrapper.py:31}}
Aug 25 17:19:52.020300 np0000008099 devstack@placement-api.service[93287]: INFO placement.requestlog [None req-f099f9f2-214a-4f6d-aa8d-c30ece3d7fa4 service placement] 10.4.3.105 "DELETE /placement/resource_providers/92e4871d-b765-411e-a713-2261ee729922" status: 404 len: 246 microversion: 1.1
Aug 25 17:19:52.020810 np0000008099 devstack@placement-api.service[93287]: [pid: 93287|app: 0|req: 15/59] 10.4.3.105 () {68 vars in 1463 bytes} [Tue Aug 25 17:19:52 2026] DELETE /placement/resource_providers/92e4871d-b765-411e-a713-2261ee729922 => generated 246 bytes in 12 msecs (HTTP/1.1 404) 6 headers in 231 bytes (1 switches on core 0)
Aug 25 17:19:53.616342 np0000008099 devstack@placement-api.service[93286]: DEBUG placement.requestlog [None req-49be3ed3-56de-4326-b666-0976a959c00c None None] Starting request: 10.4.3.105 "GET /placement/resource_providers/75ac734a-ab39-4f9f-983a-91a15fe8dbbb/aggregates" {{(pid=93286) __call__ /opt/stack/placement/placement/requestlog.py:55}}
Aug 25 17:19:54.248919 np0000008099 devstack@placement-api.service[93286]: INFO placement.requestlog [None req-49be3ed3-56de-4326-b666-0976a959c00c service placement] 10.4.3.105 "GET /placement/resource_providers/75ac734a-ab39-4f9f-983a-91a15fe8dbbb/aggregates" status: 404 len: 235 microversion: 1.1
Aug 25 17:19:54.249331 np0000008099 devstack@placement-api.service[93286]: [pid: 93286|app: 0|req: 15/60] 10.4.3.105 () {66 vars in 1474 bytes} [Tue Aug 25 17:19:53 2026] GET /placement/resource_providers/75ac734a-ab39-4f9f-983a-91a15fe8dbbb/aggregates => generated 235 bytes in 633 msecs (HTTP/1.1 404) 5 headers in 202 bytes (1 switches on core 0)
Aug 25 17:19:54.311052 np0000008099 devstack@placement-api.service[93289]: DEBUG placement.requestlog [None req-bbec0b18-c288-43b4-88b1-9c78f92b865c None None] Starting request: 10.4.3.105 "DELETE /placement/resource_providers/75ac734a-ab39-4f9f-983a-91a15fe8dbbb" {{(pid=93289) __call__ /opt/stack/placement/placement/requestlog.py:55}}
Aug 25 17:19:54.334854 np0000008099 devstack@placement-api.service[93289]: DEBUG placement.wsgi_wrapper [None req-bbec0b18-c288-43b4-88b1-9c78f92b865c service placement] Placement API returning an error response: No resource provider with uuid 75ac734a-ab39-4f9f-983a-91a15fe8dbbb found for delete {{(pid=93289) call_func /opt/stack/placement/placement/wsgi_wrapper.py:31}}
Aug 25 17:19:54.335422 np0000008099 devstack@placement-api.service[93289]: INFO placement.requestlog [None req-bbec0b18-c288-43b4-88b1-9c78f92b865c service placement] 10.4.3.105 "DELETE /placement/resource_providers/75ac734a-ab39-4f9f-983a-91a15fe8dbbb" status: 404 len: 246 microversion: 1.1
Aug 25 17:19:54.335876 np0000008099 devstack@placement-api.service[93289]: [pid: 93289|app: 0|req: 16/61] 10.4.3.105 () {68 vars in 1463 bytes} [Tue Aug 25 17:19:54 2026] DELETE /placement/resource_providers/75ac734a-ab39-4f9f-983a-91a15fe8dbbb => generated 246 bytes in 25 msecs (HTTP/1.1 404) 6 headers in 231 bytes (1 switches on core 0)
Aug 25 17:19:56.408962 np0000008099 devstack@placement-api.service[93288]: DEBUG placement.requestlog [None req-01f16e43-5c37-4b27-a0f4-ce5311b8ece5 None None] Starting request: 10.4.3.105 "GET /placement/resource_providers/d40f890c-9339-4087-9c80-6ba004c0c6ec/aggregates" {{(pid=93288) __call__ /opt/stack/placement/placement/requestlog.py:55}}
Aug 25 17:19:56.422157 np0000008099 devstack@placement-api.service[93288]: INFO placement.requestlog [None req-01f16e43-5c37-4b27-a0f4-ce5311b8ece5 service placement] 10.4.3.105 "GET /placement/resource_providers/d40f890c-9339-4087-9c80-6ba004c0c6ec/aggregates" status: 404 len: 235 microversion: 1.1
Aug 25 17:19:56.422503 np0000008099 devstack@placement-api.service[93288]: [pid: 93288|app: 0|req: 16/62] 10.4.3.105 () {66 vars in 1474 bytes} [Tue Aug 25 17:19:56 2026] GET /placement/resource_providers/d40f890c-9339-4087-9c80-6ba004c0c6ec/aggregates => generated 235 bytes in 14 msecs (HTTP/1.1 404) 5 headers in 202 bytes (1 switches on core 0)
Aug 25 17:19:56.496756 np0000008099 devstack@placement-api.service[93287]: DEBUG placement.requestlog [None req-d0a3f474-acc4-4ecb-bf26-77de34f0cb51 None None] Starting request: 10.4.3.105 "DELETE /placement/resource_providers/d40f890c-9339-4087-9c80-6ba004c0c6ec" {{(pid=93287) __call__ /opt/stack/placement/placement/requestlog.py:55}}
Aug 25 17:19:56.504943 np0000008099 devstack@placement-api.service[93287]: DEBUG placement.wsgi_wrapper [None req-d0a3f474-acc4-4ecb-bf26-77de34f0cb51 service placement] Placement API returning an error response: No resource provider with uuid d40f890c-9339-4087-9c80-6ba004c0c6ec found for delete {{(pid=93287) call_func /opt/stack/placement/placement/wsgi_wrapper.py:31}}
Aug 25 17:19:56.507066 np0000008099 devstack@placement-api.service[93287]: INFO placement.requestlog [None req-d0a3f474-acc4-4ecb-bf26-77de34f0cb51 service placement] 10.4.3.105 "DELETE /placement/resource_providers/d40f890c-9339-4087-9c80-6ba004c0c6ec" status: 404 len: 246 microversion: 1.1
Aug 25 17:19:56.508867 np0000008099 devstack@placement-api.service[93287]: [pid: 93287|app: 0|req: 16/63] 10.4.3.105 () {68 vars in 1463 bytes} [Tue Aug 25 17:19:56 2026] DELETE /placement/resource_providers/d40f890c-9339-4087-9c80-6ba004c0c6ec => generated 246 bytes in 14 msecs (HTTP/1.1 404) 6 headers in 231 bytes (1 switches on core 0)
Aug 25 17:19:57.482792 np0000008099 devstack@placement-api.service[93286]: DEBUG placement.requestlog [req-ae59ab1e-2aa7-42f9-bca4-d78d85c22b7d req-a0002ac1-1132-4eba-9a22-3d6b8f049305 None None] Starting request: 10.4.3.105 "GET /placement/resource_providers/4cb3aa03-b4cc-41b9-867e-da95ff6474dc/allocations" {{(pid=93286) __call__ /opt/stack/placement/placement/requestlog.py:55}}
Aug 25 17:19:57.517867 np0000008099 devstack@placement-api.service[93286]: INFO placement.requestlog [req-ae59ab1e-2aa7-42f9-bca4-d78d85c22b7d req-a0002ac1-1132-4eba-9a22-3d6b8f049305 service nova] 10.4.3.105 "GET /placement/resource_providers/4cb3aa03-b4cc-41b9-867e-da95ff6474dc/allocations" status: 200 len: 552 microversion: 1.0
Aug 25 17:19:57.518501 np0000008099 devstack@placement-api.service[93286]: [pid: 93286|app: 0|req: 16/64] 10.4.3.105 () {66 vars in 1512 bytes} [Tue Aug 25 17:19:57 2026] GET /placement/resource_providers/4cb3aa03-b4cc-41b9-867e-da95ff6474dc/allocations => generated 552 bytes in 36 msecs (HTTP/1.1 200) 6 headers in 224 bytes (1 switches on core 0)
Aug 25 17:19:57.520956 np0000008099 devstack@placement-api.service[93289]: DEBUG placement.requestlog [req-e9df5612-ca72-4e2c-bb9b-395308474fb0 req-86d11a7a-f134-4c19-8357-b3f8064a29a4 None None] Starting request: 10.4.3.105 "GET /placement/allocation_candidates?limit=1000&resources=DISK_GB%3A1%2CMEMORY_MB%3A192%2CVCPU%3A1&root_required=OWNER_NOVA%2C%21COMPUTE_STATUS_DISABLED" {{(pid=93289) __call__ /opt/stack/placement/placement/requestlog.py:55}}
Aug 25 17:19:57.547493 np0000008099 devstack@placement-api.service[93289]: DEBUG placement.objects.research_context [req-e9df5612-ca72-4e2c-bb9b-395308474fb0 req-86d11a7a-f134-4c19-8357-b3f8064a29a4 service nova] getting providers with 1 DISK_GB {{(pid=93289) __init__ /opt/stack/placement/placement/objects/research_context.py:137}}
Aug 25 17:19:57.552432 np0000008099 devstack@placement-api.service[93289]: DEBUG placement.objects.research_context [req-e9df5612-ca72-4e2c-bb9b-395308474fb0 req-86d11a7a-f134-4c19-8357-b3f8064a29a4 service nova] getting providers with 192 MEMORY_MB {{(pid=93289) __init__ /opt/stack/placement/placement/objects/research_context.py:137}}
Aug 25 17:19:57.556947 np0000008099 devstack@placement-api.service[93289]: DEBUG placement.objects.research_context [req-e9df5612-ca72-4e2c-bb9b-395308474fb0 req-86d11a7a-f134-4c19-8357-b3f8064a29a4 service nova] getting providers with 1 VCPU {{(pid=93289) __init__ /opt/stack/placement/placement/objects/research_context.py:137}}
Aug 25 17:19:57.565582 np0000008099 devstack@placement-api.service[93289]: DEBUG placement.objects.research_context [req-e9df5612-ca72-4e2c-bb9b-395308474fb0 req-86d11a7a-f134-4c19-8357-b3f8064a29a4 service nova] found 1 providers with available 1 DISK_GB {{(pid=93289) get_provider_ids_matching /opt/stack/placement/placement/objects/research_context.py:566}}
Aug 25 17:19:57.565866 np0000008099 devstack@placement-api.service[93289]: DEBUG placement.objects.research_context [req-e9df5612-ca72-4e2c-bb9b-395308474fb0 req-86d11a7a-f134-4c19-8357-b3f8064a29a4 service nova] found 1 providers with available 192 MEMORY_MB {{(pid=93289) get_provider_ids_matching /opt/stack/placement/placement/objects/research_context.py:566}}
Aug 25 17:19:57.565921 np0000008099 devstack@placement-api.service[93289]: DEBUG placement.objects.research_context [req-e9df5612-ca72-4e2c-bb9b-395308474fb0 req-86d11a7a-f134-4c19-8357-b3f8064a29a4 service nova] found 1 providers after filtering by previous result {{(pid=93289) get_provider_ids_matching /opt/stack/placement/placement/objects/research_context.py:597}}
Aug 25 17:19:57.566037 np0000008099 devstack@placement-api.service[93289]: DEBUG placement.objects.research_context [req-e9df5612-ca72-4e2c-bb9b-395308474fb0 req-86d11a7a-f134-4c19-8357-b3f8064a29a4 service nova] found 1 providers with available 1 VCPU {{(pid=93289) get_provider_ids_matching /opt/stack/placement/placement/objects/research_context.py:566}}
Aug 25 17:19:57.566134 np0000008099 devstack@placement-api.service[93289]: DEBUG placement.objects.research_context [req-e9df5612-ca72-4e2c-bb9b-395308474fb0 req-86d11a7a-f134-4c19-8357-b3f8064a29a4 service nova] found 1 providers after filtering by previous result {{(pid=93289) get_provider_ids_matching /opt/stack/placement/placement/objects/research_context.py:597}}
Aug 25 17:19:57.571259 np0000008099 devstack@placement-api.service[93288]: DEBUG placement.requestlog [req-ae59ab1e-2aa7-42f9-bca4-d78d85c22b7d req-2a97a803-219c-4867-bcb4-4f6ecf5d7fe0 None None] Starting request: 10.4.3.105 "GET /placement/allocations/29f67112-f996-4d2c-9164-51e4b368d014" {{(pid=93288) __call__ /opt/stack/placement/placement/requestlog.py:55}}
Aug 25 17:19:57.577525 np0000008099 devstack@placement-api.service[93289]: DEBUG placement.objects.allocation_candidate [req-e9df5612-ca72-4e2c-bb9b-395308474fb0 req-86d11a7a-f134-4c19-8357-b3f8064a29a4 service nova] RequestGroup(use_same_provider=False, resources={DISK_GB:1, MEMORY_MB:192, VCPU:1}, traits=(), aggregates=[]) (suffix '') returned 1 matches {{(pid=93289) _get_by_requests /opt/stack/placement/placement/objects/allocation_candidate.py:158}}
Aug 25 17:19:57.577525 np0000008099 devstack@placement-api.service[93289]: DEBUG placement.objects.allocation_candidate [req-e9df5612-ca72-4e2c-bb9b-395308474fb0 req-86d11a7a-f134-4c19-8357-b3f8064a29a4 service nova] Merging candidates yields 1 allocation requests and 1 provider summaries {{(pid=93289) _merge_candidates /opt/stack/placement/placement/objects/allocation_candidate.py:973}}
Aug 25 17:19:57.579473 np0000008099 devstack@placement-api.service[93289]: INFO placement.requestlog [req-e9df5612-ca72-4e2c-bb9b-395308474fb0 req-86d11a7a-f134-4c19-8357-b3f8064a29a4 service nova] 10.4.3.105 "GET /placement/allocation_candidates?limit=1000&resources=DISK_GB%3A1%2CMEMORY_MB%3A192%2CVCPU%3A1&root_required=OWNER_NOVA%2C%21COMPUTE_STATUS_DISABLED" status: 200 len: 2506 microversion: 1.36
Aug 25 17:19:57.579624 np0000008099 devstack@placement-api.service[93289]: [pid: 93289|app: 0|req: 17/65] 10.4.3.105 () {68 vars in 1651 bytes} [Tue Aug 25 17:19:57 2026] GET /placement/allocation_candidates?limit=1000&resources=DISK_GB%3A1%2CMEMORY_MB%3A192%2CVCPU%3A1&root_required=OWNER_NOVA%2C%21COMPUTE_STATUS_DISABLED => generated 2506 bytes in 59 msecs (HTTP/1.1 200) 8 headers in 297 bytes (1 switches on core 0)
Aug 25 17:19:57.588884 np0000008099 devstack@placement-api.service[93288]: INFO placement.requestlog [req-ae59ab1e-2aa7-42f9-bca4-d78d85c22b7d req-2a97a803-219c-4867-bcb4-4f6ecf5d7fe0 service nova] 10.4.3.105 "GET /placement/allocations/29f67112-f996-4d2c-9164-51e4b368d014" status: 200 len: 257 microversion: 1.28
Aug 25 17:19:57.589211 np0000008099 devstack@placement-api.service[93288]: [pid: 93288|app: 0|req: 17/66] 10.4.3.105 () {68 vars in 1499 bytes} [Tue Aug 25 17:19:57 2026] GET /placement/allocations/29f67112-f996-4d2c-9164-51e4b368d014 => generated 257 bytes in 19 msecs (HTTP/1.1 200) 8 headers in 296 bytes (1 switches on core 0)
Aug 25 17:19:57.638241 np0000008099 devstack@placement-api.service[93287]: DEBUG placement.requestlog [req-ae59ab1e-2aa7-42f9-bca4-d78d85c22b7d req-a8990765-619b-4dc3-9fdd-956f288f9cf6 None None] Starting request: 10.4.3.105 "GET /placement/allocations/15407c08-c2d7-4c8b-95dd-657b136c5cad" {{(pid=93287) __call__ /opt/stack/placement/placement/requestlog.py:55}}
Aug 25 17:19:57.650307 np0000008099 devstack@placement-api.service[93287]: INFO placement.requestlog [req-ae59ab1e-2aa7-42f9-bca4-d78d85c22b7d req-a8990765-619b-4dc3-9fdd-956f288f9cf6 service nova] 10.4.3.105 "GET /placement/allocations/15407c08-c2d7-4c8b-95dd-657b136c5cad" status: 200 len: 257 microversion: 1.28
Aug 25 17:19:57.651616 np0000008099 devstack@placement-api.service[93287]: [pid: 93287|app: 0|req: 17/67] 10.4.3.105 () {68 vars in 1499 bytes} [Tue Aug 25 17:19:57 2026] GET /placement/allocations/15407c08-c2d7-4c8b-95dd-657b136c5cad => generated 257 bytes in 12 msecs (HTTP/1.1 200) 8 headers in 296 bytes (1 switches on core 0)
Aug 25 17:19:57.666703 np0000008099 devstack@placement-api.service[93286]: DEBUG placement.requestlog [req-e9df5612-ca72-4e2c-bb9b-395308474fb0 req-656e3b6d-7efc-4fea-ab95-662dd40d1b07 None None] Starting request: 10.4.3.105 "GET /placement/allocations/6d19a059-47b2-487b-8d9b-07c172e0140c" {{(pid=93286) __call__ /opt/stack/placement/placement/requestlog.py:55}}
Aug 25 17:19:57.675864 np0000008099 devstack@placement-api.service[93286]: INFO placement.requestlog [req-e9df5612-ca72-4e2c-bb9b-395308474fb0 req-656e3b6d-7efc-4fea-ab95-662dd40d1b07 service nova] 10.4.3.105 "GET /placement/allocations/6d19a059-47b2-487b-8d9b-07c172e0140c" status: 200 len: 19 microversion: 1.28
Aug 25 17:19:57.676251 np0000008099 devstack@placement-api.service[93286]: [pid: 93286|app: 0|req: 17/68] 10.4.3.105 () {68 vars in 1501 bytes} [Tue Aug 25 17:19:57 2026] GET /placement/allocations/6d19a059-47b2-487b-8d9b-07c172e0140c => generated 19 bytes in 10 msecs (HTTP/1.1 200) 8 headers in 295 bytes (1 switches on core 0)
Aug 25 17:19:57.697947 np0000008099 devstack@placement-api.service[93289]: DEBUG placement.requestlog [req-ae59ab1e-2aa7-42f9-bca4-d78d85c22b7d req-26a4f5f9-0093-44e9-8f7f-62e2d7ec61e8 None None] Starting request: 10.4.3.105 "GET /placement/allocations/a035ddba-52c7-46f3-bba9-2177064220b8" {{(pid=93289) __call__ /opt/stack/placement/placement/requestlog.py:55}}
Aug 25 17:19:57.706409 np0000008099 devstack@placement-api.service[93289]: INFO placement.requestlog [req-ae59ab1e-2aa7-42f9-bca4-d78d85c22b7d req-26a4f5f9-0093-44e9-8f7f-62e2d7ec61e8 service nova] 10.4.3.105 "GET /placement/allocations/a035ddba-52c7-46f3-bba9-2177064220b8" status: 200 len: 257 microversion: 1.28
Aug 25 17:19:57.706522 np0000008099 devstack@placement-api.service[93289]: [pid: 93289|app: 0|req: 18/69] 10.4.3.105 () {68 vars in 1499 bytes} [Tue Aug 25 17:19:57 2026] GET /placement/allocations/a035ddba-52c7-46f3-bba9-2177064220b8 => generated 257 bytes in 9 msecs (HTTP/1.1 200) 8 headers in 296 bytes (1 switches on core 0)
Aug 25 17:19:57.722592 np0000008099 devstack@placement-api.service[93288]: DEBUG placement.requestlog [req-e9df5612-ca72-4e2c-bb9b-395308474fb0 req-3947b7d8-400f-4a35-8e53-75fc392cf95c None None] Starting request: 10.4.3.105 "PUT /placement/allocations/6d19a059-47b2-487b-8d9b-07c172e0140c" {{(pid=93288) __call__ /opt/stack/placement/placement/requestlog.py:55}}
Aug 25 17:19:57.759436 np0000008099 devstack@placement-api.service[93287]: DEBUG placement.requestlog [req-ae59ab1e-2aa7-42f9-bca4-d78d85c22b7d req-16cb3333-b5f9-4b29-883a-160381a7ec47 None None] Starting request: 10.4.3.105 "GET /placement/allocations/b640f5ac-dc0f-4a3e-b24b-64dbd1fb82b3" {{(pid=93287) __call__ /opt/stack/placement/placement/requestlog.py:55}}
Aug 25 17:19:57.776657 np0000008099 devstack@placement-api.service[93287]: INFO placement.requestlog [req-ae59ab1e-2aa7-42f9-bca4-d78d85c22b7d req-16cb3333-b5f9-4b29-883a-160381a7ec47 service nova] 10.4.3.105 "GET /placement/allocations/b640f5ac-dc0f-4a3e-b24b-64dbd1fb82b3" status: 200 len: 257 microversion: 1.28
Aug 25 17:19:57.777045 np0000008099 devstack@placement-api.service[93287]: [pid: 93287|app: 0|req: 18/70] 10.4.3.105 () {68 vars in 1499 bytes} [Tue Aug 25 17:19:57 2026] GET /placement/allocations/b640f5ac-dc0f-4a3e-b24b-64dbd1fb82b3 => generated 257 bytes in 18 msecs (HTTP/1.1 200) 8 headers in 296 bytes (1 switches on core 0)
Aug 25 17:19:57.800487 np0000008099 devstack@placement-api.service[93288]: DEBUG placement.handlers.allocation [req-e9df5612-ca72-4e2c-bb9b-395308474fb0 req-3947b7d8-400f-4a35-8e53-75fc392cf95c service nova] Successfully wrote allocations [, , ] {{(pid=93288) _update_consumers_and_create_allocations /opt/stack/placement/placement/handlers/allocation.py:462}}
Aug 25 17:19:57.807056 np0000008099 devstack@placement-api.service[93288]: INFO placement.requestlog [req-e9df5612-ca72-4e2c-bb9b-395308474fb0 req-3947b7d8-400f-4a35-8e53-75fc392cf95c service nova] 10.4.3.105 "PUT /placement/allocations/6d19a059-47b2-487b-8d9b-07c172e0140c" status: 204 len: 0 microversion: 1.36
Aug 25 17:19:57.807489 np0000008099 devstack@placement-api.service[93288]: [pid: 93288|app: 0|req: 18/71] 10.4.3.105 () {72 vars in 1554 bytes} [Tue Aug 25 17:19:57 2026] PUT /placement/allocations/6d19a059-47b2-487b-8d9b-07c172e0140c => generated 0 bytes in 85 msecs (HTTP/1.1 204) 5 headers in 199 bytes (1 switches on core 0)
Aug 25 17:19:57.825061 np0000008099 devstack@placement-api.service[93286]: DEBUG placement.requestlog [req-ae59ab1e-2aa7-42f9-bca4-d78d85c22b7d req-ab030f64-3d8f-408b-81f4-936358bfd52d None None] Starting request: 10.4.3.105 "GET /placement/allocations/8f18e182-84ed-48e6-a36c-42fe0c655e5f" {{(pid=93286) __call__ /opt/stack/placement/placement/requestlog.py:55}}
Aug 25 17:19:57.841169 np0000008099 devstack@placement-api.service[93286]: INFO placement.requestlog [req-ae59ab1e-2aa7-42f9-bca4-d78d85c22b7d req-ab030f64-3d8f-408b-81f4-936358bfd52d service nova] 10.4.3.105 "GET /placement/allocations/8f18e182-84ed-48e6-a36c-42fe0c655e5f" status: 200 len: 257 microversion: 1.28
Aug 25 17:19:57.841495 np0000008099 devstack@placement-api.service[93286]: [pid: 93286|app: 0|req: 18/72] 10.4.3.105 () {68 vars in 1499 bytes} [Tue Aug 25 17:19:57 2026] GET /placement/allocations/8f18e182-84ed-48e6-a36c-42fe0c655e5f => generated 257 bytes in 17 msecs (HTTP/1.1 200) 8 headers in 296 bytes (1 switches on core 0)
Aug 25 17:19:57.859045 np0000008099 devstack@placement-api.service[93289]: DEBUG placement.requestlog [req-e9df5612-ca72-4e2c-bb9b-395308474fb0 req-93493c9a-605e-488d-a12d-c0271be3e62a None None] Starting request: 10.4.3.105 "GET /placement/allocations/eaf625b4-7422-4252-938d-dd32ad832610" {{(pid=93289) __call__ /opt/stack/placement/placement/requestlog.py:55}}
Aug 25 17:19:57.865987 np0000008099 devstack@placement-api.service[93289]: INFO placement.requestlog [req-e9df5612-ca72-4e2c-bb9b-395308474fb0 req-93493c9a-605e-488d-a12d-c0271be3e62a service nova] 10.4.3.105 "GET /placement/allocations/eaf625b4-7422-4252-938d-dd32ad832610" status: 200 len: 19 microversion: 1.28
Aug 25 17:19:57.866059 np0000008099 devstack@placement-api.service[93287]: DEBUG placement.requestlog [None req-f670ef1e-3e94-44f2-b4f4-26d1108b368e None None] Starting request: 10.4.3.105 "GET /placement/resource_providers/781c0bde-c242-4132-bde9-202f90f25932/aggregates" {{(pid=93287) __call__ /opt/stack/placement/placement/requestlog.py:55}}
Aug 25 17:19:57.866453 np0000008099 devstack@placement-api.service[93289]: [pid: 93289|app: 0|req: 19/73] 10.4.3.105 () {68 vars in 1501 bytes} [Tue Aug 25 17:19:57 2026] GET /placement/allocations/eaf625b4-7422-4252-938d-dd32ad832610 => generated 19 bytes in 7 msecs (HTTP/1.1 200) 8 headers in 295 bytes (1 switches on core 0)
Aug 25 17:19:57.910480 np0000008099 devstack@placement-api.service[93288]: DEBUG placement.requestlog [req-e9df5612-ca72-4e2c-bb9b-395308474fb0 req-c7510d2d-9b81-4b01-8a74-fe937811621d None None] Starting request: 10.4.3.105 "PUT /placement/allocations/eaf625b4-7422-4252-938d-dd32ad832610" {{(pid=93288) __call__ /opt/stack/placement/placement/requestlog.py:55}}
Aug 25 17:19:57.936543 np0000008099 devstack@placement-api.service[93286]: DEBUG placement.requestlog [req-ae59ab1e-2aa7-42f9-bca4-d78d85c22b7d req-8677bdbd-85e4-41f7-afba-999d8321d1d0 None None] Starting request: 10.4.3.105 "DELETE /placement/allocations/8f18e182-84ed-48e6-a36c-42fe0c655e5f" {{(pid=93286) __call__ /opt/stack/placement/placement/requestlog.py:55}}
Aug 25 17:19:57.967798 np0000008099 devstack@placement-api.service[93288]: DEBUG placement.handlers.allocation [req-e9df5612-ca72-4e2c-bb9b-395308474fb0 req-c7510d2d-9b81-4b01-8a74-fe937811621d service nova] Successfully wrote allocations [, , ] {{(pid=93288) _update_consumers_and_create_allocations /opt/stack/placement/placement/handlers/allocation.py:462}}
Aug 25 17:19:57.971053 np0000008099 devstack@placement-api.service[93286]: DEBUG placement.handlers.allocation [req-ae59ab1e-2aa7-42f9-bca4-d78d85c22b7d req-8677bdbd-85e4-41f7-afba-999d8321d1d0 service nova] Successfully deleted allocations [, , ] {{(pid=93286) delete_allocations /opt/stack/placement/placement/handlers/allocation.py:627}}
Aug 25 17:19:57.971394 np0000008099 devstack@placement-api.service[93286]: INFO placement.requestlog [req-ae59ab1e-2aa7-42f9-bca4-d78d85c22b7d req-8677bdbd-85e4-41f7-afba-999d8321d1d0 service nova] 10.4.3.105 "DELETE /placement/allocations/8f18e182-84ed-48e6-a36c-42fe0c655e5f" status: 204 len: 0 microversion: 1.0
Aug 25 17:19:57.971647 np0000008099 devstack@placement-api.service[93286]: [pid: 93286|app: 0|req: 19/74] 10.4.3.105 () {68 vars in 1477 bytes} [Tue Aug 25 17:19:57 2026] DELETE /placement/allocations/8f18e182-84ed-48e6-a36c-42fe0c655e5f => generated 0 bytes in 35 msecs (HTTP/1.1 204) 5 headers in 198 bytes (1 switches on core 0)
Aug 25 17:19:57.973879 np0000008099 devstack@placement-api.service[93288]: INFO placement.requestlog [req-e9df5612-ca72-4e2c-bb9b-395308474fb0 req-c7510d2d-9b81-4b01-8a74-fe937811621d service nova] 10.4.3.105 "PUT /placement/allocations/eaf625b4-7422-4252-938d-dd32ad832610" status: 204 len: 0 microversion: 1.36
Aug 25 17:19:57.974393 np0000008099 devstack@placement-api.service[93288]: [pid: 93288|app: 0|req: 19/75] 10.4.3.105 () {72 vars in 1554 bytes} [Tue Aug 25 17:19:57 2026] PUT /placement/allocations/eaf625b4-7422-4252-938d-dd32ad832610 => generated 0 bytes in 64 msecs (HTTP/1.1 204) 5 headers in 199 bytes (1 switches on core 0)
Aug 25 17:19:58.091207 np0000008099 devstack@placement-api.service[93287]: INFO placement.requestlog [None req-f670ef1e-3e94-44f2-b4f4-26d1108b368e service placement] 10.4.3.105 "GET /placement/resource_providers/781c0bde-c242-4132-bde9-202f90f25932/aggregates" status: 404 len: 235 microversion: 1.1
Aug 25 17:19:58.091207 np0000008099 devstack@placement-api.service[93287]: [pid: 93287|app: 0|req: 19/76] 10.4.3.105 () {66 vars in 1474 bytes} [Tue Aug 25 17:19:57 2026] GET /placement/resource_providers/781c0bde-c242-4132-bde9-202f90f25932/aggregates => generated 235 bytes in 224 msecs (HTTP/1.1 404) 5 headers in 202 bytes (1 switches on core 0)
Aug 25 17:19:58.163683 np0000008099 devstack@placement-api.service[93289]: DEBUG placement.requestlog [None req-da6ed5a9-bba1-4c86-aadc-16505c968cf3 None None] Starting request: 10.4.3.105 "DELETE /placement/resource_providers/781c0bde-c242-4132-bde9-202f90f25932" {{(pid=93289) __call__ /opt/stack/placement/placement/requestlog.py:55}}
Aug 25 17:19:58.178207 np0000008099 devstack@placement-api.service[93289]: DEBUG placement.wsgi_wrapper [None req-da6ed5a9-bba1-4c86-aadc-16505c968cf3 service placement] Placement API returning an error response: No resource provider with uuid 781c0bde-c242-4132-bde9-202f90f25932 found for delete {{(pid=93289) call_func /opt/stack/placement/placement/wsgi_wrapper.py:31}}
Aug 25 17:19:58.178207 np0000008099 devstack@placement-api.service[93289]: INFO placement.requestlog [None req-da6ed5a9-bba1-4c86-aadc-16505c968cf3 service placement] 10.4.3.105 "DELETE /placement/resource_providers/781c0bde-c242-4132-bde9-202f90f25932" status: 404 len: 246 microversion: 1.1
Aug 25 17:19:58.178207 np0000008099 devstack@placement-api.service[93289]: [pid: 93289|app: 0|req: 20/77] 10.4.3.105 () {68 vars in 1463 bytes} [Tue Aug 25 17:19:58 2026] DELETE /placement/resource_providers/781c0bde-c242-4132-bde9-202f90f25932 => generated 246 bytes in 15 msecs (HTTP/1.1 404) 6 headers in 231 bytes (1 switches on core 0)
Aug 25 17:19:58.542270 np0000008099 devstack@placement-api.service[93286]: DEBUG placement.requestlog [req-e9df5612-ca72-4e2c-bb9b-395308474fb0 req-50d67910-ebae-4ab2-bd97-91c41b5b3897 None None] Starting request: 10.4.3.105 "GET /placement/allocations/6d19a059-47b2-487b-8d9b-07c172e0140c" {{(pid=93286) __call__ /opt/stack/placement/placement/requestlog.py:55}}
Aug 25 17:19:58.569270 np0000008099 devstack@placement-api.service[93286]: INFO placement.requestlog [req-e9df5612-ca72-4e2c-bb9b-395308474fb0 req-50d67910-ebae-4ab2-bd97-91c41b5b3897 service nova] 10.4.3.105 "GET /placement/allocations/6d19a059-47b2-487b-8d9b-07c172e0140c" status: 200 len: 257 microversion: 1.28
Aug 25 17:19:58.569759 np0000008099 devstack@placement-api.service[93286]: [pid: 93286|app: 0|req: 20/78] 10.4.3.105 () {68 vars in 1499 bytes} [Tue Aug 25 17:19:58 2026] GET /placement/allocations/6d19a059-47b2-487b-8d9b-07c172e0140c => generated 257 bytes in 28 msecs (HTTP/1.1 200) 8 headers in 296 bytes (1 switches on core 0)
Aug 25 17:19:58.660391 np0000008099 devstack@placement-api.service[93288]: DEBUG placement.requestlog [req-e9df5612-ca72-4e2c-bb9b-395308474fb0 req-4c9f8fae-9cf7-48fa-b3f9-7e41ce99633c None None] Starting request: 10.4.3.105 "GET /placement/allocations/eaf625b4-7422-4252-938d-dd32ad832610" {{(pid=93288) __call__ /opt/stack/placement/placement/requestlog.py:55}}
Aug 25 17:19:58.682879 np0000008099 devstack@placement-api.service[93288]: INFO placement.requestlog [req-e9df5612-ca72-4e2c-bb9b-395308474fb0 req-4c9f8fae-9cf7-48fa-b3f9-7e41ce99633c service nova] 10.4.3.105 "GET /placement/allocations/eaf625b4-7422-4252-938d-dd32ad832610" status: 200 len: 257 microversion: 1.28
Aug 25 17:19:58.682956 np0000008099 devstack@placement-api.service[93288]: [pid: 93288|app: 0|req: 20/79] 10.4.3.105 () {68 vars in 1499 bytes} [Tue Aug 25 17:19:58 2026] GET /placement/allocations/eaf625b4-7422-4252-938d-dd32ad832610 => generated 257 bytes in 23 msecs (HTTP/1.1 200) 8 headers in 296 bytes (1 switches on core 0)
Aug 25 17:19:58.772600 np0000008099 devstack@placement-api.service[93287]: DEBUG placement.requestlog [req-e9df5612-ca72-4e2c-bb9b-395308474fb0 req-15549036-72b3-409e-b1b6-96592e2c77b6 None None] Starting request: 10.4.3.105 "GET /placement/resource_providers/4cb3aa03-b4cc-41b9-867e-da95ff6474dc/allocations" {{(pid=93287) __call__ /opt/stack/placement/placement/requestlog.py:55}}
Aug 25 17:19:58.794658 np0000008099 devstack@placement-api.service[93287]: INFO placement.requestlog [req-e9df5612-ca72-4e2c-bb9b-395308474fb0 req-15549036-72b3-409e-b1b6-96592e2c77b6 service nova] 10.4.3.105 "GET /placement/resource_providers/4cb3aa03-b4cc-41b9-867e-da95ff6474dc/allocations" status: 200 len: 652 microversion: 1.0
Aug 25 17:19:58.794867 np0000008099 devstack@placement-api.service[93287]: [pid: 93287|app: 0|req: 20/80] 10.4.3.105 () {66 vars in 1512 bytes} [Tue Aug 25 17:19:58 2026] GET /placement/resource_providers/4cb3aa03-b4cc-41b9-867e-da95ff6474dc/allocations => generated 652 bytes in 22 msecs (HTTP/1.1 200) 6 headers in 224 bytes (1 switches on core 0)
Aug 25 17:19:58.840781 np0000008099 devstack@placement-api.service[93289]: DEBUG placement.requestlog [req-e9df5612-ca72-4e2c-bb9b-395308474fb0 req-f6d4ddd1-e638-46f7-be9b-6799fbeeb760 None None] Starting request: 10.4.3.105 "GET /placement/allocations/29f67112-f996-4d2c-9164-51e4b368d014" {{(pid=93289) __call__ /opt/stack/placement/placement/requestlog.py:55}}
Aug 25 17:19:58.856692 np0000008099 devstack@placement-api.service[93289]: INFO placement.requestlog [req-e9df5612-ca72-4e2c-bb9b-395308474fb0 req-f6d4ddd1-e638-46f7-be9b-6799fbeeb760 service nova] 10.4.3.105 "GET /placement/allocations/29f67112-f996-4d2c-9164-51e4b368d014" status: 200 len: 257 microversion: 1.28
Aug 25 17:19:58.857369 np0000008099 devstack@placement-api.service[93289]: [pid: 93289|app: 0|req: 21/81] 10.4.3.105 () {68 vars in 1499 bytes} [Tue Aug 25 17:19:58 2026] GET /placement/allocations/29f67112-f996-4d2c-9164-51e4b368d014 => generated 257 bytes in 17 msecs (HTTP/1.1 200) 8 headers in 296 bytes (1 switches on core 0)
Aug 25 17:19:58.906633 np0000008099 devstack@placement-api.service[93286]: DEBUG placement.requestlog [req-e9df5612-ca72-4e2c-bb9b-395308474fb0 req-51bd9915-d068-4920-ba4c-aa9df834f76a None None] Starting request: 10.4.3.105 "GET /placement/allocations/15407c08-c2d7-4c8b-95dd-657b136c5cad" {{(pid=93286) __call__ /opt/stack/placement/placement/requestlog.py:55}}
Aug 25 17:19:58.919864 np0000008099 devstack@placement-api.service[93286]: INFO placement.requestlog [req-e9df5612-ca72-4e2c-bb9b-395308474fb0 req-51bd9915-d068-4920-ba4c-aa9df834f76a service nova] 10.4.3.105 "GET /placement/allocations/15407c08-c2d7-4c8b-95dd-657b136c5cad" status: 200 len: 257 microversion: 1.28
Aug 25 17:19:58.920653 np0000008099 devstack@placement-api.service[93286]: [pid: 93286|app: 0|req: 21/82] 10.4.3.105 () {68 vars in 1499 bytes} [Tue Aug 25 17:19:58 2026] GET /placement/allocations/15407c08-c2d7-4c8b-95dd-657b136c5cad => generated 257 bytes in 14 msecs (HTTP/1.1 200) 8 headers in 296 bytes (1 switches on core 0)
Aug 25 17:19:58.970747 np0000008099 devstack@placement-api.service[93288]: DEBUG placement.requestlog [req-e9df5612-ca72-4e2c-bb9b-395308474fb0 req-6f48ca25-3fc9-4743-bdec-88ac92170adb None None] Starting request: 10.4.3.105 "GET /placement/allocations/a035ddba-52c7-46f3-bba9-2177064220b8" {{(pid=93288) __call__ /opt/stack/placement/placement/requestlog.py:55}}
Aug 25 17:19:58.986625 np0000008099 devstack@placement-api.service[93288]: INFO placement.requestlog [req-e9df5612-ca72-4e2c-bb9b-395308474fb0 req-6f48ca25-3fc9-4743-bdec-88ac92170adb service nova] 10.4.3.105 "GET /placement/allocations/a035ddba-52c7-46f3-bba9-2177064220b8" status: 200 len: 257 microversion: 1.28
Aug 25 17:19:58.986625 np0000008099 devstack@placement-api.service[93288]: [pid: 93288|app: 0|req: 21/83] 10.4.3.105 () {68 vars in 1499 bytes} [Tue Aug 25 17:19:58 2026] GET /placement/allocations/a035ddba-52c7-46f3-bba9-2177064220b8 => generated 257 bytes in 16 msecs (HTTP/1.1 200) 8 headers in 296 bytes (1 switches on core 0)
Aug 25 17:19:59.024904 np0000008099 devstack@placement-api.service[93287]: DEBUG placement.requestlog [req-e9df5612-ca72-4e2c-bb9b-395308474fb0 req-0cc99372-91f0-4783-8c58-d2db82859aa1 None None] Starting request: 10.4.3.105 "GET /placement/allocations/b640f5ac-dc0f-4a3e-b24b-64dbd1fb82b3" {{(pid=93287) __call__ /opt/stack/placement/placement/requestlog.py:55}}
Aug 25 17:19:59.036447 np0000008099 devstack@placement-api.service[93287]: INFO placement.requestlog [req-e9df5612-ca72-4e2c-bb9b-395308474fb0 req-0cc99372-91f0-4783-8c58-d2db82859aa1 service nova] 10.4.3.105 "GET /placement/allocations/b640f5ac-dc0f-4a3e-b24b-64dbd1fb82b3" status: 200 len: 257 microversion: 1.28
Aug 25 17:19:59.037429 np0000008099 devstack@placement-api.service[93287]: [pid: 93287|app: 0|req: 21/84] 10.4.3.105 () {68 vars in 1499 bytes} [Tue Aug 25 17:19:59 2026] GET /placement/allocations/b640f5ac-dc0f-4a3e-b24b-64dbd1fb82b3 => generated 257 bytes in 12 msecs (HTTP/1.1 200) 8 headers in 296 bytes (1 switches on core 0)
Aug 25 17:19:59.073654 np0000008099 devstack@placement-api.service[93289]: DEBUG placement.requestlog [req-e9df5612-ca72-4e2c-bb9b-395308474fb0 req-cff14010-6a46-47a8-b701-7c5848099f81 None None] Starting request: 10.4.3.105 "GET /placement/allocations/6d19a059-47b2-487b-8d9b-07c172e0140c" {{(pid=93289) __call__ /opt/stack/placement/placement/requestlog.py:55}}
Aug 25 17:19:59.102329 np0000008099 devstack@placement-api.service[93289]: INFO placement.requestlog [req-e9df5612-ca72-4e2c-bb9b-395308474fb0 req-cff14010-6a46-47a8-b701-7c5848099f81 service nova] 10.4.3.105 "GET /placement/allocations/6d19a059-47b2-487b-8d9b-07c172e0140c" status: 200 len: 257 microversion: 1.28
Aug 25 17:19:59.102329 np0000008099 devstack@placement-api.service[93289]: [pid: 93289|app: 0|req: 22/85] 10.4.3.105 () {68 vars in 1499 bytes} [Tue Aug 25 17:19:59 2026] GET /placement/allocations/6d19a059-47b2-487b-8d9b-07c172e0140c => generated 257 bytes in 29 msecs (HTTP/1.1 200) 8 headers in 296 bytes (1 switches on core 0)
Aug 25 17:19:59.151318 np0000008099 devstack@placement-api.service[93286]: DEBUG placement.requestlog [req-e9df5612-ca72-4e2c-bb9b-395308474fb0 req-7e7d6cae-cbdd-49a1-b8b7-6f2c6e3ecbe5 None None] Starting request: 10.4.3.105 "GET /placement/allocations/eaf625b4-7422-4252-938d-dd32ad832610" {{(pid=93286) __call__ /opt/stack/placement/placement/requestlog.py:55}}
Aug 25 17:19:59.165031 np0000008099 devstack@placement-api.service[93286]: INFO placement.requestlog [req-e9df5612-ca72-4e2c-bb9b-395308474fb0 req-7e7d6cae-cbdd-49a1-b8b7-6f2c6e3ecbe5 service nova] 10.4.3.105 "GET /placement/allocations/eaf625b4-7422-4252-938d-dd32ad832610" status: 200 len: 257 microversion: 1.28
Aug 25 17:19:59.165301 np0000008099 devstack@placement-api.service[93286]: [pid: 93286|app: 0|req: 22/86] 10.4.3.105 () {68 vars in 1499 bytes} [Tue Aug 25 17:19:59 2026] GET /placement/allocations/eaf625b4-7422-4252-938d-dd32ad832610 => generated 257 bytes in 14 msecs (HTTP/1.1 200) 8 headers in 296 bytes (1 switches on core 0)
Aug 25 17:19:59.246780 np0000008099 devstack@placement-api.service[93288]: DEBUG placement.requestlog [None req-cbf62c83-f781-4f19-af6e-a032f3839037 None None] Starting request: 10.4.3.105 "GET /placement/resource_providers/6449cb64-d364-4fea-b293-d401cc301f31/aggregates" {{(pid=93288) __call__ /opt/stack/placement/placement/requestlog.py:55}}
Aug 25 17:19:59.255131 np0000008099 devstack@placement-api.service[93288]: INFO placement.requestlog [None req-cbf62c83-f781-4f19-af6e-a032f3839037 service placement] 10.4.3.105 "GET /placement/resource_providers/6449cb64-d364-4fea-b293-d401cc301f31/aggregates" status: 404 len: 235 microversion: 1.1
Aug 25 17:19:59.255131 np0000008099 devstack@placement-api.service[93288]: [pid: 93288|app: 0|req: 22/87] 10.4.3.105 () {66 vars in 1474 bytes} [Tue Aug 25 17:19:59 2026] GET /placement/resource_providers/6449cb64-d364-4fea-b293-d401cc301f31/aggregates => generated 235 bytes in 8 msecs (HTTP/1.1 404) 5 headers in 202 bytes (1 switches on core 0)
