Aug 19 14:46:01.391732 np0000007781 systemd[1]: Starting devstack@n-api-meta.service - Devstack devstack@n-api-meta.service...
Aug 19 14:46:01.397805 np0000007781 devstack@n-api-meta.service[96030]: [uWSGI] getting INI configuration from /etc/nova/nova-metadata-uwsgi.ini
Aug 19 14:46:01.400184 np0000007781 devstack@n-api-meta.service[96030]: *** Starting uWSGI 2.0.24-debian (64bit) on [Wed Aug 19 14:46:01 2026] ***
Aug 19 14:46:01.400184 np0000007781 devstack@n-api-meta.service[96030]: compiled with version: 13.2.0 on 17 April 2024 16:23:48
Aug 19 14:46:01.400184 np0000007781 devstack@n-api-meta.service[96030]: os: Linux-6.8.0-100-generic #100-Ubuntu SMP PREEMPT_DYNAMIC Tue Jan 13 16:40:06 UTC 2026
Aug 19 14:46:01.400184 np0000007781 devstack@n-api-meta.service[96030]: nodename: np0000007781
Aug 19 14:46:01.400184 np0000007781 devstack@n-api-meta.service[96030]: machine: x86_64
Aug 19 14:46:01.400184 np0000007781 devstack@n-api-meta.service[96030]: clock source: unix
Aug 19 14:46:01.400184 np0000007781 devstack@n-api-meta.service[96030]: pcre jit disabled
Aug 19 14:46:01.400184 np0000007781 devstack@n-api-meta.service[96030]: detected number of CPU cores: 16
Aug 19 14:46:01.400184 np0000007781 devstack@n-api-meta.service[96030]: current working directory: /
Aug 19 14:46:01.400184 np0000007781 devstack@n-api-meta.service[96030]: detected binary path: /usr/bin/uwsgi-core
Aug 19 14:46:01.400184 np0000007781 devstack@n-api-meta.service[96030]: your processes number limit is 257052
Aug 19 14:46:01.400473 np0000007781 devstack@n-api-meta.service[96030]: your memory page size is 4096 bytes
Aug 19 14:46:01.400473 np0000007781 devstack@n-api-meta.service[96030]: detected max file descriptor number: 2048
Aug 19 14:46:01.400473 np0000007781 devstack@n-api-meta.service[96030]: lock engine: pthread robust mutexes
Aug 19 14:46:01.400473 np0000007781 devstack@n-api-meta.service[96030]: thunder lock: enabled
Aug 19 14:46:01.400639 np0000007781 devstack@n-api-meta.service[96030]: uWSGI http bound on 0.0.0.0:8775 fd 5
Aug 19 14:46:01.400683 np0000007781 devstack@n-api-meta.service[96030]: uwsgi socket 0 bound to TCP address 127.0.0.1:44511 (port auto-assigned) fd 4
Aug 19 14:46:01.400683 np0000007781 devstack@n-api-meta.service[96030]: Python version: 3.12.3 (main, Jun 19 2026, 12:46:00) [GCC 13.3.0]
Aug 19 14:46:01.400728 np0000007781 devstack@n-api-meta.service[96030]: PEP 405 virtualenv detected: /opt/stack/data/venv
Aug 19 14:46:01.400728 np0000007781 devstack@n-api-meta.service[96030]: Set PythonHome to /opt/stack/data/venv
Aug 19 14:46:01.435860 np0000007781 devstack@n-api-meta.service[96030]: Python main interpreter initialized at 0x7d92582a4668
Aug 19 14:46:01.435860 np0000007781 devstack@n-api-meta.service[96030]: python threads support enabled
Aug 19 14:46:01.435860 np0000007781 devstack@n-api-meta.service[96030]: your server socket listen backlog is limited to 100 connections
Aug 19 14:46:01.435860 np0000007781 devstack@n-api-meta.service[96030]: your mercy for graceful operations on workers is 80 seconds
Aug 19 14:46:01.436627 np0000007781 devstack@n-api-meta.service[96030]: mapped 671795 bytes (656 KB) for 4 cores
Aug 19 14:46:01.436627 np0000007781 devstack@n-api-meta.service[96030]: *** Operational MODE: preforking ***
Aug 19 14:46:01.436754 np0000007781 devstack@n-api-meta.service[96030]: *** uWSGI is running in multiple interpreter mode ***
Aug 19 14:46:01.436754 np0000007781 devstack@n-api-meta.service[96030]: spawned uWSGI master process (pid: 96030)
Aug 19 14:46:01.436943 np0000007781 systemd[1]: Started devstack@n-api-meta.service - Devstack devstack@n-api-meta.service.
Aug 19 14:46:01.437634 np0000007781 devstack@n-api-meta.service[96030]: spawned uWSGI worker 1 (pid: 96031, cores: 1)
Aug 19 14:46:01.437902 np0000007781 devstack@n-api-meta.service[96030]: spawned uWSGI worker 2 (pid: 96032, cores: 1)
Aug 19 14:46:01.438393 np0000007781 devstack@n-api-meta.service[96030]: spawned uWSGI worker 3 (pid: 96033, cores: 1)
Aug 19 14:46:01.438669 np0000007781 devstack@n-api-meta.service[96030]: spawned uWSGI worker 4 (pid: 96034, cores: 1)
Aug 19 14:46:01.439103 np0000007781 devstack@n-api-meta.service[96030]: spawned uWSGI http 1 (pid: 96035)
Aug 19 14:46:01.439103 np0000007781 devstack@n-api-meta.service[96030]: running "unix_signal:15 gracefully_kill_them_all" (master-start)...
Aug 19 14:46:03.027470 np0000007781 devstack@n-api-meta.service[96032]: INFO dbcounter [None req-cb3ad864-835b-4984-9003-d836c525b780 None None] Registered counter for database nova_api
Aug 19 14:46:03.070040 np0000007781 devstack@n-api-meta.service[96032]: DEBUG oslo_db.sqlalchemy.engines [None req-cb3ad864-835b-4984-9003-d836c525b780 None None] MySQL server mode set to STRICT_TRANS_TABLES,STRICT_ALL_TABLES,NO_ZERO_IN_DATE,NO_ZERO_DATE,ERROR_FOR_DIVISION_BY_ZERO,TRADITIONAL,NO_ENGINE_SUBSTITUTION {{(pid=96032) _check_effective_sql_mode /opt/stack/data/venv/lib/python3.12/site-packages/oslo_db/sqlalchemy/engines.py:325}}
Aug 19 14:46:03.093269 np0000007781 devstack@n-api-meta.service[96033]: INFO dbcounter [None req-1eaef657-5741-460c-b81e-6c7b7221d6cd None None] Registered counter for database nova_api
Aug 19 14:46:03.098018 np0000007781 devstack@n-api-meta.service[96032]: DEBUG dbcounter [-] [96032] Writer thread running {{(pid=96032) stat_writer /opt/stack/data/venv/lib/python3.12/site-packages/dbcounter.py:102}}
Aug 19 14:46:03.100214 np0000007781 devstack@n-api-meta.service[96032]: DEBUG nova.context [None req-cb3ad864-835b-4984-9003-d836c525b780 None None] Found 2 cells: 00000000-0000-0000-0000-000000000000(cell0),1ae9adc1-d591-4ed0-9700-72cd9c44c349(cell1) {{(pid=96032) load_cells /opt/stack/nova/nova/context.py:509}}
Aug 19 14:46:03.100441 np0000007781 devstack@n-api-meta.service[96032]: INFO nova.utils [None req-cb3ad864-835b-4984-9003-d836c525b780 None None] The cell worker thread pool MainProcess.cell_worker is initialized
Aug 19 14:46:03.102554 np0000007781 devstack@n-api-meta.service[96032]: DEBUG oslo_concurrency.lockutils [None req-cb3ad864-835b-4984-9003-d836c525b780 None None] Acquiring lock "00000000-0000-0000-0000-000000000000" by "nova.context.set_target_cell..get_or_set_cached_cell_and_set_connections" {{(pid=96032) inner /opt/stack/data/venv/lib/python3.12/site-packages/oslo_concurrency/lockutils.py:512}}
Aug 19 14:46:03.102708 np0000007781 devstack@n-api-meta.service[96032]: DEBUG oslo_concurrency.lockutils [None req-cb3ad864-835b-4984-9003-d836c525b780 None None] Lock "00000000-0000-0000-0000-000000000000" acquired by "nova.context.set_target_cell..get_or_set_cached_cell_and_set_connections" :: waited 0.000s {{(pid=96032) inner /opt/stack/data/venv/lib/python3.12/site-packages/oslo_concurrency/lockutils.py:525}}
Aug 19 14:46:03.103037 np0000007781 devstack@n-api-meta.service[96032]: DEBUG oslo_concurrency.lockutils [None req-cb3ad864-835b-4984-9003-d836c525b780 None None] Lock "00000000-0000-0000-0000-000000000000" "released" by "nova.context.set_target_cell..get_or_set_cached_cell_and_set_connections" :: held 0.000s {{(pid=96032) inner /opt/stack/data/venv/lib/python3.12/site-packages/oslo_concurrency/lockutils.py:544}}
Aug 19 14:46:03.103694 np0000007781 devstack@n-api-meta.service[96032]: DEBUG oslo_concurrency.lockutils [None req-cb3ad864-835b-4984-9003-d836c525b780 None None] Acquiring lock "1ae9adc1-d591-4ed0-9700-72cd9c44c349" by "nova.context.set_target_cell..get_or_set_cached_cell_and_set_connections" {{(pid=96032) inner /opt/stack/data/venv/lib/python3.12/site-packages/oslo_concurrency/lockutils.py:512}}
Aug 19 14:46:03.105433 np0000007781 devstack@n-api-meta.service[96032]: INFO dbcounter [None req-cb3ad864-835b-4984-9003-d836c525b780 None None] Registered counter for database nova_cell0
Aug 19 14:46:03.106639 np0000007781 devstack@n-api-meta.service[96032]: DEBUG oslo_concurrency.lockutils [None req-cb3ad864-835b-4984-9003-d836c525b780 None None] Lock "1ae9adc1-d591-4ed0-9700-72cd9c44c349" acquired by "nova.context.set_target_cell..get_or_set_cached_cell_and_set_connections" :: waited 0.001s {{(pid=96032) inner /opt/stack/data/venv/lib/python3.12/site-packages/oslo_concurrency/lockutils.py:525}}
Aug 19 14:46:03.107776 np0000007781 devstack@n-api-meta.service[96032]: DEBUG oslo_concurrency.lockutils [None req-cb3ad864-835b-4984-9003-d836c525b780 None None] Lock "1ae9adc1-d591-4ed0-9700-72cd9c44c349" "released" by "nova.context.set_target_cell..get_or_set_cached_cell_and_set_connections" :: held 0.003s {{(pid=96032) inner /opt/stack/data/venv/lib/python3.12/site-packages/oslo_concurrency/lockutils.py:544}}
Aug 19 14:46:03.109743 np0000007781 devstack@n-api-meta.service[96032]: INFO dbcounter [None req-cb3ad864-835b-4984-9003-d836c525b780 None None] Registered counter for database nova_cell1
Aug 19 14:46:03.119710 np0000007781 devstack@n-api-meta.service[96034]: INFO dbcounter [None req-432713df-3acd-4f0f-8b77-d75c6647abf1 None None] Registered counter for database nova_api
Aug 19 14:46:03.126355 np0000007781 devstack@n-api-meta.service[96031]: INFO dbcounter [None req-3ab356c2-bd97-4627-9e76-185a6ffd446a None None] Registered counter for database nova_api
Aug 19 14:46:03.139133 np0000007781 devstack@n-api-meta.service[96033]: DEBUG oslo_db.sqlalchemy.engines [None req-1eaef657-5741-460c-b81e-6c7b7221d6cd None None] MySQL server mode set to STRICT_TRANS_TABLES,STRICT_ALL_TABLES,NO_ZERO_IN_DATE,NO_ZERO_DATE,ERROR_FOR_DIVISION_BY_ZERO,TRADITIONAL,NO_ENGINE_SUBSTITUTION {{(pid=96033) _check_effective_sql_mode /opt/stack/data/venv/lib/python3.12/site-packages/oslo_db/sqlalchemy/engines.py:325}}
Aug 19 14:46:03.164403 np0000007781 devstack@n-api-meta.service[96034]: DEBUG oslo_db.sqlalchemy.engines [None req-432713df-3acd-4f0f-8b77-d75c6647abf1 None None] MySQL server mode set to STRICT_TRANS_TABLES,STRICT_ALL_TABLES,NO_ZERO_IN_DATE,NO_ZERO_DATE,ERROR_FOR_DIVISION_BY_ZERO,TRADITIONAL,NO_ENGINE_SUBSTITUTION {{(pid=96034) _check_effective_sql_mode /opt/stack/data/venv/lib/python3.12/site-packages/oslo_db/sqlalchemy/engines.py:325}}
Aug 19 14:46:03.170560 np0000007781 devstack@n-api-meta.service[96032]: DEBUG oslo_db.sqlalchemy.engines [None req-cb3ad864-835b-4984-9003-d836c525b780 None None] MySQL server mode set to STRICT_TRANS_TABLES,STRICT_ALL_TABLES,NO_ZERO_IN_DATE,NO_ZERO_DATE,ERROR_FOR_DIVISION_BY_ZERO,TRADITIONAL,NO_ENGINE_SUBSTITUTION {{(pid=96032) _check_effective_sql_mode /opt/stack/data/venv/lib/python3.12/site-packages/oslo_db/sqlalchemy/engines.py:325}}
Aug 19 14:46:03.172364 np0000007781 devstack@n-api-meta.service[96033]: DEBUG dbcounter [-] [96033] Writer thread running {{(pid=96033) stat_writer /opt/stack/data/venv/lib/python3.12/site-packages/dbcounter.py:102}}
Aug 19 14:46:03.173542 np0000007781 devstack@n-api-meta.service[96031]: DEBUG oslo_db.sqlalchemy.engines [None req-3ab356c2-bd97-4627-9e76-185a6ffd446a None None] MySQL server mode set to STRICT_TRANS_TABLES,STRICT_ALL_TABLES,NO_ZERO_IN_DATE,NO_ZERO_DATE,ERROR_FOR_DIVISION_BY_ZERO,TRADITIONAL,NO_ENGINE_SUBSTITUTION {{(pid=96031) _check_effective_sql_mode /opt/stack/data/venv/lib/python3.12/site-packages/oslo_db/sqlalchemy/engines.py:325}}
Aug 19 14:46:03.175050 np0000007781 devstack@n-api-meta.service[96033]: DEBUG nova.context [None req-1eaef657-5741-460c-b81e-6c7b7221d6cd None None] Found 2 cells: 00000000-0000-0000-0000-000000000000(cell0),1ae9adc1-d591-4ed0-9700-72cd9c44c349(cell1) {{(pid=96033) load_cells /opt/stack/nova/nova/context.py:509}}
Aug 19 14:46:03.175050 np0000007781 devstack@n-api-meta.service[96033]: INFO nova.utils [None req-1eaef657-5741-460c-b81e-6c7b7221d6cd None None] The cell worker thread pool MainProcess.cell_worker is initialized
Aug 19 14:46:03.176731 np0000007781 devstack@n-api-meta.service[96033]: DEBUG oslo_concurrency.lockutils [None req-1eaef657-5741-460c-b81e-6c7b7221d6cd None None] Acquiring lock "00000000-0000-0000-0000-000000000000" by "nova.context.set_target_cell..get_or_set_cached_cell_and_set_connections" {{(pid=96033) inner /opt/stack/data/venv/lib/python3.12/site-packages/oslo_concurrency/lockutils.py:512}}
Aug 19 14:46:03.178432 np0000007781 devstack@n-api-meta.service[96033]: DEBUG oslo_concurrency.lockutils [None req-1eaef657-5741-460c-b81e-6c7b7221d6cd None None] Lock "00000000-0000-0000-0000-000000000000" acquired by "nova.context.set_target_cell..get_or_set_cached_cell_and_set_connections" :: waited 0.000s {{(pid=96033) inner /opt/stack/data/venv/lib/python3.12/site-packages/oslo_concurrency/lockutils.py:525}}
Aug 19 14:46:03.178432 np0000007781 devstack@n-api-meta.service[96033]: DEBUG oslo_concurrency.lockutils [None req-1eaef657-5741-460c-b81e-6c7b7221d6cd None None] Lock "00000000-0000-0000-0000-000000000000" "released" by "nova.context.set_target_cell..get_or_set_cached_cell_and_set_connections" :: held 0.000s {{(pid=96033) inner /opt/stack/data/venv/lib/python3.12/site-packages/oslo_concurrency/lockutils.py:544}}
Aug 19 14:46:03.178432 np0000007781 devstack@n-api-meta.service[96033]: DEBUG oslo_concurrency.lockutils [None req-1eaef657-5741-460c-b81e-6c7b7221d6cd None None] Acquiring lock "1ae9adc1-d591-4ed0-9700-72cd9c44c349" by "nova.context.set_target_cell..get_or_set_cached_cell_and_set_connections" {{(pid=96033) inner /opt/stack/data/venv/lib/python3.12/site-packages/oslo_concurrency/lockutils.py:512}}
Aug 19 14:46:03.178432 np0000007781 devstack@n-api-meta.service[96033]: DEBUG oslo_concurrency.lockutils [None req-1eaef657-5741-460c-b81e-6c7b7221d6cd None None] Lock "1ae9adc1-d591-4ed0-9700-72cd9c44c349" acquired by "nova.context.set_target_cell..get_or_set_cached_cell_and_set_connections" :: waited 0.000s {{(pid=96033) inner /opt/stack/data/venv/lib/python3.12/site-packages/oslo_concurrency/lockutils.py:525}}
Aug 19 14:46:03.179207 np0000007781 devstack@n-api-meta.service[96033]: DEBUG oslo_concurrency.lockutils [None req-1eaef657-5741-460c-b81e-6c7b7221d6cd None None] Lock "1ae9adc1-d591-4ed0-9700-72cd9c44c349" "released" by "nova.context.set_target_cell..get_or_set_cached_cell_and_set_connections" :: held 0.001s {{(pid=96033) inner /opt/stack/data/venv/lib/python3.12/site-packages/oslo_concurrency/lockutils.py:544}}
Aug 19 14:46:03.182055 np0000007781 devstack@n-api-meta.service[96033]: INFO dbcounter [None req-1eaef657-5741-460c-b81e-6c7b7221d6cd None None] Registered counter for database nova_cell0
Aug 19 14:46:03.184871 np0000007781 devstack@n-api-meta.service[96033]: INFO dbcounter [None req-1eaef657-5741-460c-b81e-6c7b7221d6cd None None] Registered counter for database nova_cell1
Aug 19 14:46:03.188674 np0000007781 devstack@n-api-meta.service[96032]: DEBUG oslo_db.sqlalchemy.engines [None req-cb3ad864-835b-4984-9003-d836c525b780 None None] MySQL server mode set to STRICT_TRANS_TABLES,STRICT_ALL_TABLES,NO_ZERO_IN_DATE,NO_ZERO_DATE,ERROR_FOR_DIVISION_BY_ZERO,TRADITIONAL,NO_ENGINE_SUBSTITUTION {{(pid=96032) _check_effective_sql_mode /opt/stack/data/venv/lib/python3.12/site-packages/oslo_db/sqlalchemy/engines.py:325}}
Aug 19 14:46:03.198871 np0000007781 devstack@n-api-meta.service[96034]: DEBUG dbcounter [-] [96034] Writer thread running {{(pid=96034) stat_writer /opt/stack/data/venv/lib/python3.12/site-packages/dbcounter.py:102}}
Aug 19 14:46:03.201883 np0000007781 devstack@n-api-meta.service[96034]: DEBUG nova.context [None req-432713df-3acd-4f0f-8b77-d75c6647abf1 None None] Found 2 cells: 00000000-0000-0000-0000-000000000000(cell0),1ae9adc1-d591-4ed0-9700-72cd9c44c349(cell1) {{(pid=96034) load_cells /opt/stack/nova/nova/context.py:509}}
Aug 19 14:46:03.201883 np0000007781 devstack@n-api-meta.service[96034]: INFO nova.utils [None req-432713df-3acd-4f0f-8b77-d75c6647abf1 None None] The cell worker thread pool MainProcess.cell_worker is initialized
Aug 19 14:46:03.203493 np0000007781 devstack@n-api-meta.service[96034]: DEBUG oslo_concurrency.lockutils [None req-432713df-3acd-4f0f-8b77-d75c6647abf1 None None] Acquiring lock "00000000-0000-0000-0000-000000000000" by "nova.context.set_target_cell..get_or_set_cached_cell_and_set_connections" {{(pid=96034) inner /opt/stack/data/venv/lib/python3.12/site-packages/oslo_concurrency/lockutils.py:512}}
Aug 19 14:46:03.203493 np0000007781 devstack@n-api-meta.service[96034]: DEBUG oslo_concurrency.lockutils [None req-432713df-3acd-4f0f-8b77-d75c6647abf1 None None] Lock "00000000-0000-0000-0000-000000000000" acquired by "nova.context.set_target_cell..get_or_set_cached_cell_and_set_connections" :: waited 0.000s {{(pid=96034) inner /opt/stack/data/venv/lib/python3.12/site-packages/oslo_concurrency/lockutils.py:525}}
Aug 19 14:46:03.203669 np0000007781 devstack@n-api-meta.service[96034]: DEBUG oslo_concurrency.lockutils [None req-432713df-3acd-4f0f-8b77-d75c6647abf1 None None] Lock "00000000-0000-0000-0000-000000000000" "released" by "nova.context.set_target_cell..get_or_set_cached_cell_and_set_connections" :: held 0.000s {{(pid=96034) inner /opt/stack/data/venv/lib/python3.12/site-packages/oslo_concurrency/lockutils.py:544}}
Aug 19 14:46:03.204118 np0000007781 devstack@n-api-meta.service[96031]: DEBUG dbcounter [-] [96031] Writer thread running {{(pid=96031) stat_writer /opt/stack/data/venv/lib/python3.12/site-packages/dbcounter.py:102}}
Aug 19 14:46:03.204344 np0000007781 devstack@n-api-meta.service[96034]: DEBUG oslo_concurrency.lockutils [None req-432713df-3acd-4f0f-8b77-d75c6647abf1 None None] Acquiring lock "1ae9adc1-d591-4ed0-9700-72cd9c44c349" by "nova.context.set_target_cell..get_or_set_cached_cell_and_set_connections" {{(pid=96034) inner /opt/stack/data/venv/lib/python3.12/site-packages/oslo_concurrency/lockutils.py:512}}
Aug 19 14:46:03.204480 np0000007781 devstack@n-api-meta.service[96034]: DEBUG oslo_concurrency.lockutils [None req-432713df-3acd-4f0f-8b77-d75c6647abf1 None None] Lock "1ae9adc1-d591-4ed0-9700-72cd9c44c349" acquired by "nova.context.set_target_cell..get_or_set_cached_cell_and_set_connections" :: waited 0.000s {{(pid=96034) inner /opt/stack/data/venv/lib/python3.12/site-packages/oslo_concurrency/lockutils.py:525}}
Aug 19 14:46:03.205289 np0000007781 devstack@n-api-meta.service[96034]: DEBUG oslo_concurrency.lockutils [None req-432713df-3acd-4f0f-8b77-d75c6647abf1 None None] Lock "1ae9adc1-d591-4ed0-9700-72cd9c44c349" "released" by "nova.context.set_target_cell..get_or_set_cached_cell_and_set_connections" :: held 0.001s {{(pid=96034) inner /opt/stack/data/venv/lib/python3.12/site-packages/oslo_concurrency/lockutils.py:544}}
Aug 19 14:46:03.207157 np0000007781 devstack@n-api-meta.service[96034]: INFO dbcounter [None req-432713df-3acd-4f0f-8b77-d75c6647abf1 None None] Registered counter for database nova_cell0
Aug 19 14:46:03.210199 np0000007781 devstack@n-api-meta.service[96034]: INFO dbcounter [None req-432713df-3acd-4f0f-8b77-d75c6647abf1 None None] Registered counter for database nova_cell1
Aug 19 14:46:03.211452 np0000007781 devstack@n-api-meta.service[96031]: DEBUG nova.context [None req-3ab356c2-bd97-4627-9e76-185a6ffd446a None None] Found 2 cells: 00000000-0000-0000-0000-000000000000(cell0),1ae9adc1-d591-4ed0-9700-72cd9c44c349(cell1) {{(pid=96031) load_cells /opt/stack/nova/nova/context.py:509}}
Aug 19 14:46:03.211452 np0000007781 devstack@n-api-meta.service[96031]: INFO nova.utils [None req-3ab356c2-bd97-4627-9e76-185a6ffd446a None None] The cell worker thread pool MainProcess.cell_worker is initialized
Aug 19 14:46:03.212302 np0000007781 devstack@n-api-meta.service[96031]: DEBUG oslo_concurrency.lockutils [None req-3ab356c2-bd97-4627-9e76-185a6ffd446a None None] Acquiring lock "00000000-0000-0000-0000-000000000000" by "nova.context.set_target_cell..get_or_set_cached_cell_and_set_connections" {{(pid=96031) inner /opt/stack/data/venv/lib/python3.12/site-packages/oslo_concurrency/lockutils.py:512}}
Aug 19 14:46:03.212490 np0000007781 devstack@n-api-meta.service[96031]: DEBUG oslo_concurrency.lockutils [None req-3ab356c2-bd97-4627-9e76-185a6ffd446a None None] Lock "00000000-0000-0000-0000-000000000000" acquired by "nova.context.set_target_cell..get_or_set_cached_cell_and_set_connections" :: waited 0.000s {{(pid=96031) inner /opt/stack/data/venv/lib/python3.12/site-packages/oslo_concurrency/lockutils.py:525}}
Aug 19 14:46:03.212820 np0000007781 devstack@n-api-meta.service[96031]: DEBUG oslo_concurrency.lockutils [None req-3ab356c2-bd97-4627-9e76-185a6ffd446a None None] Lock "00000000-0000-0000-0000-000000000000" "released" by "nova.context.set_target_cell..get_or_set_cached_cell_and_set_connections" :: held 0.000s {{(pid=96031) inner /opt/stack/data/venv/lib/python3.12/site-packages/oslo_concurrency/lockutils.py:544}}
Aug 19 14:46:03.213493 np0000007781 devstack@n-api-meta.service[96031]: DEBUG oslo_concurrency.lockutils [None req-3ab356c2-bd97-4627-9e76-185a6ffd446a None None] Acquiring lock "1ae9adc1-d591-4ed0-9700-72cd9c44c349" by "nova.context.set_target_cell..get_or_set_cached_cell_and_set_connections" {{(pid=96031) inner /opt/stack/data/venv/lib/python3.12/site-packages/oslo_concurrency/lockutils.py:512}}
Aug 19 14:46:03.213638 np0000007781 devstack@n-api-meta.service[96031]: DEBUG oslo_concurrency.lockutils [None req-3ab356c2-bd97-4627-9e76-185a6ffd446a None None] Lock "1ae9adc1-d591-4ed0-9700-72cd9c44c349" acquired by "nova.context.set_target_cell..get_or_set_cached_cell_and_set_connections" :: waited 0.000s {{(pid=96031) inner /opt/stack/data/venv/lib/python3.12/site-packages/oslo_concurrency/lockutils.py:525}}
Aug 19 14:46:03.214436 np0000007781 devstack@n-api-meta.service[96031]: DEBUG oslo_concurrency.lockutils [None req-3ab356c2-bd97-4627-9e76-185a6ffd446a None None] Lock "1ae9adc1-d591-4ed0-9700-72cd9c44c349" "released" by "nova.context.set_target_cell..get_or_set_cached_cell_and_set_connections" :: held 0.001s {{(pid=96031) inner /opt/stack/data/venv/lib/python3.12/site-packages/oslo_concurrency/lockutils.py:544}}
Aug 19 14:46:03.216124 np0000007781 devstack@n-api-meta.service[96031]: INFO dbcounter [None req-3ab356c2-bd97-4627-9e76-185a6ffd446a None None] Registered counter for database nova_cell0
Aug 19 14:46:03.218697 np0000007781 devstack@n-api-meta.service[96031]: INFO dbcounter [None req-3ab356c2-bd97-4627-9e76-185a6ffd446a None None] Registered counter for database nova_cell1
Aug 19 14:46:03.245896 np0000007781 devstack@n-api-meta.service[96033]: DEBUG oslo_db.sqlalchemy.engines [None req-1eaef657-5741-460c-b81e-6c7b7221d6cd None None] MySQL server mode set to STRICT_TRANS_TABLES,STRICT_ALL_TABLES,NO_ZERO_IN_DATE,NO_ZERO_DATE,ERROR_FOR_DIVISION_BY_ZERO,TRADITIONAL,NO_ENGINE_SUBSTITUTION {{(pid=96033) _check_effective_sql_mode /opt/stack/data/venv/lib/python3.12/site-packages/oslo_db/sqlalchemy/engines.py:325}}
Aug 19 14:46:03.247907 np0000007781 devstack@n-api-meta.service[96033]: DEBUG oslo_db.sqlalchemy.engines [None req-1eaef657-5741-460c-b81e-6c7b7221d6cd None None] MySQL server mode set to STRICT_TRANS_TABLES,STRICT_ALL_TABLES,NO_ZERO_IN_DATE,NO_ZERO_DATE,ERROR_FOR_DIVISION_BY_ZERO,TRADITIONAL,NO_ENGINE_SUBSTITUTION {{(pid=96033) _check_effective_sql_mode /opt/stack/data/venv/lib/python3.12/site-packages/oslo_db/sqlalchemy/engines.py:325}}
Aug 19 14:46:03.252165 np0000007781 devstack@n-api-meta.service[96034]: DEBUG oslo_db.sqlalchemy.engines [None req-432713df-3acd-4f0f-8b77-d75c6647abf1 None None] MySQL server mode set to STRICT_TRANS_TABLES,STRICT_ALL_TABLES,NO_ZERO_IN_DATE,NO_ZERO_DATE,ERROR_FOR_DIVISION_BY_ZERO,TRADITIONAL,NO_ENGINE_SUBSTITUTION {{(pid=96034) _check_effective_sql_mode /opt/stack/data/venv/lib/python3.12/site-packages/oslo_db/sqlalchemy/engines.py:325}}
Aug 19 14:46:03.265409 np0000007781 devstack@n-api-meta.service[96031]: DEBUG oslo_db.sqlalchemy.engines [None req-3ab356c2-bd97-4627-9e76-185a6ffd446a None None] MySQL server mode set to STRICT_TRANS_TABLES,STRICT_ALL_TABLES,NO_ZERO_IN_DATE,NO_ZERO_DATE,ERROR_FOR_DIVISION_BY_ZERO,TRADITIONAL,NO_ENGINE_SUBSTITUTION {{(pid=96031) _check_effective_sql_mode /opt/stack/data/venv/lib/python3.12/site-packages/oslo_db/sqlalchemy/engines.py:325}}
Aug 19 14:46:03.277279 np0000007781 devstack@n-api-meta.service[96031]: DEBUG oslo_db.sqlalchemy.engines [None req-3ab356c2-bd97-4627-9e76-185a6ffd446a None None] MySQL server mode set to STRICT_TRANS_TABLES,STRICT_ALL_TABLES,NO_ZERO_IN_DATE,NO_ZERO_DATE,ERROR_FOR_DIVISION_BY_ZERO,TRADITIONAL,NO_ENGINE_SUBSTITUTION {{(pid=96031) _check_effective_sql_mode /opt/stack/data/venv/lib/python3.12/site-packages/oslo_db/sqlalchemy/engines.py:325}}
Aug 19 14:46:03.277520 np0000007781 devstack@n-api-meta.service[96032]: DEBUG dbcounter [-] [96032] Writer thread running {{(pid=96032) stat_writer /opt/stack/data/venv/lib/python3.12/site-packages/dbcounter.py:102}}
Aug 19 14:46:03.281917 np0000007781 devstack@n-api-meta.service[96032]: DEBUG dbcounter [-] [96032] Writer thread running {{(pid=96032) stat_writer /opt/stack/data/venv/lib/python3.12/site-packages/dbcounter.py:102}}
Aug 19 14:46:03.285358 np0000007781 devstack@n-api-meta.service[96032]: INFO dbcounter [None req-cb3ad864-835b-4984-9003-d836c525b780 None None] Registered counter for database nova_cell0
Aug 19 14:46:03.323781 np0000007781 devstack@n-api-meta.service[96032]: DEBUG oslo_db.sqlalchemy.engines [None req-cb3ad864-835b-4984-9003-d836c525b780 None None] MySQL server mode set to STRICT_TRANS_TABLES,STRICT_ALL_TABLES,NO_ZERO_IN_DATE,NO_ZERO_DATE,ERROR_FOR_DIVISION_BY_ZERO,TRADITIONAL,NO_ENGINE_SUBSTITUTION {{(pid=96032) _check_effective_sql_mode /opt/stack/data/venv/lib/python3.12/site-packages/oslo_db/sqlalchemy/engines.py:325}}
Aug 19 14:46:03.330679 np0000007781 devstack@n-api-meta.service[96032]: DEBUG dbcounter [-] [96032] Writer thread running {{(pid=96032) stat_writer /opt/stack/data/venv/lib/python3.12/site-packages/dbcounter.py:102}}
Aug 19 14:46:03.353472 np0000007781 devstack@n-api-meta.service[96034]: DEBUG oslo_db.sqlalchemy.engines [None req-432713df-3acd-4f0f-8b77-d75c6647abf1 None None] MySQL server mode set to STRICT_TRANS_TABLES,STRICT_ALL_TABLES,NO_ZERO_IN_DATE,NO_ZERO_DATE,ERROR_FOR_DIVISION_BY_ZERO,TRADITIONAL,NO_ENGINE_SUBSTITUTION {{(pid=96034) _check_effective_sql_mode /opt/stack/data/venv/lib/python3.12/site-packages/oslo_db/sqlalchemy/engines.py:325}}
Aug 19 14:46:03.363304 np0000007781 devstack@n-api-meta.service[96031]: DEBUG dbcounter [-] [96031] Writer thread running {{(pid=96031) stat_writer /opt/stack/data/venv/lib/python3.12/site-packages/dbcounter.py:102}}
Aug 19 14:46:03.363420 np0000007781 devstack@n-api-meta.service[96033]: DEBUG dbcounter [-] [96033] Writer thread running {{(pid=96033) stat_writer /opt/stack/data/venv/lib/python3.12/site-packages/dbcounter.py:102}}
Aug 19 14:46:03.363769 np0000007781 devstack@n-api-meta.service[96033]: DEBUG dbcounter [-] [96033] Writer thread running {{(pid=96033) stat_writer /opt/stack/data/venv/lib/python3.12/site-packages/dbcounter.py:102}}
Aug 19 14:46:03.367221 np0000007781 devstack@n-api-meta.service[96033]: INFO dbcounter [None req-1eaef657-5741-460c-b81e-6c7b7221d6cd None None] Registered counter for database nova_cell0
Aug 19 14:46:03.370009 np0000007781 devstack@n-api-meta.service[96031]: DEBUG dbcounter [-] [96031] Writer thread running {{(pid=96031) stat_writer /opt/stack/data/venv/lib/python3.12/site-packages/dbcounter.py:102}}
Aug 19 14:46:03.371285 np0000007781 devstack@n-api-meta.service[96032]: WARNING nova.api.metadata.handler [None req-cb3ad864-835b-4984-9003-d836c525b780 None None] metadata_proxy_shared_secret is not configured, the metadata information returned by the proxy cannot be trusted
Aug 19 14:46:03.372904 np0000007781 devstack@n-api-meta.service[96031]: INFO dbcounter [None req-3ab356c2-bd97-4627-9e76-185a6ffd446a None None] Registered counter for database nova_cell0
Aug 19 14:46:03.373740 np0000007781 devstack@n-api-meta.service[96032]: DEBUG nova.api.openstack.wsgi_app [None req-cb3ad864-835b-4984-9003-d836c525b780 None None] ******************************************************************************** {{(pid=96032) log_opt_values /opt/stack/data/venv/lib/python3.12/site-packages/oslo_config/cfg.py:3533}}
Aug 19 14:46:03.373740 np0000007781 devstack@n-api-meta.service[96032]: DEBUG nova.api.openstack.wsgi_app [None req-cb3ad864-835b-4984-9003-d836c525b780 None None] Configuration options gathered from: {{(pid=96032) log_opt_values /opt/stack/data/venv/lib/python3.12/site-packages/oslo_config/cfg.py:3534}}
Aug 19 14:46:03.373740 np0000007781 devstack@n-api-meta.service[96032]: DEBUG nova.api.openstack.wsgi_app [None req-cb3ad864-835b-4984-9003-d836c525b780 None None] command line args: [] {{(pid=96032) log_opt_values /opt/stack/data/venv/lib/python3.12/site-packages/oslo_config/cfg.py:3535}}
Aug 19 14:46:03.373872 np0000007781 devstack@n-api-meta.service[96032]: DEBUG nova.api.openstack.wsgi_app [None req-cb3ad864-835b-4984-9003-d836c525b780 None None] config files: ['/etc/nova/api-paste.ini', '/etc/nova/nova.conf'] {{(pid=96032) log_opt_values /opt/stack/data/venv/lib/python3.12/site-packages/oslo_config/cfg.py:3536}}
Aug 19 14:46:03.373909 np0000007781 devstack@n-api-meta.service[96032]: DEBUG nova.api.openstack.wsgi_app [None req-cb3ad864-835b-4984-9003-d836c525b780 None None] ================================================================================ {{(pid=96032) log_opt_values /opt/stack/data/venv/lib/python3.12/site-packages/oslo_config/cfg.py:3541}}
Aug 19 14:46:03.374096 np0000007781 devstack@n-api-meta.service[96032]: DEBUG nova.api.openstack.wsgi_app [None req-cb3ad864-835b-4984-9003-d836c525b780 None None] allow_resize_to_same_host = True {{(pid=96032) log_opt_values /opt/stack/data/venv/lib/python3.12/site-packages/oslo_config/cfg.py:3549}}
Aug 19 14:46:03.374155 np0000007781 devstack@n-api-meta.service[96034]: DEBUG dbcounter [-] [96034] Writer thread running {{(pid=96034) stat_writer /opt/stack/data/venv/lib/python3.12/site-packages/dbcounter.py:102}}
Aug 19 14:46:03.374330 np0000007781 devstack@n-api-meta.service[96032]: DEBUG nova.api.openstack.wsgi_app [None req-cb3ad864-835b-4984-9003-d836c525b780 None None] arq_binding_timeout = 300 {{(pid=96032) log_opt_values /opt/stack/data/venv/lib/python3.12/site-packages/oslo_config/cfg.py:3549}}
Aug 19 14:46:03.374382 np0000007781 devstack@n-api-meta.service[96032]: DEBUG nova.api.openstack.wsgi_app [None req-cb3ad864-835b-4984-9003-d836c525b780 None None] block_device_allocate_retries = 60 {{(pid=96032) log_opt_values /opt/stack/data/venv/lib/python3.12/site-packages/oslo_config/cfg.py:3549}}
Aug 19 14:46:03.374502 np0000007781 devstack@n-api-meta.service[96032]: DEBUG nova.api.openstack.wsgi_app [None req-cb3ad864-835b-4984-9003-d836c525b780 None None] block_device_allocate_retries_interval = 3 {{(pid=96032) log_opt_values /opt/stack/data/venv/lib/python3.12/site-packages/oslo_config/cfg.py:3549}}
Aug 19 14:46:03.374617 np0000007781 devstack@n-api-meta.service[96032]: DEBUG nova.api.openstack.wsgi_app [None req-cb3ad864-835b-4984-9003-d836c525b780 None None] cell_worker_thread_pool_size = 5 {{(pid=96032) log_opt_values /opt/stack/data/venv/lib/python3.12/site-packages/oslo_config/cfg.py:3549}}
Aug 19 14:46:03.374797 np0000007781 devstack@n-api-meta.service[96032]: DEBUG nova.api.openstack.wsgi_app [None req-cb3ad864-835b-4984-9003-d836c525b780 None None] cert = self.pem {{(pid=96032) log_opt_values /opt/stack/data/venv/lib/python3.12/site-packages/oslo_config/cfg.py:3549}}
Aug 19 14:46:03.374965 np0000007781 devstack@n-api-meta.service[96032]: DEBUG nova.api.openstack.wsgi_app [None req-cb3ad864-835b-4984-9003-d836c525b780 None None] compute_driver = libvirt.LibvirtDriver {{(pid=96032) log_opt_values /opt/stack/data/venv/lib/python3.12/site-packages/oslo_config/cfg.py:3549}}
Aug 19 14:46:03.375019 np0000007781 devstack@n-api-meta.service[96032]: DEBUG nova.api.openstack.wsgi_app [None req-cb3ad864-835b-4984-9003-d836c525b780 None None] compute_monitors = [] {{(pid=96032) log_opt_values /opt/stack/data/venv/lib/python3.12/site-packages/oslo_config/cfg.py:3549}}
Aug 19 14:46:03.375152 np0000007781 devstack@n-api-meta.service[96032]: DEBUG nova.api.openstack.wsgi_app [None req-cb3ad864-835b-4984-9003-d836c525b780 None None] concurrency_backend = auto {{(pid=96032) log_opt_values /opt/stack/data/venv/lib/python3.12/site-packages/oslo_config/cfg.py:3549}}
Aug 19 14:46:03.375310 np0000007781 devstack@n-api-meta.service[96032]: DEBUG nova.api.openstack.wsgi_app [None req-cb3ad864-835b-4984-9003-d836c525b780 None None] config_dir = [] {{(pid=96032) log_opt_values /opt/stack/data/venv/lib/python3.12/site-packages/oslo_config/cfg.py:3549}}
Aug 19 14:46:03.375508 np0000007781 devstack@n-api-meta.service[96032]: DEBUG nova.api.openstack.wsgi_app [None req-cb3ad864-835b-4984-9003-d836c525b780 None None] config_drive_format = iso9660 {{(pid=96032) log_opt_values /opt/stack/data/venv/lib/python3.12/site-packages/oslo_config/cfg.py:3549}}
Aug 19 14:46:03.375575 np0000007781 devstack@n-api-meta.service[96032]: DEBUG nova.api.openstack.wsgi_app [None req-cb3ad864-835b-4984-9003-d836c525b780 None None] config_file = ['/etc/nova/api-paste.ini', '/etc/nova/nova.conf'] {{(pid=96032) log_opt_values /opt/stack/data/venv/lib/python3.12/site-packages/oslo_config/cfg.py:3549}}
Aug 19 14:46:03.375723 np0000007781 devstack@n-api-meta.service[96032]: DEBUG nova.api.openstack.wsgi_app [None req-cb3ad864-835b-4984-9003-d836c525b780 None None] config_source = [] {{(pid=96032) log_opt_values /opt/stack/data/venv/lib/python3.12/site-packages/oslo_config/cfg.py:3549}}
Aug 19 14:46:03.375902 np0000007781 devstack@n-api-meta.service[96032]: DEBUG nova.api.openstack.wsgi_app [None req-cb3ad864-835b-4984-9003-d836c525b780 None None] console_host = np0000007781 {{(pid=96032) log_opt_values /opt/stack/data/venv/lib/python3.12/site-packages/oslo_config/cfg.py:3549}}
Aug 19 14:46:03.375968 np0000007781 devstack@n-api-meta.service[96032]: DEBUG nova.api.openstack.wsgi_app [None req-cb3ad864-835b-4984-9003-d836c525b780 None None] control_exchange = nova {{(pid=96032) log_opt_values /opt/stack/data/venv/lib/python3.12/site-packages/oslo_config/cfg.py:3549}}
Aug 19 14:46:03.376571 np0000007781 devstack@n-api-meta.service[96032]: DEBUG nova.api.openstack.wsgi_app [None req-cb3ad864-835b-4984-9003-d836c525b780 None None] cpu_allocation_ratio = None {{(pid=96032) log_opt_values /opt/stack/data/venv/lib/python3.12/site-packages/oslo_config/cfg.py:3549}}
Aug 19 14:46:03.376571 np0000007781 devstack@n-api-meta.service[96032]: DEBUG nova.api.openstack.wsgi_app [None req-cb3ad864-835b-4984-9003-d836c525b780 None None] daemon = False {{(pid=96032) log_opt_values /opt/stack/data/venv/lib/python3.12/site-packages/oslo_config/cfg.py:3549}}
Aug 19 14:46:03.376571 np0000007781 devstack@n-api-meta.service[96032]: DEBUG nova.api.openstack.wsgi_app [None req-cb3ad864-835b-4984-9003-d836c525b780 None None] debug = True {{(pid=96032) log_opt_values /opt/stack/data/venv/lib/python3.12/site-packages/oslo_config/cfg.py:3549}}
Aug 19 14:46:03.376571 np0000007781 devstack@n-api-meta.service[96032]: DEBUG nova.api.openstack.wsgi_app [None req-cb3ad864-835b-4984-9003-d836c525b780 None None] default_access_ip_network_name = None {{(pid=96032) log_opt_values /opt/stack/data/venv/lib/python3.12/site-packages/oslo_config/cfg.py:3549}}
Aug 19 14:46:03.376743 np0000007781 devstack@n-api-meta.service[96032]: DEBUG nova.api.openstack.wsgi_app [None req-cb3ad864-835b-4984-9003-d836c525b780 None None] default_availability_zone = nova {{(pid=96032) log_opt_values /opt/stack/data/venv/lib/python3.12/site-packages/oslo_config/cfg.py:3549}}
Aug 19 14:46:03.376743 np0000007781 devstack@n-api-meta.service[96032]: DEBUG nova.api.openstack.wsgi_app [None req-cb3ad864-835b-4984-9003-d836c525b780 None None] default_ephemeral_format = ext4 {{(pid=96032) log_opt_values /opt/stack/data/venv/lib/python3.12/site-packages/oslo_config/cfg.py:3549}}
Aug 19 14:46:03.376863 np0000007781 devstack@n-api-meta.service[96032]: DEBUG nova.api.openstack.wsgi_app [None req-cb3ad864-835b-4984-9003-d836c525b780 None None] default_green_pool_size = 1000 {{(pid=96032) log_opt_values /opt/stack/data/venv/lib/python3.12/site-packages/oslo_config/cfg.py:3549}}
Aug 19 14:46:03.377084 np0000007781 devstack@n-api-meta.service[96032]: DEBUG nova.api.openstack.wsgi_app [None req-cb3ad864-835b-4984-9003-d836c525b780 None None] default_log_levels = ['amqp=WARN', 'boto=WARN', 'sqlalchemy=WARN', 'suds=INFO', 'oslo.messaging=INFO', 'oslo_messaging=INFO', 'iso8601=WARN', 'requests.packages.urllib3.connectionpool=WARN', 'urllib3.connectionpool=WARN', 'websocket=WARN', 'requests.packages.urllib3.util.retry=WARN', 'urllib3.util.retry=WARN', 'keystonemiddleware=WARN', 'routes.middleware=WARN', 'stevedore=WARN', 'taskflow=WARN', 'keystoneauth=WARN', 'oslo.cache=INFO', 'oslo_policy=INFO', 'dogpile.core.dogpile=INFO', 'glanceclient=WARN', 'oslo.privsep.daemon=INFO'] {{(pid=96032) log_opt_values /opt/stack/data/venv/lib/python3.12/site-packages/oslo_config/cfg.py:3549}}
Aug 19 14:46:03.377230 np0000007781 devstack@n-api-meta.service[96032]: DEBUG nova.api.openstack.wsgi_app [None req-cb3ad864-835b-4984-9003-d836c525b780 None None] default_schedule_zone = None {{(pid=96032) log_opt_values /opt/stack/data/venv/lib/python3.12/site-packages/oslo_config/cfg.py:3549}}
Aug 19 14:46:03.377448 np0000007781 devstack@n-api-meta.service[96032]: DEBUG nova.api.openstack.wsgi_app [None req-cb3ad864-835b-4984-9003-d836c525b780 None None] default_thread_pool_size = 10 {{(pid=96032) log_opt_values /opt/stack/data/venv/lib/python3.12/site-packages/oslo_config/cfg.py:3549}}
Aug 19 14:46:03.377621 np0000007781 devstack@n-api-meta.service[96032]: DEBUG nova.api.openstack.wsgi_app [None req-cb3ad864-835b-4984-9003-d836c525b780 None None] disk_allocation_ratio = None {{(pid=96032) log_opt_values /opt/stack/data/venv/lib/python3.12/site-packages/oslo_config/cfg.py:3549}}
Aug 19 14:46:03.377733 np0000007781 devstack@n-api-meta.service[96032]: DEBUG nova.api.openstack.wsgi_app [None req-cb3ad864-835b-4984-9003-d836c525b780 None None] enable_new_services = True {{(pid=96032) log_opt_values /opt/stack/data/venv/lib/python3.12/site-packages/oslo_config/cfg.py:3549}}
Aug 19 14:46:03.377847 np0000007781 devstack@n-api-meta.service[96032]: DEBUG nova.api.openstack.wsgi_app [None req-cb3ad864-835b-4984-9003-d836c525b780 None None] flat_injected = False {{(pid=96032) log_opt_values /opt/stack/data/venv/lib/python3.12/site-packages/oslo_config/cfg.py:3549}}
Aug 19 14:46:03.378125 np0000007781 devstack@n-api-meta.service[96032]: DEBUG nova.api.openstack.wsgi_app [None req-cb3ad864-835b-4984-9003-d836c525b780 None None] force_config_drive = True {{(pid=96032) log_opt_values /opt/stack/data/venv/lib/python3.12/site-packages/oslo_config/cfg.py:3549}}
Aug 19 14:46:03.378213 np0000007781 devstack@n-api-meta.service[96032]: DEBUG nova.api.openstack.wsgi_app [None req-cb3ad864-835b-4984-9003-d836c525b780 None None] force_raw_images = True {{(pid=96032) log_opt_values /opt/stack/data/venv/lib/python3.12/site-packages/oslo_config/cfg.py:3549}}
Aug 19 14:46:03.378414 np0000007781 devstack@n-api-meta.service[96032]: DEBUG nova.api.openstack.wsgi_app [None req-cb3ad864-835b-4984-9003-d836c525b780 None None] graceful_shutdown_timeout = 5 {{(pid=96032) log_opt_values /opt/stack/data/venv/lib/python3.12/site-packages/oslo_config/cfg.py:3549}}
Aug 19 14:46:03.378595 np0000007781 devstack@n-api-meta.service[96032]: DEBUG nova.api.openstack.wsgi_app [None req-cb3ad864-835b-4984-9003-d836c525b780 None None] heal_instance_info_cache_interval = -1 {{(pid=96032) log_opt_values /opt/stack/data/venv/lib/python3.12/site-packages/oslo_config/cfg.py:3549}}
Aug 19 14:46:03.378775 np0000007781 devstack@n-api-meta.service[96032]: DEBUG nova.api.openstack.wsgi_app [None req-cb3ad864-835b-4984-9003-d836c525b780 None None] host = np0000007781 {{(pid=96032) log_opt_values /opt/stack/data/venv/lib/python3.12/site-packages/oslo_config/cfg.py:3549}}
Aug 19 14:46:03.378901 np0000007781 devstack@n-api-meta.service[96032]: DEBUG nova.api.openstack.wsgi_app [None req-cb3ad864-835b-4984-9003-d836c525b780 None None] initial_cpu_allocation_ratio = 4.0 {{(pid=96032) log_opt_values /opt/stack/data/venv/lib/python3.12/site-packages/oslo_config/cfg.py:3549}}
Aug 19 14:46:03.379014 np0000007781 devstack@n-api-meta.service[96032]: DEBUG nova.api.openstack.wsgi_app [None req-cb3ad864-835b-4984-9003-d836c525b780 None None] initial_disk_allocation_ratio = 1.0 {{(pid=96032) log_opt_values /opt/stack/data/venv/lib/python3.12/site-packages/oslo_config/cfg.py:3549}}
Aug 19 14:46:03.379293 np0000007781 devstack@n-api-meta.service[96032]: DEBUG nova.api.openstack.wsgi_app [None req-cb3ad864-835b-4984-9003-d836c525b780 None None] initial_ram_allocation_ratio = 1.0 {{(pid=96032) log_opt_values /opt/stack/data/venv/lib/python3.12/site-packages/oslo_config/cfg.py:3549}}
Aug 19 14:46:03.379351 np0000007781 devstack@n-api-meta.service[96032]: DEBUG nova.api.openstack.wsgi_app [None req-cb3ad864-835b-4984-9003-d836c525b780 None None] injected_network_template = /opt/stack/nova/nova/virt/interfaces.template {{(pid=96032) log_opt_values /opt/stack/data/venv/lib/python3.12/site-packages/oslo_config/cfg.py:3549}}
Aug 19 14:46:03.379456 np0000007781 devstack@n-api-meta.service[96032]: DEBUG nova.api.openstack.wsgi_app [None req-cb3ad864-835b-4984-9003-d836c525b780 None None] instance_build_timeout = 0 {{(pid=96032) log_opt_values /opt/stack/data/venv/lib/python3.12/site-packages/oslo_config/cfg.py:3549}}
Aug 19 14:46:03.379589 np0000007781 devstack@n-api-meta.service[96032]: DEBUG nova.api.openstack.wsgi_app [None req-cb3ad864-835b-4984-9003-d836c525b780 None None] instance_delete_interval = 300 {{(pid=96032) log_opt_values /opt/stack/data/venv/lib/python3.12/site-packages/oslo_config/cfg.py:3549}}
Aug 19 14:46:03.379723 np0000007781 devstack@n-api-meta.service[96032]: DEBUG nova.api.openstack.wsgi_app [None req-cb3ad864-835b-4984-9003-d836c525b780 None None] instance_format = [instance: %(uuid)s] {{(pid=96032) log_opt_values /opt/stack/data/venv/lib/python3.12/site-packages/oslo_config/cfg.py:3549}}
Aug 19 14:46:03.379847 np0000007781 devstack@n-api-meta.service[96032]: DEBUG nova.api.openstack.wsgi_app [None req-cb3ad864-835b-4984-9003-d836c525b780 None None] instance_name_template = instance-%08x {{(pid=96032) log_opt_values /opt/stack/data/venv/lib/python3.12/site-packages/oslo_config/cfg.py:3549}}
Aug 19 14:46:03.379985 np0000007781 devstack@n-api-meta.service[96032]: DEBUG nova.api.openstack.wsgi_app [None req-cb3ad864-835b-4984-9003-d836c525b780 None None] instance_usage_audit = False {{(pid=96032) log_opt_values /opt/stack/data/venv/lib/python3.12/site-packages/oslo_config/cfg.py:3549}}
Aug 19 14:46:03.380123 np0000007781 devstack@n-api-meta.service[96032]: DEBUG nova.api.openstack.wsgi_app [None req-cb3ad864-835b-4984-9003-d836c525b780 None None] instance_usage_audit_period = month {{(pid=96032) log_opt_values /opt/stack/data/venv/lib/python3.12/site-packages/oslo_config/cfg.py:3549}}
Aug 19 14:46:03.380275 np0000007781 devstack@n-api-meta.service[96032]: DEBUG nova.api.openstack.wsgi_app [None req-cb3ad864-835b-4984-9003-d836c525b780 None None] instance_uuid_format = [instance: %(uuid)s] {{(pid=96032) log_opt_values /opt/stack/data/venv/lib/python3.12/site-packages/oslo_config/cfg.py:3549}}
Aug 19 14:46:03.380411 np0000007781 devstack@n-api-meta.service[96032]: DEBUG nova.api.openstack.wsgi_app [None req-cb3ad864-835b-4984-9003-d836c525b780 None None] instances_path = /opt/stack/data/nova/instances {{(pid=96032) log_opt_values /opt/stack/data/venv/lib/python3.12/site-packages/oslo_config/cfg.py:3549}}
Aug 19 14:46:03.380543 np0000007781 devstack@n-api-meta.service[96032]: DEBUG nova.api.openstack.wsgi_app [None req-cb3ad864-835b-4984-9003-d836c525b780 None None] internal_service_availability_zone = internal {{(pid=96032) log_opt_values /opt/stack/data/venv/lib/python3.12/site-packages/oslo_config/cfg.py:3549}}
Aug 19 14:46:03.380673 np0000007781 devstack@n-api-meta.service[96032]: DEBUG nova.api.openstack.wsgi_app [None req-cb3ad864-835b-4984-9003-d836c525b780 None None] key = None {{(pid=96032) log_opt_values /opt/stack/data/venv/lib/python3.12/site-packages/oslo_config/cfg.py:3549}}
Aug 19 14:46:03.380820 np0000007781 devstack@n-api-meta.service[96032]: DEBUG nova.api.openstack.wsgi_app [None req-cb3ad864-835b-4984-9003-d836c525b780 None None] live_migration_retry_count = 30 {{(pid=96032) log_opt_values /opt/stack/data/venv/lib/python3.12/site-packages/oslo_config/cfg.py:3549}}
Aug 19 14:46:03.380943 np0000007781 devstack@n-api-meta.service[96032]: DEBUG nova.api.openstack.wsgi_app [None req-cb3ad864-835b-4984-9003-d836c525b780 None None] log_color = False {{(pid=96032) log_opt_values /opt/stack/data/venv/lib/python3.12/site-packages/oslo_config/cfg.py:3549}}
Aug 19 14:46:03.381058 np0000007781 devstack@n-api-meta.service[96032]: DEBUG nova.api.openstack.wsgi_app [None req-cb3ad864-835b-4984-9003-d836c525b780 None None] log_config_append = None {{(pid=96032) log_opt_values /opt/stack/data/venv/lib/python3.12/site-packages/oslo_config/cfg.py:3549}}
Aug 19 14:46:03.381200 np0000007781 devstack@n-api-meta.service[96032]: DEBUG nova.api.openstack.wsgi_app [None req-cb3ad864-835b-4984-9003-d836c525b780 None None] log_date_format = %Y-%m-%d %H:%M:%S {{(pid=96032) log_opt_values /opt/stack/data/venv/lib/python3.12/site-packages/oslo_config/cfg.py:3549}}
Aug 19 14:46:03.381402 np0000007781 devstack@n-api-meta.service[96032]: DEBUG nova.api.openstack.wsgi_app [None req-cb3ad864-835b-4984-9003-d836c525b780 None None] log_dir = None {{(pid=96032) log_opt_values /opt/stack/data/venv/lib/python3.12/site-packages/oslo_config/cfg.py:3549}}
Aug 19 14:46:03.381538 np0000007781 devstack@n-api-meta.service[96032]: DEBUG nova.api.openstack.wsgi_app [None req-cb3ad864-835b-4984-9003-d836c525b780 None None] log_file = None {{(pid=96032) log_opt_values /opt/stack/data/venv/lib/python3.12/site-packages/oslo_config/cfg.py:3549}}
Aug 19 14:46:03.381679 np0000007781 devstack@n-api-meta.service[96032]: DEBUG nova.api.openstack.wsgi_app [None req-cb3ad864-835b-4984-9003-d836c525b780 None None] log_options = True {{(pid=96032) log_opt_values /opt/stack/data/venv/lib/python3.12/site-packages/oslo_config/cfg.py:3549}}
Aug 19 14:46:03.381820 np0000007781 devstack@n-api-meta.service[96032]: DEBUG nova.api.openstack.wsgi_app [None req-cb3ad864-835b-4984-9003-d836c525b780 None None] log_rotate_interval = 1 {{(pid=96032) log_opt_values /opt/stack/data/venv/lib/python3.12/site-packages/oslo_config/cfg.py:3549}}
Aug 19 14:46:03.381944 np0000007781 devstack@n-api-meta.service[96032]: DEBUG nova.api.openstack.wsgi_app [None req-cb3ad864-835b-4984-9003-d836c525b780 None None] log_rotate_interval_type = days {{(pid=96032) log_opt_values /opt/stack/data/venv/lib/python3.12/site-packages/oslo_config/cfg.py:3549}}
Aug 19 14:46:03.382058 np0000007781 devstack@n-api-meta.service[96032]: DEBUG nova.api.openstack.wsgi_app [None req-cb3ad864-835b-4984-9003-d836c525b780 None None] log_rotation_type = none {{(pid=96032) log_opt_values /opt/stack/data/venv/lib/python3.12/site-packages/oslo_config/cfg.py:3549}}
Aug 19 14:46:03.382139 np0000007781 devstack@n-api-meta.service[96034]: DEBUG dbcounter [-] [96034] Writer thread running {{(pid=96034) stat_writer /opt/stack/data/venv/lib/python3.12/site-packages/dbcounter.py:102}}
Aug 19 14:46:03.382178 np0000007781 devstack@n-api-meta.service[96032]: DEBUG nova.api.openstack.wsgi_app [None req-cb3ad864-835b-4984-9003-d836c525b780 None None] logging_context_format_string = %(color)s%(levelname)s %(name)s [%(global_request_id)s %(request_id)s %(project_name)s %(user_name)s%(color)s] %(instance)s%(color)s%(message)s {{(pid=96032) log_opt_values /opt/stack/data/venv/lib/python3.12/site-packages/oslo_config/cfg.py:3549}}
Aug 19 14:46:03.382309 np0000007781 devstack@n-api-meta.service[96032]: DEBUG nova.api.openstack.wsgi_app [None req-cb3ad864-835b-4984-9003-d836c525b780 None None] logging_debug_format_suffix = {{(pid=%(process)d) %(funcName)s %(pathname)s:%(lineno)d}} {{(pid=96032) log_opt_values /opt/stack/data/venv/lib/python3.12/site-packages/oslo_config/cfg.py:3549}}
Aug 19 14:46:03.382459 np0000007781 devstack@n-api-meta.service[96032]: DEBUG nova.api.openstack.wsgi_app [None req-cb3ad864-835b-4984-9003-d836c525b780 None None] logging_default_format_string = %(color)s%(levelname)s %(name)s [-%(color)s] %(instance)s%(color)s%(message)s {{(pid=96032) log_opt_values /opt/stack/data/venv/lib/python3.12/site-packages/oslo_config/cfg.py:3549}}
Aug 19 14:46:03.382603 np0000007781 devstack@n-api-meta.service[96032]: DEBUG nova.api.openstack.wsgi_app [None req-cb3ad864-835b-4984-9003-d836c525b780 None None] logging_exception_prefix = ERROR %(name)s %(instance)s {{(pid=96032) log_opt_values /opt/stack/data/venv/lib/python3.12/site-packages/oslo_config/cfg.py:3549}}
Aug 19 14:46:03.382698 np0000007781 devstack@n-api-meta.service[96032]: DEBUG nova.api.openstack.wsgi_app [None req-cb3ad864-835b-4984-9003-d836c525b780 None None] logging_user_identity_format = %(user)s %(project)s %(domain)s %(system_scope)s %(user_domain)s %(project_domain)s {{(pid=96032) log_opt_values /opt/stack/data/venv/lib/python3.12/site-packages/oslo_config/cfg.py:3549}}
Aug 19 14:46:03.382827 np0000007781 devstack@n-api-meta.service[96032]: DEBUG nova.api.openstack.wsgi_app [None req-cb3ad864-835b-4984-9003-d836c525b780 None None] long_rpc_timeout = 1800 {{(pid=96032) log_opt_values /opt/stack/data/venv/lib/python3.12/site-packages/oslo_config/cfg.py:3549}}
Aug 19 14:46:03.382939 np0000007781 devstack@n-api-meta.service[96032]: DEBUG nova.api.openstack.wsgi_app [None req-cb3ad864-835b-4984-9003-d836c525b780 None None] manager_shutdown_timeout = 160 {{(pid=96032) log_opt_values /opt/stack/data/venv/lib/python3.12/site-packages/oslo_config/cfg.py:3549}}
Aug 19 14:46:03.383049 np0000007781 devstack@n-api-meta.service[96032]: DEBUG nova.api.openstack.wsgi_app [None req-cb3ad864-835b-4984-9003-d836c525b780 None None] max_concurrent_builds = 10 {{(pid=96032) log_opt_values /opt/stack/data/venv/lib/python3.12/site-packages/oslo_config/cfg.py:3549}}
