Aug 19 14:52:53.907661 np0000007781 devstack@placement-api.service[93173]: DEBUG placement.objects.research_context [req-44b9e56a-2e2f-437d-9bdc-12823e699b9d req-f918bcd9-73e5-4358-aceb-303482ee7ecd service nova] found 1 providers with available 1 DISK_GB {{(pid=93173) get_provider_ids_matching /opt/stack/placement/placement/objects/research_context.py:566}}
Aug 19 14:52:53.907822 np0000007781 devstack@placement-api.service[93173]: DEBUG placement.objects.research_context [req-44b9e56a-2e2f-437d-9bdc-12823e699b9d req-f918bcd9-73e5-4358-aceb-303482ee7ecd service nova] found 1 providers with available 192 MEMORY_MB {{(pid=93173) get_provider_ids_matching /opt/stack/placement/placement/objects/research_context.py:566}}
Aug 19 14:52:53.908009 np0000007781 devstack@placement-api.service[93173]: DEBUG placement.objects.research_context [req-44b9e56a-2e2f-437d-9bdc-12823e699b9d req-f918bcd9-73e5-4358-aceb-303482ee7ecd service nova] found 1 providers after filtering by previous result {{(pid=93173) get_provider_ids_matching /opt/stack/placement/placement/objects/research_context.py:597}}
Aug 19 14:52:53.908152 np0000007781 devstack@placement-api.service[93173]: DEBUG placement.objects.research_context [req-44b9e56a-2e2f-437d-9bdc-12823e699b9d req-f918bcd9-73e5-4358-aceb-303482ee7ecd service nova] found 1 providers with available 1 VCPU {{(pid=93173) get_provider_ids_matching /opt/stack/placement/placement/objects/research_context.py:566}}
Aug 19 14:52:53.908275 np0000007781 devstack@placement-api.service[93173]: DEBUG placement.objects.research_context [req-44b9e56a-2e2f-437d-9bdc-12823e699b9d req-f918bcd9-73e5-4358-aceb-303482ee7ecd service nova] found 1 providers after filtering by previous result {{(pid=93173) get_provider_ids_matching /opt/stack/placement/placement/objects/research_context.py:597}}
Aug 19 14:52:53.922826 np0000007781 devstack@placement-api.service[93173]: DEBUG placement.objects.allocation_candidate [req-44b9e56a-2e2f-437d-9bdc-12823e699b9d req-f918bcd9-73e5-4358-aceb-303482ee7ecd service nova] RequestGroup(use_same_provider=False, resources={DISK_GB:1, MEMORY_MB:192, VCPU:1}, traits=(), aggregates=[]) (suffix '') returned 1 matches {{(pid=93173) _get_by_requests /opt/stack/placement/placement/objects/allocation_candidate.py:158}}
Aug 19 14:52:53.922826 np0000007781 devstack@placement-api.service[93173]: DEBUG placement.objects.allocation_candidate [req-44b9e56a-2e2f-437d-9bdc-12823e699b9d req-f918bcd9-73e5-4358-aceb-303482ee7ecd service nova] Merging candidates yields 1 allocation requests and 1 provider summaries {{(pid=93173) _merge_candidates /opt/stack/placement/placement/objects/allocation_candidate.py:973}}
Aug 19 14:52:53.922826 np0000007781 devstack@placement-api.service[93173]: INFO placement.requestlog [req-44b9e56a-2e2f-437d-9bdc-12823e699b9d req-f918bcd9-73e5-4358-aceb-303482ee7ecd service nova] 10.4.3.143 "GET /placement/allocation_candidates?limit=1000&resources=DISK_GB%3A1%2CMEMORY_MB%3A192%2CVCPU%3A1&root_required=%21COMPUTE_STATUS_DISABLED" status: 200 len: 2493 microversion: 1.36
Aug 19 14:52:53.922826 np0000007781 devstack@placement-api.service[93173]: [pid: 93173|app: 0|req: 191/764] 10.4.3.143 () {68 vars in 1625 bytes} [Wed Aug 19 14:52:53 2026] GET /placement/allocation_candidates?limit=1000&resources=DISK_GB%3A1%2CMEMORY_MB%3A192%2CVCPU%3A1&root_required=%21COMPUTE_STATUS_DISABLED => generated 2493 bytes in 57 msecs (HTTP/1.1 200) 8 headers in 297 bytes (1 switches on core 0)
Aug 19 14:52:54.000278 np0000007781 devstack@placement-api.service[93170]: DEBUG placement.requestlog [req-44b9e56a-2e2f-437d-9bdc-12823e699b9d req-a3e22370-d09c-4443-876a-0edc2f2149a5 None None] Starting request: 10.4.3.143 "GET /placement/allocations/c70eb32a-3ef9-4d4a-b421-2476ab3a0337" {{(pid=93170) __call__ /opt/stack/placement/placement/requestlog.py:55}}
Aug 19 14:52:54.014519 np0000007781 devstack@placement-api.service[93170]: INFO placement.requestlog [req-44b9e56a-2e2f-437d-9bdc-12823e699b9d req-a3e22370-d09c-4443-876a-0edc2f2149a5 service nova] 10.4.3.143 "GET /placement/allocations/c70eb32a-3ef9-4d4a-b421-2476ab3a0337" status: 200 len: 19 microversion: 1.28
Aug 19 14:52:54.016707 np0000007781 devstack@placement-api.service[93170]: [pid: 93170|app: 0|req: 192/765] 10.4.3.143 () {68 vars in 1501 bytes} [Wed Aug 19 14:52:53 2026] GET /placement/allocations/c70eb32a-3ef9-4d4a-b421-2476ab3a0337 => generated 19 bytes in 16 msecs (HTTP/1.1 200) 8 headers in 295 bytes (1 switches on core 0)
Aug 19 14:52:54.081341 np0000007781 devstack@placement-api.service[93171]: DEBUG placement.requestlog [req-44b9e56a-2e2f-437d-9bdc-12823e699b9d req-02f9c74e-2f8e-4d4c-a9ee-8421dd2644e1 None None] Starting request: 10.4.3.143 "PUT /placement/allocations/c70eb32a-3ef9-4d4a-b421-2476ab3a0337" {{(pid=93171) __call__ /opt/stack/placement/placement/requestlog.py:55}}
Aug 19 14:52:54.175277 np0000007781 devstack@placement-api.service[93171]: DEBUG placement.handlers.allocation [req-44b9e56a-2e2f-437d-9bdc-12823e699b9d req-02f9c74e-2f8e-4d4c-a9ee-8421dd2644e1 service nova] Successfully wrote allocations [, , ] {{(pid=93171) _update_consumers_and_create_allocations /opt/stack/placement/placement/handlers/allocation.py:462}}
Aug 19 14:52:54.184075 np0000007781 devstack@placement-api.service[93171]: INFO placement.requestlog [req-44b9e56a-2e2f-437d-9bdc-12823e699b9d req-02f9c74e-2f8e-4d4c-a9ee-8421dd2644e1 service nova] 10.4.3.143 "PUT /placement/allocations/c70eb32a-3ef9-4d4a-b421-2476ab3a0337" status: 204 len: 0 microversion: 1.36
Aug 19 14:52:54.184619 np0000007781 devstack@placement-api.service[93171]: [pid: 93171|app: 0|req: 192/766] 10.4.3.143 () {72 vars in 1554 bytes} [Wed Aug 19 14:52:54 2026] PUT /placement/allocations/c70eb32a-3ef9-4d4a-b421-2476ab3a0337 => generated 0 bytes in 106 msecs (HTTP/1.1 204) 5 headers in 199 bytes (1 switches on core 0)
Aug 19 14:52:54.644990 np0000007781 devstack@placement-api.service[93172]: DEBUG placement.requestlog [req-44b9e56a-2e2f-437d-9bdc-12823e699b9d req-d2084f48-b469-42d8-bdee-1cb0c70f08cf None None] Starting request: 10.4.3.143 "GET /placement/allocations/c70eb32a-3ef9-4d4a-b421-2476ab3a0337" {{(pid=93172) __call__ /opt/stack/placement/placement/requestlog.py:55}}
Aug 19 14:52:54.667626 np0000007781 devstack@placement-api.service[93172]: INFO placement.requestlog [req-44b9e56a-2e2f-437d-9bdc-12823e699b9d req-d2084f48-b469-42d8-bdee-1cb0c70f08cf service nova] 10.4.3.143 "GET /placement/allocations/c70eb32a-3ef9-4d4a-b421-2476ab3a0337" status: 200 len: 258 microversion: 1.28
Aug 19 14:52:54.668037 np0000007781 devstack@placement-api.service[93172]: [pid: 93172|app: 0|req: 192/767] 10.4.3.143 () {68 vars in 1499 bytes} [Wed Aug 19 14:52:54 2026] GET /placement/allocations/c70eb32a-3ef9-4d4a-b421-2476ab3a0337 => generated 258 bytes in 23 msecs (HTTP/1.1 200) 8 headers in 296 bytes (1 switches on core 0)
Aug 19 14:52:54.877337 np0000007781 devstack@placement-api.service[93173]: DEBUG placement.requestlog [req-44b9e56a-2e2f-437d-9bdc-12823e699b9d req-ba6327b8-8066-491c-9655-79c7e6933d52 None None] Starting request: 10.4.3.143 "GET /placement/resource_providers/88004512-ac96-4e17-8563-ed5146fa0484/allocations" {{(pid=93173) __call__ /opt/stack/placement/placement/requestlog.py:55}}
Aug 19 14:52:54.895766 np0000007781 devstack@placement-api.service[93173]: INFO placement.requestlog [req-44b9e56a-2e2f-437d-9bdc-12823e699b9d req-ba6327b8-8066-491c-9655-79c7e6933d52 service nova] 10.4.3.143 "GET /placement/resource_providers/88004512-ac96-4e17-8563-ed5146fa0484/allocations" status: 200 len: 825 microversion: 1.0
Aug 19 14:52:54.896063 np0000007781 devstack@placement-api.service[93173]: [pid: 93173|app: 0|req: 192/768] 10.4.3.143 () {66 vars in 1512 bytes} [Wed Aug 19 14:52:54 2026] GET /placement/resource_providers/88004512-ac96-4e17-8563-ed5146fa0484/allocations => generated 825 bytes in 19 msecs (HTTP/1.1 200) 6 headers in 224 bytes (1 switches on core 0)
Aug 19 14:52:54.945263 np0000007781 devstack@placement-api.service[93170]: DEBUG placement.requestlog [req-44b9e56a-2e2f-437d-9bdc-12823e699b9d req-ca31519f-2511-40ec-a962-22c9dcb9df01 None None] Starting request: 10.4.3.143 "GET /placement/allocations/344da0b0-0c71-413c-8f93-f1d384dfb195" {{(pid=93170) __call__ /opt/stack/placement/placement/requestlog.py:55}}
Aug 19 14:52:54.967290 np0000007781 devstack@placement-api.service[93170]: INFO placement.requestlog [req-44b9e56a-2e2f-437d-9bdc-12823e699b9d req-ca31519f-2511-40ec-a962-22c9dcb9df01 service nova] 10.4.3.143 "GET /placement/allocations/344da0b0-0c71-413c-8f93-f1d384dfb195" status: 200 len: 258 microversion: 1.28
Aug 19 14:52:54.967575 np0000007781 devstack@placement-api.service[93170]: [pid: 93170|app: 0|req: 193/769] 10.4.3.143 () {68 vars in 1499 bytes} [Wed Aug 19 14:52:54 2026] GET /placement/allocations/344da0b0-0c71-413c-8f93-f1d384dfb195 => generated 258 bytes in 22 msecs (HTTP/1.1 200) 8 headers in 296 bytes (1 switches on core 0)
Aug 19 14:52:55.021368 np0000007781 devstack@placement-api.service[93171]: DEBUG placement.requestlog [req-44b9e56a-2e2f-437d-9bdc-12823e699b9d req-5fbfac30-55ca-4adc-97dd-52bf03605c11 None None] Starting request: 10.4.3.143 "GET /placement/allocations/258f0fe0-011c-4260-a9c0-4c48ec9f5483" {{(pid=93171) __call__ /opt/stack/placement/placement/requestlog.py:55}}
Aug 19 14:52:55.036982 np0000007781 devstack@placement-api.service[93171]: INFO placement.requestlog [req-44b9e56a-2e2f-437d-9bdc-12823e699b9d req-5fbfac30-55ca-4adc-97dd-52bf03605c11 service nova] 10.4.3.143 "GET /placement/allocations/258f0fe0-011c-4260-a9c0-4c48ec9f5483" status: 200 len: 244 microversion: 1.28
Aug 19 14:52:55.039166 np0000007781 devstack@placement-api.service[93171]: [pid: 93171|app: 0|req: 193/770] 10.4.3.143 () {68 vars in 1499 bytes} [Wed Aug 19 14:52:55 2026] GET /placement/allocations/258f0fe0-011c-4260-a9c0-4c48ec9f5483 => generated 244 bytes in 16 msecs (HTTP/1.1 200) 8 headers in 296 bytes (1 switches on core 0)
Aug 19 14:52:55.043994 np0000007781 devstack@placement-api.service[93172]: DEBUG placement.requestlog [req-4c434cd7-ab04-4f7a-8d13-8ec656acd617 req-d13a6e83-4f9f-4ef2-95e0-26cc1f06f5e3 None None] Starting request: 10.4.3.143 "GET /placement/allocation_candidates?limit=1000&resources=DISK_GB%3A1%2CMEMORY_MB%3A192%2CVCPU%3A1&root_required=%21COMPUTE_STATUS_DISABLED" {{(pid=93172) __call__ /opt/stack/placement/placement/requestlog.py:55}}
Aug 19 14:52:55.086222 np0000007781 devstack@placement-api.service[93173]: DEBUG placement.requestlog [req-44b9e56a-2e2f-437d-9bdc-12823e699b9d req-de953030-6739-400f-b9b9-4359ce7402ac None None] Starting request: 10.4.3.143 "GET /placement/allocations/3138479a-0b15-4d61-b5a4-3a88b6068d1a" {{(pid=93173) __call__ /opt/stack/placement/placement/requestlog.py:55}}
Aug 19 14:52:55.093280 np0000007781 devstack@placement-api.service[93172]: DEBUG placement.objects.research_context [req-4c434cd7-ab04-4f7a-8d13-8ec656acd617 req-d13a6e83-4f9f-4ef2-95e0-26cc1f06f5e3 service nova] getting providers with 1 DISK_GB {{(pid=93172) __init__ /opt/stack/placement/placement/objects/research_context.py:137}}
Aug 19 14:52:55.097541 np0000007781 devstack@placement-api.service[93173]: INFO placement.requestlog [req-44b9e56a-2e2f-437d-9bdc-12823e699b9d req-de953030-6739-400f-b9b9-4359ce7402ac service nova] 10.4.3.143 "GET /placement/allocations/3138479a-0b15-4d61-b5a4-3a88b6068d1a" status: 200 len: 258 microversion: 1.28
Aug 19 14:52:55.097836 np0000007781 devstack@placement-api.service[93173]: [pid: 93173|app: 0|req: 193/771] 10.4.3.143 () {68 vars in 1499 bytes} [Wed Aug 19 14:52:55 2026] GET /placement/allocations/3138479a-0b15-4d61-b5a4-3a88b6068d1a => generated 258 bytes in 12 msecs (HTTP/1.1 200) 8 headers in 296 bytes (1 switches on core 0)
Aug 19 14:52:55.099018 np0000007781 devstack@placement-api.service[93172]: DEBUG placement.objects.research_context [req-4c434cd7-ab04-4f7a-8d13-8ec656acd617 req-d13a6e83-4f9f-4ef2-95e0-26cc1f06f5e3 service nova] getting providers with 192 MEMORY_MB {{(pid=93172) __init__ /opt/stack/placement/placement/objects/research_context.py:137}}
Aug 19 14:52:55.105506 np0000007781 devstack@placement-api.service[93172]: DEBUG placement.objects.research_context [req-4c434cd7-ab04-4f7a-8d13-8ec656acd617 req-d13a6e83-4f9f-4ef2-95e0-26cc1f06f5e3 service nova] getting providers with 1 VCPU {{(pid=93172) __init__ /opt/stack/placement/placement/objects/research_context.py:137}}
Aug 19 14:52:55.110276 np0000007781 devstack@placement-api.service[93172]: DEBUG placement.objects.research_context [req-4c434cd7-ab04-4f7a-8d13-8ec656acd617 req-d13a6e83-4f9f-4ef2-95e0-26cc1f06f5e3 service nova] found 1 providers with available 1 DISK_GB {{(pid=93172) get_provider_ids_matching /opt/stack/placement/placement/objects/research_context.py:566}}
Aug 19 14:52:55.111552 np0000007781 devstack@placement-api.service[93172]: DEBUG placement.objects.research_context [req-4c434cd7-ab04-4f7a-8d13-8ec656acd617 req-d13a6e83-4f9f-4ef2-95e0-26cc1f06f5e3 service nova] found 1 providers with available 192 MEMORY_MB {{(pid=93172) get_provider_ids_matching /opt/stack/placement/placement/objects/research_context.py:566}}
Aug 19 14:52:55.111552 np0000007781 devstack@placement-api.service[93172]: DEBUG placement.objects.research_context [req-4c434cd7-ab04-4f7a-8d13-8ec656acd617 req-d13a6e83-4f9f-4ef2-95e0-26cc1f06f5e3 service nova] found 1 providers after filtering by previous result {{(pid=93172) get_provider_ids_matching /opt/stack/placement/placement/objects/research_context.py:597}}
Aug 19 14:52:55.111552 np0000007781 devstack@placement-api.service[93172]: DEBUG placement.objects.research_context [req-4c434cd7-ab04-4f7a-8d13-8ec656acd617 req-d13a6e83-4f9f-4ef2-95e0-26cc1f06f5e3 service nova] found 1 providers with available 1 VCPU {{(pid=93172) get_provider_ids_matching /opt/stack/placement/placement/objects/research_context.py:566}}
Aug 19 14:52:55.111552 np0000007781 devstack@placement-api.service[93172]: DEBUG placement.objects.research_context [req-4c434cd7-ab04-4f7a-8d13-8ec656acd617 req-d13a6e83-4f9f-4ef2-95e0-26cc1f06f5e3 service nova] found 1 providers after filtering by previous result {{(pid=93172) get_provider_ids_matching /opt/stack/placement/placement/objects/research_context.py:597}}
Aug 19 14:52:55.122006 np0000007781 devstack@placement-api.service[93172]: DEBUG placement.objects.allocation_candidate [req-4c434cd7-ab04-4f7a-8d13-8ec656acd617 req-d13a6e83-4f9f-4ef2-95e0-26cc1f06f5e3 service nova] RequestGroup(use_same_provider=False, resources={DISK_GB:1, MEMORY_MB:192, VCPU:1}, traits=(), aggregates=[]) (suffix '') returned 1 matches {{(pid=93172) _get_by_requests /opt/stack/placement/placement/objects/allocation_candidate.py:158}}
Aug 19 14:52:55.122198 np0000007781 devstack@placement-api.service[93172]: DEBUG placement.objects.allocation_candidate [req-4c434cd7-ab04-4f7a-8d13-8ec656acd617 req-d13a6e83-4f9f-4ef2-95e0-26cc1f06f5e3 service nova] Merging candidates yields 1 allocation requests and 1 provider summaries {{(pid=93172) _merge_candidates /opt/stack/placement/placement/objects/allocation_candidate.py:973}}
Aug 19 14:52:55.125094 np0000007781 devstack@placement-api.service[93172]: INFO placement.requestlog [req-4c434cd7-ab04-4f7a-8d13-8ec656acd617 req-d13a6e83-4f9f-4ef2-95e0-26cc1f06f5e3 service nova] 10.4.3.143 "GET /placement/allocation_candidates?limit=1000&resources=DISK_GB%3A1%2CMEMORY_MB%3A192%2CVCPU%3A1&root_required=%21COMPUTE_STATUS_DISABLED" status: 200 len: 2493 microversion: 1.36
Aug 19 14:52:55.125430 np0000007781 devstack@placement-api.service[93172]: [pid: 93172|app: 0|req: 193/772] 10.4.3.143 () {68 vars in 1625 bytes} [Wed Aug 19 14:52:55 2026] GET /placement/allocation_candidates?limit=1000&resources=DISK_GB%3A1%2CMEMORY_MB%3A192%2CVCPU%3A1&root_required=%21COMPUTE_STATUS_DISABLED => generated 2493 bytes in 81 msecs (HTTP/1.1 200) 8 headers in 297 bytes (1 switches on core 0)
Aug 19 14:52:55.145158 np0000007781 devstack@placement-api.service[93170]: DEBUG placement.requestlog [req-44b9e56a-2e2f-437d-9bdc-12823e699b9d req-a49394e2-c02e-4808-82cd-b8d89a379f7a None None] Starting request: 10.4.3.143 "GET /placement/allocations/c70eb32a-3ef9-4d4a-b421-2476ab3a0337" {{(pid=93170) __call__ /opt/stack/placement/placement/requestlog.py:55}}
Aug 19 14:52:55.158080 np0000007781 devstack@placement-api.service[93170]: INFO placement.requestlog [req-44b9e56a-2e2f-437d-9bdc-12823e699b9d req-a49394e2-c02e-4808-82cd-b8d89a379f7a service nova] 10.4.3.143 "GET /placement/allocations/c70eb32a-3ef9-4d4a-b421-2476ab3a0337" status: 200 len: 258 microversion: 1.28
Aug 19 14:52:55.158460 np0000007781 devstack@placement-api.service[93170]: [pid: 93170|app: 0|req: 194/773] 10.4.3.143 () {68 vars in 1499 bytes} [Wed Aug 19 14:52:55 2026] GET /placement/allocations/c70eb32a-3ef9-4d4a-b421-2476ab3a0337 => generated 258 bytes in 14 msecs (HTTP/1.1 200) 8 headers in 296 bytes (1 switches on core 0)
Aug 19 14:52:55.203040 np0000007781 devstack@placement-api.service[93171]: DEBUG placement.requestlog [req-4c434cd7-ab04-4f7a-8d13-8ec656acd617 req-cb7f833f-83f2-4602-a1ae-446c58a66489 None None] Starting request: 10.4.3.143 "GET /placement/allocations/b8b5dcb0-e12c-425e-b510-990f6fab5526" {{(pid=93171) __call__ /opt/stack/placement/placement/requestlog.py:55}}
Aug 19 14:52:55.220213 np0000007781 devstack@placement-api.service[93171]: INFO placement.requestlog [req-4c434cd7-ab04-4f7a-8d13-8ec656acd617 req-cb7f833f-83f2-4602-a1ae-446c58a66489 service nova] 10.4.3.143 "GET /placement/allocations/b8b5dcb0-e12c-425e-b510-990f6fab5526" status: 200 len: 19 microversion: 1.28
Aug 19 14:52:55.221889 np0000007781 devstack@placement-api.service[93171]: [pid: 93171|app: 0|req: 194/774] 10.4.3.143 () {68 vars in 1501 bytes} [Wed Aug 19 14:52:55 2026] GET /placement/allocations/b8b5dcb0-e12c-425e-b510-990f6fab5526 => generated 19 bytes in 19 msecs (HTTP/1.1 200) 8 headers in 295 bytes (1 switches on core 0)
Aug 19 14:52:55.221990 np0000007781 devstack@placement-api.service[93173]: DEBUG placement.requestlog [req-44b9e56a-2e2f-437d-9bdc-12823e699b9d req-2e5ead25-3481-4a1e-af79-a2e21fe8cd08 None None] Starting request: 10.4.3.143 "GET /placement/allocations/328d8000-c396-43e3-8792-7dfd2c9de488" {{(pid=93173) __call__ /opt/stack/placement/placement/requestlog.py:55}}
Aug 19 14:52:55.233828 np0000007781 devstack@placement-api.service[93173]: INFO placement.requestlog [req-44b9e56a-2e2f-437d-9bdc-12823e699b9d req-2e5ead25-3481-4a1e-af79-a2e21fe8cd08 service nova] 10.4.3.143 "GET /placement/allocations/328d8000-c396-43e3-8792-7dfd2c9de488" status: 200 len: 258 microversion: 1.28
Aug 19 14:52:55.234354 np0000007781 devstack@placement-api.service[93173]: [pid: 93173|app: 0|req: 194/775] 10.4.3.143 () {68 vars in 1499 bytes} [Wed Aug 19 14:52:55 2026] GET /placement/allocations/328d8000-c396-43e3-8792-7dfd2c9de488 => generated 258 bytes in 13 msecs (HTTP/1.1 200) 8 headers in 296 bytes (1 switches on core 0)
Aug 19 14:52:55.270449 np0000007781 devstack@placement-api.service[93172]: DEBUG placement.requestlog [req-4c434cd7-ab04-4f7a-8d13-8ec656acd617 req-987a99c0-bc9e-4b06-86c3-cadcebc8f922 None None] Starting request: 10.4.3.143 "PUT /placement/allocations/b8b5dcb0-e12c-425e-b510-990f6fab5526" {{(pid=93172) __call__ /opt/stack/placement/placement/requestlog.py:55}}
Aug 19 14:52:55.279498 np0000007781 devstack@placement-api.service[93170]: DEBUG placement.requestlog [req-44b9e56a-2e2f-437d-9bdc-12823e699b9d req-705f82d5-6428-4ca0-93a5-53726e884ebb None None] Starting request: 10.4.3.143 "GET /placement/allocations/bf4a685c-bcf5-4531-8e47-d2b49bdd94b6" {{(pid=93170) __call__ /opt/stack/placement/placement/requestlog.py:55}}
Aug 19 14:52:55.297301 np0000007781 devstack@placement-api.service[93170]: INFO placement.requestlog [req-44b9e56a-2e2f-437d-9bdc-12823e699b9d req-705f82d5-6428-4ca0-93a5-53726e884ebb service nova] 10.4.3.143 "GET /placement/allocations/bf4a685c-bcf5-4531-8e47-d2b49bdd94b6" status: 200 len: 258 microversion: 1.28
Aug 19 14:52:55.298210 np0000007781 devstack@placement-api.service[93170]: [pid: 93170|app: 0|req: 195/776] 10.4.3.143 () {68 vars in 1499 bytes} [Wed Aug 19 14:52:55 2026] GET /placement/allocations/bf4a685c-bcf5-4531-8e47-d2b49bdd94b6 => generated 258 bytes in 19 msecs (HTTP/1.1 200) 8 headers in 296 bytes (1 switches on core 0)
Aug 19 14:52:55.334162 np0000007781 devstack@placement-api.service[93171]: DEBUG placement.requestlog [req-44b9e56a-2e2f-437d-9bdc-12823e699b9d req-74fccbb4-7019-41ee-819a-61a808339c02 None None] Starting request: 10.4.3.143 "GET /placement/allocations/78a43931-e785-4b8d-acb4-b82b7632f3f0" {{(pid=93171) __call__ /opt/stack/placement/placement/requestlog.py:55}}
Aug 19 14:52:55.350466 np0000007781 devstack@placement-api.service[93171]: INFO placement.requestlog [req-44b9e56a-2e2f-437d-9bdc-12823e699b9d req-74fccbb4-7019-41ee-819a-61a808339c02 service nova] 10.4.3.143 "GET /placement/allocations/78a43931-e785-4b8d-acb4-b82b7632f3f0" status: 200 len: 244 microversion: 1.28
Aug 19 14:52:55.350992 np0000007781 devstack@placement-api.service[93171]: [pid: 93171|app: 0|req: 195/777] 10.4.3.143 () {68 vars in 1499 bytes} [Wed Aug 19 14:52:55 2026] GET /placement/allocations/78a43931-e785-4b8d-acb4-b82b7632f3f0 => generated 244 bytes in 18 msecs (HTTP/1.1 200) 8 headers in 296 bytes (1 switches on core 0)
Aug 19 14:52:55.368737 np0000007781 devstack@placement-api.service[93172]: DEBUG placement.handlers.allocation [req-4c434cd7-ab04-4f7a-8d13-8ec656acd617 req-987a99c0-bc9e-4b06-86c3-cadcebc8f922 service nova] Successfully wrote allocations [, , ] {{(pid=93172) _update_consumers_and_create_allocations /opt/stack/placement/placement/handlers/allocation.py:462}}
Aug 19 14:52:55.374449 np0000007781 devstack@placement-api.service[93172]: INFO placement.requestlog [req-4c434cd7-ab04-4f7a-8d13-8ec656acd617 req-987a99c0-bc9e-4b06-86c3-cadcebc8f922 service nova] 10.4.3.143 "PUT /placement/allocations/b8b5dcb0-e12c-425e-b510-990f6fab5526" status: 204 len: 0 microversion: 1.36
Aug 19 14:52:55.374708 np0000007781 devstack@placement-api.service[93172]: [pid: 93172|app: 0|req: 194/778] 10.4.3.143 () {72 vars in 1554 bytes} [Wed Aug 19 14:52:55 2026] PUT /placement/allocations/b8b5dcb0-e12c-425e-b510-990f6fab5526 => generated 0 bytes in 105 msecs (HTTP/1.1 204) 5 headers in 199 bytes (1 switches on core 0)
Aug 19 14:52:55.404964 np0000007781 devstack@placement-api.service[93173]: DEBUG placement.requestlog [req-44b9e56a-2e2f-437d-9bdc-12823e699b9d req-61b4c22e-a67c-4eae-a39f-bfa2e3b3af32 None None] Starting request: 10.4.3.143 "GET /placement/allocations/3d157dcc-c673-4f14-8a14-42b95492d1e0" {{(pid=93173) __call__ /opt/stack/placement/placement/requestlog.py:55}}
Aug 19 14:52:55.414992 np0000007781 devstack@placement-api.service[93173]: INFO placement.requestlog [req-44b9e56a-2e2f-437d-9bdc-12823e699b9d req-61b4c22e-a67c-4eae-a39f-bfa2e3b3af32 service nova] 10.4.3.143 "GET /placement/allocations/3d157dcc-c673-4f14-8a14-42b95492d1e0" status: 200 len: 258 microversion: 1.28
Aug 19 14:52:55.415184 np0000007781 devstack@placement-api.service[93173]: [pid: 93173|app: 0|req: 195/779] 10.4.3.143 () {68 vars in 1499 bytes} [Wed Aug 19 14:52:55 2026] GET /placement/allocations/3d157dcc-c673-4f14-8a14-42b95492d1e0 => generated 258 bytes in 10 msecs (HTTP/1.1 200) 8 headers in 296 bytes (1 switches on core 0)
Aug 19 14:52:55.559382 np0000007781 devstack@placement-api.service[93170]: DEBUG placement.requestlog [None req-153e0ebe-8e5c-4b2f-a431-59adee89fecf None None] Starting request: 10.4.3.143 "GET /placement/resource_providers/38b43150-0a31-404d-9380-28b2bb8c69b5/aggregates" {{(pid=93170) __call__ /opt/stack/placement/placement/requestlog.py:55}}
Aug 19 14:52:55.566061 np0000007781 devstack@placement-api.service[93170]: INFO placement.requestlog [None req-153e0ebe-8e5c-4b2f-a431-59adee89fecf service placement] 10.4.3.143 "GET /placement/resource_providers/38b43150-0a31-404d-9380-28b2bb8c69b5/aggregates" status: 404 len: 235 microversion: 1.1
Aug 19 14:52:55.566334 np0000007781 devstack@placement-api.service[93170]: [pid: 93170|app: 0|req: 196/780] 10.4.3.143 () {66 vars in 1474 bytes} [Wed Aug 19 14:52:55 2026] GET /placement/resource_providers/38b43150-0a31-404d-9380-28b2bb8c69b5/aggregates => generated 235 bytes in 8 msecs (HTTP/1.1 404) 5 headers in 202 bytes (2 switches on core 0)
Aug 19 14:52:55.616728 np0000007781 devstack@placement-api.service[93171]: DEBUG placement.requestlog [None req-afd91901-37e2-4c9c-a6db-b76cd44037cc None None] Starting request: 10.4.3.143 "DELETE /placement/resource_providers/38b43150-0a31-404d-9380-28b2bb8c69b5" {{(pid=93171) __call__ /opt/stack/placement/placement/requestlog.py:55}}
Aug 19 14:52:55.625634 np0000007781 devstack@placement-api.service[93171]: DEBUG placement.wsgi_wrapper [None req-afd91901-37e2-4c9c-a6db-b76cd44037cc service placement] Placement API returning an error response: No resource provider with uuid 38b43150-0a31-404d-9380-28b2bb8c69b5 found for delete {{(pid=93171) call_func /opt/stack/placement/placement/wsgi_wrapper.py:31}}
Aug 19 14:52:55.626148 np0000007781 devstack@placement-api.service[93171]: INFO placement.requestlog [None req-afd91901-37e2-4c9c-a6db-b76cd44037cc service placement] 10.4.3.143 "DELETE /placement/resource_providers/38b43150-0a31-404d-9380-28b2bb8c69b5" status: 404 len: 246 microversion: 1.1
Aug 19 14:52:55.626412 np0000007781 devstack@placement-api.service[93171]: [pid: 93171|app: 0|req: 196/781] 10.4.3.143 () {68 vars in 1463 bytes} [Wed Aug 19 14:52:55 2026] DELETE /placement/resource_providers/38b43150-0a31-404d-9380-28b2bb8c69b5 => generated 246 bytes in 10 msecs (HTTP/1.1 404) 6 headers in 231 bytes (1 switches on core 0)
Aug 19 14:52:55.805232 np0000007781 devstack@placement-api.service[93172]: DEBUG placement.requestlog [req-4c434cd7-ab04-4f7a-8d13-8ec656acd617 req-b78fae65-42db-4af7-85ef-cb83c623ccd6 None None] Starting request: 10.4.3.143 "GET /placement/allocations/b8b5dcb0-e12c-425e-b510-990f6fab5526" {{(pid=93172) __call__ /opt/stack/placement/placement/requestlog.py:55}}
Aug 19 14:52:55.830523 np0000007781 devstack@placement-api.service[93172]: INFO placement.requestlog [req-4c434cd7-ab04-4f7a-8d13-8ec656acd617 req-b78fae65-42db-4af7-85ef-cb83c623ccd6 service nova] 10.4.3.143 "GET /placement/allocations/b8b5dcb0-e12c-425e-b510-990f6fab5526" status: 200 len: 258 microversion: 1.28
Aug 19 14:52:55.830798 np0000007781 devstack@placement-api.service[93172]: [pid: 93172|app: 0|req: 195/782] 10.4.3.143 () {68 vars in 1499 bytes} [Wed Aug 19 14:52:55 2026] GET /placement/allocations/b8b5dcb0-e12c-425e-b510-990f6fab5526 => generated 258 bytes in 28 msecs (HTTP/1.1 200) 8 headers in 296 bytes (1 switches on core 0)
Aug 19 14:52:56.003680 np0000007781 devstack@placement-api.service[93173]: DEBUG placement.requestlog [req-4c434cd7-ab04-4f7a-8d13-8ec656acd617 req-cec1866f-0771-48aa-ac29-86161e107445 None None] Starting request: 10.4.3.143 "GET /placement/resource_providers/88004512-ac96-4e17-8563-ed5146fa0484/allocations" {{(pid=93173) __call__ /opt/stack/placement/placement/requestlog.py:55}}
Aug 19 14:52:56.032471 np0000007781 devstack@placement-api.service[93173]: INFO placement.requestlog [req-4c434cd7-ab04-4f7a-8d13-8ec656acd617 req-cec1866f-0771-48aa-ac29-86161e107445 service nova] 10.4.3.143 "GET /placement/resource_providers/88004512-ac96-4e17-8563-ed5146fa0484/allocations" status: 200 len: 925 microversion: 1.0
Aug 19 14:52:56.032858 np0000007781 devstack@placement-api.service[93173]: [pid: 93173|app: 0|req: 196/783] 10.4.3.143 () {66 vars in 1512 bytes} [Wed Aug 19 14:52:56 2026] GET /placement/resource_providers/88004512-ac96-4e17-8563-ed5146fa0484/allocations => generated 925 bytes in 30 msecs (HTTP/1.1 200) 6 headers in 224 bytes (1 switches on core 0)
Aug 19 14:52:56.125811 np0000007781 devstack@placement-api.service[93170]: DEBUG placement.requestlog [req-4c434cd7-ab04-4f7a-8d13-8ec656acd617 req-f7f6f3eb-5dc9-47e8-bbdd-ace157baf729 None None] Starting request: 10.4.3.143 "GET /placement/allocations/344da0b0-0c71-413c-8f93-f1d384dfb195" {{(pid=93170) __call__ /opt/stack/placement/placement/requestlog.py:55}}
Aug 19 14:52:56.146219 np0000007781 devstack@placement-api.service[93170]: INFO placement.requestlog [req-4c434cd7-ab04-4f7a-8d13-8ec656acd617 req-f7f6f3eb-5dc9-47e8-bbdd-ace157baf729 service nova] 10.4.3.143 "GET /placement/allocations/344da0b0-0c71-413c-8f93-f1d384dfb195" status: 200 len: 258 microversion: 1.28
Aug 19 14:52:56.147083 np0000007781 devstack@placement-api.service[93170]: [pid: 93170|app: 0|req: 197/784] 10.4.3.143 () {68 vars in 1499 bytes} [Wed Aug 19 14:52:56 2026] GET /placement/allocations/344da0b0-0c71-413c-8f93-f1d384dfb195 => generated 258 bytes in 21 msecs (HTTP/1.1 200) 8 headers in 296 bytes (1 switches on core 0)
Aug 19 14:52:56.277961 np0000007781 devstack@placement-api.service[93171]: DEBUG placement.requestlog [req-4c434cd7-ab04-4f7a-8d13-8ec656acd617 req-8440f246-3980-4e04-893d-604a77aabe7d None None] Starting request: 10.4.3.143 "GET /placement/allocations/258f0fe0-011c-4260-a9c0-4c48ec9f5483" {{(pid=93171) __call__ /opt/stack/placement/placement/requestlog.py:55}}
Aug 19 14:52:56.302218 np0000007781 devstack@placement-api.service[93171]: INFO placement.requestlog [req-4c434cd7-ab04-4f7a-8d13-8ec656acd617 req-8440f246-3980-4e04-893d-604a77aabe7d service nova] 10.4.3.143 "GET /placement/allocations/258f0fe0-011c-4260-a9c0-4c48ec9f5483" status: 200 len: 244 microversion: 1.28
Aug 19 14:52:56.302711 np0000007781 devstack@placement-api.service[93171]: [pid: 93171|app: 0|req: 197/785] 10.4.3.143 () {68 vars in 1499 bytes} [Wed Aug 19 14:52:56 2026] GET /placement/allocations/258f0fe0-011c-4260-a9c0-4c48ec9f5483 => generated 244 bytes in 25 msecs (HTTP/1.1 200) 8 headers in 296 bytes (1 switches on core 0)
Aug 19 14:52:56.379753 np0000007781 devstack@placement-api.service[93172]: DEBUG placement.requestlog [req-4c434cd7-ab04-4f7a-8d13-8ec656acd617 req-5634a48c-ed7b-4486-9bc0-40cb09d7de3c None None] Starting request: 10.4.3.143 "GET /placement/allocations/3138479a-0b15-4d61-b5a4-3a88b6068d1a" {{(pid=93172) __call__ /opt/stack/placement/placement/requestlog.py:55}}
Aug 19 14:52:56.399261 np0000007781 devstack@placement-api.service[93172]: INFO placement.requestlog [req-4c434cd7-ab04-4f7a-8d13-8ec656acd617 req-5634a48c-ed7b-4486-9bc0-40cb09d7de3c service nova] 10.4.3.143 "GET /placement/allocations/3138479a-0b15-4d61-b5a4-3a88b6068d1a" status: 200 len: 258 microversion: 1.28
Aug 19 14:52:56.400769 np0000007781 devstack@placement-api.service[93172]: [pid: 93172|app: 0|req: 196/786] 10.4.3.143 () {68 vars in 1499 bytes} [Wed Aug 19 14:52:56 2026] GET /placement/allocations/3138479a-0b15-4d61-b5a4-3a88b6068d1a => generated 258 bytes in 21 msecs (HTTP/1.1 200) 8 headers in 296 bytes (1 switches on core 0)
Aug 19 14:52:56.469512 np0000007781 devstack@placement-api.service[93173]: DEBUG placement.requestlog [req-4c434cd7-ab04-4f7a-8d13-8ec656acd617 req-488e6c4f-a58d-4e0c-9b3c-555e6bbc5fb6 None None] Starting request: 10.4.3.143 "GET /placement/allocations/b8b5dcb0-e12c-425e-b510-990f6fab5526" {{(pid=93173) __call__ /opt/stack/placement/placement/requestlog.py:55}}
Aug 19 14:52:56.484267 np0000007781 devstack@placement-api.service[93173]: INFO placement.requestlog [req-4c434cd7-ab04-4f7a-8d13-8ec656acd617 req-488e6c4f-a58d-4e0c-9b3c-555e6bbc5fb6 service nova] 10.4.3.143 "GET /placement/allocations/b8b5dcb0-e12c-425e-b510-990f6fab5526" status: 200 len: 258 microversion: 1.28
Aug 19 14:52:56.484267 np0000007781 devstack@placement-api.service[93173]: [pid: 93173|app: 0|req: 197/787] 10.4.3.143 () {68 vars in 1499 bytes} [Wed Aug 19 14:52:56 2026] GET /placement/allocations/b8b5dcb0-e12c-425e-b510-990f6fab5526 => generated 258 bytes in 15 msecs (HTTP/1.1 200) 8 headers in 296 bytes (1 switches on core 0)
Aug 19 14:52:56.544772 np0000007781 devstack@placement-api.service[93170]: DEBUG placement.requestlog [req-4c434cd7-ab04-4f7a-8d13-8ec656acd617 req-fcb894ca-f26f-4d11-8ddd-bdd827717a59 None None] Starting request: 10.4.3.143 "GET /placement/allocations/c70eb32a-3ef9-4d4a-b421-2476ab3a0337" {{(pid=93170) __call__ /opt/stack/placement/placement/requestlog.py:55}}
Aug 19 14:52:56.561004 np0000007781 devstack@placement-api.service[93170]: INFO placement.requestlog [req-4c434cd7-ab04-4f7a-8d13-8ec656acd617 req-fcb894ca-f26f-4d11-8ddd-bdd827717a59 service nova] 10.4.3.143 "GET /placement/allocations/c70eb32a-3ef9-4d4a-b421-2476ab3a0337" status: 200 len: 258 microversion: 1.28
Aug 19 14:52:56.561908 np0000007781 devstack@placement-api.service[93170]: [pid: 93170|app: 0|req: 198/788] 10.4.3.143 () {68 vars in 1499 bytes} [Wed Aug 19 14:52:56 2026] GET /placement/allocations/c70eb32a-3ef9-4d4a-b421-2476ab3a0337 => generated 258 bytes in 18 msecs (HTTP/1.1 200) 8 headers in 296 bytes (1 switches on core 0)
Aug 19 14:52:56.629343 np0000007781 devstack@placement-api.service[93171]: DEBUG placement.requestlog [req-4c434cd7-ab04-4f7a-8d13-8ec656acd617 req-b6ef08db-4726-4607-b886-9743ac1d98a9 None None] Starting request: 10.4.3.143 "GET /placement/allocations/328d8000-c396-43e3-8792-7dfd2c9de488" {{(pid=93171) __call__ /opt/stack/placement/placement/requestlog.py:55}}
Aug 19 14:52:56.656031 np0000007781 devstack@placement-api.service[93171]: INFO placement.requestlog [req-4c434cd7-ab04-4f7a-8d13-8ec656acd617 req-b6ef08db-4726-4607-b886-9743ac1d98a9 service nova] 10.4.3.143 "GET /placement/allocations/328d8000-c396-43e3-8792-7dfd2c9de488" status: 200 len: 258 microversion: 1.28
Aug 19 14:52:56.657104 np0000007781 devstack@placement-api.service[93171]: [pid: 93171|app: 0|req: 198/789] 10.4.3.143 () {68 vars in 1499 bytes} [Wed Aug 19 14:52:56 2026] GET /placement/allocations/328d8000-c396-43e3-8792-7dfd2c9de488 => generated 258 bytes in 27 msecs (HTTP/1.1 200) 8 headers in 296 bytes (1 switches on core 0)
Aug 19 14:52:56.720912 np0000007781 devstack@placement-api.service[93172]: DEBUG placement.requestlog [req-4c434cd7-ab04-4f7a-8d13-8ec656acd617 req-02042652-a9af-4c99-a27d-44312ce115f8 None None] Starting request: 10.4.3.143 "GET /placement/allocations/bf4a685c-bcf5-4531-8e47-d2b49bdd94b6" {{(pid=93172) __call__ /opt/stack/placement/placement/requestlog.py:55}}
Aug 19 14:52:56.746395 np0000007781 devstack@placement-api.service[93172]: INFO placement.requestlog [req-4c434cd7-ab04-4f7a-8d13-8ec656acd617 req-02042652-a9af-4c99-a27d-44312ce115f8 service nova] 10.4.3.143 "GET /placement/allocations/bf4a685c-bcf5-4531-8e47-d2b49bdd94b6" status: 200 len: 258 microversion: 1.28
Aug 19 14:52:56.746541 np0000007781 devstack@placement-api.service[93172]: [pid: 93172|app: 0|req: 197/790] 10.4.3.143 () {68 vars in 1499 bytes} [Wed Aug 19 14:52:56 2026] GET /placement/allocations/bf4a685c-bcf5-4531-8e47-d2b49bdd94b6 => generated 258 bytes in 26 msecs (HTTP/1.1 200) 8 headers in 296 bytes (1 switches on core 0)
Aug 19 14:52:56.808674 np0000007781 devstack@placement-api.service[93173]: DEBUG placement.requestlog [req-4c434cd7-ab04-4f7a-8d13-8ec656acd617 req-c46d9c35-07e2-4cde-9601-69d55b24462f None None] Starting request: 10.4.3.143 "GET /placement/allocations/78a43931-e785-4b8d-acb4-b82b7632f3f0" {{(pid=93173) __call__ /opt/stack/placement/placement/requestlog.py:55}}
Aug 19 14:52:56.824482 np0000007781 devstack@placement-api.service[93173]: INFO placement.requestlog [req-4c434cd7-ab04-4f7a-8d13-8ec656acd617 req-c46d9c35-07e2-4cde-9601-69d55b24462f service nova] 10.4.3.143 "GET /placement/allocations/78a43931-e785-4b8d-acb4-b82b7632f3f0" status: 200 len: 244 microversion: 1.28
Aug 19 14:52:56.824955 np0000007781 devstack@placement-api.service[93173]: [pid: 93173|app: 0|req: 198/791] 10.4.3.143 () {68 vars in 1499 bytes} [Wed Aug 19 14:52:56 2026] GET /placement/allocations/78a43931-e785-4b8d-acb4-b82b7632f3f0 => generated 244 bytes in 16 msecs (HTTP/1.1 200) 8 headers in 296 bytes (1 switches on core 0)
Aug 19 14:52:56.876087 np0000007781 devstack@placement-api.service[93170]: DEBUG placement.requestlog [req-4c434cd7-ab04-4f7a-8d13-8ec656acd617 req-c77ed15f-6138-409d-98f9-331a1f1e6544 None None] Starting request: 10.4.3.143 "GET /placement/allocations/3d157dcc-c673-4f14-8a14-42b95492d1e0" {{(pid=93170) __call__ /opt/stack/placement/placement/requestlog.py:55}}
Aug 19 14:52:56.887488 np0000007781 devstack@placement-api.service[93170]: INFO placement.requestlog [req-4c434cd7-ab04-4f7a-8d13-8ec656acd617 req-c77ed15f-6138-409d-98f9-331a1f1e6544 service nova] 10.4.3.143 "GET /placement/allocations/3d157dcc-c673-4f14-8a14-42b95492d1e0" status: 200 len: 258 microversion: 1.28
Aug 19 14:52:56.887488 np0000007781 devstack@placement-api.service[93170]: [pid: 93170|app: 0|req: 199/792] 10.4.3.143 () {68 vars in 1499 bytes} [Wed Aug 19 14:52:56 2026] GET /placement/allocations/3d157dcc-c673-4f14-8a14-42b95492d1e0 => generated 258 bytes in 12 msecs (HTTP/1.1 200) 8 headers in 296 bytes (1 switches on core 0)
Aug 19 14:53:02.229381 np0000007781 devstack@placement-api.service[93171]: DEBUG placement.requestlog [None req-7370a4a5-a697-40f2-a2eb-37df3a02d891 None None] Starting request: 10.4.3.143 "GET /placement/resource_providers/603cd7be-3b75-4ada-a6d1-45549bd69d8d/aggregates" {{(pid=93171) __call__ /opt/stack/placement/placement/requestlog.py:55}}
Aug 19 14:53:02.242214 np0000007781 devstack@placement-api.service[93171]: INFO placement.requestlog [None req-7370a4a5-a697-40f2-a2eb-37df3a02d891 service placement] 10.4.3.143 "GET /placement/resource_providers/603cd7be-3b75-4ada-a6d1-45549bd69d8d/aggregates" status: 404 len: 235 microversion: 1.1
Aug 19 14:53:02.242449 np0000007781 devstack@placement-api.service[93171]: [pid: 93171|app: 0|req: 199/793] 10.4.3.143 () {66 vars in 1474 bytes} [Wed Aug 19 14:53:02 2026] GET /placement/resource_providers/603cd7be-3b75-4ada-a6d1-45549bd69d8d/aggregates => generated 235 bytes in 13 msecs (HTTP/1.1 404) 5 headers in 202 bytes (1 switches on core 0)
Aug 19 14:53:02.304324 np0000007781 devstack@placement-api.service[93172]: DEBUG placement.requestlog [None req-de6a7f66-3690-4b49-be06-750bba684d74 None None] Starting request: 10.4.3.143 "DELETE /placement/resource_providers/603cd7be-3b75-4ada-a6d1-45549bd69d8d" {{(pid=93172) __call__ /opt/stack/placement/placement/requestlog.py:55}}
Aug 19 14:53:02.312312 np0000007781 devstack@placement-api.service[93172]: DEBUG dbcounter [-] [93172] Writing DB stats placement:INSERT=11,placement:SELECT=135,placement:DELETE=6,placement:UPDATE=4 {{(pid=93172) stat_writer /opt/stack/data/venv/lib/python3.12/site-packages/dbcounter.py:115}}
Aug 19 14:53:02.314616 np0000007781 devstack@placement-api.service[93172]: DEBUG placement.wsgi_wrapper [None req-de6a7f66-3690-4b49-be06-750bba684d74 service placement] Placement API returning an error response: No resource provider with uuid 603cd7be-3b75-4ada-a6d1-45549bd69d8d found for delete {{(pid=93172) call_func /opt/stack/placement/placement/wsgi_wrapper.py:31}}
Aug 19 14:53:02.315115 np0000007781 devstack@placement-api.service[93172]: INFO placement.requestlog [None req-de6a7f66-3690-4b49-be06-750bba684d74 service placement] 10.4.3.143 "DELETE /placement/resource_providers/603cd7be-3b75-4ada-a6d1-45549bd69d8d" status: 404 len: 246 microversion: 1.1
Aug 19 14:53:02.315466 np0000007781 devstack@placement-api.service[93172]: [pid: 93172|app: 0|req: 198/794] 10.4.3.143 () {68 vars in 1463 bytes} [Wed Aug 19 14:53:02 2026] DELETE /placement/resource_providers/603cd7be-3b75-4ada-a6d1-45549bd69d8d => generated 246 bytes in 11 msecs (HTTP/1.1 404) 6 headers in 231 bytes (1 switches on core 0)
Aug 19 14:53:05.965359 np0000007781 devstack@placement-api.service[93173]: DEBUG placement.requestlog [req-fd7eb0ab-200c-4e24-ad2d-d25e809cbcf4 req-f2ae2ee9-f4f2-4f36-83c1-1a72b33aa2cd None None] Starting request: 10.4.3.143 "GET /placement/allocation_candidates?limit=1000&resources=DISK_GB%3A1%2CMEMORY_MB%3A192%2CVCPU%3A1&root_required=%21COMPUTE_STATUS_DISABLED" {{(pid=93173) __call__ /opt/stack/placement/placement/requestlog.py:55}}
Aug 19 14:53:06.006724 np0000007781 devstack@placement-api.service[93173]: DEBUG placement.objects.research_context [req-fd7eb0ab-200c-4e24-ad2d-d25e809cbcf4 req-f2ae2ee9-f4f2-4f36-83c1-1a72b33aa2cd service nova] getting providers with 1 DISK_GB {{(pid=93173) __init__ /opt/stack/placement/placement/objects/research_context.py:137}}
Aug 19 14:53:06.012452 np0000007781 devstack@placement-api.service[93173]: DEBUG placement.objects.research_context [req-fd7eb0ab-200c-4e24-ad2d-d25e809cbcf4 req-f2ae2ee9-f4f2-4f36-83c1-1a72b33aa2cd service nova] getting providers with 192 MEMORY_MB {{(pid=93173) __init__ /opt/stack/placement/placement/objects/research_context.py:137}}
Aug 19 14:53:06.017307 np0000007781 devstack@placement-api.service[93173]: DEBUG placement.objects.research_context [req-fd7eb0ab-200c-4e24-ad2d-d25e809cbcf4 req-f2ae2ee9-f4f2-4f36-83c1-1a72b33aa2cd service nova] getting providers with 1 VCPU {{(pid=93173) __init__ /opt/stack/placement/placement/objects/research_context.py:137}}
Aug 19 14:53:06.021492 np0000007781 devstack@placement-api.service[93173]: DEBUG placement.objects.research_context [req-fd7eb0ab-200c-4e24-ad2d-d25e809cbcf4 req-f2ae2ee9-f4f2-4f36-83c1-1a72b33aa2cd service nova] found 1 providers with available 1 DISK_GB {{(pid=93173) get_provider_ids_matching /opt/stack/placement/placement/objects/research_context.py:566}}
Aug 19 14:53:06.022337 np0000007781 devstack@placement-api.service[93170]: DEBUG placement.requestlog [None req-734bb4ec-32f0-4007-83a9-66992d0f7f76 None None] Starting request: 10.4.3.143 "GET /placement/resource_providers/4d49f884-c1c2-4a20-b7f7-61c3f7ea12fc/aggregates" {{(pid=93170) __call__ /opt/stack/placement/placement/requestlog.py:55}}
Aug 19 14:53:06.022852 np0000007781 devstack@placement-api.service[93173]: DEBUG placement.objects.research_context [req-fd7eb0ab-200c-4e24-ad2d-d25e809cbcf4 req-f2ae2ee9-f4f2-4f36-83c1-1a72b33aa2cd service nova] found 1 providers with available 192 MEMORY_MB {{(pid=93173) get_provider_ids_matching /opt/stack/placement/placement/objects/research_context.py:566}}
Aug 19 14:53:06.022852 np0000007781 devstack@placement-api.service[93173]: DEBUG placement.objects.research_context [req-fd7eb0ab-200c-4e24-ad2d-d25e809cbcf4 req-f2ae2ee9-f4f2-4f36-83c1-1a72b33aa2cd service nova] found 1 providers after filtering by previous result {{(pid=93173) get_provider_ids_matching /opt/stack/placement/placement/objects/research_context.py:597}}
Aug 19 14:53:06.022996 np0000007781 devstack@placement-api.service[93173]: DEBUG placement.objects.research_context [req-fd7eb0ab-200c-4e24-ad2d-d25e809cbcf4 req-f2ae2ee9-f4f2-4f36-83c1-1a72b33aa2cd service nova] found 1 providers with available 1 VCPU {{(pid=93173) get_provider_ids_matching /opt/stack/placement/placement/objects/research_context.py:566}}
Aug 19 14:53:06.023038 np0000007781 devstack@placement-api.service[93173]: DEBUG placement.objects.research_context [req-fd7eb0ab-200c-4e24-ad2d-d25e809cbcf4 req-f2ae2ee9-f4f2-4f36-83c1-1a72b33aa2cd service nova] found 1 providers after filtering by previous result {{(pid=93173) get_provider_ids_matching /opt/stack/placement/placement/objects/research_context.py:597}}
Aug 19 14:53:06.040621 np0000007781 devstack@placement-api.service[93170]: INFO placement.requestlog [None req-734bb4ec-32f0-4007-83a9-66992d0f7f76 service placement] 10.4.3.143 "GET /placement/resource_providers/4d49f884-c1c2-4a20-b7f7-61c3f7ea12fc/aggregates" status: 404 len: 235 microversion: 1.1
Aug 19 14:53:06.040621 np0000007781 devstack@placement-api.service[93170]: [pid: 93170|app: 0|req: 200/795] 10.4.3.143 () {66 vars in 1474 bytes} [Wed Aug 19 14:53:06 2026] GET /placement/resource_providers/4d49f884-c1c2-4a20-b7f7-61c3f7ea12fc/aggregates => generated 235 bytes in 18 msecs (HTTP/1.1 404) 5 headers in 202 bytes (1 switches on core 0)
Aug 19 14:53:06.042266 np0000007781 devstack@placement-api.service[93173]: DEBUG placement.objects.allocation_candidate [req-fd7eb0ab-200c-4e24-ad2d-d25e809cbcf4 req-f2ae2ee9-f4f2-4f36-83c1-1a72b33aa2cd service nova] RequestGroup(use_same_provider=False, resources={DISK_GB:1, MEMORY_MB:192, VCPU:1}, traits=(), aggregates=[]) (suffix '') returned 1 matches {{(pid=93173) _get_by_requests /opt/stack/placement/placement/objects/allocation_candidate.py:158}}
Aug 19 14:53:06.042461 np0000007781 devstack@placement-api.service[93173]: DEBUG placement.objects.allocation_candidate [req-fd7eb0ab-200c-4e24-ad2d-d25e809cbcf4 req-f2ae2ee9-f4f2-4f36-83c1-1a72b33aa2cd service nova] Merging candidates yields 1 allocation requests and 1 provider summaries {{(pid=93173) _merge_candidates /opt/stack/placement/placement/objects/allocation_candidate.py:973}}
Aug 19 14:53:06.045734 np0000007781 devstack@placement-api.service[93173]: INFO placement.requestlog [req-fd7eb0ab-200c-4e24-ad2d-d25e809cbcf4 req-f2ae2ee9-f4f2-4f36-83c1-1a72b33aa2cd service nova] 10.4.3.143 "GET /placement/allocation_candidates?limit=1000&resources=DISK_GB%3A1%2CMEMORY_MB%3A192%2CVCPU%3A1&root_required=%21COMPUTE_STATUS_DISABLED" status: 200 len: 2493 microversion: 1.36
Aug 19 14:53:06.046066 np0000007781 devstack@placement-api.service[93173]: [pid: 93173|app: 0|req: 199/796] 10.4.3.143 () {68 vars in 1625 bytes} [Wed Aug 19 14:53:05 2026] GET /placement/allocation_candidates?limit=1000&resources=DISK_GB%3A1%2CMEMORY_MB%3A192%2CVCPU%3A1&root_required=%21COMPUTE_STATUS_DISABLED => generated 2493 bytes in 81 msecs (HTTP/1.1 200) 8 headers in 297 bytes (1 switches on core 0)
Aug 19 14:53:06.102029 np0000007781 devstack@placement-api.service[93171]: DEBUG placement.requestlog [None req-c5320bfa-b9f1-42d6-8c55-504af755cbd7 None None] Starting request: 10.4.3.143 "DELETE /placement/resource_providers/4d49f884-c1c2-4a20-b7f7-61c3f7ea12fc" {{(pid=93171) __call__ /opt/stack/placement/placement/requestlog.py:55}}
Aug 19 14:53:06.113324 np0000007781 devstack@placement-api.service[93171]: DEBUG placement.wsgi_wrapper [None req-c5320bfa-b9f1-42d6-8c55-504af755cbd7 service placement] Placement API returning an error response: No resource provider with uuid 4d49f884-c1c2-4a20-b7f7-61c3f7ea12fc found for delete {{(pid=93171) call_func /opt/stack/placement/placement/wsgi_wrapper.py:31}}
Aug 19 14:53:06.114682 np0000007781 devstack@placement-api.service[93171]: INFO placement.requestlog [None req-c5320bfa-b9f1-42d6-8c55-504af755cbd7 service placement] 10.4.3.143 "DELETE /placement/resource_providers/4d49f884-c1c2-4a20-b7f7-61c3f7ea12fc" status: 404 len: 246 microversion: 1.1
Aug 19 14:53:06.115182 np0000007781 devstack@placement-api.service[93171]: [pid: 93171|app: 0|req: 200/797] 10.4.3.143 () {68 vars in 1463 bytes} [Wed Aug 19 14:53:06 2026] DELETE /placement/resource_providers/4d49f884-c1c2-4a20-b7f7-61c3f7ea12fc => generated 246 bytes in 13 msecs (HTTP/1.1 404) 6 headers in 231 bytes (1 switches on core 0)
Aug 19 14:53:06.125699 np0000007781 devstack@placement-api.service[93172]: DEBUG placement.requestlog [req-fd7eb0ab-200c-4e24-ad2d-d25e809cbcf4 req-4de96327-97c0-4dd4-9534-341b88dd21e6 None None] Starting request: 10.4.3.143 "GET /placement/allocations/aa767845-de45-4d9a-8f76-13b044d89e16" {{(pid=93172) __call__ /opt/stack/placement/placement/requestlog.py:55}}
Aug 19 14:53:06.138327 np0000007781 devstack@placement-api.service[93172]: INFO placement.requestlog [req-fd7eb0ab-200c-4e24-ad2d-d25e809cbcf4 req-4de96327-97c0-4dd4-9534-341b88dd21e6 service nova] 10.4.3.143 "GET /placement/allocations/aa767845-de45-4d9a-8f76-13b044d89e16" status: 200 len: 19 microversion: 1.28
Aug 19 14:53:06.138465 np0000007781 devstack@placement-api.service[93172]: [pid: 93172|app: 0|req: 199/798] 10.4.3.143 () {68 vars in 1501 bytes} [Wed Aug 19 14:53:06 2026] GET /placement/allocations/aa767845-de45-4d9a-8f76-13b044d89e16 => generated 19 bytes in 13 msecs (HTTP/1.1 200) 8 headers in 295 bytes (1 switches on core 0)
Aug 19 14:53:06.186022 np0000007781 devstack@placement-api.service[93170]: DEBUG placement.requestlog [req-fd7eb0ab-200c-4e24-ad2d-d25e809cbcf4 req-0f83bf6f-70e6-4bab-9c59-d3150be13d27 None None] Starting request: 10.4.3.143 "PUT /placement/allocations/aa767845-de45-4d9a-8f76-13b044d89e16" {{(pid=93170) __call__ /opt/stack/placement/placement/requestlog.py:55}}
Aug 19 14:53:06.256193 np0000007781 devstack@placement-api.service[93170]: DEBUG placement.handlers.allocation [req-fd7eb0ab-200c-4e24-ad2d-d25e809cbcf4 req-0f83bf6f-70e6-4bab-9c59-d3150be13d27 service nova] Successfully wrote allocations [, , ] {{(pid=93170) _update_consumers_and_create_allocations /opt/stack/placement/placement/handlers/allocation.py:462}}
Aug 19 14:53:06.262069 np0000007781 devstack@placement-api.service[93170]: INFO placement.requestlog [req-fd7eb0ab-200c-4e24-ad2d-d25e809cbcf4 req-0f83bf6f-70e6-4bab-9c59-d3150be13d27 service nova] 10.4.3.143 "PUT /placement/allocations/aa767845-de45-4d9a-8f76-13b044d89e16" status: 204 len: 0 microversion: 1.36
Aug 19 14:53:06.262069 np0000007781 devstack@placement-api.service[93170]: [pid: 93170|app: 0|req: 201/799] 10.4.3.143 () {72 vars in 1554 bytes} [Wed Aug 19 14:53:06 2026] PUT /placement/allocations/aa767845-de45-4d9a-8f76-13b044d89e16 => generated 0 bytes in 76 msecs (HTTP/1.1 204) 5 headers in 199 bytes (2 switches on core 0)
Aug 19 14:53:06.603483 np0000007781 devstack@placement-api.service[93173]: DEBUG placement.requestlog [req-fd7eb0ab-200c-4e24-ad2d-d25e809cbcf4 req-d3d46b72-8d77-4a01-9e82-fa452fbafe9c None None] Starting request: 10.4.3.143 "GET /placement/allocations/aa767845-de45-4d9a-8f76-13b044d89e16" {{(pid=93173) __call__ /opt/stack/placement/placement/requestlog.py:55}}
Aug 19 14:53:06.629906 np0000007781 devstack@placement-api.service[93173]: INFO placement.requestlog [req-fd7eb0ab-200c-4e24-ad2d-d25e809cbcf4 req-d3d46b72-8d77-4a01-9e82-fa452fbafe9c service nova] 10.4.3.143 "GET /placement/allocations/aa767845-de45-4d9a-8f76-13b044d89e16" status: 200 len: 258 microversion: 1.28
