Jul 17 17:31:30.202560 np0000005360 nova-scheduler[93437]: DEBUG cotyledon.oslo_config_glue [-] oslo_messaging_rabbit.rabbit_ha_queues = False {{(pid=93437) log_opt_values /opt/stack/data/venv/lib/python3.12/site-packages/oslo_config/cfg.py:3253}}
Jul 17 17:31:30.202560 np0000005360 nova-scheduler[93437]: DEBUG cotyledon.oslo_config_glue [-] oslo_messaging_rabbit.rabbit_interval_max = 30 {{(pid=93437) log_opt_values /opt/stack/data/venv/lib/python3.12/site-packages/oslo_config/cfg.py:3253}}
Jul 17 17:31:30.202560 np0000005360 nova-scheduler[93437]: DEBUG cotyledon.oslo_config_glue [-] oslo_messaging_rabbit.rabbit_login_method = AMQPLAIN {{(pid=93437) log_opt_values /opt/stack/data/venv/lib/python3.12/site-packages/oslo_config/cfg.py:3253}}
Jul 17 17:31:30.202560 np0000005360 nova-scheduler[93437]: DEBUG cotyledon.oslo_config_glue [-] oslo_messaging_rabbit.rabbit_qos_prefetch_count = 0 {{(pid=93437) log_opt_values /opt/stack/data/venv/lib/python3.12/site-packages/oslo_config/cfg.py:3253}}
Jul 17 17:31:30.202560 np0000005360 nova-scheduler[93437]: DEBUG cotyledon.oslo_config_glue [-] oslo_messaging_rabbit.rabbit_quorum_delivery_limit = 0 {{(pid=93437) log_opt_values /opt/stack/data/venv/lib/python3.12/site-packages/oslo_config/cfg.py:3253}}
Jul 17 17:31:30.202560 np0000005360 nova-scheduler[93437]: DEBUG cotyledon.oslo_config_glue [-] oslo_messaging_rabbit.rabbit_quorum_max_memory_bytes = 0 {{(pid=93437) log_opt_values /opt/stack/data/venv/lib/python3.12/site-packages/oslo_config/cfg.py:3253}}
Jul 17 17:31:30.202560 np0000005360 nova-scheduler[93437]: DEBUG cotyledon.oslo_config_glue [-] oslo_messaging_rabbit.rabbit_quorum_max_memory_length = 0 {{(pid=93437) log_opt_values /opt/stack/data/venv/lib/python3.12/site-packages/oslo_config/cfg.py:3253}}
Jul 17 17:31:30.202560 np0000005360 nova-scheduler[93437]: DEBUG cotyledon.oslo_config_glue [-] oslo_messaging_rabbit.rabbit_quorum_queue = False {{(pid=93437) log_opt_values /opt/stack/data/venv/lib/python3.12/site-packages/oslo_config/cfg.py:3253}}
Jul 17 17:31:30.202828 np0000005360 nova-scheduler[93437]: DEBUG cotyledon.oslo_config_glue [-] oslo_messaging_rabbit.rabbit_retry_backoff = 2 {{(pid=93437) log_opt_values /opt/stack/data/venv/lib/python3.12/site-packages/oslo_config/cfg.py:3253}}
Jul 17 17:31:30.202828 np0000005360 nova-scheduler[93437]: DEBUG cotyledon.oslo_config_glue [-] oslo_messaging_rabbit.rabbit_retry_interval = 1 {{(pid=93437) log_opt_values /opt/stack/data/venv/lib/python3.12/site-packages/oslo_config/cfg.py:3253}}
Jul 17 17:31:30.202828 np0000005360 nova-scheduler[93437]: DEBUG cotyledon.oslo_config_glue [-] oslo_messaging_rabbit.rabbit_stream_fanout = False {{(pid=93437) log_opt_values /opt/stack/data/venv/lib/python3.12/site-packages/oslo_config/cfg.py:3253}}
Jul 17 17:31:30.202828 np0000005360 nova-scheduler[93437]: DEBUG cotyledon.oslo_config_glue [-] oslo_messaging_rabbit.rabbit_transient_queues_ttl = 1800 {{(pid=93437) log_opt_values /opt/stack/data/venv/lib/python3.12/site-packages/oslo_config/cfg.py:3253}}
Jul 17 17:31:30.202828 np0000005360 nova-scheduler[93437]: DEBUG cotyledon.oslo_config_glue [-] oslo_messaging_rabbit.rabbit_transient_quorum_queue = False {{(pid=93437) log_opt_values /opt/stack/data/venv/lib/python3.12/site-packages/oslo_config/cfg.py:3253}}
Jul 17 17:31:30.202828 np0000005360 nova-scheduler[93437]: DEBUG cotyledon.oslo_config_glue [-] oslo_messaging_rabbit.rpc_conn_pool_size = 30 {{(pid=93437) log_opt_values /opt/stack/data/venv/lib/python3.12/site-packages/oslo_config/cfg.py:3253}}
Jul 17 17:31:30.202828 np0000005360 nova-scheduler[93437]: DEBUG cotyledon.oslo_config_glue [-] oslo_messaging_rabbit.ssl = False {{(pid=93437) log_opt_values /opt/stack/data/venv/lib/python3.12/site-packages/oslo_config/cfg.py:3253}}
Jul 17 17:31:30.202828 np0000005360 nova-scheduler[93437]: DEBUG cotyledon.oslo_config_glue [-] oslo_messaging_rabbit.ssl_ca_file = {{(pid=93437) log_opt_values /opt/stack/data/venv/lib/python3.12/site-packages/oslo_config/cfg.py:3253}}
Jul 17 17:31:30.202828 np0000005360 nova-scheduler[93437]: DEBUG cotyledon.oslo_config_glue [-] oslo_messaging_rabbit.ssl_cert_file = {{(pid=93437) log_opt_values /opt/stack/data/venv/lib/python3.12/site-packages/oslo_config/cfg.py:3253}}
Jul 17 17:31:30.203084 np0000005360 nova-scheduler[93437]: DEBUG cotyledon.oslo_config_glue [-] oslo_messaging_rabbit.ssl_enforce_fips_mode = False {{(pid=93437) log_opt_values /opt/stack/data/venv/lib/python3.12/site-packages/oslo_config/cfg.py:3253}}
Jul 17 17:31:30.203084 np0000005360 nova-scheduler[93437]: DEBUG cotyledon.oslo_config_glue [-] oslo_messaging_rabbit.ssl_enforce_hostname_verification = True {{(pid=93437) log_opt_values /opt/stack/data/venv/lib/python3.12/site-packages/oslo_config/cfg.py:3253}}
Jul 17 17:31:30.203084 np0000005360 nova-scheduler[93437]: DEBUG cotyledon.oslo_config_glue [-] oslo_messaging_rabbit.ssl_key_file = {{(pid=93437) log_opt_values /opt/stack/data/venv/lib/python3.12/site-packages/oslo_config/cfg.py:3253}}
Jul 17 17:31:30.203084 np0000005360 nova-scheduler[93437]: DEBUG cotyledon.oslo_config_glue [-] oslo_messaging_rabbit.ssl_version = {{(pid=93437) log_opt_values /opt/stack/data/venv/lib/python3.12/site-packages/oslo_config/cfg.py:3253}}
Jul 17 17:31:30.203084 np0000005360 nova-scheduler[93437]: DEBUG cotyledon.oslo_config_glue [-] oslo_messaging_rabbit.use_queue_manager = False {{(pid=93437) log_opt_values /opt/stack/data/venv/lib/python3.12/site-packages/oslo_config/cfg.py:3253}}
Jul 17 17:31:30.203084 np0000005360 nova-scheduler[93437]: DEBUG cotyledon.oslo_config_glue [-] oslo_messaging_notifications.driver = ['messagingv2'] {{(pid=93437) log_opt_values /opt/stack/data/venv/lib/python3.12/site-packages/oslo_config/cfg.py:3253}}
Jul 17 17:31:30.203084 np0000005360 nova-scheduler[93437]: DEBUG cotyledon.oslo_config_glue [-] oslo_messaging_notifications.retry = -1 {{(pid=93437) log_opt_values /opt/stack/data/venv/lib/python3.12/site-packages/oslo_config/cfg.py:3253}}
Jul 17 17:31:30.203084 np0000005360 nova-scheduler[93437]: DEBUG cotyledon.oslo_config_glue [-] oslo_messaging_notifications.topics = ['notifications'] {{(pid=93437) log_opt_values /opt/stack/data/venv/lib/python3.12/site-packages/oslo_config/cfg.py:3253}}
Jul 17 17:31:30.203084 np0000005360 nova-scheduler[93437]: DEBUG cotyledon.oslo_config_glue [-] oslo_messaging_notifications.transport_url = **** {{(pid=93437) log_opt_values /opt/stack/data/venv/lib/python3.12/site-packages/oslo_config/cfg.py:3253}}
Jul 17 17:31:30.203329 np0000005360 nova-scheduler[93437]: DEBUG cotyledon.oslo_config_glue [-] oslo_limit.auth_section = None {{(pid=93437) log_opt_values /opt/stack/data/venv/lib/python3.12/site-packages/oslo_config/cfg.py:3253}}
Jul 17 17:31:30.203329 np0000005360 nova-scheduler[93437]: DEBUG cotyledon.oslo_config_glue [-] oslo_limit.auth_type = None {{(pid=93437) log_opt_values /opt/stack/data/venv/lib/python3.12/site-packages/oslo_config/cfg.py:3253}}
Jul 17 17:31:30.203329 np0000005360 nova-scheduler[93437]: DEBUG cotyledon.oslo_config_glue [-] oslo_limit.cafile = None {{(pid=93437) log_opt_values /opt/stack/data/venv/lib/python3.12/site-packages/oslo_config/cfg.py:3253}}
Jul 17 17:31:30.203329 np0000005360 nova-scheduler[93437]: DEBUG cotyledon.oslo_config_glue [-] oslo_limit.certfile = None {{(pid=93437) log_opt_values /opt/stack/data/venv/lib/python3.12/site-packages/oslo_config/cfg.py:3253}}
Jul 17 17:31:30.203329 np0000005360 nova-scheduler[93437]: DEBUG cotyledon.oslo_config_glue [-] oslo_limit.collect_timing = False {{(pid=93437) log_opt_values /opt/stack/data/venv/lib/python3.12/site-packages/oslo_config/cfg.py:3253}}
Jul 17 17:31:30.203329 np0000005360 nova-scheduler[93437]: DEBUG cotyledon.oslo_config_glue [-] oslo_limit.connect_retries = None {{(pid=93437) log_opt_values /opt/stack/data/venv/lib/python3.12/site-packages/oslo_config/cfg.py:3253}}
Jul 17 17:31:30.203329 np0000005360 nova-scheduler[93437]: DEBUG cotyledon.oslo_config_glue [-] oslo_limit.connect_retry_delay = None {{(pid=93437) log_opt_values /opt/stack/data/venv/lib/python3.12/site-packages/oslo_config/cfg.py:3253}}
Jul 17 17:31:30.203329 np0000005360 nova-scheduler[93437]: DEBUG cotyledon.oslo_config_glue [-] oslo_limit.endpoint_id = None {{(pid=93437) log_opt_values /opt/stack/data/venv/lib/python3.12/site-packages/oslo_config/cfg.py:3253}}
Jul 17 17:31:30.203329 np0000005360 nova-scheduler[93437]: DEBUG cotyledon.oslo_config_glue [-] oslo_limit.endpoint_interface = public {{(pid=93437) log_opt_values /opt/stack/data/venv/lib/python3.12/site-packages/oslo_config/cfg.py:3253}}
Jul 17 17:31:30.203719 np0000005360 nova-scheduler[93437]: DEBUG cotyledon.oslo_config_glue [-] oslo_limit.endpoint_override = None {{(pid=93437) log_opt_values /opt/stack/data/venv/lib/python3.12/site-packages/oslo_config/cfg.py:3253}}
Jul 17 17:31:30.203719 np0000005360 nova-scheduler[93437]: DEBUG cotyledon.oslo_config_glue [-] oslo_limit.endpoint_region_name = None {{(pid=93437) log_opt_values /opt/stack/data/venv/lib/python3.12/site-packages/oslo_config/cfg.py:3253}}
Jul 17 17:31:30.203719 np0000005360 nova-scheduler[93437]: DEBUG cotyledon.oslo_config_glue [-] oslo_limit.endpoint_service_name = None {{(pid=93437) log_opt_values /opt/stack/data/venv/lib/python3.12/site-packages/oslo_config/cfg.py:3253}}
Jul 17 17:31:30.203719 np0000005360 nova-scheduler[93437]: DEBUG cotyledon.oslo_config_glue [-] oslo_limit.endpoint_service_type = None {{(pid=93437) log_opt_values /opt/stack/data/venv/lib/python3.12/site-packages/oslo_config/cfg.py:3253}}
Jul 17 17:31:30.203719 np0000005360 nova-scheduler[93437]: DEBUG cotyledon.oslo_config_glue [-] oslo_limit.insecure = False {{(pid=93437) log_opt_values /opt/stack/data/venv/lib/python3.12/site-packages/oslo_config/cfg.py:3253}}
Jul 17 17:31:30.203719 np0000005360 nova-scheduler[93437]: DEBUG cotyledon.oslo_config_glue [-] oslo_limit.keyfile = None {{(pid=93437) log_opt_values /opt/stack/data/venv/lib/python3.12/site-packages/oslo_config/cfg.py:3253}}
Jul 17 17:31:30.203719 np0000005360 nova-scheduler[93437]: DEBUG cotyledon.oslo_config_glue [-] oslo_limit.max_version = None {{(pid=93437) log_opt_values /opt/stack/data/venv/lib/python3.12/site-packages/oslo_config/cfg.py:3253}}
Jul 17 17:31:30.203719 np0000005360 nova-scheduler[93437]: DEBUG cotyledon.oslo_config_glue [-] oslo_limit.min_version = None {{(pid=93437) log_opt_values /opt/stack/data/venv/lib/python3.12/site-packages/oslo_config/cfg.py:3253}}
Jul 17 17:31:30.203719 np0000005360 nova-scheduler[93437]: DEBUG cotyledon.oslo_config_glue [-] oslo_limit.region_name = None {{(pid=93437) log_opt_values /opt/stack/data/venv/lib/python3.12/site-packages/oslo_config/cfg.py:3253}}
Jul 17 17:31:30.204011 np0000005360 nova-scheduler[93437]: DEBUG cotyledon.oslo_config_glue [-] oslo_limit.retriable_status_codes = None {{(pid=93437) log_opt_values /opt/stack/data/venv/lib/python3.12/site-packages/oslo_config/cfg.py:3253}}
Jul 17 17:31:30.204011 np0000005360 nova-scheduler[93437]: DEBUG cotyledon.oslo_config_glue [-] oslo_limit.service_name = None {{(pid=93437) log_opt_values /opt/stack/data/venv/lib/python3.12/site-packages/oslo_config/cfg.py:3253}}
Jul 17 17:31:30.204011 np0000005360 nova-scheduler[93437]: DEBUG cotyledon.oslo_config_glue [-] oslo_limit.service_type = None {{(pid=93437) log_opt_values /opt/stack/data/venv/lib/python3.12/site-packages/oslo_config/cfg.py:3253}}
Jul 17 17:31:30.204011 np0000005360 nova-scheduler[93437]: DEBUG cotyledon.oslo_config_glue [-] oslo_limit.split_loggers = False {{(pid=93437) log_opt_values /opt/stack/data/venv/lib/python3.12/site-packages/oslo_config/cfg.py:3253}}
Jul 17 17:31:30.204011 np0000005360 nova-scheduler[93437]: DEBUG cotyledon.oslo_config_glue [-] oslo_limit.status_code_retries = None {{(pid=93437) log_opt_values /opt/stack/data/venv/lib/python3.12/site-packages/oslo_config/cfg.py:3253}}
Jul 17 17:31:30.204011 np0000005360 nova-scheduler[93437]: DEBUG cotyledon.oslo_config_glue [-] oslo_limit.status_code_retry_delay = None {{(pid=93437) log_opt_values /opt/stack/data/venv/lib/python3.12/site-packages/oslo_config/cfg.py:3253}}
Jul 17 17:31:30.204011 np0000005360 nova-scheduler[93437]: DEBUG cotyledon.oslo_config_glue [-] oslo_limit.timeout = None {{(pid=93437) log_opt_values /opt/stack/data/venv/lib/python3.12/site-packages/oslo_config/cfg.py:3253}}
Jul 17 17:31:30.204011 np0000005360 nova-scheduler[93437]: DEBUG cotyledon.oslo_config_glue [-] oslo_limit.valid_interfaces = None {{(pid=93437) log_opt_values /opt/stack/data/venv/lib/python3.12/site-packages/oslo_config/cfg.py:3253}}
Jul 17 17:31:30.204011 np0000005360 nova-scheduler[93437]: DEBUG cotyledon.oslo_config_glue [-] oslo_limit.version = None {{(pid=93437) log_opt_values /opt/stack/data/venv/lib/python3.12/site-packages/oslo_config/cfg.py:3253}}
Jul 17 17:31:30.204342 np0000005360 nova-scheduler[93437]: DEBUG cotyledon.oslo_config_glue [-] oslo_reports.file_event_handler = None {{(pid=93437) log_opt_values /opt/stack/data/venv/lib/python3.12/site-packages/oslo_config/cfg.py:3253}}
Jul 17 17:31:30.204342 np0000005360 nova-scheduler[93437]: DEBUG cotyledon.oslo_config_glue [-] oslo_reports.file_event_handler_interval = 1 {{(pid=93437) log_opt_values /opt/stack/data/venv/lib/python3.12/site-packages/oslo_config/cfg.py:3253}}
Jul 17 17:31:30.204444 np0000005360 nova-scheduler[93433]: DEBUG oslo_db.sqlalchemy.engines [None req-d0539a32-4505-4f7b-9a73-30a5cfff2095 None None] MySQL server mode set to STRICT_TRANS_TABLES,STRICT_ALL_TABLES,NO_ZERO_IN_DATE,NO_ZERO_DATE,ERROR_FOR_DIVISION_BY_ZERO,TRADITIONAL,NO_ENGINE_SUBSTITUTION {{(pid=93433) _check_effective_sql_mode /opt/stack/data/venv/lib/python3.12/site-packages/oslo_db/sqlalchemy/engines.py:325}}
Jul 17 17:31:30.204498 np0000005360 nova-scheduler[93437]: DEBUG cotyledon.oslo_config_glue [-] oslo_reports.log_dir = None {{(pid=93437) log_opt_values /opt/stack/data/venv/lib/python3.12/site-packages/oslo_config/cfg.py:3253}}
Jul 17 17:31:30.204498 np0000005360 nova-scheduler[93437]: DEBUG cotyledon.oslo_config_glue [-] ******************************************************************************** {{(pid=93437) log_opt_values /opt/stack/data/venv/lib/python3.12/site-packages/oslo_config/cfg.py:3260}}
Jul 17 17:31:30.204498 np0000005360 nova-scheduler[93437]: DEBUG cotyledon._service_worker [-] Run service ServiceWrapper(2) [93437] {{(pid=93437) wait_forever /opt/stack/data/venv/lib/python3.12/site-packages/cotyledon/_service_worker.py:218}}
Jul 17 17:31:30.204752 np0000005360 nova-scheduler[93437]: INFO nova.service [-] Starting scheduler node (version 33.1.0)
Jul 17 17:31:30.209033 np0000005360 nova-scheduler[93437]: INFO dbcounter [None req-34320533-d782-4aa6-adf1-3825a95abbba None None] Registered counter for database nova_cell0
Jul 17 17:31:30.210937 np0000005360 nova-scheduler[93433]: DEBUG dbcounter [-] [93433] Writer thread running {{(pid=93433) stat_writer /opt/stack/data/venv/lib/python3.12/site-packages/dbcounter.py:102}}
Jul 17 17:31:30.224116 np0000005360 nova-scheduler[93433]: DEBUG nova.service [None req-d0539a32-4505-4f7b-9a73-30a5cfff2095 None None] Creating RPC server for service: nova-scheduler on topic: scheduler {{(pid=93433) start /opt/stack/nova/nova/service.py:196}}
Jul 17 17:31:30.235249 np0000005360 nova-scheduler[93435]: DEBUG oslo_db.sqlalchemy.engines [None req-6c073020-955c-4ba6-84ac-e62b78034a35 None None] MySQL server mode set to STRICT_TRANS_TABLES,STRICT_ALL_TABLES,NO_ZERO_IN_DATE,NO_ZERO_DATE,ERROR_FOR_DIVISION_BY_ZERO,TRADITIONAL,NO_ENGINE_SUBSTITUTION {{(pid=93435) _check_effective_sql_mode /opt/stack/data/venv/lib/python3.12/site-packages/oslo_db/sqlalchemy/engines.py:325}}
Jul 17 17:31:30.247895 np0000005360 nova-scheduler[93433]: DEBUG nova.service [None req-d0539a32-4505-4f7b-9a73-30a5cfff2095 None None] Join ServiceGroup membership for this service scheduler {{(pid=93433) start /opt/stack/nova/nova/service.py:222}}
Jul 17 17:31:30.248031 np0000005360 nova-scheduler[93435]: DEBUG dbcounter [-] [93435] Writer thread running {{(pid=93435) stat_writer /opt/stack/data/venv/lib/python3.12/site-packages/dbcounter.py:102}}
Jul 17 17:31:30.248125 np0000005360 nova-scheduler[93433]: DEBUG nova.servicegroup.drivers.db [None req-d0539a32-4505-4f7b-9a73-30a5cfff2095 None None] DB_Driver: join new ServiceGroup member np0000005360 to the scheduler group, service = {{(pid=93433) join /opt/stack/nova/nova/servicegroup/drivers/db.py:44}}
Jul 17 17:31:30.250746 np0000005360 nova-scheduler[93437]: DEBUG oslo_db.sqlalchemy.engines [None req-34320533-d782-4aa6-adf1-3825a95abbba None None] MySQL server mode set to STRICT_TRANS_TABLES,STRICT_ALL_TABLES,NO_ZERO_IN_DATE,NO_ZERO_DATE,ERROR_FOR_DIVISION_BY_ZERO,TRADITIONAL,NO_ENGINE_SUBSTITUTION {{(pid=93437) _check_effective_sql_mode /opt/stack/data/venv/lib/python3.12/site-packages/oslo_db/sqlalchemy/engines.py:325}}
Jul 17 17:31:30.251545 np0000005360 nova-scheduler[93435]: DEBUG nova.service [None req-6c073020-955c-4ba6-84ac-e62b78034a35 None None] Creating RPC server for service: nova-scheduler on topic: scheduler {{(pid=93435) start /opt/stack/nova/nova/service.py:196}}
Jul 17 17:31:30.260656 np0000005360 nova-scheduler[93437]: DEBUG dbcounter [-] [93437] Writer thread running {{(pid=93437) stat_writer /opt/stack/data/venv/lib/python3.12/site-packages/dbcounter.py:102}}
Jul 17 17:31:30.263610 np0000005360 nova-scheduler[93437]: DEBUG nova.service [None req-34320533-d782-4aa6-adf1-3825a95abbba None None] Creating RPC server for service: nova-scheduler on topic: scheduler {{(pid=93437) start /opt/stack/nova/nova/service.py:196}}
Jul 17 17:31:30.270942 np0000005360 nova-scheduler[93435]: DEBUG nova.service [None req-6c073020-955c-4ba6-84ac-e62b78034a35 None None] Join ServiceGroup membership for this service scheduler {{(pid=93435) start /opt/stack/nova/nova/service.py:222}}
Jul 17 17:31:30.271194 np0000005360 nova-scheduler[93435]: DEBUG nova.servicegroup.drivers.db [None req-6c073020-955c-4ba6-84ac-e62b78034a35 None None] DB_Driver: join new ServiceGroup member np0000005360 to the scheduler group, service = {{(pid=93435) join /opt/stack/nova/nova/servicegroup/drivers/db.py:44}}
Jul 17 17:31:30.280307 np0000005360 nova-scheduler[93437]: DEBUG nova.service [None req-34320533-d782-4aa6-adf1-3825a95abbba None None] Join ServiceGroup membership for this service scheduler {{(pid=93437) start /opt/stack/nova/nova/service.py:222}}
Jul 17 17:31:30.280706 np0000005360 nova-scheduler[93437]: DEBUG nova.servicegroup.drivers.db [None req-34320533-d782-4aa6-adf1-3825a95abbba None None] DB_Driver: join new ServiceGroup member np0000005360 to the scheduler group, service = {{(pid=93437) join /opt/stack/nova/nova/servicegroup/drivers/db.py:44}}
Jul 17 17:31:31.252138 np0000005360 nova-scheduler[93433]: DEBUG oslo.service.backend._threading.loopingcall [None req-fd777671-0a4c-4765-ab31-8db7adb5b6f5 None None] Dynamic interval looping call 'nova.service.Service.periodic_tasks' sleeping for 60.00 seconds {{(pid=93433) _run_loop /opt/stack/data/venv/lib/python3.12/site-packages/oslo_service/backend/_threading/loopingcall.py:125}}
Jul 17 17:31:35.280325 np0000005360 nova-scheduler[93433]: DEBUG oslo.service.backend._threading.loopingcall [-] Fixed interval looping call 'nova.servicegroup.drivers.db.DbDriver._report_state' sleeping for 119.97 seconds {{(pid=93433) _run_loop /opt/stack/data/venv/lib/python3.12/site-packages/oslo_service/backend/_threading/loopingcall.py:125}}
Jul 17 17:31:35.285725 np0000005360 nova-scheduler[93435]: DEBUG oslo.service.backend._threading.loopingcall [-] Fixed interval looping call 'nova.servicegroup.drivers.db.DbDriver._report_state' sleeping for 119.99 seconds {{(pid=93435) _run_loop /opt/stack/data/venv/lib/python3.12/site-packages/oslo_service/backend/_threading/loopingcall.py:125}}
Jul 17 17:31:35.291723 np0000005360 nova-scheduler[93437]: DEBUG oslo.service.backend._threading.loopingcall [-] Fixed interval looping call 'nova.servicegroup.drivers.db.DbDriver._report_state' sleeping for 119.99 seconds {{(pid=93437) _run_loop /opt/stack/data/venv/lib/python3.12/site-packages/oslo_service/backend/_threading/loopingcall.py:125}}
Jul 17 17:31:38.836448 np0000005360 nova-scheduler[92224]: DEBUG dbcounter [-] [92224] Writing DB stats nova_api:SELECT=3 {{(pid=92224) stat_writer /opt/stack/data/venv/lib/python3.12/site-packages/dbcounter.py:115}}
Jul 17 17:31:38.967844 np0000005360 nova-scheduler[92224]: DEBUG dbcounter [-] [92224] Writing DB stats nova_cell0:SELECT=1 {{(pid=92224) stat_writer /opt/stack/data/venv/lib/python3.12/site-packages/dbcounter.py:115}}
Jul 17 17:31:38.973359 np0000005360 nova-scheduler[92224]: DEBUG dbcounter [-] [92224] Writing DB stats nova_cell1:SELECT=1 {{(pid=92224) stat_writer /opt/stack/data/venv/lib/python3.12/site-packages/dbcounter.py:115}}
Jul 17 17:31:45.274770 np0000005360 nova-scheduler[93433]: DEBUG dbcounter [-] [93433] Writing DB stats nova_cell0:SELECT=4,nova_cell0:INSERT=1,nova_cell0:UPDATE=1 {{(pid=93433) stat_writer /opt/stack/data/venv/lib/python3.12/site-packages/dbcounter.py:115}}
Jul 17 17:31:45.282203 np0000005360 nova-scheduler[93435]: DEBUG dbcounter [-] [93435] Writing DB stats nova_cell0:SELECT=3 {{(pid=93435) stat_writer /opt/stack/data/venv/lib/python3.12/site-packages/dbcounter.py:115}}
Jul 17 17:31:45.288840 np0000005360 nova-scheduler[93437]: DEBUG dbcounter [-] [93437] Writing DB stats nova_cell0:SELECT=3 {{(pid=93437) stat_writer /opt/stack/data/venv/lib/python3.12/site-packages/dbcounter.py:115}}
Jul 17 17:32:03.282727 np0000005360 nova-scheduler[93437]: DEBUG oslo.service.backend._threading.loopingcall [None req-168ed4c1-8151-4618-9a6c-ad0ed5051a26 None None] Dynamic interval looping call 'nova.service.Service.periodic_tasks' sleeping for 60.00 seconds {{(pid=93437) _run_loop /opt/stack/data/venv/lib/python3.12/site-packages/oslo_service/backend/_threading/loopingcall.py:125}}
Jul 17 17:32:15.273794 np0000005360 nova-scheduler[93435]: DEBUG oslo.service.backend._threading.loopingcall [None req-8ce18264-0408-49c3-a03e-e92ff95b54e7 None None] Dynamic interval looping call 'nova.service.Service.periodic_tasks' sleeping for 60.00 seconds {{(pid=93435) _run_loop /opt/stack/data/venv/lib/python3.12/site-packages/oslo_service/backend/_threading/loopingcall.py:125}}
Jul 17 17:32:31.252612 np0000005360 nova-scheduler[93433]: DEBUG oslo.service.backend._threading.loopingcall [None req-fd777671-0a4c-4765-ab31-8db7adb5b6f5 None None] Dynamic interval looping call 'nova.service.Service.periodic_tasks' sleeping for 60.00 seconds {{(pid=93433) _run_loop /opt/stack/data/venv/lib/python3.12/site-packages/oslo_service/backend/_threading/loopingcall.py:125}}
Jul 17 17:33:03.283213 np0000005360 nova-scheduler[93437]: DEBUG oslo.service.backend._threading.loopingcall [None req-168ed4c1-8151-4618-9a6c-ad0ed5051a26 None None] Dynamic interval looping call 'nova.service.Service.periodic_tasks' sleeping for 60.00 seconds {{(pid=93437) _run_loop /opt/stack/data/venv/lib/python3.12/site-packages/oslo_service/backend/_threading/loopingcall.py:125}}
Jul 17 17:33:15.274284 np0000005360 nova-scheduler[93435]: DEBUG oslo.service.backend._threading.loopingcall [None req-8ce18264-0408-49c3-a03e-e92ff95b54e7 None None] Dynamic interval looping call 'nova.service.Service.periodic_tasks' sleeping for 60.00 seconds {{(pid=93435) _run_loop /opt/stack/data/venv/lib/python3.12/site-packages/oslo_service/backend/_threading/loopingcall.py:125}}
Jul 17 17:33:31.253083 np0000005360 nova-scheduler[93433]: DEBUG oslo.service.backend._threading.loopingcall [None req-fd777671-0a4c-4765-ab31-8db7adb5b6f5 None None] Dynamic interval looping call 'nova.service.Service.periodic_tasks' sleeping for 60.00 seconds {{(pid=93433) _run_loop /opt/stack/data/venv/lib/python3.12/site-packages/oslo_service/backend/_threading/loopingcall.py:125}}
Jul 17 17:33:35.259446 np0000005360 nova-scheduler[93433]: DEBUG oslo.service.backend._threading.loopingcall [-] Fixed interval looping call 'nova.servicegroup.drivers.db.DbDriver._report_state' sleeping for 119.99 seconds {{(pid=93433) _run_loop /opt/stack/data/venv/lib/python3.12/site-packages/oslo_service/backend/_threading/loopingcall.py:125}}
Jul 17 17:33:35.279357 np0000005360 nova-scheduler[93435]: DEBUG oslo.service.backend._threading.loopingcall [-] Fixed interval looping call 'nova.servicegroup.drivers.db.DbDriver._report_state' sleeping for 120.00 seconds {{(pid=93435) _run_loop /opt/stack/data/venv/lib/python3.12/site-packages/oslo_service/backend/_threading/loopingcall.py:125}}
Jul 17 17:33:35.284479 np0000005360 nova-scheduler[93437]: DEBUG oslo.service.backend._threading.loopingcall [-] Fixed interval looping call 'nova.servicegroup.drivers.db.DbDriver._report_state' sleeping for 120.00 seconds {{(pid=93437) _run_loop /opt/stack/data/venv/lib/python3.12/site-packages/oslo_service/backend/_threading/loopingcall.py:125}}
Jul 17 17:33:45.253287 np0000005360 nova-scheduler[93433]: DEBUG dbcounter [-] [93433] Writing DB stats nova_cell0:SELECT=1,nova_cell0:UPDATE=1 {{(pid=93433) stat_writer /opt/stack/data/venv/lib/python3.12/site-packages/dbcounter.py:115}}
Jul 17 17:33:45.277554 np0000005360 nova-scheduler[93435]: DEBUG dbcounter [-] [93435] Writing DB stats nova_cell0:SELECT=1 {{(pid=93435) stat_writer /opt/stack/data/venv/lib/python3.12/site-packages/dbcounter.py:115}}
Jul 17 17:33:45.284931 np0000005360 nova-scheduler[93437]: DEBUG dbcounter [-] [93437] Writing DB stats nova_cell0:SELECT=1 {{(pid=93437) stat_writer /opt/stack/data/venv/lib/python3.12/site-packages/dbcounter.py:115}}
Jul 17 17:34:02.898592 np0000005360 nova-scheduler[93433]: DEBUG nova.scheduler.manager [None req-f1d7acc3-813e-4263-a89e-e63a732cee01 tempest-DeleteServersTestJSON-1262889962 tempest-DeleteServersTestJSON-1262889962-project-member] Starting to schedule for instances: ['adbc3897-4838-4dbc-ac3c-85c8f0467e0c'] {{(pid=93433) select_destinations /opt/stack/nova/nova/scheduler/manager.py:209}}
Jul 17 17:34:02.899334 np0000005360 nova-scheduler[93433]: DEBUG nova.scheduler.request_filter [None req-f1d7acc3-813e-4263-a89e-e63a732cee01 tempest-DeleteServersTestJSON-1262889962 tempest-DeleteServersTestJSON-1262889962-project-member] compute_status_filter request filter added forbidden trait COMPUTE_STATUS_DISABLED {{(pid=93433) compute_status_filter /opt/stack/nova/nova/scheduler/request_filter.py:253}}
Jul 17 17:34:02.899481 np0000005360 nova-scheduler[93433]: DEBUG nova.scheduler.request_filter [None req-f1d7acc3-813e-4263-a89e-e63a732cee01 tempest-DeleteServersTestJSON-1262889962 tempest-DeleteServersTestJSON-1262889962-project-member] Request filter 'compute_status_filter' took 0.0 seconds {{(pid=93433) wrapper /opt/stack/nova/nova/scheduler/request_filter.py:46}}
Jul 17 17:34:02.899678 np0000005360 nova-scheduler[93433]: DEBUG nova.scheduler.request_filter [None req-f1d7acc3-813e-4263-a89e-e63a732cee01 tempest-DeleteServersTestJSON-1262889962 tempest-DeleteServersTestJSON-1262889962-project-member] Request filter 'accelerators_filter' took 0.0 seconds {{(pid=93433) wrapper /opt/stack/nova/nova/scheduler/request_filter.py:46}}
Jul 17 17:34:02.899841 np0000005360 nova-scheduler[93433]: DEBUG nova.scheduler.request_filter [None req-f1d7acc3-813e-4263-a89e-e63a732cee01 tempest-DeleteServersTestJSON-1262889962 tempest-DeleteServersTestJSON-1262889962-project-member] Request filter 'packed_virtqueue_filter' took 0.0 seconds {{(pid=93433) wrapper /opt/stack/nova/nova/scheduler/request_filter.py:46}}
Jul 17 17:34:02.900133 np0000005360 nova-scheduler[93433]: DEBUG nova.scheduler.request_filter [None req-f1d7acc3-813e-4263-a89e-e63a732cee01 tempest-DeleteServersTestJSON-1262889962 tempest-DeleteServersTestJSON-1262889962-project-member] Request filter 'remote_managed_ports_filter' took 0.0 seconds {{(pid=93433) wrapper /opt/stack/nova/nova/scheduler/request_filter.py:46}}
Jul 17 17:34:02.900289 np0000005360 nova-scheduler[93433]: DEBUG nova.scheduler.request_filter [None req-f1d7acc3-813e-4263-a89e-e63a732cee01 tempest-DeleteServersTestJSON-1262889962 tempest-DeleteServersTestJSON-1262889962-project-member] ephemeral_encryption_filter skipped {{(pid=93433) ephemeral_encryption_filter /opt/stack/nova/nova/scheduler/request_filter.py:426}}
Jul 17 17:34:02.900470 np0000005360 nova-scheduler[93433]: DEBUG nova.scheduler.request_filter [None req-f1d7acc3-813e-4263-a89e-e63a732cee01 tempest-DeleteServersTestJSON-1262889962 tempest-DeleteServersTestJSON-1262889962-project-member] virtio_sound_filter skipped {{(pid=93433) virtio_sound_filter /opt/stack/nova/nova/scheduler/request_filter.py:460}}
Jul 17 17:34:02.900634 np0000005360 nova-scheduler[93433]: DEBUG nova.scheduler.request_filter [None req-f1d7acc3-813e-4263-a89e-e63a732cee01 tempest-DeleteServersTestJSON-1262889962 tempest-DeleteServersTestJSON-1262889962-project-member] tpm_secret_security_filter skipped {{(pid=93433) tpm_secret_security_filter /opt/stack/nova/nova/scheduler/request_filter.py:477}}
Jul 17 17:34:03.284984 np0000005360 nova-scheduler[93437]: DEBUG oslo.service.backend._threading.loopingcall [None req-168ed4c1-8151-4618-9a6c-ad0ed5051a26 None None] Dynamic interval looping call 'nova.service.Service.periodic_tasks' sleeping for 60.00 seconds {{(pid=93437) _run_loop /opt/stack/data/venv/lib/python3.12/site-packages/oslo_service/backend/_threading/loopingcall.py:125}}
Jul 17 17:34:03.497236 np0000005360 nova-scheduler[93433]: INFO nova.utils [None req-f1d7acc3-813e-4263-a89e-e63a732cee01 tempest-DeleteServersTestJSON-1262889962 tempest-DeleteServersTestJSON-1262889962-project-member] The cell worker thread pool ForkProcess-1.cell_worker is initialized
Jul 17 17:34:03.497781 np0000005360 nova-scheduler[93433]: DEBUG oslo_concurrency.lockutils [None req-f1d7acc3-813e-4263-a89e-e63a732cee01 tempest-DeleteServersTestJSON-1262889962 tempest-DeleteServersTestJSON-1262889962-project-member] Acquiring lock "e19d63da-89ed-41c6-bd75-aba528318cd1" by "nova.context.set_target_cell..get_or_set_cached_cell_and_set_connections" {{(pid=93433) inner /opt/stack/data/venv/lib/python3.12/site-packages/oslo_concurrency/lockutils.py:512}}
Jul 17 17:34:03.497846 np0000005360 nova-scheduler[93433]: DEBUG oslo_concurrency.lockutils [None req-f1d7acc3-813e-4263-a89e-e63a732cee01 tempest-DeleteServersTestJSON-1262889962 tempest-DeleteServersTestJSON-1262889962-project-member] Lock "e19d63da-89ed-41c6-bd75-aba528318cd1" acquired by "nova.context.set_target_cell..get_or_set_cached_cell_and_set_connections" :: waited 0.000s {{(pid=93433) inner /opt/stack/data/venv/lib/python3.12/site-packages/oslo_concurrency/lockutils.py:525}}
Jul 17 17:34:03.499261 np0000005360 nova-scheduler[93433]: DEBUG oslo_concurrency.lockutils [None req-f1d7acc3-813e-4263-a89e-e63a732cee01 tempest-DeleteServersTestJSON-1262889962 tempest-DeleteServersTestJSON-1262889962-project-member] Lock "e19d63da-89ed-41c6-bd75-aba528318cd1" "released" by "nova.context.set_target_cell..get_or_set_cached_cell_and_set_connections" :: held 0.001s {{(pid=93433) inner /opt/stack/data/venv/lib/python3.12/site-packages/oslo_concurrency/lockutils.py:544}}
Jul 17 17:34:03.503308 np0000005360 nova-scheduler[93433]: INFO dbcounter [None req-f1d7acc3-813e-4263-a89e-e63a732cee01 tempest-DeleteServersTestJSON-1262889962 tempest-DeleteServersTestJSON-1262889962-project-member] Registered counter for database nova_cell1
Jul 17 17:34:03.548345 np0000005360 nova-scheduler[93433]: DEBUG oslo_db.sqlalchemy.engines [None req-f1d7acc3-813e-4263-a89e-e63a732cee01 tempest-DeleteServersTestJSON-1262889962 tempest-DeleteServersTestJSON-1262889962-project-member] MySQL server mode set to STRICT_TRANS_TABLES,STRICT_ALL_TABLES,NO_ZERO_IN_DATE,NO_ZERO_DATE,ERROR_FOR_DIVISION_BY_ZERO,TRADITIONAL,NO_ENGINE_SUBSTITUTION {{(pid=93433) _check_effective_sql_mode /opt/stack/data/venv/lib/python3.12/site-packages/oslo_db/sqlalchemy/engines.py:325}}
Jul 17 17:34:03.559564 np0000005360 nova-scheduler[93433]: DEBUG dbcounter [-] [93433] Writer thread running {{(pid=93433) stat_writer /opt/stack/data/venv/lib/python3.12/site-packages/dbcounter.py:102}}
Jul 17 17:34:03.575912 np0000005360 nova-scheduler[93433]: DEBUG oslo_db.sqlalchemy.engines [None req-f1d7acc3-813e-4263-a89e-e63a732cee01 tempest-DeleteServersTestJSON-1262889962 tempest-DeleteServersTestJSON-1262889962-project-member] Parent process 92224 forked (93433) with an open database connection, which is being discarded and recreated. {{(pid=93433) checkout /opt/stack/data/venv/lib/python3.12/site-packages/oslo_db/sqlalchemy/engines.py:402}}
Jul 17 17:34:03.616508 np0000005360 nova-scheduler[93433]: DEBUG dbcounter [-] [93433] Writer thread running {{(pid=93433) stat_writer /opt/stack/data/venv/lib/python3.12/site-packages/dbcounter.py:102}}
Jul 17 17:34:03.620547 np0000005360 nova-scheduler[93433]: DEBUG oslo_concurrency.lockutils [None req-f1d7acc3-813e-4263-a89e-e63a732cee01 tempest-DeleteServersTestJSON-1262889962 tempest-DeleteServersTestJSON-1262889962-project-member] Acquiring lock "e19d63da-89ed-41c6-bd75-aba528318cd1" by "nova.context.set_target_cell..get_or_set_cached_cell_and_set_connections" {{(pid=93433) inner /opt/stack/data/venv/lib/python3.12/site-packages/oslo_concurrency/lockutils.py:512}}
Jul 17 17:34:03.620746 np0000005360 nova-scheduler[93433]: DEBUG oslo_concurrency.lockutils [None req-f1d7acc3-813e-4263-a89e-e63a732cee01 tempest-DeleteServersTestJSON-1262889962 tempest-DeleteServersTestJSON-1262889962-project-member] Lock "e19d63da-89ed-41c6-bd75-aba528318cd1" acquired by "nova.context.set_target_cell..get_or_set_cached_cell_and_set_connections" :: waited 0.000s {{(pid=93433) inner /opt/stack/data/venv/lib/python3.12/site-packages/oslo_concurrency/lockutils.py:525}}
Jul 17 17:34:03.620903 np0000005360 nova-scheduler[93433]: DEBUG oslo_concurrency.lockutils [None req-f1d7acc3-813e-4263-a89e-e63a732cee01 tempest-DeleteServersTestJSON-1262889962 tempest-DeleteServersTestJSON-1262889962-project-member] Lock "e19d63da-89ed-41c6-bd75-aba528318cd1" "released" by "nova.context.set_target_cell..get_or_set_cached_cell_and_set_connections" :: held 0.000s {{(pid=93433) inner /opt/stack/data/venv/lib/python3.12/site-packages/oslo_concurrency/lockutils.py:544}}
Jul 17 17:34:03.624393 np0000005360 nova-scheduler[93433]: DEBUG oslo_concurrency.lockutils [None req-f1d7acc3-813e-4263-a89e-e63a732cee01 tempest-DeleteServersTestJSON-1262889962 tempest-DeleteServersTestJSON-1262889962-project-member] Acquiring lock "np0000005360-np0000005360" by "nova.scheduler.host_manager.HostState.update.._locked_update" {{(pid=93433) inner /opt/stack/data/venv/lib/python3.12/site-packages/oslo_concurrency/lockutils.py:512}}
Jul 17 17:34:03.624851 np0000005360 nova-scheduler[93433]: DEBUG oslo_concurrency.lockutils [None req-f1d7acc3-813e-4263-a89e-e63a732cee01 tempest-DeleteServersTestJSON-1262889962 tempest-DeleteServersTestJSON-1262889962-project-member] Lock "np0000005360-np0000005360" acquired by "nova.scheduler.host_manager.HostState.update.._locked_update" :: waited 0.001s {{(pid=93433) inner /opt/stack/data/venv/lib/python3.12/site-packages/oslo_concurrency/lockutils.py:525}}
Jul 17 17:34:03.626103 np0000005360 nova-scheduler[93433]: DEBUG nova.scheduler.host_manager [None req-f1d7acc3-813e-4263-a89e-e63a732cee01 tempest-DeleteServersTestJSON-1262889962 tempest-DeleteServersTestJSON-1262889962-project-member] Update host state from compute node: ComputeNode(cpu_allocation_ratio=4.0,cpu_info='{"arch": "x86_64", "model": "EPYC-Milan", "vendor": "AMD", "topology": {"cells": 1, "sockets": 16, "cores": 1, "threads": 1}, "maxphysaddr": {"mode": "emulate", "bits": 40}, "features": ["vgif", "svme-addr-chk", "erms", "pge", "hypervisor", "umip", "bmi1", "skip-l1dfl-vmentry", "sse4.2", "de", "v-vmsave-vmload", "ssbd", "x2apic", "xsaveerptr", "stibp", "cx16", "tsc-deadline", "arch-capabilities", "xgetbv1", "clflushopt", "null-sel-clr-base", "xsaveopt", "pku", "clzero", "vmcb-clean", "perfctr_core", "vaes", "pae", "cmov", "pfthreshold", "fxsr", "popcnt", "rdtscp", "nx", "adx", "syscall", "flushbyasid", "pclmuldq", "rdseed", "mds-no", "aes", "clflush", "stibp-always-on", "bmi2", "fxsr_opt", "sse4a", "mmxext", "gds-no", "cmp_legacy", "pdpe1gb", "spec-ctrl", "topoext", "amd-psfd", "3dnowprefetch", "mce", "pcid", "sep", "rdctl-no", "arat", "xsave", "ibrs", "pse", "sha-ni", "virt-ssbd", "cr8legacy", "ssse3", "xsavec", "rdrand", "smap", "xsaves", "lbrv", "lm", "sse", "mca", "abm", "clwb", "msr", "apic", "cx8", "nrip-save", "pat", "invpcid", "tsc-scale", "pschange-mc-no", "npt", "pni", "amd-ssbd", "avx2", "misalignsse", "fsgsbase", "mmx", "smep", "vpclmulqdq", "tsc", "sse4.1", "fma", "f16c", "osvw", "pause-filter", "lahf_lm", "wbnoinvd", "fsrm", "lfence-always-serializing", "movbe", "fpu", "mtrr", "no-nested-data-bp", "svm", "pse36", "rdpid", "vme", "ibpb", "amd-stibp", "avx", "sse2", "tsc_adjust"]}',created_at=2026-07-17T17:31:51Z,current_workload=0,deleted=False,deleted_at=None,disk_allocation_ratio=1.0,disk_available_least=73,free_disk_gb=95,free_ram_mb=62765,host='np0000005360',host_ip=10.4.3.247,hypervisor_hostname='np0000005360',hypervisor_type='QEMU',hypervisor_version=8002002,id=1,local_gb=95,local_gb_used=0,mapped=1,memory_mb=63277,memory_mb_used=512,metrics='[]',numa_topology='{"nova_object.name": "NUMATopology", "nova_object.namespace": "nova", "nova_object.version": "1.2", "nova_object.data": {"cells": [{"nova_object.name": "NUMACell", "nova_object.namespace": "nova", "nova_object.version": "1.5", "nova_object.data": {"id": 0, "cpuset": [0, 1, 2, 3, 4, 5, 6, 7, 8, 9, 10, 11, 12, 13, 14, 15], "pcpuset": [0, 1, 2, 3, 4, 5, 6, 7, 8, 9, 10, 11, 12, 13, 14, 15], "memory": 63277, "cpu_usage": 0, "memory_usage": 0, "pinned_cpus": [], "siblings": [[6], [12], [2], [15], [5], [11], [8], [14], [4], [1], [7], [10], [0], [13], [3], [9]], "mempages": [{"nova_object.name": "NUMAPagesTopology", "nova_object.namespace": "nova", "nova_object.version": "1.1", "nova_object.data": {"size_kb": 4, "total": 16177930, "used": 0, "reserved": 0}, "nova_object.changes": ["total", "size_kb", "reserved", "used"]}, {"nova_object.name": "NUMAPagesTopology", "nova_object.namespace": "nova", "nova_object.version": "1.1", "nova_object.data": {"size_kb": 2048, "total": 41, "used": 0, "reserved": 0}, "nova_object.changes": ["total", "size_kb", "reserved", "used"]}, {"nova_object.name": "NUMAPagesTopology", "nova_object.namespace": "nova", "nova_object.version": "1.1", "nova_object.data": {"size_kb": 1048576, "total": 0, "used": 0, "reserved": 0}, "nova_object.changes": ["total", "size_kb", "reserved", "used"]}], "network_metadata": {"nova_object.name": "NetworkMetadata", "nova_object.namespace": "nova", "nova_object.version": "1.0", "nova_object.data": {"physnets": [], "tunneled": false}, "nova_object.changes": ["physnets", "tunneled"]}, "socket": null}, "nova_object.changes": ["mempages", "id", "memory", "siblings", "network_metadata", "cpuset", "cpu_usage", "socket", "memory_usage", "pinned_cpus", "pcpuset"]}]}, "nova_object.changes": ["cells"]}',pci_device_pools=PciDevicePoolList,ram_allocation_ratio=1.0,running_vms=0,service_id=2,stats={failed_builds='0',uptime=' 17:33:39 up 16 min, 2 users, load average: 2.22, 1.57, 0.85
Jul 17 17:34:03.626103 np0000005360 nova-scheduler[93433]: '},supported_hv_specs=[HVSpec,HVSpec,HVSpec,HVSpec,HVSpec,HVSpec,HVSpec,HVSpec,HVSpec,HVSpec,HVSpec,HVSpec,HVSpec,HVSpec,HVSpec,HVSpec,HVSpec,HVSpec,HVSpec,HVSpec,HVSpec,HVSpec,HVSpec,HVSpec,HVSpec],updated_at=2026-07-17T17:33:40Z,uuid=9d5d3dcc-81b2-4944-982f-11c69f29406f,vcpus=16,vcpus_used=0) {{(pid=93433) _locked_update /opt/stack/nova/nova/scheduler/host_manager.py:168}}
Jul 17 17:34:03.626980 np0000005360 nova-scheduler[93433]: DEBUG nova.scheduler.host_manager [None req-f1d7acc3-813e-4263-a89e-e63a732cee01 tempest-DeleteServersTestJSON-1262889962 tempest-DeleteServersTestJSON-1262889962-project-member] Update host state with aggregates: [] {{(pid=93433) _locked_update /opt/stack/nova/nova/scheduler/host_manager.py:171}}
Jul 17 17:34:03.629121 np0000005360 nova-scheduler[93433]: DEBUG nova.scheduler.host_manager [None req-f1d7acc3-813e-4263-a89e-e63a732cee01 tempest-DeleteServersTestJSON-1262889962 tempest-DeleteServersTestJSON-1262889962-project-member] Update host state with service dict: {'id': 2, 'uuid': '35431275-d12f-4e55-bbf6-52844de562e2', 'host': 'np0000005360', 'binary': 'nova-compute', 'topic': 'compute', 'report_count': 2, 'disabled': False, 'disabled_reason': None, 'last_seen_up': datetime.datetime(2026, 7, 17, 17, 33, 57, tzinfo=datetime.timezone.utc), 'forced_down': False, 'version': 72, 'created_at': datetime.datetime(2026, 7, 17, 17, 31, 51, tzinfo=datetime.timezone.utc), 'updated_at': datetime.datetime(2026, 7, 17, 17, 33, 57, tzinfo=datetime.timezone.utc), 'deleted_at': None, 'deleted': False} {{(pid=93433) _locked_update /opt/stack/nova/nova/scheduler/host_manager.py:174}}
Jul 17 17:34:03.630660 np0000005360 nova-scheduler[93433]: DEBUG nova.scheduler.host_manager [None req-f1d7acc3-813e-4263-a89e-e63a732cee01 tempest-DeleteServersTestJSON-1262889962 tempest-DeleteServersTestJSON-1262889962-project-member] Update host state with instances: [] {{(pid=93433) _locked_update /opt/stack/nova/nova/scheduler/host_manager.py:177}}
Jul 17 17:34:03.630884 np0000005360 nova-scheduler[93433]: DEBUG oslo_concurrency.lockutils [None req-f1d7acc3-813e-4263-a89e-e63a732cee01 tempest-DeleteServersTestJSON-1262889962 tempest-DeleteServersTestJSON-1262889962-project-member] Lock "np0000005360-np0000005360" "released" by "nova.scheduler.host_manager.HostState.update.._locked_update" :: held 0.006s {{(pid=93433) inner /opt/stack/data/venv/lib/python3.12/site-packages/oslo_concurrency/lockutils.py:544}}
Jul 17 17:34:03.631469 np0000005360 nova-scheduler[93433]: DEBUG nova.filters [None req-f1d7acc3-813e-4263-a89e-e63a732cee01 tempest-DeleteServersTestJSON-1262889962 tempest-DeleteServersTestJSON-1262889962-project-member] Starting with 1 host(s) {{(pid=93433) get_filtered_objects /opt/stack/nova/nova/filters.py:70}}
Jul 17 17:34:03.631726 np0000005360 nova-scheduler[93433]: DEBUG nova.filters [None req-f1d7acc3-813e-4263-a89e-e63a732cee01 tempest-DeleteServersTestJSON-1262889962 tempest-DeleteServersTestJSON-1262889962-project-member] Filter ComputeFilter returned 1 host(s) {{(pid=93433) get_filtered_objects /opt/stack/nova/nova/filters.py:102}}
Jul 17 17:34:03.631944 np0000005360 nova-scheduler[93433]: DEBUG nova.filters [None req-f1d7acc3-813e-4263-a89e-e63a732cee01 tempest-DeleteServersTestJSON-1262889962 tempest-DeleteServersTestJSON-1262889962-project-member] Filter ComputeCapabilitiesFilter returned 1 host(s) {{(pid=93433) get_filtered_objects /opt/stack/nova/nova/filters.py:102}}
Jul 17 17:34:03.633981 np0000005360 nova-scheduler[93433]: DEBUG nova.filters [None req-f1d7acc3-813e-4263-a89e-e63a732cee01 tempest-DeleteServersTestJSON-1262889962 tempest-DeleteServersTestJSON-1262889962-project-member] Filter ImagePropertiesFilter returned 1 host(s) {{(pid=93433) get_filtered_objects /opt/stack/nova/nova/filters.py:102}}
Jul 17 17:34:03.634591 np0000005360 nova-scheduler[93433]: DEBUG nova.filters [None req-f1d7acc3-813e-4263-a89e-e63a732cee01 tempest-DeleteServersTestJSON-1262889962 tempest-DeleteServersTestJSON-1262889962-project-member] Filter ServerGroupAntiAffinityFilter returned 1 host(s) {{(pid=93433) get_filtered_objects /opt/stack/nova/nova/filters.py:102}}
Jul 17 17:34:03.634789 np0000005360 nova-scheduler[93433]: DEBUG nova.filters [None req-f1d7acc3-813e-4263-a89e-e63a732cee01 tempest-DeleteServersTestJSON-1262889962 tempest-DeleteServersTestJSON-1262889962-project-member] Filter ServerGroupAffinityFilter returned 1 host(s) {{(pid=93433) get_filtered_objects /opt/stack/nova/nova/filters.py:102}}
Jul 17 17:34:03.635614 np0000005360 nova-scheduler[93433]: DEBUG nova.filters [None req-f1d7acc3-813e-4263-a89e-e63a732cee01 tempest-DeleteServersTestJSON-1262889962 tempest-DeleteServersTestJSON-1262889962-project-member] Filter SameHostFilter returned 1 host(s) {{(pid=93433) get_filtered_objects /opt/stack/nova/nova/filters.py:102}}
Jul 17 17:34:03.635614 np0000005360 nova-scheduler[93433]: DEBUG nova.filters [None req-f1d7acc3-813e-4263-a89e-e63a732cee01 tempest-DeleteServersTestJSON-1262889962 tempest-DeleteServersTestJSON-1262889962-project-member] Filter DifferentHostFilter returned 1 host(s) {{(pid=93433) get_filtered_objects /opt/stack/nova/nova/filters.py:102}}
Jul 17 17:34:03.636266 np0000005360 nova-scheduler[93433]: DEBUG nova.scheduler.manager [None req-f1d7acc3-813e-4263-a89e-e63a732cee01 tempest-DeleteServersTestJSON-1262889962 tempest-DeleteServersTestJSON-1262889962-project-member] Filtered [(np0000005360, np0000005360) ram: 62765MB disk: 74752MB io_ops: 0 instances: 0, allocation_candidates: 1] {{(pid=93433) _get_sorted_hosts /opt/stack/nova/nova/scheduler/manager.py:742}}
Jul 17 17:34:03.637362 np0000005360 nova-scheduler[93433]: DEBUG nova.scheduler.manager [None req-f1d7acc3-813e-4263-a89e-e63a732cee01 tempest-DeleteServersTestJSON-1262889962 tempest-DeleteServersTestJSON-1262889962-project-member] Weighed [WeighedHost [host: (np0000005360, np0000005360) ram: 62765MB disk: 74752MB io_ops: 0 instances: 0, allocation_candidates: 1, weight: 0.0]] {{(pid=93433) _get_sorted_hosts /opt/stack/nova/nova/scheduler/manager.py:764}}
Jul 17 17:34:03.637739 np0000005360 nova-scheduler[93433]: DEBUG nova.scheduler.utils [None req-f1d7acc3-813e-4263-a89e-e63a732cee01 tempest-DeleteServersTestJSON-1262889962 tempest-DeleteServersTestJSON-1262889962-project-member] Attempting to claim resources in the placement API for instance adbc3897-4838-4dbc-ac3c-85c8f0467e0c {{(pid=93433) claim_resources /opt/stack/nova/nova/scheduler/utils.py:1345}}
Jul 17 17:34:03.823832 np0000005360 nova-scheduler[93433]: DEBUG nova.scheduler.manager [None req-f1d7acc3-813e-4263-a89e-e63a732cee01 tempest-DeleteServersTestJSON-1262889962 tempest-DeleteServersTestJSON-1262889962-project-member] [instance: adbc3897-4838-4dbc-ac3c-85c8f0467e0c] Selected host: (np0000005360, np0000005360) ram: 62765MB disk: 74752MB io_ops: 0 instances: 0, allocation_candidates: 1 {{(pid=93433) _consume_selected_host /opt/stack/nova/nova/scheduler/manager.py:624}}
Jul 17 17:34:03.824045 np0000005360 nova-scheduler[93433]: DEBUG oslo_concurrency.lockutils [None req-f1d7acc3-813e-4263-a89e-e63a732cee01 tempest-DeleteServersTestJSON-1262889962 tempest-DeleteServersTestJSON-1262889962-project-member] Acquiring lock "np0000005360-np0000005360" by "nova.scheduler.host_manager.HostState.consume_from_request.._locked" {{(pid=93433) inner /opt/stack/data/venv/lib/python3.12/site-packages/oslo_concurrency/lockutils.py:512}}
Jul 17 17:34:03.824184 np0000005360 nova-scheduler[93433]: DEBUG oslo_concurrency.lockutils [None req-f1d7acc3-813e-4263-a89e-e63a732cee01 tempest-DeleteServersTestJSON-1262889962 tempest-DeleteServersTestJSON-1262889962-project-member] Lock "np0000005360-np0000005360" acquired by "nova.scheduler.host_manager.HostState.consume_from_request.._locked" :: waited 0.000s {{(pid=93433) inner /opt/stack/data/venv/lib/python3.12/site-packages/oslo_concurrency/lockutils.py:525}}
Jul 17 17:34:03.824373 np0000005360 nova-scheduler[93433]: DEBUG oslo_concurrency.lockutils [None req-f1d7acc3-813e-4263-a89e-e63a732cee01 tempest-DeleteServersTestJSON-1262889962 tempest-DeleteServersTestJSON-1262889962-project-member] Lock "np0000005360-np0000005360" "released" by "nova.scheduler.host_manager.HostState.consume_from_request.._locked" :: held 0.000s {{(pid=93433) inner /opt/stack/data/venv/lib/python3.12/site-packages/oslo_concurrency/lockutils.py:544}}
Jul 17 17:34:05.132845 np0000005360 nova-scheduler[93435]: DEBUG nova.scheduler.manager [None req-0761c927-7baa-40af-bfd8-014b149d17fb tempest-AttachVolumeShelveTestJSON-1658353867 tempest-AttachVolumeShelveTestJSON-1658353867-project-member] Starting to schedule for instances: ['447dd241-8f59-4f48-b952-154f48476cf4'] {{(pid=93435) select_destinations /opt/stack/nova/nova/scheduler/manager.py:209}}
Jul 17 17:34:05.133325 np0000005360 nova-scheduler[93435]: DEBUG nova.scheduler.request_filter [None req-0761c927-7baa-40af-bfd8-014b149d17fb tempest-AttachVolumeShelveTestJSON-1658353867 tempest-AttachVolumeShelveTestJSON-1658353867-project-member] compute_status_filter request filter added forbidden trait COMPUTE_STATUS_DISABLED {{(pid=93435) compute_status_filter /opt/stack/nova/nova/scheduler/request_filter.py:253}}
Jul 17 17:34:05.133477 np0000005360 nova-scheduler[93435]: DEBUG nova.scheduler.request_filter [None req-0761c927-7baa-40af-bfd8-014b149d17fb tempest-AttachVolumeShelveTestJSON-1658353867 tempest-AttachVolumeShelveTestJSON-1658353867-project-member] Request filter 'compute_status_filter' took 0.0 seconds {{(pid=93435) wrapper /opt/stack/nova/nova/scheduler/request_filter.py:46}}
Jul 17 17:34:05.133704 np0000005360 nova-scheduler[93435]: DEBUG nova.scheduler.request_filter [None req-0761c927-7baa-40af-bfd8-014b149d17fb tempest-AttachVolumeShelveTestJSON-1658353867 tempest-AttachVolumeShelveTestJSON-1658353867-project-member] Request filter 'accelerators_filter' took 0.0 seconds {{(pid=93435) wrapper /opt/stack/nova/nova/scheduler/request_filter.py:46}}
Jul 17 17:34:05.133892 np0000005360 nova-scheduler[93435]: DEBUG nova.scheduler.request_filter [None req-0761c927-7baa-40af-bfd8-014b149d17fb tempest-AttachVolumeShelveTestJSON-1658353867 tempest-AttachVolumeShelveTestJSON-1658353867-project-member] Request filter 'packed_virtqueue_filter' took 0.0 seconds {{(pid=93435) wrapper /opt/stack/nova/nova/scheduler/request_filter.py:46}}
