Jul 17 17:31:35.289147 np0000005360 nova-conductor[95860]: DEBUG cotyledon.oslo_config_glue [-] oslo_messaging_rabbit.kombu_reconnect_splay = 0.0 {{(pid=95860) log_opt_values /opt/stack/data/venv/lib/python3.12/site-packages/oslo_config/cfg.py:3253}}
Jul 17 17:31:35.289147 np0000005360 nova-conductor[95860]: DEBUG cotyledon.oslo_config_glue [-] oslo_messaging_rabbit.processname = nova-conductor {{(pid=95860) log_opt_values /opt/stack/data/venv/lib/python3.12/site-packages/oslo_config/cfg.py:3253}}
Jul 17 17:31:35.289147 np0000005360 nova-conductor[95860]: DEBUG cotyledon.oslo_config_glue [-] oslo_messaging_rabbit.rabbit_ha_queues = False {{(pid=95860) log_opt_values /opt/stack/data/venv/lib/python3.12/site-packages/oslo_config/cfg.py:3253}}
Jul 17 17:31:35.289147 np0000005360 nova-conductor[95860]: DEBUG cotyledon.oslo_config_glue [-] oslo_messaging_rabbit.rabbit_interval_max = 30 {{(pid=95860) log_opt_values /opt/stack/data/venv/lib/python3.12/site-packages/oslo_config/cfg.py:3253}}
Jul 17 17:31:35.289147 np0000005360 nova-conductor[95860]: DEBUG cotyledon.oslo_config_glue [-] oslo_messaging_rabbit.rabbit_login_method = AMQPLAIN {{(pid=95860) log_opt_values /opt/stack/data/venv/lib/python3.12/site-packages/oslo_config/cfg.py:3253}}
Jul 17 17:31:35.289147 np0000005360 nova-conductor[95860]: DEBUG cotyledon.oslo_config_glue [-] oslo_messaging_rabbit.rabbit_qos_prefetch_count = 0 {{(pid=95860) log_opt_values /opt/stack/data/venv/lib/python3.12/site-packages/oslo_config/cfg.py:3253}}
Jul 17 17:31:35.289147 np0000005360 nova-conductor[95860]: DEBUG cotyledon.oslo_config_glue [-] oslo_messaging_rabbit.rabbit_quorum_delivery_limit = 0 {{(pid=95860) log_opt_values /opt/stack/data/venv/lib/python3.12/site-packages/oslo_config/cfg.py:3253}}
Jul 17 17:31:35.289301 np0000005360 nova-conductor[95860]: DEBUG cotyledon.oslo_config_glue [-] oslo_messaging_rabbit.rabbit_quorum_max_memory_bytes = 0 {{(pid=95860) log_opt_values /opt/stack/data/venv/lib/python3.12/site-packages/oslo_config/cfg.py:3253}}
Jul 17 17:31:35.289301 np0000005360 nova-conductor[95860]: DEBUG cotyledon.oslo_config_glue [-] oslo_messaging_rabbit.rabbit_quorum_max_memory_length = 0 {{(pid=95860) log_opt_values /opt/stack/data/venv/lib/python3.12/site-packages/oslo_config/cfg.py:3253}}
Jul 17 17:31:35.289301 np0000005360 nova-conductor[95860]: DEBUG cotyledon.oslo_config_glue [-] oslo_messaging_rabbit.rabbit_quorum_queue = False {{(pid=95860) log_opt_values /opt/stack/data/venv/lib/python3.12/site-packages/oslo_config/cfg.py:3253}}
Jul 17 17:31:35.289301 np0000005360 nova-conductor[95860]: DEBUG cotyledon.oslo_config_glue [-] oslo_messaging_rabbit.rabbit_retry_backoff = 2 {{(pid=95860) log_opt_values /opt/stack/data/venv/lib/python3.12/site-packages/oslo_config/cfg.py:3253}}
Jul 17 17:31:35.289301 np0000005360 nova-conductor[95860]: DEBUG cotyledon.oslo_config_glue [-] oslo_messaging_rabbit.rabbit_retry_interval = 1 {{(pid=95860) log_opt_values /opt/stack/data/venv/lib/python3.12/site-packages/oslo_config/cfg.py:3253}}
Jul 17 17:31:35.289301 np0000005360 nova-conductor[95860]: DEBUG cotyledon.oslo_config_glue [-] oslo_messaging_rabbit.rabbit_stream_fanout = False {{(pid=95860) log_opt_values /opt/stack/data/venv/lib/python3.12/site-packages/oslo_config/cfg.py:3253}}
Jul 17 17:31:35.289301 np0000005360 nova-conductor[95860]: DEBUG cotyledon.oslo_config_glue [-] oslo_messaging_rabbit.rabbit_transient_queues_ttl = 1800 {{(pid=95860) log_opt_values /opt/stack/data/venv/lib/python3.12/site-packages/oslo_config/cfg.py:3253}}
Jul 17 17:31:35.289301 np0000005360 nova-conductor[95860]: DEBUG cotyledon.oslo_config_glue [-] oslo_messaging_rabbit.rabbit_transient_quorum_queue = False {{(pid=95860) log_opt_values /opt/stack/data/venv/lib/python3.12/site-packages/oslo_config/cfg.py:3253}}
Jul 17 17:31:35.289488 np0000005360 nova-conductor[95860]: DEBUG cotyledon.oslo_config_glue [-] oslo_messaging_rabbit.rpc_conn_pool_size = 30 {{(pid=95860) log_opt_values /opt/stack/data/venv/lib/python3.12/site-packages/oslo_config/cfg.py:3253}}
Jul 17 17:31:35.289488 np0000005360 nova-conductor[95860]: DEBUG cotyledon.oslo_config_glue [-] oslo_messaging_rabbit.ssl = False {{(pid=95860) log_opt_values /opt/stack/data/venv/lib/python3.12/site-packages/oslo_config/cfg.py:3253}}
Jul 17 17:31:35.289488 np0000005360 nova-conductor[95860]: DEBUG cotyledon.oslo_config_glue [-] oslo_messaging_rabbit.ssl_ca_file = {{(pid=95860) log_opt_values /opt/stack/data/venv/lib/python3.12/site-packages/oslo_config/cfg.py:3253}}
Jul 17 17:31:35.289488 np0000005360 nova-conductor[95860]: DEBUG cotyledon.oslo_config_glue [-] oslo_messaging_rabbit.ssl_cert_file = {{(pid=95860) log_opt_values /opt/stack/data/venv/lib/python3.12/site-packages/oslo_config/cfg.py:3253}}
Jul 17 17:31:35.289488 np0000005360 nova-conductor[95860]: DEBUG cotyledon.oslo_config_glue [-] oslo_messaging_rabbit.ssl_enforce_fips_mode = False {{(pid=95860) log_opt_values /opt/stack/data/venv/lib/python3.12/site-packages/oslo_config/cfg.py:3253}}
Jul 17 17:31:35.289488 np0000005360 nova-conductor[95860]: DEBUG cotyledon.oslo_config_glue [-] oslo_messaging_rabbit.ssl_enforce_hostname_verification = True {{(pid=95860) log_opt_values /opt/stack/data/venv/lib/python3.12/site-packages/oslo_config/cfg.py:3253}}
Jul 17 17:31:35.289488 np0000005360 nova-conductor[95860]: DEBUG cotyledon.oslo_config_glue [-] oslo_messaging_rabbit.ssl_key_file = {{(pid=95860) log_opt_values /opt/stack/data/venv/lib/python3.12/site-packages/oslo_config/cfg.py:3253}}
Jul 17 17:31:35.289488 np0000005360 nova-conductor[95860]: DEBUG cotyledon.oslo_config_glue [-] oslo_messaging_rabbit.ssl_version = {{(pid=95860) log_opt_values /opt/stack/data/venv/lib/python3.12/site-packages/oslo_config/cfg.py:3253}}
Jul 17 17:31:35.289488 np0000005360 nova-conductor[95860]: DEBUG cotyledon.oslo_config_glue [-] oslo_messaging_rabbit.use_queue_manager = False {{(pid=95860) log_opt_values /opt/stack/data/venv/lib/python3.12/site-packages/oslo_config/cfg.py:3253}}
Jul 17 17:31:35.289655 np0000005360 nova-conductor[95860]: DEBUG cotyledon.oslo_config_glue [-] oslo_messaging_notifications.driver = ['messagingv2'] {{(pid=95860) log_opt_values /opt/stack/data/venv/lib/python3.12/site-packages/oslo_config/cfg.py:3253}}
Jul 17 17:31:35.289655 np0000005360 nova-conductor[95860]: DEBUG cotyledon.oslo_config_glue [-] oslo_messaging_notifications.retry = -1 {{(pid=95860) log_opt_values /opt/stack/data/venv/lib/python3.12/site-packages/oslo_config/cfg.py:3253}}
Jul 17 17:31:35.289655 np0000005360 nova-conductor[95860]: DEBUG cotyledon.oslo_config_glue [-] oslo_messaging_notifications.topics = ['notifications'] {{(pid=95860) log_opt_values /opt/stack/data/venv/lib/python3.12/site-packages/oslo_config/cfg.py:3253}}
Jul 17 17:31:35.289655 np0000005360 nova-conductor[95860]: DEBUG cotyledon.oslo_config_glue [-] oslo_messaging_notifications.transport_url = **** {{(pid=95860) log_opt_values /opt/stack/data/venv/lib/python3.12/site-packages/oslo_config/cfg.py:3253}}
Jul 17 17:31:35.289655 np0000005360 nova-conductor[95860]: DEBUG cotyledon.oslo_config_glue [-] oslo_limit.auth_section = None {{(pid=95860) log_opt_values /opt/stack/data/venv/lib/python3.12/site-packages/oslo_config/cfg.py:3253}}
Jul 17 17:31:35.289655 np0000005360 nova-conductor[95860]: DEBUG cotyledon.oslo_config_glue [-] oslo_limit.auth_type = None {{(pid=95860) log_opt_values /opt/stack/data/venv/lib/python3.12/site-packages/oslo_config/cfg.py:3253}}
Jul 17 17:31:35.289655 np0000005360 nova-conductor[95860]: DEBUG cotyledon.oslo_config_glue [-] oslo_limit.cafile = None {{(pid=95860) log_opt_values /opt/stack/data/venv/lib/python3.12/site-packages/oslo_config/cfg.py:3253}}
Jul 17 17:31:35.289655 np0000005360 nova-conductor[95860]: DEBUG cotyledon.oslo_config_glue [-] oslo_limit.certfile = None {{(pid=95860) log_opt_values /opt/stack/data/venv/lib/python3.12/site-packages/oslo_config/cfg.py:3253}}
Jul 17 17:31:35.289655 np0000005360 nova-conductor[95860]: DEBUG cotyledon.oslo_config_glue [-] oslo_limit.collect_timing = False {{(pid=95860) log_opt_values /opt/stack/data/venv/lib/python3.12/site-packages/oslo_config/cfg.py:3253}}
Jul 17 17:31:35.289810 np0000005360 nova-conductor[95860]: DEBUG cotyledon.oslo_config_glue [-] oslo_limit.connect_retries = None {{(pid=95860) log_opt_values /opt/stack/data/venv/lib/python3.12/site-packages/oslo_config/cfg.py:3253}}
Jul 17 17:31:35.289810 np0000005360 nova-conductor[95860]: DEBUG cotyledon.oslo_config_glue [-] oslo_limit.connect_retry_delay = None {{(pid=95860) log_opt_values /opt/stack/data/venv/lib/python3.12/site-packages/oslo_config/cfg.py:3253}}
Jul 17 17:31:35.289810 np0000005360 nova-conductor[95860]: DEBUG cotyledon.oslo_config_glue [-] oslo_limit.endpoint_id = None {{(pid=95860) log_opt_values /opt/stack/data/venv/lib/python3.12/site-packages/oslo_config/cfg.py:3253}}
Jul 17 17:31:35.289810 np0000005360 nova-conductor[95860]: DEBUG cotyledon.oslo_config_glue [-] oslo_limit.endpoint_interface = public {{(pid=95860) log_opt_values /opt/stack/data/venv/lib/python3.12/site-packages/oslo_config/cfg.py:3253}}
Jul 17 17:31:35.289810 np0000005360 nova-conductor[95860]: DEBUG cotyledon.oslo_config_glue [-] oslo_limit.endpoint_override = None {{(pid=95860) log_opt_values /opt/stack/data/venv/lib/python3.12/site-packages/oslo_config/cfg.py:3253}}
Jul 17 17:31:35.289810 np0000005360 nova-conductor[95860]: DEBUG cotyledon.oslo_config_glue [-] oslo_limit.endpoint_region_name = None {{(pid=95860) log_opt_values /opt/stack/data/venv/lib/python3.12/site-packages/oslo_config/cfg.py:3253}}
Jul 17 17:31:35.289810 np0000005360 nova-conductor[95860]: DEBUG cotyledon.oslo_config_glue [-] oslo_limit.endpoint_service_name = None {{(pid=95860) log_opt_values /opt/stack/data/venv/lib/python3.12/site-packages/oslo_config/cfg.py:3253}}
Jul 17 17:31:35.289810 np0000005360 nova-conductor[95860]: DEBUG cotyledon.oslo_config_glue [-] oslo_limit.endpoint_service_type = None {{(pid=95860) log_opt_values /opt/stack/data/venv/lib/python3.12/site-packages/oslo_config/cfg.py:3253}}
Jul 17 17:31:35.289810 np0000005360 nova-conductor[95860]: DEBUG cotyledon.oslo_config_glue [-] oslo_limit.insecure = False {{(pid=95860) log_opt_values /opt/stack/data/venv/lib/python3.12/site-packages/oslo_config/cfg.py:3253}}
Jul 17 17:31:35.289983 np0000005360 nova-conductor[95860]: DEBUG cotyledon.oslo_config_glue [-] oslo_limit.keyfile = None {{(pid=95860) log_opt_values /opt/stack/data/venv/lib/python3.12/site-packages/oslo_config/cfg.py:3253}}
Jul 17 17:31:35.289983 np0000005360 nova-conductor[95860]: DEBUG cotyledon.oslo_config_glue [-] oslo_limit.max_version = None {{(pid=95860) log_opt_values /opt/stack/data/venv/lib/python3.12/site-packages/oslo_config/cfg.py:3253}}
Jul 17 17:31:35.289983 np0000005360 nova-conductor[95860]: DEBUG cotyledon.oslo_config_glue [-] oslo_limit.min_version = None {{(pid=95860) log_opt_values /opt/stack/data/venv/lib/python3.12/site-packages/oslo_config/cfg.py:3253}}
Jul 17 17:31:35.289983 np0000005360 nova-conductor[95860]: DEBUG cotyledon.oslo_config_glue [-] oslo_limit.region_name = None {{(pid=95860) log_opt_values /opt/stack/data/venv/lib/python3.12/site-packages/oslo_config/cfg.py:3253}}
Jul 17 17:31:35.289983 np0000005360 nova-conductor[95860]: DEBUG cotyledon.oslo_config_glue [-] oslo_limit.retriable_status_codes = None {{(pid=95860) log_opt_values /opt/stack/data/venv/lib/python3.12/site-packages/oslo_config/cfg.py:3253}}
Jul 17 17:31:35.289983 np0000005360 nova-conductor[95860]: DEBUG cotyledon.oslo_config_glue [-] oslo_limit.service_name = None {{(pid=95860) log_opt_values /opt/stack/data/venv/lib/python3.12/site-packages/oslo_config/cfg.py:3253}}
Jul 17 17:31:35.289983 np0000005360 nova-conductor[95860]: DEBUG cotyledon.oslo_config_glue [-] oslo_limit.service_type = None {{(pid=95860) log_opt_values /opt/stack/data/venv/lib/python3.12/site-packages/oslo_config/cfg.py:3253}}
Jul 17 17:31:35.289983 np0000005360 nova-conductor[95860]: DEBUG cotyledon.oslo_config_glue [-] oslo_limit.split_loggers = False {{(pid=95860) log_opt_values /opt/stack/data/venv/lib/python3.12/site-packages/oslo_config/cfg.py:3253}}
Jul 17 17:31:35.289983 np0000005360 nova-conductor[95860]: DEBUG cotyledon.oslo_config_glue [-] oslo_limit.status_code_retries = None {{(pid=95860) log_opt_values /opt/stack/data/venv/lib/python3.12/site-packages/oslo_config/cfg.py:3253}}
Jul 17 17:31:35.290138 np0000005360 nova-conductor[95860]: DEBUG cotyledon.oslo_config_glue [-] oslo_limit.status_code_retry_delay = None {{(pid=95860) log_opt_values /opt/stack/data/venv/lib/python3.12/site-packages/oslo_config/cfg.py:3253}}
Jul 17 17:31:35.290138 np0000005360 nova-conductor[95860]: DEBUG cotyledon.oslo_config_glue [-] oslo_limit.timeout = None {{(pid=95860) log_opt_values /opt/stack/data/venv/lib/python3.12/site-packages/oslo_config/cfg.py:3253}}
Jul 17 17:31:35.290138 np0000005360 nova-conductor[95860]: DEBUG cotyledon.oslo_config_glue [-] oslo_limit.valid_interfaces = None {{(pid=95860) log_opt_values /opt/stack/data/venv/lib/python3.12/site-packages/oslo_config/cfg.py:3253}}
Jul 17 17:31:35.290138 np0000005360 nova-conductor[95860]: DEBUG cotyledon.oslo_config_glue [-] oslo_limit.version = None {{(pid=95860) log_opt_values /opt/stack/data/venv/lib/python3.12/site-packages/oslo_config/cfg.py:3253}}
Jul 17 17:31:35.290138 np0000005360 nova-conductor[95860]: DEBUG cotyledon.oslo_config_glue [-] oslo_reports.file_event_handler = None {{(pid=95860) log_opt_values /opt/stack/data/venv/lib/python3.12/site-packages/oslo_config/cfg.py:3253}}
Jul 17 17:31:35.290138 np0000005360 nova-conductor[95860]: DEBUG cotyledon.oslo_config_glue [-] oslo_reports.file_event_handler_interval = 1 {{(pid=95860) log_opt_values /opt/stack/data/venv/lib/python3.12/site-packages/oslo_config/cfg.py:3253}}
Jul 17 17:31:35.290138 np0000005360 nova-conductor[95860]: DEBUG cotyledon.oslo_config_glue [-] oslo_reports.log_dir = None {{(pid=95860) log_opt_values /opt/stack/data/venv/lib/python3.12/site-packages/oslo_config/cfg.py:3253}}
Jul 17 17:31:35.290138 np0000005360 nova-conductor[95860]: DEBUG cotyledon.oslo_config_glue [-] ******************************************************************************** {{(pid=95860) log_opt_values /opt/stack/data/venv/lib/python3.12/site-packages/oslo_config/cfg.py:3260}}
Jul 17 17:31:35.290276 np0000005360 nova-conductor[95856]: INFO dbcounter [None req-be552ba4-577b-4256-98bd-bf68979db626 None None] Registered counter for database nova_cell0
Jul 17 17:31:35.290298 np0000005360 nova-conductor[95860]: DEBUG cotyledon._service_worker [-] Run service ServiceWrapper(2) [95860] {{(pid=95860) wait_forever /opt/stack/data/venv/lib/python3.12/site-packages/cotyledon/_service_worker.py:218}}
Jul 17 17:31:35.290298 np0000005360 nova-conductor[95860]: INFO nova.service [-] Starting conductor node (version 33.1.0)
Jul 17 17:31:35.290298 np0000005360 nova-conductor[95860]: INFO dbcounter [None req-b1ec630d-ee74-4f88-935c-c05dc1683fac None None] Registered counter for database nova_cell0
Jul 17 17:31:35.294663 np0000005360 nova-conductor[95841]: DEBUG oslo_db.sqlalchemy.engines [None req-0d9d996e-ea90-4e06-8b9d-fac2a119625d None None] MySQL server mode set to STRICT_TRANS_TABLES,STRICT_ALL_TABLES,NO_ZERO_IN_DATE,NO_ZERO_DATE,ERROR_FOR_DIVISION_BY_ZERO,TRADITIONAL,NO_ENGINE_SUBSTITUTION {{(pid=95841) _check_effective_sql_mode /opt/stack/data/venv/lib/python3.12/site-packages/oslo_db/sqlalchemy/engines.py:325}}
Jul 17 17:31:35.306427 np0000005360 nova-conductor[95841]: DEBUG dbcounter [-] [95841] Writer thread running {{(pid=95841) stat_writer /opt/stack/data/venv/lib/python3.12/site-packages/dbcounter.py:102}}
Jul 17 17:31:35.307346 np0000005360 nova-conductor[95856]: DEBUG oslo_db.sqlalchemy.engines [None req-be552ba4-577b-4256-98bd-bf68979db626 None None] MySQL server mode set to STRICT_TRANS_TABLES,STRICT_ALL_TABLES,NO_ZERO_IN_DATE,NO_ZERO_DATE,ERROR_FOR_DIVISION_BY_ZERO,TRADITIONAL,NO_ENGINE_SUBSTITUTION {{(pid=95856) _check_effective_sql_mode /opt/stack/data/venv/lib/python3.12/site-packages/oslo_db/sqlalchemy/engines.py:325}}
Jul 17 17:31:35.311527 np0000005360 nova-conductor[95860]: DEBUG oslo_db.sqlalchemy.engines [None req-b1ec630d-ee74-4f88-935c-c05dc1683fac None None] MySQL server mode set to STRICT_TRANS_TABLES,STRICT_ALL_TABLES,NO_ZERO_IN_DATE,NO_ZERO_DATE,ERROR_FOR_DIVISION_BY_ZERO,TRADITIONAL,NO_ENGINE_SUBSTITUTION {{(pid=95860) _check_effective_sql_mode /opt/stack/data/venv/lib/python3.12/site-packages/oslo_db/sqlalchemy/engines.py:325}}
Jul 17 17:31:35.316872 np0000005360 nova-conductor[95841]: DEBUG nova.service [None req-0d9d996e-ea90-4e06-8b9d-fac2a119625d None None] Creating RPC server for service: nova-conductor on topic: conductor {{(pid=95841) start /opt/stack/nova/nova/service.py:196}}
Jul 17 17:31:35.317707 np0000005360 nova-conductor[95856]: DEBUG dbcounter [-] [95856] Writer thread running {{(pid=95856) stat_writer /opt/stack/data/venv/lib/python3.12/site-packages/dbcounter.py:102}}
Jul 17 17:31:35.320361 np0000005360 nova-conductor[95856]: DEBUG nova.service [None req-be552ba4-577b-4256-98bd-bf68979db626 None None] Creating RPC server for service: nova-conductor on topic: conductor {{(pid=95856) start /opt/stack/nova/nova/service.py:196}}
Jul 17 17:31:35.322198 np0000005360 nova-conductor[95860]: DEBUG dbcounter [-] [95860] Writer thread running {{(pid=95860) stat_writer /opt/stack/data/venv/lib/python3.12/site-packages/dbcounter.py:102}}
Jul 17 17:31:35.325733 np0000005360 nova-conductor[95860]: DEBUG nova.service [None req-b1ec630d-ee74-4f88-935c-c05dc1683fac None None] Creating RPC server for service: nova-conductor on topic: conductor {{(pid=95860) start /opt/stack/nova/nova/service.py:196}}
Jul 17 17:31:35.344216 np0000005360 nova-conductor[95856]: DEBUG nova.service [None req-be552ba4-577b-4256-98bd-bf68979db626 None None] Join ServiceGroup membership for this service conductor {{(pid=95856) start /opt/stack/nova/nova/service.py:222}}
Jul 17 17:31:35.346464 np0000005360 nova-conductor[95856]: DEBUG nova.servicegroup.drivers.db [None req-be552ba4-577b-4256-98bd-bf68979db626 None None] DB_Driver: join new ServiceGroup member np0000005360 to the conductor group, service = {{(pid=95856) join /opt/stack/nova/nova/servicegroup/drivers/db.py:44}}
Jul 17 17:31:35.346542 np0000005360 nova-conductor[95860]: DEBUG nova.service [None req-b1ec630d-ee74-4f88-935c-c05dc1683fac None None] Join ServiceGroup membership for this service conductor {{(pid=95860) start /opt/stack/nova/nova/service.py:222}}
Jul 17 17:31:35.346697 np0000005360 nova-conductor[95860]: DEBUG nova.servicegroup.drivers.db [None req-b1ec630d-ee74-4f88-935c-c05dc1683fac None None] DB_Driver: join new ServiceGroup member np0000005360 to the conductor group, service = {{(pid=95860) join /opt/stack/nova/nova/servicegroup/drivers/db.py:44}}
Jul 17 17:31:35.350049 np0000005360 nova-conductor[95841]: DEBUG nova.service [None req-0d9d996e-ea90-4e06-8b9d-fac2a119625d None None] Join ServiceGroup membership for this service conductor {{(pid=95841) start /opt/stack/nova/nova/service.py:222}}
Jul 17 17:31:35.350250 np0000005360 nova-conductor[95841]: DEBUG nova.servicegroup.drivers.db [None req-0d9d996e-ea90-4e06-8b9d-fac2a119625d None None] DB_Driver: join new ServiceGroup member np0000005360 to the conductor group, service = {{(pid=95841) join /opt/stack/nova/nova/servicegroup/drivers/db.py:44}}
Jul 17 17:31:40.361904 np0000005360 nova-conductor[95856]: DEBUG oslo.service.backend._threading.loopingcall [-] Fixed interval looping call 'nova.servicegroup.drivers.db.DbDriver._report_state' sleeping for 119.99 seconds {{(pid=95856) _run_loop /opt/stack/data/venv/lib/python3.12/site-packages/oslo_service/backend/_threading/loopingcall.py:125}}
Jul 17 17:31:40.362879 np0000005360 nova-conductor[95860]: DEBUG oslo.service.backend._threading.loopingcall [-] Fixed interval looping call 'nova.servicegroup.drivers.db.DbDriver._report_state' sleeping for 119.99 seconds {{(pid=95860) _run_loop /opt/stack/data/venv/lib/python3.12/site-packages/oslo_service/backend/_threading/loopingcall.py:125}}
Jul 17 17:31:40.363228 np0000005360 nova-conductor[95841]: DEBUG oslo.service.backend._threading.loopingcall [-] Fixed interval looping call 'nova.servicegroup.drivers.db.DbDriver._report_state' sleeping for 119.99 seconds {{(pid=95841) _run_loop /opt/stack/data/venv/lib/python3.12/site-packages/oslo_service/backend/_threading/loopingcall.py:125}}
Jul 17 17:31:41.347458 np0000005360 nova-conductor[95856]: DEBUG oslo.service.backend._threading.loopingcall [None req-4fe55518-1e9c-41d2-802a-6ce68ffcc233 None None] Dynamic interval looping call 'nova.service.Service.periodic_tasks' sleeping for 60.00 seconds {{(pid=95856) _run_loop /opt/stack/data/venv/lib/python3.12/site-packages/oslo_service/backend/_threading/loopingcall.py:125}}
Jul 17 17:31:43.948493 np0000005360 nova-conductor[94359]: DEBUG dbcounter [-] [94359] Writing DB stats nova_api:SELECT=1 {{(pid=94359) stat_writer /opt/stack/data/venv/lib/python3.12/site-packages/dbcounter.py:115}}
Jul 17 17:31:44.067160 np0000005360 nova-conductor[94359]: DEBUG dbcounter [-] [94359] Writing DB stats nova_cell0:SELECT=1 {{(pid=94359) stat_writer /opt/stack/data/venv/lib/python3.12/site-packages/dbcounter.py:115}}
Jul 17 17:31:44.073322 np0000005360 nova-conductor[94359]: DEBUG dbcounter [-] [94359] Writing DB stats nova_cell1:SELECT=1 {{(pid=94359) stat_writer /opt/stack/data/venv/lib/python3.12/site-packages/dbcounter.py:115}}
Jul 17 17:31:50.349438 np0000005360 nova-conductor[95860]: DEBUG oslo.service.backend._threading.loopingcall [None req-87eb16f3-ffc1-4b10-a439-8e64b247a97c None None] Dynamic interval looping call 'nova.service.Service.periodic_tasks' sleeping for 60.00 seconds {{(pid=95860) _run_loop /opt/stack/data/venv/lib/python3.12/site-packages/oslo_service/backend/_threading/loopingcall.py:125}}
Jul 17 17:31:50.352460 np0000005360 nova-conductor[95841]: DEBUG oslo.service.backend._threading.loopingcall [None req-d1b3b230-bdf5-4c34-bc6d-df13e045553d None None] Dynamic interval looping call 'nova.service.Service.periodic_tasks' sleeping for 60.00 seconds {{(pid=95841) _run_loop /opt/stack/data/venv/lib/python3.12/site-packages/oslo_service/backend/_threading/loopingcall.py:125}}
Jul 17 17:31:50.356740 np0000005360 nova-conductor[95856]: DEBUG dbcounter [-] [95856] Writing DB stats nova_cell0:SELECT=3,nova_cell0:UPDATE=1 {{(pid=95856) stat_writer /opt/stack/data/venv/lib/python3.12/site-packages/dbcounter.py:115}}
Jul 17 17:31:50.361430 np0000005360 nova-conductor[95860]: DEBUG dbcounter [-] [95860] Writing DB stats nova_cell0:SELECT=3,nova_cell0:UPDATE=1 {{(pid=95860) stat_writer /opt/stack/data/venv/lib/python3.12/site-packages/dbcounter.py:115}}
Jul 17 17:31:50.361505 np0000005360 nova-conductor[95841]: DEBUG dbcounter [-] [95841] Writing DB stats nova_cell0:SELECT=4,nova_cell0:INSERT=1,nova_cell0:UPDATE=1 {{(pid=95841) stat_writer /opt/stack/data/venv/lib/python3.12/site-packages/dbcounter.py:115}}
Jul 17 17:32:41.348012 np0000005360 nova-conductor[95856]: DEBUG oslo.service.backend._threading.loopingcall [None req-4fe55518-1e9c-41d2-802a-6ce68ffcc233 None None] Dynamic interval looping call 'nova.service.Service.periodic_tasks' sleeping for 60.00 seconds {{(pid=95856) _run_loop /opt/stack/data/venv/lib/python3.12/site-packages/oslo_service/backend/_threading/loopingcall.py:125}}
Jul 17 17:32:50.349941 np0000005360 nova-conductor[95860]: DEBUG oslo.service.backend._threading.loopingcall [None req-87eb16f3-ffc1-4b10-a439-8e64b247a97c None None] Dynamic interval looping call 'nova.service.Service.periodic_tasks' sleeping for 60.00 seconds {{(pid=95860) _run_loop /opt/stack/data/venv/lib/python3.12/site-packages/oslo_service/backend/_threading/loopingcall.py:125}}
Jul 17 17:32:50.353004 np0000005360 nova-conductor[95841]: DEBUG oslo.service.backend._threading.loopingcall [None req-d1b3b230-bdf5-4c34-bc6d-df13e045553d None None] Dynamic interval looping call 'nova.service.Service.periodic_tasks' sleeping for 60.00 seconds {{(pid=95841) _run_loop /opt/stack/data/venv/lib/python3.12/site-packages/oslo_service/backend/_threading/loopingcall.py:125}}
Jul 17 17:33:40.360702 np0000005360 nova-conductor[95841]: DEBUG oslo.service.backend._threading.loopingcall [-] Fixed interval looping call 'nova.servicegroup.drivers.db.DbDriver._report_state' sleeping for 119.99 seconds {{(pid=95841) _run_loop /opt/stack/data/venv/lib/python3.12/site-packages/oslo_service/backend/_threading/loopingcall.py:125}}
Jul 17 17:33:40.361182 np0000005360 nova-conductor[95856]: DEBUG oslo.service.backend._threading.loopingcall [-] Fixed interval looping call 'nova.servicegroup.drivers.db.DbDriver._report_state' sleeping for 119.99 seconds {{(pid=95856) _run_loop /opt/stack/data/venv/lib/python3.12/site-packages/oslo_service/backend/_threading/loopingcall.py:125}}
Jul 17 17:33:40.362716 np0000005360 nova-conductor[95860]: DEBUG oslo.service.backend._threading.loopingcall [-] Fixed interval looping call 'nova.servicegroup.drivers.db.DbDriver._report_state' sleeping for 119.99 seconds {{(pid=95860) _run_loop /opt/stack/data/venv/lib/python3.12/site-packages/oslo_service/backend/_threading/loopingcall.py:125}}
Jul 17 17:33:41.350023 np0000005360 nova-conductor[95856]: DEBUG oslo.service.backend._threading.loopingcall [None req-4fe55518-1e9c-41d2-802a-6ce68ffcc233 None None] Dynamic interval looping call 'nova.service.Service.periodic_tasks' sleeping for 60.00 seconds {{(pid=95856) _run_loop /opt/stack/data/venv/lib/python3.12/site-packages/oslo_service/backend/_threading/loopingcall.py:125}}
Jul 17 17:33:50.350459 np0000005360 nova-conductor[95860]: DEBUG oslo.service.backend._threading.loopingcall [None req-87eb16f3-ffc1-4b10-a439-8e64b247a97c None None] Dynamic interval looping call 'nova.service.Service.periodic_tasks' sleeping for 60.00 seconds {{(pid=95860) _run_loop /opt/stack/data/venv/lib/python3.12/site-packages/oslo_service/backend/_threading/loopingcall.py:125}}
Jul 17 17:33:50.353770 np0000005360 nova-conductor[95841]: DEBUG oslo.service.backend._threading.loopingcall [None req-d1b3b230-bdf5-4c34-bc6d-df13e045553d None None] Dynamic interval looping call 'nova.service.Service.periodic_tasks' sleeping for 60.00 seconds {{(pid=95841) _run_loop /opt/stack/data/venv/lib/python3.12/site-packages/oslo_service/backend/_threading/loopingcall.py:125}}
Jul 17 17:33:50.356553 np0000005360 nova-conductor[95841]: DEBUG dbcounter [-] [95841] Writing DB stats nova_cell0:SELECT=1,nova_cell0:UPDATE=1 {{(pid=95841) stat_writer /opt/stack/data/venv/lib/python3.12/site-packages/dbcounter.py:115}}
Jul 17 17:33:50.356685 np0000005360 nova-conductor[95856]: DEBUG dbcounter [-] [95856] Writing DB stats nova_cell0:SELECT=1,nova_cell0:UPDATE=1 {{(pid=95856) stat_writer /opt/stack/data/venv/lib/python3.12/site-packages/dbcounter.py:115}}
Jul 17 17:33:50.357373 np0000005360 nova-conductor[95860]: DEBUG dbcounter [-] [95860] Writing DB stats nova_cell0:SELECT=1,nova_cell0:UPDATE=1 {{(pid=95860) stat_writer /opt/stack/data/venv/lib/python3.12/site-packages/dbcounter.py:115}}
Jul 17 17:34:02.802318 np0000005360 nova-conductor[95856]: DEBUG oslo_db.sqlalchemy.engines [None req-f1d7acc3-813e-4263-a89e-e63a732cee01 tempest-DeleteServersTestJSON-1262889962 tempest-DeleteServersTestJSON-1262889962-project-member] Parent process 94359 forked (95856) with an open database connection, which is being discarded and recreated. {{(pid=95856) checkout /opt/stack/data/venv/lib/python3.12/site-packages/oslo_db/sqlalchemy/engines.py:402}}
Jul 17 17:34:02.863599 np0000005360 nova-conductor[95856]: DEBUG dbcounter [-] [95856] Writer thread running {{(pid=95856) stat_writer /opt/stack/data/venv/lib/python3.12/site-packages/dbcounter.py:102}}
Jul 17 17:34:03.840068 np0000005360 nova-conductor[95856]: DEBUG nova.conductor.manager [None req-f1d7acc3-813e-4263-a89e-e63a732cee01 tempest-DeleteServersTestJSON-1262889962 tempest-DeleteServersTestJSON-1262889962-project-member] Took 0.97 seconds to select destinations for 1 instance(s). {{(pid=95856) _schedule_instances /opt/stack/nova/nova/conductor/manager.py:968}}
Jul 17 17:34:03.879351 np0000005360 nova-conductor[95856]: DEBUG oslo_concurrency.lockutils [None req-f1d7acc3-813e-4263-a89e-e63a732cee01 tempest-DeleteServersTestJSON-1262889962 tempest-DeleteServersTestJSON-1262889962-project-member] Acquiring lock "e19d63da-89ed-41c6-bd75-aba528318cd1" by "nova.context.set_target_cell..get_or_set_cached_cell_and_set_connections" {{(pid=95856) inner /opt/stack/data/venv/lib/python3.12/site-packages/oslo_concurrency/lockutils.py:512}}
Jul 17 17:34:03.879664 np0000005360 nova-conductor[95856]: DEBUG oslo_concurrency.lockutils [None req-f1d7acc3-813e-4263-a89e-e63a732cee01 tempest-DeleteServersTestJSON-1262889962 tempest-DeleteServersTestJSON-1262889962-project-member] Lock "e19d63da-89ed-41c6-bd75-aba528318cd1" acquired by "nova.context.set_target_cell..get_or_set_cached_cell_and_set_connections" :: waited 0.001s {{(pid=95856) inner /opt/stack/data/venv/lib/python3.12/site-packages/oslo_concurrency/lockutils.py:525}}
Jul 17 17:34:03.881607 np0000005360 nova-conductor[95856]: DEBUG oslo_concurrency.lockutils [None req-f1d7acc3-813e-4263-a89e-e63a732cee01 tempest-DeleteServersTestJSON-1262889962 tempest-DeleteServersTestJSON-1262889962-project-member] Lock "e19d63da-89ed-41c6-bd75-aba528318cd1" "released" by "nova.context.set_target_cell..get_or_set_cached_cell_and_set_connections" :: held 0.002s {{(pid=95856) inner /opt/stack/data/venv/lib/python3.12/site-packages/oslo_concurrency/lockutils.py:544}}
Jul 17 17:34:03.884555 np0000005360 nova-conductor[95856]: INFO dbcounter [None req-f1d7acc3-813e-4263-a89e-e63a732cee01 tempest-DeleteServersTestJSON-1262889962 tempest-DeleteServersTestJSON-1262889962-project-member] Registered counter for database nova_cell1
Jul 17 17:34:03.929737 np0000005360 nova-conductor[95856]: DEBUG oslo_db.sqlalchemy.engines [None req-f1d7acc3-813e-4263-a89e-e63a732cee01 tempest-DeleteServersTestJSON-1262889962 tempest-DeleteServersTestJSON-1262889962-project-member] MySQL server mode set to STRICT_TRANS_TABLES,STRICT_ALL_TABLES,NO_ZERO_IN_DATE,NO_ZERO_DATE,ERROR_FOR_DIVISION_BY_ZERO,TRADITIONAL,NO_ENGINE_SUBSTITUTION {{(pid=95856) _check_effective_sql_mode /opt/stack/data/venv/lib/python3.12/site-packages/oslo_db/sqlalchemy/engines.py:325}}
Jul 17 17:34:03.940447 np0000005360 nova-conductor[95856]: DEBUG dbcounter [-] [95856] Writer thread running {{(pid=95856) stat_writer /opt/stack/data/venv/lib/python3.12/site-packages/dbcounter.py:102}}
Jul 17 17:34:04.017391 np0000005360 nova-conductor[95856]: INFO nova.utils [None req-f1d7acc3-813e-4263-a89e-e63a732cee01 tempest-DeleteServersTestJSON-1262889962 tempest-DeleteServersTestJSON-1262889962-project-member] The cell worker thread pool ForkProcess-2.cell_worker is initialized
Jul 17 17:34:04.017636 np0000005360 nova-conductor[95856]: DEBUG oslo_concurrency.lockutils [None req-f1d7acc3-813e-4263-a89e-e63a732cee01 tempest-DeleteServersTestJSON-1262889962 tempest-DeleteServersTestJSON-1262889962-project-member] Acquiring lock "00000000-0000-0000-0000-000000000000" by "nova.context.set_target_cell..get_or_set_cached_cell_and_set_connections" {{(pid=95856) inner /opt/stack/data/venv/lib/python3.12/site-packages/oslo_concurrency/lockutils.py:512}}
Jul 17 17:34:04.017796 np0000005360 nova-conductor[95856]: DEBUG oslo_concurrency.lockutils [None req-f1d7acc3-813e-4263-a89e-e63a732cee01 tempest-DeleteServersTestJSON-1262889962 tempest-DeleteServersTestJSON-1262889962-project-member] Lock "00000000-0000-0000-0000-000000000000" acquired by "nova.context.set_target_cell..get_or_set_cached_cell_and_set_connections" :: waited 0.000s {{(pid=95856) inner /opt/stack/data/venv/lib/python3.12/site-packages/oslo_concurrency/lockutils.py:525}}
Jul 17 17:34:04.018205 np0000005360 nova-conductor[95856]: DEBUG oslo_concurrency.lockutils [None req-f1d7acc3-813e-4263-a89e-e63a732cee01 tempest-DeleteServersTestJSON-1262889962 tempest-DeleteServersTestJSON-1262889962-project-member] Lock "00000000-0000-0000-0000-000000000000" "released" by "nova.context.set_target_cell..get_or_set_cached_cell_and_set_connections" :: held 0.000s {{(pid=95856) inner /opt/stack/data/venv/lib/python3.12/site-packages/oslo_concurrency/lockutils.py:544}}
Jul 17 17:34:04.018894 np0000005360 nova-conductor[95856]: DEBUG oslo_concurrency.lockutils [None req-f1d7acc3-813e-4263-a89e-e63a732cee01 tempest-DeleteServersTestJSON-1262889962 tempest-DeleteServersTestJSON-1262889962-project-member] Acquiring lock "e19d63da-89ed-41c6-bd75-aba528318cd1" by "nova.context.set_target_cell..get_or_set_cached_cell_and_set_connections" {{(pid=95856) inner /opt/stack/data/venv/lib/python3.12/site-packages/oslo_concurrency/lockutils.py:512}}
Jul 17 17:34:04.020473 np0000005360 nova-conductor[95856]: INFO dbcounter [None req-f1d7acc3-813e-4263-a89e-e63a732cee01 tempest-DeleteServersTestJSON-1262889962 tempest-DeleteServersTestJSON-1262889962-project-member] Registered counter for database nova_cell0
Jul 17 17:34:04.021902 np0000005360 nova-conductor[95856]: DEBUG oslo_concurrency.lockutils [None req-f1d7acc3-813e-4263-a89e-e63a732cee01 tempest-DeleteServersTestJSON-1262889962 tempest-DeleteServersTestJSON-1262889962-project-member] Lock "e19d63da-89ed-41c6-bd75-aba528318cd1" acquired by "nova.context.set_target_cell..get_or_set_cached_cell_and_set_connections" :: waited 0.001s {{(pid=95856) inner /opt/stack/data/venv/lib/python3.12/site-packages/oslo_concurrency/lockutils.py:525}}
Jul 17 17:34:04.021902 np0000005360 nova-conductor[95856]: DEBUG oslo_concurrency.lockutils [None req-f1d7acc3-813e-4263-a89e-e63a732cee01 tempest-DeleteServersTestJSON-1262889962 tempest-DeleteServersTestJSON-1262889962-project-member] Lock "e19d63da-89ed-41c6-bd75-aba528318cd1" "released" by "nova.context.set_target_cell..get_or_set_cached_cell_and_set_connections" :: held 0.002s {{(pid=95856) inner /opt/stack/data/venv/lib/python3.12/site-packages/oslo_concurrency/lockutils.py:544}}
Jul 17 17:34:04.070155 np0000005360 nova-conductor[95856]: DEBUG oslo_db.sqlalchemy.engines [None req-f1d7acc3-813e-4263-a89e-e63a732cee01 tempest-DeleteServersTestJSON-1262889962 tempest-DeleteServersTestJSON-1262889962-project-member] MySQL server mode set to STRICT_TRANS_TABLES,STRICT_ALL_TABLES,NO_ZERO_IN_DATE,NO_ZERO_DATE,ERROR_FOR_DIVISION_BY_ZERO,TRADITIONAL,NO_ENGINE_SUBSTITUTION {{(pid=95856) _check_effective_sql_mode /opt/stack/data/venv/lib/python3.12/site-packages/oslo_db/sqlalchemy/engines.py:325}}
Jul 17 17:34:04.078063 np0000005360 nova-conductor[95856]: DEBUG dbcounter [-] [95856] Writer thread running {{(pid=95856) stat_writer /opt/stack/data/venv/lib/python3.12/site-packages/dbcounter.py:102}}
Jul 17 17:34:04.088941 np0000005360 nova-conductor[95856]: DEBUG nova.quota [None req-f1d7acc3-813e-4263-a89e-e63a732cee01 tempest-DeleteServersTestJSON-1262889962 tempest-DeleteServersTestJSON-1262889962-project-member] Getting quotas for project 9d2c513664e744378e910ec66bb975a5. Resources: {'cores', 'ram', 'instances'} {{(pid=95856) _get_quotas /opt/stack/nova/nova/quota.py:389}}
Jul 17 17:34:04.092473 np0000005360 nova-conductor[95856]: DEBUG nova.quota [None req-f1d7acc3-813e-4263-a89e-e63a732cee01 tempest-DeleteServersTestJSON-1262889962 tempest-DeleteServersTestJSON-1262889962-project-member] Getting quotas for user bead4d47113e44b7abf4d03bd84785b3 and project 9d2c513664e744378e910ec66bb975a5. Resources: {'cores', 'ram', 'instances'} {{(pid=95856) _get_quotas /opt/stack/nova/nova/quota.py:379}}
Jul 17 17:34:04.098186 np0000005360 nova-conductor[95856]: DEBUG nova.conductor.manager [None req-f1d7acc3-813e-4263-a89e-e63a732cee01 tempest-DeleteServersTestJSON-1262889962 tempest-DeleteServersTestJSON-1262889962-project-member] [instance: adbc3897-4838-4dbc-ac3c-85c8f0467e0c] Selected host: np0000005360; Selected node: np0000005360; Alternates: [] {{(pid=95856) schedule_and_build_instances /opt/stack/nova/nova/conductor/manager.py:1784}}
Jul 17 17:34:04.098794 np0000005360 nova-conductor[95856]: DEBUG oslo_concurrency.lockutils [None req-f1d7acc3-813e-4263-a89e-e63a732cee01 tempest-DeleteServersTestJSON-1262889962 tempest-DeleteServersTestJSON-1262889962-project-member] Acquiring lock "e19d63da-89ed-41c6-bd75-aba528318cd1" by "nova.context.set_target_cell..get_or_set_cached_cell_and_set_connections" {{(pid=95856) inner /opt/stack/data/venv/lib/python3.12/site-packages/oslo_concurrency/lockutils.py:512}}
Jul 17 17:34:04.098918 np0000005360 nova-conductor[95856]: DEBUG oslo_concurrency.lockutils [None req-f1d7acc3-813e-4263-a89e-e63a732cee01 tempest-DeleteServersTestJSON-1262889962 tempest-DeleteServersTestJSON-1262889962-project-member] Lock "e19d63da-89ed-41c6-bd75-aba528318cd1" acquired by "nova.context.set_target_cell..get_or_set_cached_cell_and_set_connections" :: waited 0.000s {{(pid=95856) inner /opt/stack/data/venv/lib/python3.12/site-packages/oslo_concurrency/lockutils.py:525}}
Jul 17 17:34:04.099063 np0000005360 nova-conductor[95856]: DEBUG oslo_concurrency.lockutils [None req-f1d7acc3-813e-4263-a89e-e63a732cee01 tempest-DeleteServersTestJSON-1262889962 tempest-DeleteServersTestJSON-1262889962-project-member] Lock "e19d63da-89ed-41c6-bd75-aba528318cd1" "released" by "nova.context.set_target_cell..get_or_set_cached_cell_and_set_connections" :: held 0.000s {{(pid=95856) inner /opt/stack/data/venv/lib/python3.12/site-packages/oslo_concurrency/lockutils.py:544}}
Jul 17 17:34:04.112673 np0000005360 nova-conductor[95856]: DEBUG nova.conductor.manager [None req-f1d7acc3-813e-4263-a89e-e63a732cee01 tempest-DeleteServersTestJSON-1262889962 tempest-DeleteServersTestJSON-1262889962-project-member] [instance: adbc3897-4838-4dbc-ac3c-85c8f0467e0c] block_device_mapping [BlockDeviceMapping(attachment_id=,boot_index=0,connection_info=None,created_at=,delete_on_termination=True,deleted=,deleted_at=,destination_type='local',device_name=None,device_type='disk',disk_bus=None,encrypted=False,encryption_format=None,encryption_options=None,encryption_secret_uuid=None,guest_format=None,id=,image_id='367c7b8a-7e02-4d02-99e7-9a59c6272f4d',instance=,instance_uuid=,no_device=False,snapshot_id=None,source_type='image',tag=None,updated_at=,uuid=,volume_id=None,volume_size=None,volume_type=None)] {{(pid=95856) _create_block_device_mapping /opt/stack/nova/nova/conductor/manager.py:1529}}
Jul 17 17:34:04.113641 np0000005360 nova-conductor[95856]: DEBUG oslo_concurrency.lockutils [None req-f1d7acc3-813e-4263-a89e-e63a732cee01 tempest-DeleteServersTestJSON-1262889962 tempest-DeleteServersTestJSON-1262889962-project-member] Acquiring lock "e19d63da-89ed-41c6-bd75-aba528318cd1" by "nova.context.set_target_cell..get_or_set_cached_cell_and_set_connections" {{(pid=95856) inner /opt/stack/data/venv/lib/python3.12/site-packages/oslo_concurrency/lockutils.py:512}}
Jul 17 17:34:04.113860 np0000005360 nova-conductor[95856]: DEBUG oslo_concurrency.lockutils [None req-f1d7acc3-813e-4263-a89e-e63a732cee01 tempest-DeleteServersTestJSON-1262889962 tempest-DeleteServersTestJSON-1262889962-project-member] Lock "e19d63da-89ed-41c6-bd75-aba528318cd1" acquired by "nova.context.set_target_cell..get_or_set_cached_cell_and_set_connections" :: waited 0.000s {{(pid=95856) inner /opt/stack/data/venv/lib/python3.12/site-packages/oslo_concurrency/lockutils.py:525}}
Jul 17 17:34:04.114039 np0000005360 nova-conductor[95856]: DEBUG oslo_concurrency.lockutils [None req-f1d7acc3-813e-4263-a89e-e63a732cee01 tempest-DeleteServersTestJSON-1262889962 tempest-DeleteServersTestJSON-1262889962-project-member] Lock "e19d63da-89ed-41c6-bd75-aba528318cd1" "released" by "nova.context.set_target_cell..get_or_set_cached_cell_and_set_connections" :: held 0.000s {{(pid=95856) inner /opt/stack/data/venv/lib/python3.12/site-packages/oslo_concurrency/lockutils.py:544}}
Jul 17 17:34:04.149911 np0000005360 nova-conductor[95856]: DEBUG oslo_concurrency.lockutils [None req-f1d7acc3-813e-4263-a89e-e63a732cee01 tempest-DeleteServersTestJSON-1262889962 tempest-DeleteServersTestJSON-1262889962-project-member] Acquiring lock "e19d63da-89ed-41c6-bd75-aba528318cd1" by "nova.context.set_target_cell..get_or_set_cached_cell_and_set_connections" {{(pid=95856) inner /opt/stack/data/venv/lib/python3.12/site-packages/oslo_concurrency/lockutils.py:512}}
Jul 17 17:34:04.150132 np0000005360 nova-conductor[95856]: DEBUG oslo_concurrency.lockutils [None req-f1d7acc3-813e-4263-a89e-e63a732cee01 tempest-DeleteServersTestJSON-1262889962 tempest-DeleteServersTestJSON-1262889962-project-member] Lock "e19d63da-89ed-41c6-bd75-aba528318cd1" acquired by "nova.context.set_target_cell..get_or_set_cached_cell_and_set_connections" :: waited 0.000s {{(pid=95856) inner /opt/stack/data/venv/lib/python3.12/site-packages/oslo_concurrency/lockutils.py:525}}
Jul 17 17:34:04.150315 np0000005360 nova-conductor[95856]: DEBUG oslo_concurrency.lockutils [None req-f1d7acc3-813e-4263-a89e-e63a732cee01 tempest-DeleteServersTestJSON-1262889962 tempest-DeleteServersTestJSON-1262889962-project-member] Lock "e19d63da-89ed-41c6-bd75-aba528318cd1" "released" by "nova.context.set_target_cell..get_or_set_cached_cell_and_set_connections" :: held 0.000s {{(pid=95856) inner /opt/stack/data/venv/lib/python3.12/site-packages/oslo_concurrency/lockutils.py:544}}
Jul 17 17:34:04.150605 np0000005360 nova-conductor[95856]: DEBUG oslo_concurrency.lockutils [None req-f1d7acc3-813e-4263-a89e-e63a732cee01 tempest-DeleteServersTestJSON-1262889962 tempest-DeleteServersTestJSON-1262889962-project-member] Acquiring lock "compute-rpcapi-router" {{(pid=95856) lock /opt/stack/data/venv/lib/python3.12/site-packages/oslo_concurrency/lockutils.py:396}}
Jul 17 17:34:04.150974 np0000005360 nova-conductor[95856]: DEBUG oslo_concurrency.lockutils [None req-f1d7acc3-813e-4263-a89e-e63a732cee01 tempest-DeleteServersTestJSON-1262889962 tempest-DeleteServersTestJSON-1262889962-project-member] Acquired lock "compute-rpcapi-router" {{(pid=95856) lock /opt/stack/data/venv/lib/python3.12/site-packages/oslo_concurrency/lockutils.py:399}}
Jul 17 17:34:04.151457 np0000005360 nova-conductor[95856]: DEBUG oslo_concurrency.lockutils [None req-01b14ebc-c566-461d-8791-c4d50999319e None None] Acquiring lock "00000000-0000-0000-0000-000000000000" by "nova.context.set_target_cell..get_or_set_cached_cell_and_set_connections" {{(pid=95856) inner /opt/stack/data/venv/lib/python3.12/site-packages/oslo_concurrency/lockutils.py:512}}
Jul 17 17:34:04.151457 np0000005360 nova-conductor[95856]: DEBUG oslo_concurrency.lockutils [None req-01b14ebc-c566-461d-8791-c4d50999319e None None] Lock "00000000-0000-0000-0000-000000000000" acquired by "nova.context.set_target_cell..get_or_set_cached_cell_and_set_connections" :: waited 0.000s {{(pid=95856) inner /opt/stack/data/venv/lib/python3.12/site-packages/oslo_concurrency/lockutils.py:525}}
Jul 17 17:34:04.151601 np0000005360 nova-conductor[95856]: DEBUG oslo_concurrency.lockutils [None req-01b14ebc-c566-461d-8791-c4d50999319e None None] Lock "00000000-0000-0000-0000-000000000000" "released" by "nova.context.set_target_cell..get_or_set_cached_cell_and_set_connections" :: held 0.000s {{(pid=95856) inner /opt/stack/data/venv/lib/python3.12/site-packages/oslo_concurrency/lockutils.py:544}}
Jul 17 17:34:04.152397 np0000005360 nova-conductor[95856]: DEBUG oslo_concurrency.lockutils [None req-01b14ebc-c566-461d-8791-c4d50999319e None None] Acquiring lock "e19d63da-89ed-41c6-bd75-aba528318cd1" by "nova.context.set_target_cell..get_or_set_cached_cell_and_set_connections" {{(pid=95856) inner /opt/stack/data/venv/lib/python3.12/site-packages/oslo_concurrency/lockutils.py:512}}
Jul 17 17:34:04.153359 np0000005360 nova-conductor[95856]: DEBUG oslo_concurrency.lockutils [None req-01b14ebc-c566-461d-8791-c4d50999319e None None] Lock "e19d63da-89ed-41c6-bd75-aba528318cd1" acquired by "nova.context.set_target_cell..get_or_set_cached_cell_and_set_connections" :: waited 0.001s {{(pid=95856) inner /opt/stack/data/venv/lib/python3.12/site-packages/oslo_concurrency/lockutils.py:525}}
Jul 17 17:34:04.153531 np0000005360 nova-conductor[95856]: DEBUG oslo_concurrency.lockutils [None req-01b14ebc-c566-461d-8791-c4d50999319e None None] Lock "e19d63da-89ed-41c6-bd75-aba528318cd1" "released" by "nova.context.set_target_cell..get_or_set_cached_cell_and_set_connections" :: held 0.000s {{(pid=95856) inner /opt/stack/data/venv/lib/python3.12/site-packages/oslo_concurrency/lockutils.py:544}}
Jul 17 17:34:04.164168 np0000005360 nova-conductor[95856]: INFO nova.compute.rpcapi [None req-01b14ebc-c566-461d-8791-c4d50999319e None None] Automatically selected compute RPC version 6.5 from minimum service version 72
Jul 17 17:34:04.164819 np0000005360 nova-conductor[95856]: DEBUG oslo_concurrency.lockutils [None req-01b14ebc-c566-461d-8791-c4d50999319e None None] Releasing lock "compute-rpcapi-router" {{(pid=95856) lock /opt/stack/data/venv/lib/python3.12/site-packages/oslo_concurrency/lockutils.py:419}}
Jul 17 17:34:05.100432 np0000005360 nova-conductor[95860]: DEBUG dbcounter [-] [95860] Writer thread running {{(pid=95860) stat_writer /opt/stack/data/venv/lib/python3.12/site-packages/dbcounter.py:102}}
Jul 17 17:34:05.542697 np0000005360 nova-conductor[95860]: DEBUG nova.conductor.manager [None req-0761c927-7baa-40af-bfd8-014b149d17fb tempest-AttachVolumeShelveTestJSON-1658353867 tempest-AttachVolumeShelveTestJSON-1658353867-project-member] Took 0.44 seconds to select destinations for 1 instance(s). {{(pid=95860) _schedule_instances /opt/stack/nova/nova/conductor/manager.py:968}}
Jul 17 17:34:05.584975 np0000005360 nova-conductor[95860]: DEBUG oslo_concurrency.lockutils [None req-0761c927-7baa-40af-bfd8-014b149d17fb tempest-AttachVolumeShelveTestJSON-1658353867 tempest-AttachVolumeShelveTestJSON-1658353867-project-member] Acquiring lock "e19d63da-89ed-41c6-bd75-aba528318cd1" by "nova.context.set_target_cell..get_or_set_cached_cell_and_set_connections" {{(pid=95860) inner /opt/stack/data/venv/lib/python3.12/site-packages/oslo_concurrency/lockutils.py:512}}
Jul 17 17:34:05.585208 np0000005360 nova-conductor[95860]: DEBUG oslo_concurrency.lockutils [None req-0761c927-7baa-40af-bfd8-014b149d17fb tempest-AttachVolumeShelveTestJSON-1658353867 tempest-AttachVolumeShelveTestJSON-1658353867-project-member] Lock "e19d63da-89ed-41c6-bd75-aba528318cd1" acquired by "nova.context.set_target_cell..get_or_set_cached_cell_and_set_connections" :: waited 0.000s {{(pid=95860) inner /opt/stack/data/venv/lib/python3.12/site-packages/oslo_concurrency/lockutils.py:525}}
Jul 17 17:34:05.588405 np0000005360 nova-conductor[95860]: DEBUG oslo_concurrency.lockutils [None req-0761c927-7baa-40af-bfd8-014b149d17fb tempest-AttachVolumeShelveTestJSON-1658353867 tempest-AttachVolumeShelveTestJSON-1658353867-project-member] Lock "e19d63da-89ed-41c6-bd75-aba528318cd1" "released" by "nova.context.set_target_cell..get_or_set_cached_cell_and_set_connections" :: held 0.001s {{(pid=95860) inner /opt/stack/data/venv/lib/python3.12/site-packages/oslo_concurrency/lockutils.py:544}}
Jul 17 17:34:05.593235 np0000005360 nova-conductor[95860]: INFO dbcounter [None req-0761c927-7baa-40af-bfd8-014b149d17fb tempest-AttachVolumeShelveTestJSON-1658353867 tempest-AttachVolumeShelveTestJSON-1658353867-project-member] Registered counter for database nova_cell1
Jul 17 17:34:05.630245 np0000005360 nova-conductor[95860]: DEBUG oslo_db.sqlalchemy.engines [None req-0761c927-7baa-40af-bfd8-014b149d17fb tempest-AttachVolumeShelveTestJSON-1658353867 tempest-AttachVolumeShelveTestJSON-1658353867-project-member] MySQL server mode set to STRICT_TRANS_TABLES,STRICT_ALL_TABLES,NO_ZERO_IN_DATE,NO_ZERO_DATE,ERROR_FOR_DIVISION_BY_ZERO,TRADITIONAL,NO_ENGINE_SUBSTITUTION {{(pid=95860) _check_effective_sql_mode /opt/stack/data/venv/lib/python3.12/site-packages/oslo_db/sqlalchemy/engines.py:325}}
Jul 17 17:34:05.635819 np0000005360 nova-conductor[95860]: DEBUG dbcounter [-] [95860] Writer thread running {{(pid=95860) stat_writer /opt/stack/data/venv/lib/python3.12/site-packages/dbcounter.py:102}}
Jul 17 17:34:05.697159 np0000005360 nova-conductor[95860]: INFO nova.utils [None req-0761c927-7baa-40af-bfd8-014b149d17fb tempest-AttachVolumeShelveTestJSON-1658353867 tempest-AttachVolumeShelveTestJSON-1658353867-project-member] The cell worker thread pool ForkProcess-3.cell_worker is initialized
Jul 17 17:34:05.697459 np0000005360 nova-conductor[95860]: DEBUG oslo_concurrency.lockutils [None req-0761c927-7baa-40af-bfd8-014b149d17fb tempest-AttachVolumeShelveTestJSON-1658353867 tempest-AttachVolumeShelveTestJSON-1658353867-project-member] Acquiring lock "00000000-0000-0000-0000-000000000000" by "nova.context.set_target_cell..get_or_set_cached_cell_and_set_connections" {{(pid=95860) inner /opt/stack/data/venv/lib/python3.12/site-packages/oslo_concurrency/lockutils.py:512}}
Jul 17 17:34:05.697619 np0000005360 nova-conductor[95860]: DEBUG oslo_concurrency.lockutils [None req-0761c927-7baa-40af-bfd8-014b149d17fb tempest-AttachVolumeShelveTestJSON-1658353867 tempest-AttachVolumeShelveTestJSON-1658353867-project-member] Lock "00000000-0000-0000-0000-000000000000" acquired by "nova.context.set_target_cell..get_or_set_cached_cell_and_set_connections" :: waited 0.000s {{(pid=95860) inner /opt/stack/data/venv/lib/python3.12/site-packages/oslo_concurrency/lockutils.py:525}}
Jul 17 17:34:05.698032 np0000005360 nova-conductor[95860]: DEBUG oslo_concurrency.lockutils [None req-0761c927-7baa-40af-bfd8-014b149d17fb tempest-AttachVolumeShelveTestJSON-1658353867 tempest-AttachVolumeShelveTestJSON-1658353867-project-member] Lock "00000000-0000-0000-0000-000000000000" "released" by "nova.context.set_target_cell..get_or_set_cached_cell_and_set_connections" :: held 0.000s {{(pid=95860) inner /opt/stack/data/venv/lib/python3.12/site-packages/oslo_concurrency/lockutils.py:544}}
