Jul 31 08:30:45.129139 np0000006194 nova-conductor[99028]: DEBUG cotyledon.oslo_config_glue [-] workarounds.disable_fallback_pcpu_query = False {{(pid=99028) log_opt_values /opt/stack/data/venv/lib/python3.12/site-packages/oslo_config/cfg.py:3253}}
Jul 31 08:30:45.129510 np0000006194 nova-conductor[99028]: DEBUG cotyledon.oslo_config_glue [-] workarounds.disable_group_policy_check_upcall = False {{(pid=99028) log_opt_values /opt/stack/data/venv/lib/python3.12/site-packages/oslo_config/cfg.py:3253}}
Jul 31 08:30:45.129510 np0000006194 nova-conductor[99028]: DEBUG cotyledon.oslo_config_glue [-] workarounds.disable_libvirt_livesnapshot = False {{(pid=99028) log_opt_values /opt/stack/data/venv/lib/python3.12/site-packages/oslo_config/cfg.py:3253}}
Jul 31 08:30:45.129510 np0000006194 nova-conductor[99028]: DEBUG cotyledon.oslo_config_glue [-] workarounds.disable_rootwrap = False {{(pid=99028) log_opt_values /opt/stack/data/venv/lib/python3.12/site-packages/oslo_config/cfg.py:3253}}
Jul 31 08:30:45.129510 np0000006194 nova-conductor[99028]: DEBUG cotyledon.oslo_config_glue [-] workarounds.enable_numa_live_migration = False {{(pid=99028) log_opt_values /opt/stack/data/venv/lib/python3.12/site-packages/oslo_config/cfg.py:3253}}
Jul 31 08:30:45.129510 np0000006194 nova-conductor[99028]: DEBUG cotyledon.oslo_config_glue [-] workarounds.enable_qemu_monitor_announce_self = False {{(pid=99028) log_opt_values /opt/stack/data/venv/lib/python3.12/site-packages/oslo_config/cfg.py:3253}}
Jul 31 08:30:45.129510 np0000006194 nova-conductor[99028]: DEBUG cotyledon.oslo_config_glue [-] workarounds.ensure_libvirt_rbd_instance_dir_cleanup = False {{(pid=99028) log_opt_values /opt/stack/data/venv/lib/python3.12/site-packages/oslo_config/cfg.py:3253}}
Jul 31 08:30:45.129510 np0000006194 nova-conductor[99028]: DEBUG cotyledon.oslo_config_glue [-] workarounds.handle_virt_lifecycle_events = True {{(pid=99028) log_opt_values /opt/stack/data/venv/lib/python3.12/site-packages/oslo_config/cfg.py:3253}}
Jul 31 08:30:45.129510 np0000006194 nova-conductor[99028]: DEBUG cotyledon.oslo_config_glue [-] workarounds.libvirt_disable_apic = False {{(pid=99028) log_opt_values /opt/stack/data/venv/lib/python3.12/site-packages/oslo_config/cfg.py:3253}}
Jul 31 08:30:45.129510 np0000006194 nova-conductor[99028]: DEBUG cotyledon.oslo_config_glue [-] workarounds.never_download_image_if_on_rbd = False {{(pid=99028) log_opt_values /opt/stack/data/venv/lib/python3.12/site-packages/oslo_config/cfg.py:3253}}
Jul 31 08:30:45.129800 np0000006194 nova-conductor[99028]: DEBUG cotyledon.oslo_config_glue [-] workarounds.qemu_monitor_announce_self_count = 3 {{(pid=99028) log_opt_values /opt/stack/data/venv/lib/python3.12/site-packages/oslo_config/cfg.py:3253}}
Jul 31 08:30:45.129800 np0000006194 nova-conductor[99028]: DEBUG cotyledon.oslo_config_glue [-] workarounds.qemu_monitor_announce_self_interval = 1 {{(pid=99028) log_opt_values /opt/stack/data/venv/lib/python3.12/site-packages/oslo_config/cfg.py:3253}}
Jul 31 08:30:45.129800 np0000006194 nova-conductor[99028]: DEBUG cotyledon.oslo_config_glue [-] workarounds.reserve_disk_resource_for_image_cache = False {{(pid=99028) log_opt_values /opt/stack/data/venv/lib/python3.12/site-packages/oslo_config/cfg.py:3253}}
Jul 31 08:30:45.129800 np0000006194 nova-conductor[99028]: DEBUG cotyledon.oslo_config_glue [-] workarounds.skip_cpu_compare_at_startup = False {{(pid=99028) log_opt_values /opt/stack/data/venv/lib/python3.12/site-packages/oslo_config/cfg.py:3253}}
Jul 31 08:30:45.129800 np0000006194 nova-conductor[99028]: DEBUG cotyledon.oslo_config_glue [-] workarounds.skip_cpu_compare_on_dest = False {{(pid=99028) log_opt_values /opt/stack/data/venv/lib/python3.12/site-packages/oslo_config/cfg.py:3253}}
Jul 31 08:30:45.129800 np0000006194 nova-conductor[99028]: DEBUG cotyledon.oslo_config_glue [-] workarounds.skip_hypervisor_version_check_on_lm = False {{(pid=99028) log_opt_values /opt/stack/data/venv/lib/python3.12/site-packages/oslo_config/cfg.py:3253}}
Jul 31 08:30:45.129800 np0000006194 nova-conductor[99028]: DEBUG cotyledon.oslo_config_glue [-] workarounds.skip_reserve_in_use_ironic_nodes = False {{(pid=99028) log_opt_values /opt/stack/data/venv/lib/python3.12/site-packages/oslo_config/cfg.py:3253}}
Jul 31 08:30:45.129800 np0000006194 nova-conductor[99028]: DEBUG cotyledon.oslo_config_glue [-] workarounds.unified_limits_count_pcpu_as_vcpu = False {{(pid=99028) log_opt_values /opt/stack/data/venv/lib/python3.12/site-packages/oslo_config/cfg.py:3253}}
Jul 31 08:30:45.130064 np0000006194 nova-conductor[99028]: DEBUG cotyledon.oslo_config_glue [-] workarounds.wait_for_vif_plugged_event_during_hard_reboot = [] {{(pid=99028) log_opt_values /opt/stack/data/venv/lib/python3.12/site-packages/oslo_config/cfg.py:3253}}
Jul 31 08:30:45.130064 np0000006194 nova-conductor[99028]: DEBUG cotyledon.oslo_config_glue [-] wsgi.api_paste_config = /etc/nova/api-paste.ini {{(pid=99028) log_opt_values /opt/stack/data/venv/lib/python3.12/site-packages/oslo_config/cfg.py:3253}}
Jul 31 08:30:45.130064 np0000006194 nova-conductor[99028]: DEBUG cotyledon.oslo_config_glue [-] wsgi.secure_proxy_ssl_header = None {{(pid=99028) log_opt_values /opt/stack/data/venv/lib/python3.12/site-packages/oslo_config/cfg.py:3253}}
Jul 31 08:30:45.130064 np0000006194 nova-conductor[99028]: DEBUG cotyledon.oslo_config_glue [-] zvm.ca_file = None {{(pid=99028) log_opt_values /opt/stack/data/venv/lib/python3.12/site-packages/oslo_config/cfg.py:3253}}
Jul 31 08:30:45.130064 np0000006194 nova-conductor[99028]: DEBUG cotyledon.oslo_config_glue [-] zvm.cloud_connector_url = None {{(pid=99028) log_opt_values /opt/stack/data/venv/lib/python3.12/site-packages/oslo_config/cfg.py:3253}}
Jul 31 08:30:45.130064 np0000006194 nova-conductor[99028]: DEBUG cotyledon.oslo_config_glue [-] zvm.image_tmp_path = /opt/stack/data/nova/images {{(pid=99028) log_opt_values /opt/stack/data/venv/lib/python3.12/site-packages/oslo_config/cfg.py:3253}}
Jul 31 08:30:45.130064 np0000006194 nova-conductor[99028]: DEBUG cotyledon.oslo_config_glue [-] zvm.reachable_timeout = 300 {{(pid=99028) log_opt_values /opt/stack/data/venv/lib/python3.12/site-packages/oslo_config/cfg.py:3253}}
Jul 31 08:30:45.130064 np0000006194 nova-conductor[99028]: DEBUG cotyledon.oslo_config_glue [-] oslo_versionedobjects.fatal_exception_format_errors = False {{(pid=99028) log_opt_values /opt/stack/data/venv/lib/python3.12/site-packages/oslo_config/cfg.py:3253}}
Jul 31 08:30:45.130064 np0000006194 nova-conductor[99028]: DEBUG cotyledon.oslo_config_glue [-] oslo_middleware.http_basic_auth_user_file = /etc/htpasswd {{(pid=99028) log_opt_values /opt/stack/data/venv/lib/python3.12/site-packages/oslo_config/cfg.py:3253}}
Jul 31 08:30:45.130388 np0000006194 nova-conductor[99028]: DEBUG cotyledon.oslo_config_glue [-] profiler.connection_string = messaging:// {{(pid=99028) log_opt_values /opt/stack/data/venv/lib/python3.12/site-packages/oslo_config/cfg.py:3253}}
Jul 31 08:30:45.130388 np0000006194 nova-conductor[99028]: DEBUG cotyledon.oslo_config_glue [-] profiler.enabled = False {{(pid=99028) log_opt_values /opt/stack/data/venv/lib/python3.12/site-packages/oslo_config/cfg.py:3253}}
Jul 31 08:30:45.130388 np0000006194 nova-conductor[99028]: DEBUG cotyledon.oslo_config_glue [-] profiler.es_doc_type = notification {{(pid=99028) log_opt_values /opt/stack/data/venv/lib/python3.12/site-packages/oslo_config/cfg.py:3253}}
Jul 31 08:30:45.130388 np0000006194 nova-conductor[99028]: DEBUG cotyledon.oslo_config_glue [-] profiler.es_scroll_size = 10000 {{(pid=99028) log_opt_values /opt/stack/data/venv/lib/python3.12/site-packages/oslo_config/cfg.py:3253}}
Jul 31 08:30:45.130388 np0000006194 nova-conductor[99028]: DEBUG cotyledon.oslo_config_glue [-] profiler.es_scroll_time = 2m {{(pid=99028) log_opt_values /opt/stack/data/venv/lib/python3.12/site-packages/oslo_config/cfg.py:3253}}
Jul 31 08:30:45.130388 np0000006194 nova-conductor[99028]: DEBUG cotyledon.oslo_config_glue [-] profiler.filter_error_trace = False {{(pid=99028) log_opt_values /opt/stack/data/venv/lib/python3.12/site-packages/oslo_config/cfg.py:3253}}
Jul 31 08:30:45.130388 np0000006194 nova-conductor[99028]: DEBUG cotyledon.oslo_config_glue [-] profiler.hmac_keys = **** {{(pid=99028) log_opt_values /opt/stack/data/venv/lib/python3.12/site-packages/oslo_config/cfg.py:3253}}
Jul 31 08:30:45.130388 np0000006194 nova-conductor[99028]: DEBUG cotyledon.oslo_config_glue [-] profiler.sentinel_service_name = mymaster {{(pid=99028) log_opt_values /opt/stack/data/venv/lib/python3.12/site-packages/oslo_config/cfg.py:3253}}
Jul 31 08:30:45.130388 np0000006194 nova-conductor[99028]: DEBUG cotyledon.oslo_config_glue [-] profiler.socket_timeout = 0.1 {{(pid=99028) log_opt_values /opt/stack/data/venv/lib/python3.12/site-packages/oslo_config/cfg.py:3253}}
Jul 31 08:30:45.130686 np0000006194 nova-conductor[99028]: DEBUG cotyledon.oslo_config_glue [-] profiler.trace_requests = False {{(pid=99028) log_opt_values /opt/stack/data/venv/lib/python3.12/site-packages/oslo_config/cfg.py:3253}}
Jul 31 08:30:45.130686 np0000006194 nova-conductor[99028]: DEBUG cotyledon.oslo_config_glue [-] profiler.trace_sqlalchemy = False {{(pid=99028) log_opt_values /opt/stack/data/venv/lib/python3.12/site-packages/oslo_config/cfg.py:3253}}
Jul 31 08:30:45.130686 np0000006194 nova-conductor[99028]: DEBUG cotyledon.oslo_config_glue [-] profiler_jaeger.process_tags = {} {{(pid=99028) log_opt_values /opt/stack/data/venv/lib/python3.12/site-packages/oslo_config/cfg.py:3253}}
Jul 31 08:30:45.130686 np0000006194 nova-conductor[99028]: DEBUG cotyledon.oslo_config_glue [-] profiler_jaeger.service_name_prefix = None {{(pid=99028) log_opt_values /opt/stack/data/venv/lib/python3.12/site-packages/oslo_config/cfg.py:3253}}
Jul 31 08:30:45.130686 np0000006194 nova-conductor[99028]: DEBUG cotyledon.oslo_config_glue [-] profiler_otlp.service_name_prefix = None {{(pid=99028) log_opt_values /opt/stack/data/venv/lib/python3.12/site-packages/oslo_config/cfg.py:3253}}
Jul 31 08:30:45.130686 np0000006194 nova-conductor[99028]: DEBUG cotyledon.oslo_config_glue [-] oslo_messaging_rabbit.amqp_auto_delete = False {{(pid=99028) log_opt_values /opt/stack/data/venv/lib/python3.12/site-packages/oslo_config/cfg.py:3253}}
Jul 31 08:30:45.130686 np0000006194 nova-conductor[99028]: DEBUG cotyledon.oslo_config_glue [-] oslo_messaging_rabbit.amqp_durable_queues = False {{(pid=99028) log_opt_values /opt/stack/data/venv/lib/python3.12/site-packages/oslo_config/cfg.py:3253}}
Jul 31 08:30:45.130686 np0000006194 nova-conductor[99028]: DEBUG cotyledon.oslo_config_glue [-] oslo_messaging_rabbit.conn_pool_min_size = 2 {{(pid=99028) log_opt_values /opt/stack/data/venv/lib/python3.12/site-packages/oslo_config/cfg.py:3253}}
Jul 31 08:30:45.130686 np0000006194 nova-conductor[99028]: DEBUG cotyledon.oslo_config_glue [-] oslo_messaging_rabbit.conn_pool_ttl = 1200 {{(pid=99028) log_opt_values /opt/stack/data/venv/lib/python3.12/site-packages/oslo_config/cfg.py:3253}}
Jul 31 08:30:45.130981 np0000006194 nova-conductor[99028]: DEBUG cotyledon.oslo_config_glue [-] oslo_messaging_rabbit.direct_mandatory_flag = True {{(pid=99028) log_opt_values /opt/stack/data/venv/lib/python3.12/site-packages/oslo_config/cfg.py:3253}}
Jul 31 08:30:45.130981 np0000006194 nova-conductor[99028]: DEBUG cotyledon.oslo_config_glue [-] oslo_messaging_rabbit.enable_cancel_on_failover = False {{(pid=99028) log_opt_values /opt/stack/data/venv/lib/python3.12/site-packages/oslo_config/cfg.py:3253}}
Jul 31 08:30:45.130981 np0000006194 nova-conductor[99028]: DEBUG cotyledon.oslo_config_glue [-] oslo_messaging_rabbit.heartbeat_rate = 3 {{(pid=99028) log_opt_values /opt/stack/data/venv/lib/python3.12/site-packages/oslo_config/cfg.py:3253}}
Jul 31 08:30:45.130981 np0000006194 nova-conductor[99028]: DEBUG cotyledon.oslo_config_glue [-] oslo_messaging_rabbit.heartbeat_timeout_threshold = 60 {{(pid=99028) log_opt_values /opt/stack/data/venv/lib/python3.12/site-packages/oslo_config/cfg.py:3253}}
Jul 31 08:30:45.130981 np0000006194 nova-conductor[99028]: DEBUG cotyledon.oslo_config_glue [-] oslo_messaging_rabbit.hostname = np0000006194 {{(pid=99028) log_opt_values /opt/stack/data/venv/lib/python3.12/site-packages/oslo_config/cfg.py:3253}}
Jul 31 08:30:45.130981 np0000006194 nova-conductor[99028]: DEBUG cotyledon.oslo_config_glue [-] oslo_messaging_rabbit.kombu_compression = None {{(pid=99028) log_opt_values /opt/stack/data/venv/lib/python3.12/site-packages/oslo_config/cfg.py:3253}}
Jul 31 08:30:45.130981 np0000006194 nova-conductor[99028]: DEBUG cotyledon.oslo_config_glue [-] oslo_messaging_rabbit.kombu_failover_strategy = round-robin {{(pid=99028) log_opt_values /opt/stack/data/venv/lib/python3.12/site-packages/oslo_config/cfg.py:3253}}
Jul 31 08:30:45.130981 np0000006194 nova-conductor[99028]: DEBUG cotyledon.oslo_config_glue [-] oslo_messaging_rabbit.kombu_missing_consumer_retry_timeout = 60 {{(pid=99028) log_opt_values /opt/stack/data/venv/lib/python3.12/site-packages/oslo_config/cfg.py:3253}}
Jul 31 08:30:45.130981 np0000006194 nova-conductor[99028]: DEBUG cotyledon.oslo_config_glue [-] oslo_messaging_rabbit.kombu_reconnect_delay = 1.0 {{(pid=99028) log_opt_values /opt/stack/data/venv/lib/python3.12/site-packages/oslo_config/cfg.py:3253}}
Jul 31 08:30:45.131287 np0000006194 nova-conductor[99028]: DEBUG cotyledon.oslo_config_glue [-] oslo_messaging_rabbit.kombu_reconnect_splay = 0.0 {{(pid=99028) log_opt_values /opt/stack/data/venv/lib/python3.12/site-packages/oslo_config/cfg.py:3253}}
Jul 31 08:30:45.131287 np0000006194 nova-conductor[99028]: DEBUG cotyledon.oslo_config_glue [-] oslo_messaging_rabbit.processname = nova-conductor {{(pid=99028) log_opt_values /opt/stack/data/venv/lib/python3.12/site-packages/oslo_config/cfg.py:3253}}
Jul 31 08:30:45.131287 np0000006194 nova-conductor[99028]: DEBUG cotyledon.oslo_config_glue [-] oslo_messaging_rabbit.rabbit_ha_queues = False {{(pid=99028) log_opt_values /opt/stack/data/venv/lib/python3.12/site-packages/oslo_config/cfg.py:3253}}
Jul 31 08:30:45.131287 np0000006194 nova-conductor[99028]: DEBUG cotyledon.oslo_config_glue [-] oslo_messaging_rabbit.rabbit_interval_max = 30 {{(pid=99028) log_opt_values /opt/stack/data/venv/lib/python3.12/site-packages/oslo_config/cfg.py:3253}}
Jul 31 08:30:45.131287 np0000006194 nova-conductor[99028]: DEBUG cotyledon.oslo_config_glue [-] oslo_messaging_rabbit.rabbit_login_method = AMQPLAIN {{(pid=99028) log_opt_values /opt/stack/data/venv/lib/python3.12/site-packages/oslo_config/cfg.py:3253}}
Jul 31 08:30:45.131287 np0000006194 nova-conductor[99028]: DEBUG cotyledon.oslo_config_glue [-] oslo_messaging_rabbit.rabbit_qos_prefetch_count = 0 {{(pid=99028) log_opt_values /opt/stack/data/venv/lib/python3.12/site-packages/oslo_config/cfg.py:3253}}
Jul 31 08:30:45.131287 np0000006194 nova-conductor[99028]: DEBUG cotyledon.oslo_config_glue [-] oslo_messaging_rabbit.rabbit_quorum_delivery_limit = 0 {{(pid=99028) log_opt_values /opt/stack/data/venv/lib/python3.12/site-packages/oslo_config/cfg.py:3253}}
Jul 31 08:30:45.131287 np0000006194 nova-conductor[99028]: DEBUG cotyledon.oslo_config_glue [-] oslo_messaging_rabbit.rabbit_quorum_max_memory_bytes = 0 {{(pid=99028) log_opt_values /opt/stack/data/venv/lib/python3.12/site-packages/oslo_config/cfg.py:3253}}
Jul 31 08:30:45.131287 np0000006194 nova-conductor[99028]: DEBUG cotyledon.oslo_config_glue [-] oslo_messaging_rabbit.rabbit_quorum_max_memory_length = 0 {{(pid=99028) log_opt_values /opt/stack/data/venv/lib/python3.12/site-packages/oslo_config/cfg.py:3253}}
Jul 31 08:30:45.131633 np0000006194 nova-conductor[99028]: DEBUG cotyledon.oslo_config_glue [-] oslo_messaging_rabbit.rabbit_quorum_queue = False {{(pid=99028) log_opt_values /opt/stack/data/venv/lib/python3.12/site-packages/oslo_config/cfg.py:3253}}
Jul 31 08:30:45.131633 np0000006194 nova-conductor[99028]: DEBUG cotyledon.oslo_config_glue [-] oslo_messaging_rabbit.rabbit_retry_backoff = 2 {{(pid=99028) log_opt_values /opt/stack/data/venv/lib/python3.12/site-packages/oslo_config/cfg.py:3253}}
Jul 31 08:30:45.131633 np0000006194 nova-conductor[99028]: DEBUG cotyledon.oslo_config_glue [-] oslo_messaging_rabbit.rabbit_retry_interval = 1 {{(pid=99028) log_opt_values /opt/stack/data/venv/lib/python3.12/site-packages/oslo_config/cfg.py:3253}}
Jul 31 08:30:45.131633 np0000006194 nova-conductor[99028]: DEBUG cotyledon.oslo_config_glue [-] oslo_messaging_rabbit.rabbit_stream_fanout = False {{(pid=99028) log_opt_values /opt/stack/data/venv/lib/python3.12/site-packages/oslo_config/cfg.py:3253}}
Jul 31 08:30:45.131633 np0000006194 nova-conductor[99028]: DEBUG cotyledon.oslo_config_glue [-] oslo_messaging_rabbit.rabbit_transient_queues_ttl = 1800 {{(pid=99028) log_opt_values /opt/stack/data/venv/lib/python3.12/site-packages/oslo_config/cfg.py:3253}}
Jul 31 08:30:45.131633 np0000006194 nova-conductor[99028]: DEBUG cotyledon.oslo_config_glue [-] oslo_messaging_rabbit.rabbit_transient_quorum_queue = False {{(pid=99028) log_opt_values /opt/stack/data/venv/lib/python3.12/site-packages/oslo_config/cfg.py:3253}}
Jul 31 08:30:45.131633 np0000006194 nova-conductor[99028]: DEBUG cotyledon.oslo_config_glue [-] oslo_messaging_rabbit.rpc_conn_pool_size = 30 {{(pid=99028) log_opt_values /opt/stack/data/venv/lib/python3.12/site-packages/oslo_config/cfg.py:3253}}
Jul 31 08:30:45.131633 np0000006194 nova-conductor[99028]: DEBUG cotyledon.oslo_config_glue [-] oslo_messaging_rabbit.ssl = False {{(pid=99028) log_opt_values /opt/stack/data/venv/lib/python3.12/site-packages/oslo_config/cfg.py:3253}}
Jul 31 08:30:45.131633 np0000006194 nova-conductor[99028]: DEBUG cotyledon.oslo_config_glue [-] oslo_messaging_rabbit.ssl_ca_file = {{(pid=99028) log_opt_values /opt/stack/data/venv/lib/python3.12/site-packages/oslo_config/cfg.py:3253}}
Jul 31 08:30:45.131940 np0000006194 nova-conductor[99028]: DEBUG cotyledon.oslo_config_glue [-] oslo_messaging_rabbit.ssl_cert_file = {{(pid=99028) log_opt_values /opt/stack/data/venv/lib/python3.12/site-packages/oslo_config/cfg.py:3253}}
Jul 31 08:30:45.131940 np0000006194 nova-conductor[99028]: DEBUG cotyledon.oslo_config_glue [-] oslo_messaging_rabbit.ssl_enforce_fips_mode = False {{(pid=99028) log_opt_values /opt/stack/data/venv/lib/python3.12/site-packages/oslo_config/cfg.py:3253}}
Jul 31 08:30:45.131940 np0000006194 nova-conductor[99028]: DEBUG cotyledon.oslo_config_glue [-] oslo_messaging_rabbit.ssl_enforce_hostname_verification = True {{(pid=99028) log_opt_values /opt/stack/data/venv/lib/python3.12/site-packages/oslo_config/cfg.py:3253}}
Jul 31 08:30:45.131940 np0000006194 nova-conductor[99028]: DEBUG cotyledon.oslo_config_glue [-] oslo_messaging_rabbit.ssl_key_file = {{(pid=99028) log_opt_values /opt/stack/data/venv/lib/python3.12/site-packages/oslo_config/cfg.py:3253}}
Jul 31 08:30:45.131940 np0000006194 nova-conductor[99028]: DEBUG cotyledon.oslo_config_glue [-] oslo_messaging_rabbit.ssl_version = {{(pid=99028) log_opt_values /opt/stack/data/venv/lib/python3.12/site-packages/oslo_config/cfg.py:3253}}
Jul 31 08:30:45.131940 np0000006194 nova-conductor[99028]: DEBUG cotyledon.oslo_config_glue [-] oslo_messaging_rabbit.use_queue_manager = False {{(pid=99028) log_opt_values /opt/stack/data/venv/lib/python3.12/site-packages/oslo_config/cfg.py:3253}}
Jul 31 08:30:45.131940 np0000006194 nova-conductor[99028]: DEBUG cotyledon.oslo_config_glue [-] oslo_messaging_notifications.driver = ['messagingv2'] {{(pid=99028) log_opt_values /opt/stack/data/venv/lib/python3.12/site-packages/oslo_config/cfg.py:3253}}
Jul 31 08:30:45.131940 np0000006194 nova-conductor[99028]: DEBUG cotyledon.oslo_config_glue [-] oslo_messaging_notifications.retry = -1 {{(pid=99028) log_opt_values /opt/stack/data/venv/lib/python3.12/site-packages/oslo_config/cfg.py:3253}}
Jul 31 08:30:45.131940 np0000006194 nova-conductor[99028]: DEBUG cotyledon.oslo_config_glue [-] oslo_messaging_notifications.topics = ['notifications'] {{(pid=99028) log_opt_values /opt/stack/data/venv/lib/python3.12/site-packages/oslo_config/cfg.py:3253}}
Jul 31 08:30:45.132283 np0000006194 nova-conductor[99028]: DEBUG cotyledon.oslo_config_glue [-] oslo_messaging_notifications.transport_url = **** {{(pid=99028) log_opt_values /opt/stack/data/venv/lib/python3.12/site-packages/oslo_config/cfg.py:3253}}
Jul 31 08:30:45.132283 np0000006194 nova-conductor[99028]: DEBUG cotyledon.oslo_config_glue [-] oslo_limit.auth_section = None {{(pid=99028) log_opt_values /opt/stack/data/venv/lib/python3.12/site-packages/oslo_config/cfg.py:3253}}
Jul 31 08:30:45.132283 np0000006194 nova-conductor[99028]: DEBUG cotyledon.oslo_config_glue [-] oslo_limit.auth_type = None {{(pid=99028) log_opt_values /opt/stack/data/venv/lib/python3.12/site-packages/oslo_config/cfg.py:3253}}
Jul 31 08:30:45.132283 np0000006194 nova-conductor[99028]: DEBUG cotyledon.oslo_config_glue [-] oslo_limit.cafile = None {{(pid=99028) log_opt_values /opt/stack/data/venv/lib/python3.12/site-packages/oslo_config/cfg.py:3253}}
Jul 31 08:30:45.132283 np0000006194 nova-conductor[99028]: DEBUG cotyledon.oslo_config_glue [-] oslo_limit.certfile = None {{(pid=99028) log_opt_values /opt/stack/data/venv/lib/python3.12/site-packages/oslo_config/cfg.py:3253}}
Jul 31 08:30:45.132283 np0000006194 nova-conductor[99028]: DEBUG cotyledon.oslo_config_glue [-] oslo_limit.collect_timing = False {{(pid=99028) log_opt_values /opt/stack/data/venv/lib/python3.12/site-packages/oslo_config/cfg.py:3253}}
Jul 31 08:30:45.132283 np0000006194 nova-conductor[99028]: DEBUG cotyledon.oslo_config_glue [-] oslo_limit.connect_retries = None {{(pid=99028) log_opt_values /opt/stack/data/venv/lib/python3.12/site-packages/oslo_config/cfg.py:3253}}
Jul 31 08:30:45.132283 np0000006194 nova-conductor[99028]: DEBUG cotyledon.oslo_config_glue [-] oslo_limit.connect_retry_delay = None {{(pid=99028) log_opt_values /opt/stack/data/venv/lib/python3.12/site-packages/oslo_config/cfg.py:3253}}
Jul 31 08:30:45.132283 np0000006194 nova-conductor[99028]: DEBUG cotyledon.oslo_config_glue [-] oslo_limit.endpoint_id = None {{(pid=99028) log_opt_values /opt/stack/data/venv/lib/python3.12/site-packages/oslo_config/cfg.py:3253}}
Jul 31 08:30:45.132620 np0000006194 nova-conductor[99028]: DEBUG cotyledon.oslo_config_glue [-] oslo_limit.endpoint_interface = public {{(pid=99028) log_opt_values /opt/stack/data/venv/lib/python3.12/site-packages/oslo_config/cfg.py:3253}}
Jul 31 08:30:45.132620 np0000006194 nova-conductor[99028]: DEBUG cotyledon.oslo_config_glue [-] oslo_limit.endpoint_override = None {{(pid=99028) log_opt_values /opt/stack/data/venv/lib/python3.12/site-packages/oslo_config/cfg.py:3253}}
Jul 31 08:30:45.132620 np0000006194 nova-conductor[99028]: DEBUG cotyledon.oslo_config_glue [-] oslo_limit.endpoint_region_name = None {{(pid=99028) log_opt_values /opt/stack/data/venv/lib/python3.12/site-packages/oslo_config/cfg.py:3253}}
Jul 31 08:30:45.132620 np0000006194 nova-conductor[99028]: DEBUG cotyledon.oslo_config_glue [-] oslo_limit.endpoint_service_name = None {{(pid=99028) log_opt_values /opt/stack/data/venv/lib/python3.12/site-packages/oslo_config/cfg.py:3253}}
Jul 31 08:30:45.132620 np0000006194 nova-conductor[99028]: DEBUG cotyledon.oslo_config_glue [-] oslo_limit.endpoint_service_type = None {{(pid=99028) log_opt_values /opt/stack/data/venv/lib/python3.12/site-packages/oslo_config/cfg.py:3253}}
Jul 31 08:30:45.132620 np0000006194 nova-conductor[99028]: DEBUG cotyledon.oslo_config_glue [-] oslo_limit.insecure = False {{(pid=99028) log_opt_values /opt/stack/data/venv/lib/python3.12/site-packages/oslo_config/cfg.py:3253}}
Jul 31 08:30:45.132620 np0000006194 nova-conductor[99028]: DEBUG cotyledon.oslo_config_glue [-] oslo_limit.keyfile = None {{(pid=99028) log_opt_values /opt/stack/data/venv/lib/python3.12/site-packages/oslo_config/cfg.py:3253}}
Jul 31 08:30:45.132620 np0000006194 nova-conductor[99028]: DEBUG cotyledon.oslo_config_glue [-] oslo_limit.max_version = None {{(pid=99028) log_opt_values /opt/stack/data/venv/lib/python3.12/site-packages/oslo_config/cfg.py:3253}}
Jul 31 08:30:45.132620 np0000006194 nova-conductor[99028]: DEBUG cotyledon.oslo_config_glue [-] oslo_limit.min_version = None {{(pid=99028) log_opt_values /opt/stack/data/venv/lib/python3.12/site-packages/oslo_config/cfg.py:3253}}
Jul 31 08:30:45.132951 np0000006194 nova-conductor[99028]: DEBUG cotyledon.oslo_config_glue [-] oslo_limit.region_name = None {{(pid=99028) log_opt_values /opt/stack/data/venv/lib/python3.12/site-packages/oslo_config/cfg.py:3253}}
Jul 31 08:30:45.132951 np0000006194 nova-conductor[99028]: DEBUG cotyledon.oslo_config_glue [-] oslo_limit.retriable_status_codes = None {{(pid=99028) log_opt_values /opt/stack/data/venv/lib/python3.12/site-packages/oslo_config/cfg.py:3253}}
Jul 31 08:30:45.132951 np0000006194 nova-conductor[99028]: DEBUG cotyledon.oslo_config_glue [-] oslo_limit.service_name = None {{(pid=99028) log_opt_values /opt/stack/data/venv/lib/python3.12/site-packages/oslo_config/cfg.py:3253}}
Jul 31 08:30:45.132951 np0000006194 nova-conductor[99028]: DEBUG cotyledon.oslo_config_glue [-] oslo_limit.service_type = None {{(pid=99028) log_opt_values /opt/stack/data/venv/lib/python3.12/site-packages/oslo_config/cfg.py:3253}}
Jul 31 08:30:45.132951 np0000006194 nova-conductor[99028]: DEBUG cotyledon.oslo_config_glue [-] oslo_limit.split_loggers = False {{(pid=99028) log_opt_values /opt/stack/data/venv/lib/python3.12/site-packages/oslo_config/cfg.py:3253}}
Jul 31 08:30:45.132951 np0000006194 nova-conductor[99028]: DEBUG cotyledon.oslo_config_glue [-] oslo_limit.status_code_retries = None {{(pid=99028) log_opt_values /opt/stack/data/venv/lib/python3.12/site-packages/oslo_config/cfg.py:3253}}
Jul 31 08:30:45.132951 np0000006194 nova-conductor[99028]: DEBUG cotyledon.oslo_config_glue [-] oslo_limit.status_code_retry_delay = None {{(pid=99028) log_opt_values /opt/stack/data/venv/lib/python3.12/site-packages/oslo_config/cfg.py:3253}}
Jul 31 08:30:45.132951 np0000006194 nova-conductor[99028]: DEBUG cotyledon.oslo_config_glue [-] oslo_limit.timeout = None {{(pid=99028) log_opt_values /opt/stack/data/venv/lib/python3.12/site-packages/oslo_config/cfg.py:3253}}
Jul 31 08:30:45.132951 np0000006194 nova-conductor[99028]: DEBUG cotyledon.oslo_config_glue [-] oslo_limit.valid_interfaces = None {{(pid=99028) log_opt_values /opt/stack/data/venv/lib/python3.12/site-packages/oslo_config/cfg.py:3253}}
Jul 31 08:30:45.133268 np0000006194 nova-conductor[99028]: DEBUG cotyledon.oslo_config_glue [-] oslo_limit.version = None {{(pid=99028) log_opt_values /opt/stack/data/venv/lib/python3.12/site-packages/oslo_config/cfg.py:3253}}
Jul 31 08:30:45.133268 np0000006194 nova-conductor[99028]: DEBUG cotyledon.oslo_config_glue [-] oslo_reports.file_event_handler = None {{(pid=99028) log_opt_values /opt/stack/data/venv/lib/python3.12/site-packages/oslo_config/cfg.py:3253}}
Jul 31 08:30:45.133268 np0000006194 nova-conductor[99028]: DEBUG cotyledon.oslo_config_glue [-] oslo_reports.file_event_handler_interval = 1 {{(pid=99028) log_opt_values /opt/stack/data/venv/lib/python3.12/site-packages/oslo_config/cfg.py:3253}}
Jul 31 08:30:45.133268 np0000006194 nova-conductor[99028]: DEBUG cotyledon.oslo_config_glue [-] oslo_reports.log_dir = None {{(pid=99028) log_opt_values /opt/stack/data/venv/lib/python3.12/site-packages/oslo_config/cfg.py:3253}}
Jul 31 08:30:45.133268 np0000006194 nova-conductor[99028]: DEBUG cotyledon.oslo_config_glue [-] ******************************************************************************** {{(pid=99028) log_opt_values /opt/stack/data/venv/lib/python3.12/site-packages/oslo_config/cfg.py:3260}}
Jul 31 08:30:45.133268 np0000006194 nova-conductor[99028]: DEBUG cotyledon._service_worker [-] Run service ServiceWrapper(3) [99028] {{(pid=99028) wait_forever /opt/stack/data/venv/lib/python3.12/site-packages/cotyledon/_service_worker.py:218}}
Jul 31 08:30:45.133268 np0000006194 nova-conductor[99028]: INFO nova.service [-] Starting conductor node (version 33.1.0)
Jul 31 08:30:45.133268 np0000006194 nova-conductor[99028]: INFO dbcounter [None req-d9ef42f2-b09a-47e6-aac6-79409825af6e None None] Registered counter for database nova_cell0
Jul 31 08:30:45.133506 np0000006194 nova-conductor[99019]: DEBUG oslo_db.sqlalchemy.engines [None req-04b62a13-f5a6-451b-90fc-d10075c5b2d9 None None] MySQL server mode set to STRICT_TRANS_TABLES,STRICT_ALL_TABLES,NO_ZERO_IN_DATE,NO_ZERO_DATE,ERROR_FOR_DIVISION_BY_ZERO,TRADITIONAL,NO_ENGINE_SUBSTITUTION {{(pid=99019) _check_effective_sql_mode /opt/stack/data/venv/lib/python3.12/site-packages/oslo_db/sqlalchemy/engines.py:325}}
Jul 31 08:30:45.133543 np0000006194 nova-conductor[99014]: DEBUG oslo_db.sqlalchemy.engines [None req-49196055-078c-4b2f-834c-bd71c9cc00c1 None None] MySQL server mode set to STRICT_TRANS_TABLES,STRICT_ALL_TABLES,NO_ZERO_IN_DATE,NO_ZERO_DATE,ERROR_FOR_DIVISION_BY_ZERO,TRADITIONAL,NO_ENGINE_SUBSTITUTION {{(pid=99014) _check_effective_sql_mode /opt/stack/data/venv/lib/python3.12/site-packages/oslo_db/sqlalchemy/engines.py:325}}
Jul 31 08:30:45.133579 np0000006194 nova-conductor[99023]: DEBUG oslo_db.sqlalchemy.engines [None req-675d8cf6-832e-47f1-b5c1-8995c604fbde None None] MySQL server mode set to STRICT_TRANS_TABLES,STRICT_ALL_TABLES,NO_ZERO_IN_DATE,NO_ZERO_DATE,ERROR_FOR_DIVISION_BY_ZERO,TRADITIONAL,NO_ENGINE_SUBSTITUTION {{(pid=99023) _check_effective_sql_mode /opt/stack/data/venv/lib/python3.12/site-packages/oslo_db/sqlalchemy/engines.py:325}}
Jul 31 08:30:45.133622 np0000006194 nova-conductor[99019]: DEBUG dbcounter [-] [99019] Writer thread running {{(pid=99019) stat_writer /opt/stack/data/venv/lib/python3.12/site-packages/dbcounter.py:102}}
Jul 31 08:30:45.133662 np0000006194 nova-conductor[99014]: DEBUG dbcounter [-] [99014] Writer thread running {{(pid=99014) stat_writer /opt/stack/data/venv/lib/python3.12/site-packages/dbcounter.py:102}}
Jul 31 08:30:45.133703 np0000006194 nova-conductor[99023]: DEBUG dbcounter [-] [99023] Writer thread running {{(pid=99023) stat_writer /opt/stack/data/venv/lib/python3.12/site-packages/dbcounter.py:102}}
Jul 31 08:30:45.141402 np0000006194 nova-conductor[99028]: DEBUG oslo_db.sqlalchemy.engines [None req-d9ef42f2-b09a-47e6-aac6-79409825af6e None None] MySQL server mode set to STRICT_TRANS_TABLES,STRICT_ALL_TABLES,NO_ZERO_IN_DATE,NO_ZERO_DATE,ERROR_FOR_DIVISION_BY_ZERO,TRADITIONAL,NO_ENGINE_SUBSTITUTION {{(pid=99028) _check_effective_sql_mode /opt/stack/data/venv/lib/python3.12/site-packages/oslo_db/sqlalchemy/engines.py:325}}
Jul 31 08:30:45.149968 np0000006194 nova-conductor[99019]: DEBUG nova.service [None req-04b62a13-f5a6-451b-90fc-d10075c5b2d9 None None] Creating RPC server for service: nova-conductor on topic: conductor {{(pid=99019) start /opt/stack/nova/nova/service.py:196}}
Jul 31 08:30:45.152523 np0000006194 nova-conductor[99028]: DEBUG dbcounter [-] [99028] Writer thread running {{(pid=99028) stat_writer /opt/stack/data/venv/lib/python3.12/site-packages/dbcounter.py:102}}
Jul 31 08:30:45.155197 np0000006194 nova-conductor[99023]: DEBUG nova.service [None req-675d8cf6-832e-47f1-b5c1-8995c604fbde None None] Creating RPC server for service: nova-conductor on topic: conductor {{(pid=99023) start /opt/stack/nova/nova/service.py:196}}
Jul 31 08:30:45.155927 np0000006194 nova-conductor[99028]: DEBUG nova.service [None req-d9ef42f2-b09a-47e6-aac6-79409825af6e None None] Creating RPC server for service: nova-conductor on topic: conductor {{(pid=99028) start /opt/stack/nova/nova/service.py:196}}
Jul 31 08:30:45.155970 np0000006194 nova-conductor[99014]: DEBUG nova.service [None req-49196055-078c-4b2f-834c-bd71c9cc00c1 None None] Creating RPC server for service: nova-conductor on topic: conductor {{(pid=99014) start /opt/stack/nova/nova/service.py:196}}
Jul 31 08:30:45.174677 np0000006194 nova-conductor[99019]: DEBUG nova.service [None req-04b62a13-f5a6-451b-90fc-d10075c5b2d9 None None] Join ServiceGroup membership for this service conductor {{(pid=99019) start /opt/stack/nova/nova/service.py:222}}
Jul 31 08:30:45.174818 np0000006194 nova-conductor[99019]: DEBUG nova.servicegroup.drivers.db [None req-04b62a13-f5a6-451b-90fc-d10075c5b2d9 None None] DB_Driver: join new ServiceGroup member np0000006194 to the conductor group, service = {{(pid=99019) join /opt/stack/nova/nova/servicegroup/drivers/db.py:44}}
Jul 31 08:30:45.174919 np0000006194 nova-conductor[99028]: DEBUG nova.service [None req-d9ef42f2-b09a-47e6-aac6-79409825af6e None None] Join ServiceGroup membership for this service conductor {{(pid=99028) start /opt/stack/nova/nova/service.py:222}}
Jul 31 08:30:45.175155 np0000006194 nova-conductor[99028]: DEBUG nova.servicegroup.drivers.db [None req-d9ef42f2-b09a-47e6-aac6-79409825af6e None None] DB_Driver: join new ServiceGroup member np0000006194 to the conductor group, service = {{(pid=99028) join /opt/stack/nova/nova/servicegroup/drivers/db.py:44}}
Jul 31 08:30:45.179016 np0000006194 nova-conductor[99023]: DEBUG nova.service [None req-675d8cf6-832e-47f1-b5c1-8995c604fbde None None] Join ServiceGroup membership for this service conductor {{(pid=99023) start /opt/stack/nova/nova/service.py:222}}
Jul 31 08:30:45.179382 np0000006194 nova-conductor[99023]: DEBUG nova.servicegroup.drivers.db [None req-675d8cf6-832e-47f1-b5c1-8995c604fbde None None] DB_Driver: join new ServiceGroup member np0000006194 to the conductor group, service = {{(pid=99023) join /opt/stack/nova/nova/servicegroup/drivers/db.py:44}}
Jul 31 08:30:45.181798 np0000006194 nova-conductor[99014]: DEBUG nova.service [None req-49196055-078c-4b2f-834c-bd71c9cc00c1 None None] Join ServiceGroup membership for this service conductor {{(pid=99014) start /opt/stack/nova/nova/service.py:222}}
Jul 31 08:30:45.182031 np0000006194 nova-conductor[99014]: DEBUG nova.servicegroup.drivers.db [None req-49196055-078c-4b2f-834c-bd71c9cc00c1 None None] DB_Driver: join new ServiceGroup member np0000006194 to the conductor group, service = {{(pid=99014) join /opt/stack/nova/nova/servicegroup/drivers/db.py:44}}
Jul 31 08:30:50.192640 np0000006194 nova-conductor[99028]: DEBUG oslo.service.backend._threading.loopingcall [-] Fixed interval looping call 'nova.servicegroup.drivers.db.DbDriver._report_state' sleeping for 119.99 seconds {{(pid=99028) _run_loop /opt/stack/data/venv/lib/python3.12/site-packages/oslo_service/backend/_threading/loopingcall.py:125}}
Jul 31 08:30:50.193154 np0000006194 nova-conductor[99023]: DEBUG oslo.service.backend._threading.loopingcall [-] Fixed interval looping call 'nova.servicegroup.drivers.db.DbDriver._report_state' sleeping for 119.99 seconds {{(pid=99023) _run_loop /opt/stack/data/venv/lib/python3.12/site-packages/oslo_service/backend/_threading/loopingcall.py:125}}
Jul 31 08:30:50.193700 np0000006194 nova-conductor[99019]: DEBUG oslo.service.backend._threading.loopingcall [-] Fixed interval looping call 'nova.servicegroup.drivers.db.DbDriver._report_state' sleeping for 119.98 seconds {{(pid=99019) _run_loop /opt/stack/data/venv/lib/python3.12/site-packages/oslo_service/backend/_threading/loopingcall.py:125}}
Jul 31 08:30:50.199431 np0000006194 nova-conductor[99014]: DEBUG oslo.service.backend._threading.loopingcall [-] Fixed interval looping call 'nova.servicegroup.drivers.db.DbDriver._report_state' sleeping for 119.99 seconds {{(pid=99014) _run_loop /opt/stack/data/venv/lib/python3.12/site-packages/oslo_service/backend/_threading/loopingcall.py:125}}
Jul 31 08:30:53.738501 np0000006194 nova-conductor[97514]: DEBUG dbcounter [-] [97514] Writing DB stats nova_api:SELECT=1 {{(pid=97514) stat_writer /opt/stack/data/venv/lib/python3.12/site-packages/dbcounter.py:115}}
Jul 31 08:30:53.867636 np0000006194 nova-conductor[97514]: DEBUG dbcounter [-] [97514] Writing DB stats nova_cell0:SELECT=1 {{(pid=97514) stat_writer /opt/stack/data/venv/lib/python3.12/site-packages/dbcounter.py:115}}
Jul 31 08:30:53.872170 np0000006194 nova-conductor[97514]: DEBUG dbcounter [-] [97514] Writing DB stats nova_cell1:SELECT=1 {{(pid=97514) stat_writer /opt/stack/data/venv/lib/python3.12/site-packages/dbcounter.py:115}}
Jul 31 08:30:58.177124 np0000006194 nova-conductor[99028]: DEBUG oslo.service.backend._threading.loopingcall [None req-7e11628d-f176-4c7b-9f49-9718601815cb None None] Dynamic interval looping call 'nova.service.Service.periodic_tasks' sleeping for 60.00 seconds {{(pid=99028) _run_loop /opt/stack/data/venv/lib/python3.12/site-packages/oslo_service/backend/_threading/loopingcall.py:125}}
Jul 31 08:31:00.184231 np0000006194 nova-conductor[99019]: DEBUG dbcounter [-] [99019] Writing DB stats nova_cell0:SELECT=4,nova_cell0:INSERT=1,nova_cell0:UPDATE=1 {{(pid=99019) stat_writer /opt/stack/data/venv/lib/python3.12/site-packages/dbcounter.py:115}}
Jul 31 08:31:00.188140 np0000006194 nova-conductor[99023]: DEBUG dbcounter [-] [99023] Writing DB stats nova_cell0:SELECT=5,nova_cell0:INSERT=1,nova_cell0:UPDATE=1 {{(pid=99023) stat_writer /opt/stack/data/venv/lib/python3.12/site-packages/dbcounter.py:115}}
Jul 31 08:31:00.188432 np0000006194 nova-conductor[99028]: DEBUG dbcounter [-] [99028] Writing DB stats nova_cell0:SELECT=3,nova_cell0:UPDATE=1 {{(pid=99028) stat_writer /opt/stack/data/venv/lib/python3.12/site-packages/dbcounter.py:115}}
Jul 31 08:31:00.192331 np0000006194 nova-conductor[99014]: DEBUG dbcounter [-] [99014] Writing DB stats nova_cell0:SELECT=5,nova_cell0:INSERT=1,nova_cell0:UPDATE=1 {{(pid=99014) stat_writer /opt/stack/data/venv/lib/python3.12/site-packages/dbcounter.py:115}}
Jul 31 08:31:08.181474 np0000006194 nova-conductor[99023]: DEBUG oslo.service.backend._threading.loopingcall [None req-9cf1dec0-fef0-4141-833a-2dfbb505f272 None None] Dynamic interval looping call 'nova.service.Service.periodic_tasks' sleeping for 60.00 seconds {{(pid=99023) _run_loop /opt/stack/data/venv/lib/python3.12/site-packages/oslo_service/backend/_threading/loopingcall.py:125}}
Jul 31 08:31:09.176760 np0000006194 nova-conductor[99019]: DEBUG oslo.service.backend._threading.loopingcall [None req-e4143ad7-5797-4c1d-afbf-b0fad7896aff None None] Dynamic interval looping call 'nova.service.Service.periodic_tasks' sleeping for 60.00 seconds {{(pid=99019) _run_loop /opt/stack/data/venv/lib/python3.12/site-packages/oslo_service/backend/_threading/loopingcall.py:125}}
Jul 31 08:31:09.184185 np0000006194 nova-conductor[99014]: DEBUG oslo.service.backend._threading.loopingcall [None req-81381e1d-1d7a-4c0c-bd04-4a5c193230c2 None None] Dynamic interval looping call 'nova.service.Service.periodic_tasks' sleeping for 60.00 seconds {{(pid=99014) _run_loop /opt/stack/data/venv/lib/python3.12/site-packages/oslo_service/backend/_threading/loopingcall.py:125}}
Jul 31 08:31:58.177758 np0000006194 nova-conductor[99028]: DEBUG oslo.service.backend._threading.loopingcall [None req-7e11628d-f176-4c7b-9f49-9718601815cb None None] Dynamic interval looping call 'nova.service.Service.periodic_tasks' sleeping for 60.00 seconds {{(pid=99028) _run_loop /opt/stack/data/venv/lib/python3.12/site-packages/oslo_service/backend/_threading/loopingcall.py:125}}
Jul 31 08:32:08.182129 np0000006194 nova-conductor[99023]: DEBUG oslo.service.backend._threading.loopingcall [None req-9cf1dec0-fef0-4141-833a-2dfbb505f272 None None] Dynamic interval looping call 'nova.service.Service.periodic_tasks' sleeping for 60.00 seconds {{(pid=99023) _run_loop /opt/stack/data/venv/lib/python3.12/site-packages/oslo_service/backend/_threading/loopingcall.py:125}}
Jul 31 08:32:09.177257 np0000006194 nova-conductor[99019]: DEBUG oslo.service.backend._threading.loopingcall [None req-e4143ad7-5797-4c1d-afbf-b0fad7896aff None None] Dynamic interval looping call 'nova.service.Service.periodic_tasks' sleeping for 60.00 seconds {{(pid=99019) _run_loop /opt/stack/data/venv/lib/python3.12/site-packages/oslo_service/backend/_threading/loopingcall.py:125}}
Jul 31 08:32:09.184686 np0000006194 nova-conductor[99014]: DEBUG oslo.service.backend._threading.loopingcall [None req-81381e1d-1d7a-4c0c-bd04-4a5c193230c2 None None] Dynamic interval looping call 'nova.service.Service.periodic_tasks' sleeping for 60.00 seconds {{(pid=99014) _run_loop /opt/stack/data/venv/lib/python3.12/site-packages/oslo_service/backend/_threading/loopingcall.py:125}}
Jul 31 08:32:50.183283 np0000006194 nova-conductor[99019]: DEBUG oslo.service.backend._threading.loopingcall [-] Fixed interval looping call 'nova.servicegroup.drivers.db.DbDriver._report_state' sleeping for 119.99 seconds {{(pid=99019) _run_loop /opt/stack/data/venv/lib/python3.12/site-packages/oslo_service/backend/_threading/loopingcall.py:125}}
Jul 31 08:32:50.188163 np0000006194 nova-conductor[99028]: DEBUG oslo.service.backend._threading.loopingcall [-] Fixed interval looping call 'nova.servicegroup.drivers.db.DbDriver._report_state' sleeping for 119.99 seconds {{(pid=99028) _run_loop /opt/stack/data/venv/lib/python3.12/site-packages/oslo_service/backend/_threading/loopingcall.py:125}}
Jul 31 08:32:50.188716 np0000006194 nova-conductor[99023]: DEBUG oslo.service.backend._threading.loopingcall [-] Fixed interval looping call 'nova.servicegroup.drivers.db.DbDriver._report_state' sleeping for 119.99 seconds {{(pid=99023) _run_loop /opt/stack/data/venv/lib/python3.12/site-packages/oslo_service/backend/_threading/loopingcall.py:125}}
Jul 31 08:32:50.191894 np0000006194 nova-conductor[99014]: DEBUG oslo.service.backend._threading.loopingcall [-] Fixed interval looping call 'nova.servicegroup.drivers.db.DbDriver._report_state' sleeping for 120.00 seconds {{(pid=99014) _run_loop /opt/stack/data/venv/lib/python3.12/site-packages/oslo_service/backend/_threading/loopingcall.py:125}}
Jul 31 08:32:58.178616 np0000006194 nova-conductor[99028]: DEBUG oslo.service.backend._threading.loopingcall [None req-7e11628d-f176-4c7b-9f49-9718601815cb None None] Dynamic interval looping call 'nova.service.Service.periodic_tasks' sleeping for 60.00 seconds {{(pid=99028) _run_loop /opt/stack/data/venv/lib/python3.12/site-packages/oslo_service/backend/_threading/loopingcall.py:125}}
Jul 31 08:33:00.177635 np0000006194 nova-conductor[99019]: DEBUG dbcounter [-] [99019] Writing DB stats nova_cell0:SELECT=1,nova_cell0:UPDATE=1 {{(pid=99019) stat_writer /opt/stack/data/venv/lib/python3.12/site-packages/dbcounter.py:115}}
Jul 31 08:33:00.184685 np0000006194 nova-conductor[99028]: DEBUG dbcounter [-] [99028] Writing DB stats nova_cell0:SELECT=1 {{(pid=99028) stat_writer /opt/stack/data/venv/lib/python3.12/site-packages/dbcounter.py:115}}
Jul 31 08:33:00.185740 np0000006194 nova-conductor[99023]: DEBUG dbcounter [-] [99023] Writing DB stats nova_cell0:SELECT=1 {{(pid=99023) stat_writer /opt/stack/data/venv/lib/python3.12/site-packages/dbcounter.py:115}}
Jul 31 08:33:00.191026 np0000006194 nova-conductor[99014]: DEBUG dbcounter [-] [99014] Writing DB stats nova_cell0:SELECT=1 {{(pid=99014) stat_writer /opt/stack/data/venv/lib/python3.12/site-packages/dbcounter.py:115}}
Jul 31 08:33:08.182738 np0000006194 nova-conductor[99023]: DEBUG oslo.service.backend._threading.loopingcall [None req-9cf1dec0-fef0-4141-833a-2dfbb505f272 None None] Dynamic interval looping call 'nova.service.Service.periodic_tasks' sleeping for 60.00 seconds {{(pid=99023) _run_loop /opt/stack/data/venv/lib/python3.12/site-packages/oslo_service/backend/_threading/loopingcall.py:125}}
Jul 31 08:33:09.177705 np0000006194 nova-conductor[99019]: DEBUG oslo.service.backend._threading.loopingcall [None req-e4143ad7-5797-4c1d-afbf-b0fad7896aff None None] Dynamic interval looping call 'nova.service.Service.periodic_tasks' sleeping for 60.00 seconds {{(pid=99019) _run_loop /opt/stack/data/venv/lib/python3.12/site-packages/oslo_service/backend/_threading/loopingcall.py:125}}
Jul 31 08:33:09.185282 np0000006194 nova-conductor[99014]: DEBUG oslo.service.backend._threading.loopingcall [None req-81381e1d-1d7a-4c0c-bd04-4a5c193230c2 None None] Dynamic interval looping call 'nova.service.Service.periodic_tasks' sleeping for 60.00 seconds {{(pid=99014) _run_loop /opt/stack/data/venv/lib/python3.12/site-packages/oslo_service/backend/_threading/loopingcall.py:125}}
Jul 31 08:33:15.990865 np0000006194 nova-conductor[99019]: DEBUG oslo_db.sqlalchemy.engines [None req-7fc6387b-a3c0-44b0-954a-5aa8b815709a tempest-AttachVolumeMultiAttachTest-2110159615 tempest-AttachVolumeMultiAttachTest-2110159615-project-member] Parent process 97514 forked (99019) with an open database connection, which is being discarded and recreated. {{(pid=99019) checkout /opt/stack/data/venv/lib/python3.12/site-packages/oslo_db/sqlalchemy/engines.py:402}}
Jul 31 08:33:16.054039 np0000006194 nova-conductor[99019]: DEBUG dbcounter [-] [99019] Writer thread running {{(pid=99019) stat_writer /opt/stack/data/venv/lib/python3.12/site-packages/dbcounter.py:102}}
Jul 31 08:33:17.229017 np0000006194 nova-conductor[99019]: DEBUG nova.conductor.manager [None req-7fc6387b-a3c0-44b0-954a-5aa8b815709a tempest-AttachVolumeMultiAttachTest-2110159615 tempest-AttachVolumeMultiAttachTest-2110159615-project-member] Took 1.17 seconds to select destinations for 1 instance(s). {{(pid=99019) _schedule_instances /opt/stack/nova/nova/conductor/manager.py:968}}
Jul 31 08:33:17.265060 np0000006194 nova-conductor[99019]: DEBUG oslo_concurrency.lockutils [None req-7fc6387b-a3c0-44b0-954a-5aa8b815709a tempest-AttachVolumeMultiAttachTest-2110159615 tempest-AttachVolumeMultiAttachTest-2110159615-project-member] Acquiring lock "adbaf6dd-cad1-4e8e-b266-3ca024b02919" by "nova.context.set_target_cell..get_or_set_cached_cell_and_set_connections" {{(pid=99019) inner /opt/stack/data/venv/lib/python3.12/site-packages/oslo_concurrency/lockutils.py:512}}
Jul 31 08:33:17.265700 np0000006194 nova-conductor[99019]: DEBUG oslo_concurrency.lockutils [None req-7fc6387b-a3c0-44b0-954a-5aa8b815709a tempest-AttachVolumeMultiAttachTest-2110159615 tempest-AttachVolumeMultiAttachTest-2110159615-project-member] Lock "adbaf6dd-cad1-4e8e-b266-3ca024b02919" acquired by "nova.context.set_target_cell..get_or_set_cached_cell_and_set_connections" :: waited 0.000s {{(pid=99019) inner /opt/stack/data/venv/lib/python3.12/site-packages/oslo_concurrency/lockutils.py:525}}
Jul 31 08:33:17.267005 np0000006194 nova-conductor[99019]: DEBUG oslo_concurrency.lockutils [None req-7fc6387b-a3c0-44b0-954a-5aa8b815709a tempest-AttachVolumeMultiAttachTest-2110159615 tempest-AttachVolumeMultiAttachTest-2110159615-project-member] Lock "adbaf6dd-cad1-4e8e-b266-3ca024b02919" "released" by "nova.context.set_target_cell..get_or_set_cached_cell_and_set_connections" :: held 0.002s {{(pid=99019) inner /opt/stack/data/venv/lib/python3.12/site-packages/oslo_concurrency/lockutils.py:544}}
Jul 31 08:33:17.269274 np0000006194 nova-conductor[99019]: INFO dbcounter [None req-7fc6387b-a3c0-44b0-954a-5aa8b815709a tempest-AttachVolumeMultiAttachTest-2110159615 tempest-AttachVolumeMultiAttachTest-2110159615-project-member] Registered counter for database nova_cell1
Jul 31 08:33:17.295794 np0000006194 nova-conductor[99028]: DEBUG dbcounter [-] [99028] Writer thread running {{(pid=99028) stat_writer /opt/stack/data/venv/lib/python3.12/site-packages/dbcounter.py:102}}
Jul 31 08:33:17.320605 np0000006194 nova-conductor[99019]: DEBUG oslo_db.sqlalchemy.engines [None req-7fc6387b-a3c0-44b0-954a-5aa8b815709a tempest-AttachVolumeMultiAttachTest-2110159615 tempest-AttachVolumeMultiAttachTest-2110159615-project-member] MySQL server mode set to STRICT_TRANS_TABLES,STRICT_ALL_TABLES,NO_ZERO_IN_DATE,NO_ZERO_DATE,ERROR_FOR_DIVISION_BY_ZERO,TRADITIONAL,NO_ENGINE_SUBSTITUTION {{(pid=99019) _check_effective_sql_mode /opt/stack/data/venv/lib/python3.12/site-packages/oslo_db/sqlalchemy/engines.py:325}}
Jul 31 08:33:17.328034 np0000006194 nova-conductor[99019]: DEBUG dbcounter [-] [99019] Writer thread running {{(pid=99019) stat_writer /opt/stack/data/venv/lib/python3.12/site-packages/dbcounter.py:102}}
Jul 31 08:33:17.392993 np0000006194 nova-conductor[99019]: INFO nova.utils [None req-7fc6387b-a3c0-44b0-954a-5aa8b815709a tempest-AttachVolumeMultiAttachTest-2110159615 tempest-AttachVolumeMultiAttachTest-2110159615-project-member] The cell worker thread pool ForkProcess-2.cell_worker is initialized
Jul 31 08:33:17.393287 np0000006194 nova-conductor[99019]: DEBUG oslo_concurrency.lockutils [None req-7fc6387b-a3c0-44b0-954a-5aa8b815709a tempest-AttachVolumeMultiAttachTest-2110159615 tempest-AttachVolumeMultiAttachTest-2110159615-project-member] Acquiring lock "00000000-0000-0000-0000-000000000000" by "nova.context.set_target_cell..get_or_set_cached_cell_and_set_connections" {{(pid=99019) inner /opt/stack/data/venv/lib/python3.12/site-packages/oslo_concurrency/lockutils.py:512}}
Jul 31 08:33:17.393287 np0000006194 nova-conductor[99019]: DEBUG oslo_concurrency.lockutils [None req-7fc6387b-a3c0-44b0-954a-5aa8b815709a tempest-AttachVolumeMultiAttachTest-2110159615 tempest-AttachVolumeMultiAttachTest-2110159615-project-member] Lock "00000000-0000-0000-0000-000000000000" acquired by "nova.context.set_target_cell..get_or_set_cached_cell_and_set_connections" :: waited 0.000s {{(pid=99019) inner /opt/stack/data/venv/lib/python3.12/site-packages/oslo_concurrency/lockutils.py:525}}
Jul 31 08:33:17.393693 np0000006194 nova-conductor[99019]: DEBUG oslo_concurrency.lockutils [None req-7fc6387b-a3c0-44b0-954a-5aa8b815709a tempest-AttachVolumeMultiAttachTest-2110159615 tempest-AttachVolumeMultiAttachTest-2110159615-project-member] Lock "00000000-0000-0000-0000-000000000000" "released" by "nova.context.set_target_cell..get_or_set_cached_cell_and_set_connections" :: held 0.000s {{(pid=99019) inner /opt/stack/data/venv/lib/python3.12/site-packages/oslo_concurrency/lockutils.py:544}}
