Jul 31 08:30:14.828499 np0000006194 devstack@neutron-api.service[90725]: INFO neutron.api.extensions [None req-594a4f4c-9d09-462c-bf20-b96f780e11a8 None None] Extension trunk not supported by any of loaded plugins
Jul 31 08:30:14.828499 np0000006194 devstack@neutron-api.service[90725]: DEBUG neutron.api.extensions [None req-594a4f4c-9d09-462c-bf20-b96f780e11a8 None None] Loading extension file: trunk_details.py {{(pid=90725) _load_all_extensions_from_path /opt/stack/neutron/neutron/api/extensions.py:449}}
Jul 31 08:30:14.828499 np0000006194 devstack@neutron-api.service[90725]: DEBUG neutron.api.extensions [None req-594a4f4c-9d09-462c-bf20-b96f780e11a8 None None] Ext name="Trunk port details" alias="trunk-details" description="Expose trunk port details" updated="2016-01-01T10:00:00-00:00" {{(pid=90725) _check_extension /opt/stack/neutron/neutron/api/extensions.py:415}}
Jul 31 08:30:14.828645 np0000006194 devstack@neutron-api.service[90726]: DEBUG neutron.api.extensions [None req-a428769c-5921-4333-b317-8a4bde8d89db None None] Extended resource: address-groups {{(pid=90726) __init__ /opt/stack/neutron/neutron/api/extensions.py:156}}
Jul 31 08:30:14.828712 np0000006194 devstack@neutron-api.service[90725]: INFO neutron.api.extensions [None req-594a4f4c-9d09-462c-bf20-b96f780e11a8 None None] Extension trunk-details not supported by any of loaded plugins
Jul 31 08:30:14.828712 np0000006194 devstack@neutron-api.service[90725]: DEBUG neutron.api.extensions [None req-594a4f4c-9d09-462c-bf20-b96f780e11a8 None None] Loading extension file: uplink_status_propagation.py {{(pid=90725) _load_all_extensions_from_path /opt/stack/neutron/neutron/api/extensions.py:449}}
Jul 31 08:30:14.828712 np0000006194 devstack@neutron-api.service[90725]: DEBUG neutron.api.extensions [None req-594a4f4c-9d09-462c-bf20-b96f780e11a8 None None] Ext name="Uplink status propagation extension" alias="uplink-status-propagation" description="Provides ability to propagate port uplink status." updated="2018-05-31T18:00:00-00:00" {{(pid=90725) _check_extension /opt/stack/neutron/neutron/api/extensions.py:415}}
Jul 31 08:30:14.828823 np0000006194 devstack@neutron-api.service[90726]: DEBUG neutron.api.extensions [None req-a428769c-5921-4333-b317-8a4bde8d89db None None] Extended resource: address-scopes {{(pid=90726) __init__ /opt/stack/neutron/neutron/api/extensions.py:156}}
Jul 31 08:30:14.828879 np0000006194 devstack@neutron-api.service[90725]: INFO neutron.api.extensions [None req-594a4f4c-9d09-462c-bf20-b96f780e11a8 None None] Extension uplink-status-propagation not supported by any of loaded plugins
Jul 31 08:30:14.828879 np0000006194 devstack@neutron-api.service[90725]: DEBUG neutron.api.extensions [None req-594a4f4c-9d09-462c-bf20-b96f780e11a8 None None] Loading extension file: uplink_status_propagation_updatable.py {{(pid=90725) _load_all_extensions_from_path /opt/stack/neutron/neutron/api/extensions.py:449}}
Jul 31 08:30:14.828879 np0000006194 devstack@neutron-api.service[90725]: DEBUG neutron.api.extensions [None req-594a4f4c-9d09-462c-bf20-b96f780e11a8 None None] Ext name="Uplink status propagation updatable extension" alias="uplink-status-propagation-updatable" description="Provides ability to update the port uplink status." updated="2024-09-03T18:00:00-00:00" {{(pid=90725) _check_extension /opt/stack/neutron/neutron/api/extensions.py:415}}
Jul 31 08:30:14.829020 np0000006194 devstack@neutron-api.service[90726]: DEBUG neutron.api.extensions [None req-a428769c-5921-4333-b317-8a4bde8d89db None None] Extended resource: agents {{(pid=90726) __init__ /opt/stack/neutron/neutron/api/extensions.py:156}}
Jul 31 08:30:14.829085 np0000006194 devstack@neutron-api.service[90725]: INFO neutron.api.extensions [None req-594a4f4c-9d09-462c-bf20-b96f780e11a8 None None] Extension uplink-status-propagation-updatable not supported by any of loaded plugins
Jul 31 08:30:14.829085 np0000006194 devstack@neutron-api.service[90725]: DEBUG neutron.api.extensions [None req-594a4f4c-9d09-462c-bf20-b96f780e11a8 None None] Loading extension file: vlantransparent.py {{(pid=90725) _load_all_extensions_from_path /opt/stack/neutron/neutron/api/extensions.py:449}}
Jul 31 08:30:14.829085 np0000006194 devstack@neutron-api.service[90725]: DEBUG neutron.api.extensions [None req-594a4f4c-9d09-462c-bf20-b96f780e11a8 None None] Ext name="Vlantransparent" alias="vlan-transparent" description="Provides Vlan Transparent Networks" updated="2015-03-23T09:00:00-00:00" {{(pid=90725) _check_extension /opt/stack/neutron/neutron/api/extensions.py:415}}
Jul 31 08:30:14.829181 np0000006194 devstack@neutron-api.service[90726]: DEBUG neutron.api.extensions [None req-a428769c-5921-4333-b317-8a4bde8d89db None None] Extended resource: auto-allocated-topology {{(pid=90726) __init__ /opt/stack/neutron/neutron/api/extensions.py:156}}
Jul 31 08:30:14.829237 np0000006194 devstack@neutron-api.service[90725]: INFO neutron.api.extensions [None req-594a4f4c-9d09-462c-bf20-b96f780e11a8 None None] Loaded extension: vlan-transparent
Jul 31 08:30:14.829302 np0000006194 devstack@neutron-api.service[90728]: DEBUG neutron_lib.callbacks.manager [None req-a21a5fcd-3f67-436f-ae9f-0d2d5ae873cb None None] Publish callbacks ['neutron.plugins.ml2.drivers.ovn.mech_driver.mech_driver.OVNMechanismDriver.pre_fork_initialize-855528'] for process (None), before_spawn {{(pid=90728) _notify_loop /opt/stack/data/venv/lib/python3.12/site-packages/neutron_lib/callbacks/manager.py:184}}
Jul 31 08:30:14.829373 np0000006194 devstack@neutron-api.service[90726]: DEBUG neutron.api.extensions [None req-a428769c-5921-4333-b317-8a4bde8d89db None None] Extended resource: availability_zones {{(pid=90726) __init__ /opt/stack/neutron/neutron/api/extensions.py:156}}
Jul 31 08:30:14.829439 np0000006194 devstack@neutron-api.service[90728]: DEBUG oslo_concurrency.processutils [None req-a21a5fcd-3f67-436f-ae9f-0d2d5ae873cb None None] Running cmd (subprocess): ovsdb-client transact ssl:10.4.3.66:6641 --timeout 180 -p /opt/stack/data/CA/int-ca/private/devstack-cert.key -c /opt/stack/data/CA/int-ca/devstack-cert.crt -C /opt/stack/data/CA/int-ca/ca-chain.pem ["OVN_Northbound", {"op": "wait", "timeout": 0, "table": "Port_Group", "where": [["name", "==", "neutron_pg_drop"]], "until": "==", "rows": []}, {"op": "insert", "table": "ACL", "row": {"action": "drop", "direction": "to-lport", "match": "outport == @neutron_pg_drop && ip", "priority": 1001}, "uuid-name": "droptoport"}, {"op": "insert", "table": "ACL", "row": {"action": "drop", "direction": "from-lport", "match": "inport == @neutron_pg_drop && ip", "priority": 1001}, "uuid-name": "dropfromport"}, {"op": "insert", "table": "Port_Group", "row": {"name": "neutron_pg_drop", "acls": ["set", [["named-uuid", "droptoport"], ["named-uuid", "dropfromport"]]]}}] {{(pid=90728) execute /opt/stack/data/venv/lib/python3.12/site-packages/oslo_concurrency/processutils.py:440}}
Jul 31 08:30:14.829540 np0000006194 devstack@neutron-api.service[90726]: DEBUG neutron.api.extensions [None req-a428769c-5921-4333-b317-8a4bde8d89db None None] Extended resource: dhcp-networks {{(pid=90726) __init__ /opt/stack/neutron/neutron/api/extensions.py:156}}
Jul 31 08:30:14.829609 np0000006194 devstack@neutron-api.service[90725]: INFO neutron.quota.resource_registry [None req-594a4f4c-9d09-462c-bf20-b96f780e11a8 None None] Creating instance of TrackedResource for resource:network
Jul 31 08:30:14.829668 np0000006194 devstack@neutron-api.service[90726]: DEBUG neutron.api.extensions [None req-a428769c-5921-4333-b317-8a4bde8d89db None None] Extended resource: dhcp-agents {{(pid=90726) __init__ /opt/stack/neutron/neutron/api/extensions.py:156}}
Jul 31 08:30:14.829737 np0000006194 devstack@neutron-api.service[90725]: INFO neutron.quota.resource_registry [None req-594a4f4c-9d09-462c-bf20-b96f780e11a8 None None] Creating instance of TrackedResource for resource:subnet
Jul 31 08:30:14.829737 np0000006194 devstack@neutron-api.service[90725]: INFO neutron.quota.resource_registry [None req-594a4f4c-9d09-462c-bf20-b96f780e11a8 None None] Creating instance of TrackedResource for resource:subnetpool
Jul 31 08:30:14.829737 np0000006194 devstack@neutron-api.service[90725]: INFO neutron.quota.resource_registry [None req-594a4f4c-9d09-462c-bf20-b96f780e11a8 None None] Creating instance of TrackedResource for resource:port
Jul 31 08:30:14.829859 np0000006194 devstack@neutron-api.service[90726]: DEBUG neutron.api.extensions [None req-a428769c-5921-4333-b317-8a4bde8d89db None None] Extended resource: routers {{(pid=90726) __init__ /opt/stack/neutron/neutron/api/extensions.py:156}}
Jul 31 08:30:14.829859 np0000006194 devstack@neutron-api.service[90726]: DEBUG neutron.api.extensions [None req-a428769c-5921-4333-b317-8a4bde8d89db None None] Extended resource: flavors {{(pid=90726) __init__ /opt/stack/neutron/neutron/api/extensions.py:156}}
Jul 31 08:30:14.829935 np0000006194 devstack@neutron-api.service[90725]: INFO neutron.quota.resource_registry [None req-594a4f4c-9d09-462c-bf20-b96f780e11a8 None None] Creating instance of CountableResource for resource:router_route
Jul 31 08:30:14.829935 np0000006194 devstack@neutron-api.service[90725]: DEBUG neutron.api.v2.resource_helper [None req-594a4f4c-9d09-462c-bf20-b96f780e11a8 None None] Service L3_ROUTER_NAT assigned prefix: {{(pid=90725) build_resource_info /opt/stack/neutron/neutron/api/v2/resource_helper.py:77}}
Jul 31 08:30:14.830012 np0000006194 devstack@neutron-api.service[90726]: DEBUG neutron.api.extensions [None req-a428769c-5921-4333-b317-8a4bde8d89db None None] Extended resource: service_profiles {{(pid=90726) __init__ /opt/stack/neutron/neutron/api/extensions.py:156}}
Jul 31 08:30:14.830070 np0000006194 devstack@neutron-api.service[90725]: DEBUG neutron.api.v2.resource_helper [None req-594a4f4c-9d09-462c-bf20-b96f780e11a8 None None] Service FLAVORS assigned prefix: {{(pid=90725) build_resource_info /opt/stack/neutron/neutron/api/v2/resource_helper.py:77}}
Jul 31 08:30:14.830125 np0000006194 devstack@neutron-api.service[90726]: DEBUG neutron.api.extensions [None req-a428769c-5921-4333-b317-8a4bde8d89db None None] Extended resource: next_providers {{(pid=90726) __init__ /opt/stack/neutron/neutron/api/extensions.py:156}}
Jul 31 08:30:14.830187 np0000006194 devstack@neutron-api.service[90725]: DEBUG neutron.api.v2.resource_helper [None req-594a4f4c-9d09-462c-bf20-b96f780e11a8 None None] Service L3_ROUTER_NAT assigned prefix: {{(pid=90725) build_resource_info /opt/stack/neutron/neutron/api/v2/resource_helper.py:77}}
Jul 31 08:30:14.830249 np0000006194 devstack@neutron-api.service[90726]: DEBUG neutron.api.extensions [None req-a428769c-5921-4333-b317-8a4bde8d89db None None] Extended resource: service_profiles {{(pid=90726) __init__ /opt/stack/neutron/neutron/api/extensions.py:156}}
Jul 31 08:30:14.830341 np0000006194 devstack@neutron-api.service[90725]: DEBUG neutron.api.v2.resource_helper [None req-594a4f4c-9d09-462c-bf20-b96f780e11a8 None None] Service L3_ROUTER_NAT assigned prefix: {{(pid=90725) build_resource_info /opt/stack/neutron/neutron/api/v2/resource_helper.py:77}}
Jul 31 08:30:14.830341 np0000006194 devstack@neutron-api.service[90725]: INFO neutron.quota.resource_registry [None req-594a4f4c-9d09-462c-bf20-b96f780e11a8 None None] Creating instance of TrackedResource for resource:router
Jul 31 08:30:14.830341 np0000006194 devstack@neutron-api.service[90725]: INFO neutron.quota.resource_registry [None req-594a4f4c-9d09-462c-bf20-b96f780e11a8 None None] Creating instance of TrackedResource for resource:floatingip
Jul 31 08:30:14.830474 np0000006194 devstack@neutron-api.service[90726]: DEBUG neutron.api.extensions [None req-a428769c-5921-4333-b317-8a4bde8d89db None None] Extended resource: floatingip-pools {{(pid=90726) __init__ /opt/stack/neutron/neutron/api/extensions.py:156}}
Jul 31 08:30:14.830474 np0000006194 devstack@neutron-api.service[90726]: DEBUG neutron.api.extensions [None req-a428769c-5921-4333-b317-8a4bde8d89db None None] Extended resource: routers {{(pid=90726) __init__ /opt/stack/neutron/neutron/api/extensions.py:156}}
Jul 31 08:30:14.830564 np0000006194 devstack@neutron-api.service[90725]: INFO neutron.quota.resource_registry [None req-594a4f4c-9d09-462c-bf20-b96f780e11a8 None None] Creating instance of CountableResource for resource:rbac_policy
Jul 31 08:30:14.830625 np0000006194 devstack@neutron-api.service[90726]: DEBUG neutron.api.extensions [None req-a428769c-5921-4333-b317-8a4bde8d89db None None] Extended resource: floatingips {{(pid=90726) __init__ /opt/stack/neutron/neutron/api/extensions.py:156}}
Jul 31 08:30:14.830686 np0000006194 devstack@neutron-api.service[90725]: INFO neutron.quota.resource_registry [None req-594a4f4c-9d09-462c-bf20-b96f780e11a8 None None] Creating instance of TrackedResource for resource:security_group
Jul 31 08:30:14.830686 np0000006194 devstack@neutron-api.service[90725]: INFO neutron.quota.resource_registry [None req-594a4f4c-9d09-462c-bf20-b96f780e11a8 None None] Creating instance of TrackedResource for resource:security_group_rule
Jul 31 08:30:14.830686 np0000006194 devstack@neutron-api.service[90725]: DEBUG neutron.api.v2.resource_helper [None req-594a4f4c-9d09-462c-bf20-b96f780e11a8 None None] Service CORE assigned prefix: {{(pid=90725) build_resource_info /opt/stack/neutron/neutron/api/v2/resource_helper.py:77}}
Jul 31 08:30:14.830686 np0000006194 devstack@neutron-api.service[90725]: INFO neutron.quota.resource_registry [None req-594a4f4c-9d09-462c-bf20-b96f780e11a8 None None] Creating instance of TrackedResource for resource:subnetpool
Jul 31 08:30:14.830686 np0000006194 devstack@neutron-api.service[90725]: WARNING neutron.quota.resource_registry [None req-594a4f4c-9d09-462c-bf20-b96f780e11a8 None None] subnetpool is already registered
Jul 31 08:30:14.830829 np0000006194 devstack@neutron-api.service[90726]: DEBUG neutron.api.extensions [None req-a428769c-5921-4333-b317-8a4bde8d89db None None] Extended resource: l3-routers {{(pid=90726) __init__ /opt/stack/neutron/neutron/api/extensions.py:156}}
Jul 31 08:30:14.830829 np0000006194 devstack@neutron-api.service[90726]: DEBUG neutron.api.extensions [None req-a428769c-5921-4333-b317-8a4bde8d89db None None] Extended resource: l3-agents {{(pid=90726) __init__ /opt/stack/neutron/neutron/api/extensions.py:156}}
Jul 31 08:30:14.830909 np0000006194 devstack@neutron-api.service[90725]: DEBUG neutron.api.v2.resource_helper [None req-594a4f4c-9d09-462c-bf20-b96f780e11a8 None None] Service CORE assigned prefix: {{(pid=90725) build_resource_info /opt/stack/neutron/neutron/api/v2/resource_helper.py:77}}
Jul 31 08:30:14.830909 np0000006194 devstack@neutron-api.service[90725]: INFO neutron.quota.resource_registry [None req-594a4f4c-9d09-462c-bf20-b96f780e11a8 None None] Creating instance of TrackedResource for resource:subnetpool
Jul 31 08:30:14.830909 np0000006194 devstack@neutron-api.service[90725]: WARNING neutron.quota.resource_registry [None req-594a4f4c-9d09-462c-bf20-b96f780e11a8 None None] subnetpool is already registered
Jul 31 08:30:14.831000 np0000006194 devstack@neutron-api.service[90726]: DEBUG neutron.api.extensions [None req-a428769c-5921-4333-b317-8a4bde8d89db None None] Extended resource: network-ip-availabilities {{(pid=90726) __init__ /opt/stack/neutron/neutron/api/extensions.py:156}}
Jul 31 08:30:14.831000 np0000006194 devstack@neutron-api.service[90726]: DEBUG neutron.api.extensions [None req-a428769c-5921-4333-b317-8a4bde8d89db None None] Extended resource: network-ip-availabilities {{(pid=90726) __init__ /opt/stack/neutron/neutron/api/extensions.py:156}}
Jul 31 08:30:14.831000 np0000006194 devstack@neutron-api.service[90726]: DEBUG neutron.api.extensions [None req-a428769c-5921-4333-b317-8a4bde8d89db None None] Extended resource: bindings {{(pid=90726) __init__ /opt/stack/neutron/neutron/api/extensions.py:156}}
Jul 31 08:30:14.831000 np0000006194 devstack@neutron-api.service[90726]: DEBUG neutron.api.extensions [None req-a428769c-5921-4333-b317-8a4bde8d89db None None] Extended resource: quotas {{(pid=90726) __init__ /opt/stack/neutron/neutron/api/extensions.py:156}}
Jul 31 08:30:14.831124 np0000006194 devstack@neutron-api.service[90725]: INFO neutron.quota.resource_registry [None req-594a4f4c-9d09-462c-bf20-b96f780e11a8 None None] Creating instance of CountableResource for resource:router_route
Jul 31 08:30:14.831124 np0000006194 devstack@neutron-api.service[90725]: WARNING neutron.quota.resource_registry [None req-594a4f4c-9d09-462c-bf20-b96f780e11a8 None None] router_route is already registered
Jul 31 08:30:14.831124 np0000006194 devstack@neutron-api.service[90725]: DEBUG neutron.api.v2.resource_helper [None req-594a4f4c-9d09-462c-bf20-b96f780e11a8 None None] Service L3_ROUTER_NAT assigned prefix: {{(pid=90725) build_resource_info /opt/stack/neutron/neutron/api/v2/resource_helper.py:77}}
Jul 31 08:30:14.831226 np0000006194 devstack@neutron-api.service[90726]: DEBUG neutron.api.extensions [None req-a428769c-5921-4333-b317-8a4bde8d89db None None] Extended resource: quotas {{(pid=90726) __init__ /opt/stack/neutron/neutron/api/extensions.py:156}}
Jul 31 08:30:14.831306 np0000006194 devstack@neutron-api.service[90725]: DEBUG neutron.api.v2.resource_helper [None req-594a4f4c-9d09-462c-bf20-b96f780e11a8 None None] Service FLAVORS assigned prefix: {{(pid=90725) build_resource_info /opt/stack/neutron/neutron/api/v2/resource_helper.py:77}}
Jul 31 08:30:14.831382 np0000006194 devstack@neutron-api.service[90726]: DEBUG neutron.api.extensions [None req-a428769c-5921-4333-b317-8a4bde8d89db None None] Extended resource: rbac-policies {{(pid=90726) __init__ /opt/stack/neutron/neutron/api/extensions.py:156}}
Jul 31 08:30:14.831445 np0000006194 devstack@neutron-api.service[90725]: DEBUG neutron.api.v2.resource_helper [None req-594a4f4c-9d09-462c-bf20-b96f780e11a8 None None] Service L3_ROUTER_NAT assigned prefix: {{(pid=90725) build_resource_info /opt/stack/neutron/neutron/api/v2/resource_helper.py:77}}
Jul 31 08:30:14.831510 np0000006194 devstack@neutron-api.service[90726]: DEBUG neutron.api.extensions [None req-a428769c-5921-4333-b317-8a4bde8d89db None None] Extended resource: default-security-group-rules {{(pid=90726) __init__ /opt/stack/neutron/neutron/api/extensions.py:156}}
Jul 31 08:30:14.831581 np0000006194 devstack@neutron-api.service[90725]: DEBUG neutron.api.v2.resource_helper [None req-594a4f4c-9d09-462c-bf20-b96f780e11a8 None None] Service L3_ROUTER_NAT assigned prefix: {{(pid=90725) build_resource_info /opt/stack/neutron/neutron/api/v2/resource_helper.py:77}}
Jul 31 08:30:14.831581 np0000006194 devstack@neutron-api.service[90725]: INFO neutron.quota.resource_registry [None req-594a4f4c-9d09-462c-bf20-b96f780e11a8 None None] Creating instance of TrackedResource for resource:router
Jul 31 08:30:14.831581 np0000006194 devstack@neutron-api.service[90725]: WARNING neutron.quota.resource_registry [None req-594a4f4c-9d09-462c-bf20-b96f780e11a8 None None] router is already registered
Jul 31 08:30:14.831675 np0000006194 devstack@neutron-api.service[90726]: DEBUG neutron.api.extensions [None req-a428769c-5921-4333-b317-8a4bde8d89db None None] Extended resource: security-groups-default-statefulness {{(pid=90726) __init__ /opt/stack/neutron/neutron/api/extensions.py:156}}
Jul 31 08:30:14.831729 np0000006194 devstack@neutron-api.service[90725]: INFO neutron.quota.resource_registry [None req-594a4f4c-9d09-462c-bf20-b96f780e11a8 None None] Creating instance of TrackedResource for resource:floatingip
Jul 31 08:30:14.831729 np0000006194 devstack@neutron-api.service[90725]: WARNING neutron.quota.resource_registry [None req-594a4f4c-9d09-462c-bf20-b96f780e11a8 None None] floatingip is already registered
Jul 31 08:30:14.831816 np0000006194 devstack@neutron-api.service[90726]: DEBUG neutron.api.extensions [None req-a428769c-5921-4333-b317-8a4bde8d89db None None] Extended resource: security-groups {{(pid=90726) __init__ /opt/stack/neutron/neutron/api/extensions.py:156}}
Jul 31 08:30:14.831816 np0000006194 devstack@neutron-api.service[90726]: DEBUG neutron.api.extensions [None req-a428769c-5921-4333-b317-8a4bde8d89db None None] Extended resource: security-group-rules {{(pid=90726) __init__ /opt/stack/neutron/neutron/api/extensions.py:156}}
Jul 31 08:30:14.832001 np0000006194 devstack@neutron-api.service[90725]: INFO neutron.quota.resource_registry [None req-594a4f4c-9d09-462c-bf20-b96f780e11a8 None None] Creating instance of CountableResource for resource:rbac_policy
Jul 31 08:30:14.832001 np0000006194 devstack@neutron-api.service[90725]: WARNING neutron.quota.resource_registry [None req-594a4f4c-9d09-462c-bf20-b96f780e11a8 None None] rbac_policy is already registered
Jul 31 08:30:14.832132 np0000006194 devstack@neutron-api.service[90726]: DEBUG neutron.api.extensions [None req-a428769c-5921-4333-b317-8a4bde8d89db None None] Extended resource: service-providers {{(pid=90726) __init__ /opt/stack/neutron/neutron/api/extensions.py:156}}
Jul 31 08:30:14.832226 np0000006194 devstack@neutron-api.service[90725]: INFO neutron.quota.resource_registry [None req-594a4f4c-9d09-462c-bf20-b96f780e11a8 None None] Creating instance of TrackedResource for resource:security_group
Jul 31 08:30:14.832226 np0000006194 devstack@neutron-api.service[90725]: WARNING neutron.quota.resource_registry [None req-594a4f4c-9d09-462c-bf20-b96f780e11a8 None None] security_group is already registered
Jul 31 08:30:14.832310 np0000006194 devstack@neutron-api.service[90726]: DEBUG neutron.api.extensions [None req-a428769c-5921-4333-b317-8a4bde8d89db None None] Extended resource: subnetpools {{(pid=90726) __init__ /opt/stack/neutron/neutron/api/extensions.py:156}}
Jul 31 08:30:14.832386 np0000006194 devstack@neutron-api.service[90725]: INFO neutron.quota.resource_registry [None req-594a4f4c-9d09-462c-bf20-b96f780e11a8 None None] Creating instance of TrackedResource for resource:security_group_rule
Jul 31 08:30:14.832386 np0000006194 devstack@neutron-api.service[90725]: WARNING neutron.quota.resource_registry [None req-594a4f4c-9d09-462c-bf20-b96f780e11a8 None None] security_group_rule is already registered
Jul 31 08:30:14.832532 np0000006194 devstack@neutron-api.service[90726]: DEBUG neutron.api.extensions [None req-a428769c-5921-4333-b317-8a4bde8d89db None None] Extended resource: subnetpools {{(pid=90726) __init__ /opt/stack/neutron/neutron/api/extensions.py:156}}
Jul 31 08:30:14.832592 np0000006194 devstack@neutron-api.service[90725]: DEBUG neutron.api.v2.resource_helper [None req-594a4f4c-9d09-462c-bf20-b96f780e11a8 None None] Service CORE assigned prefix: {{(pid=90725) build_resource_info /opt/stack/neutron/neutron/api/v2/resource_helper.py:77}}
Jul 31 08:30:14.832592 np0000006194 devstack@neutron-api.service[90725]: INFO neutron.quota.resource_registry [None req-594a4f4c-9d09-462c-bf20-b96f780e11a8 None None] Creating instance of TrackedResource for resource:subnetpool
Jul 31 08:30:14.832592 np0000006194 devstack@neutron-api.service[90725]: WARNING neutron.quota.resource_registry [None req-594a4f4c-9d09-462c-bf20-b96f780e11a8 None None] subnetpool is already registered
Jul 31 08:30:14.832592 np0000006194 devstack@neutron-api.service[90725]: DEBUG neutron.api.v2.resource_helper [None req-594a4f4c-9d09-462c-bf20-b96f780e11a8 None None] Service CORE assigned prefix: {{(pid=90725) build_resource_info /opt/stack/neutron/neutron/api/v2/resource_helper.py:77}}
Jul 31 08:30:14.832592 np0000006194 devstack@neutron-api.service[90725]: INFO neutron.quota.resource_registry [None req-594a4f4c-9d09-462c-bf20-b96f780e11a8 None None] Creating instance of TrackedResource for resource:subnetpool
Jul 31 08:30:14.832747 np0000006194 devstack@neutron-api.service[90726]: DEBUG neutron.api.extensions [None req-a428769c-5921-4333-b317-8a4bde8d89db None None] Extended resource: tags {{(pid=90726) __init__ /opt/stack/neutron/neutron/api/extensions.py:156}}
Jul 31 08:30:14.832822 np0000006194 devstack@neutron-api.service[90725]: WARNING neutron.quota.resource_registry [None req-594a4f4c-9d09-462c-bf20-b96f780e11a8 None None] subnetpool is already registered
Jul 31 08:30:14.832822 np0000006194 devstack@neutron-api.service[90725]: DEBUG neutron.api.extensions [None req-594a4f4c-9d09-462c-bf20-b96f780e11a8 None None] Extended resource: extensions {{(pid=90725) __init__ /opt/stack/neutron/neutron/api/extensions.py:156}}
Jul 31 08:30:14.832904 np0000006194 devstack@neutron-api.service[90726]: DEBUG neutron.api.extensions [None req-a428769c-5921-4333-b317-8a4bde8d89db None None] Extended resource: tags {{(pid=90726) __init__ /opt/stack/neutron/neutron/api/extensions.py:156}}
Jul 31 08:30:14.832968 np0000006194 devstack@neutron-api.service[90725]: DEBUG neutron.api.extensions [None req-594a4f4c-9d09-462c-bf20-b96f780e11a8 None None] Extended resource: address-groups {{(pid=90725) __init__ /opt/stack/neutron/neutron/api/extensions.py:156}}
Jul 31 08:30:14.833064 np0000006194 devstack@neutron-api.service[90726]: DEBUG neutron.api.extensions [None req-a428769c-5921-4333-b317-8a4bde8d89db None None] Extended resource: tags {{(pid=90726) __init__ /opt/stack/neutron/neutron/api/extensions.py:156}}
Jul 31 08:30:14.833116 np0000006194 devstack@neutron-api.service[90725]: DEBUG neutron.api.extensions [None req-594a4f4c-9d09-462c-bf20-b96f780e11a8 None None] Extended resource: address-scopes {{(pid=90725) __init__ /opt/stack/neutron/neutron/api/extensions.py:156}}
Jul 31 08:30:14.833116 np0000006194 devstack@neutron-api.service[90725]: DEBUG neutron.api.extensions [None req-594a4f4c-9d09-462c-bf20-b96f780e11a8 None None] Extended resource: agents {{(pid=90725) __init__ /opt/stack/neutron/neutron/api/extensions.py:156}}
Jul 31 08:30:14.833116 np0000006194 devstack@neutron-api.service[90725]: DEBUG neutron.api.extensions [None req-594a4f4c-9d09-462c-bf20-b96f780e11a8 None None] Extended resource: auto-allocated-topology {{(pid=90725) __init__ /opt/stack/neutron/neutron/api/extensions.py:156}}
Jul 31 08:30:14.833213 np0000006194 devstack@neutron-api.service[90726]: DEBUG neutron.api.extensions [None req-a428769c-5921-4333-b317-8a4bde8d89db None None] Extended resource: tags {{(pid=90726) __init__ /opt/stack/neutron/neutron/api/extensions.py:156}}
Jul 31 08:30:14.833213 np0000006194 devstack@neutron-api.service[90726]: DEBUG neutron.api.extensions [None req-a428769c-5921-4333-b317-8a4bde8d89db None None] Extended resource: tags {{(pid=90726) __init__ /opt/stack/neutron/neutron/api/extensions.py:156}}
Jul 31 08:30:14.833287 np0000006194 devstack@neutron-api.service[90725]: DEBUG neutron.api.extensions [None req-594a4f4c-9d09-462c-bf20-b96f780e11a8 None None] Extended resource: availability_zones {{(pid=90725) __init__ /opt/stack/neutron/neutron/api/extensions.py:156}}
Jul 31 08:30:14.833340 np0000006194 devstack@neutron-api.service[90726]: DEBUG neutron.api.extensions [None req-a428769c-5921-4333-b317-8a4bde8d89db None None] Extended resource: tags {{(pid=90726) __init__ /opt/stack/neutron/neutron/api/extensions.py:156}}
Jul 31 08:30:14.833452 np0000006194 devstack@neutron-api.service[90725]: DEBUG neutron.api.extensions [None req-594a4f4c-9d09-462c-bf20-b96f780e11a8 None None] Extended resource: dhcp-networks {{(pid=90725) __init__ /opt/stack/neutron/neutron/api/extensions.py:156}}
Jul 31 08:30:14.833452 np0000006194 devstack@neutron-api.service[90725]: DEBUG neutron.api.extensions [None req-594a4f4c-9d09-462c-bf20-b96f780e11a8 None None] Extended resource: dhcp-agents {{(pid=90725) __init__ /opt/stack/neutron/neutron/api/extensions.py:156}}
Jul 31 08:30:14.833559 np0000006194 devstack@neutron-api.service[90726]: DEBUG neutron.api.extensions [None req-a428769c-5921-4333-b317-8a4bde8d89db None None] Extended resource: tags {{(pid=90726) __init__ /opt/stack/neutron/neutron/api/extensions.py:156}}
Jul 31 08:30:14.833618 np0000006194 devstack@neutron-api.service[90725]: DEBUG neutron.api.extensions [None req-594a4f4c-9d09-462c-bf20-b96f780e11a8 None None] Extended resource: routers {{(pid=90725) __init__ /opt/stack/neutron/neutron/api/extensions.py:156}}
Jul 31 08:30:14.833938 np0000006194 devstack@neutron-api.service[90725]: DEBUG neutron.api.extensions [None req-594a4f4c-9d09-462c-bf20-b96f780e11a8 None None] Extended resource: flavors {{(pid=90725) __init__ /opt/stack/neutron/neutron/api/extensions.py:156}}
Jul 31 08:30:14.834010 np0000006194 devstack@neutron-api.service[90726]: DEBUG neutron.api.extensions [None req-a428769c-5921-4333-b317-8a4bde8d89db None None] Extended resource: tags {{(pid=90726) __init__ /opt/stack/neutron/neutron/api/extensions.py:156}}
Jul 31 08:30:14.834395 np0000006194 devstack@neutron-api.service[90725]: DEBUG neutron.api.extensions [None req-594a4f4c-9d09-462c-bf20-b96f780e11a8 None None] Extended resource: service_profiles {{(pid=90725) __init__ /opt/stack/neutron/neutron/api/extensions.py:156}}
Jul 31 08:30:14.834994 np0000006194 devstack@neutron-api.service[90725]: DEBUG neutron.api.extensions [None req-594a4f4c-9d09-462c-bf20-b96f780e11a8 None None] Extended resource: next_providers {{(pid=90725) __init__ /opt/stack/neutron/neutron/api/extensions.py:156}}
Jul 31 08:30:14.835057 np0000006194 devstack@neutron-api.service[90726]: DEBUG neutron.api.extensions [None req-a428769c-5921-4333-b317-8a4bde8d89db None None] Extended resource: tags {{(pid=90726) __init__ /opt/stack/neutron/neutron/api/extensions.py:156}}
Jul 31 08:30:14.835778 np0000006194 devstack@neutron-api.service[90725]: DEBUG neutron.api.extensions [None req-594a4f4c-9d09-462c-bf20-b96f780e11a8 None None] Extended resource: service_profiles {{(pid=90725) __init__ /opt/stack/neutron/neutron/api/extensions.py:156}}
Jul 31 08:30:14.836258 np0000006194 devstack@neutron-api.service[90726]: DEBUG neutron.api.extensions [None req-a428769c-5921-4333-b317-8a4bde8d89db None None] Extended resource: tags {{(pid=90726) __init__ /opt/stack/neutron/neutron/api/extensions.py:156}}
Jul 31 08:30:14.836423 np0000006194 devstack@neutron-api.service[90725]: DEBUG neutron.api.extensions [None req-594a4f4c-9d09-462c-bf20-b96f780e11a8 None None] Extended resource: floatingip-pools {{(pid=90725) __init__ /opt/stack/neutron/neutron/api/extensions.py:156}}
Jul 31 08:30:14.836899 np0000006194 devstack@neutron-api.service[90725]: DEBUG neutron.api.extensions [None req-594a4f4c-9d09-462c-bf20-b96f780e11a8 None None] Extended resource: routers {{(pid=90725) __init__ /opt/stack/neutron/neutron/api/extensions.py:156}}
Jul 31 08:30:14.837691 np0000006194 devstack@neutron-api.service[90725]: DEBUG neutron.api.extensions [None req-594a4f4c-9d09-462c-bf20-b96f780e11a8 None None] Extended resource: floatingips {{(pid=90725) __init__ /opt/stack/neutron/neutron/api/extensions.py:156}}
Jul 31 08:30:14.837925 np0000006194 devstack@neutron-api.service[90728]: DEBUG oslo_concurrency.processutils [None req-a21a5fcd-3f67-436f-ae9f-0d2d5ae873cb None None] CMD "ovsdb-client transact ssl:10.4.3.66:6641 --timeout 180 -p /opt/stack/data/CA/int-ca/private/devstack-cert.key -c /opt/stack/data/CA/int-ca/devstack-cert.crt -C /opt/stack/data/CA/int-ca/ca-chain.pem ["OVN_Northbound", {"op": "wait", "timeout": 0, "table": "Port_Group", "where": [["name", "==", "neutron_pg_drop"]], "until": "==", "rows": []}, {"op": "insert", "table": "ACL", "row": {"action": "drop", "direction": "to-lport", "match": "outport == @neutron_pg_drop && ip", "priority": 1001}, "uuid-name": "droptoport"}, {"op": "insert", "table": "ACL", "row": {"action": "drop", "direction": "from-lport", "match": "inport == @neutron_pg_drop && ip", "priority": 1001}, "uuid-name": "dropfromport"}, {"op": "insert", "table": "Port_Group", "row": {"name": "neutron_pg_drop", "acls": ["set", [["named-uuid", "droptoport"], ["named-uuid", "dropfromport"]]]}}]" returned: 0 in 0.031s {{(pid=90728) execute /opt/stack/data/venv/lib/python3.12/site-packages/oslo_concurrency/processutils.py:468}}
Jul 31 08:30:14.838082 np0000006194 devstack@neutron-api.service[90725]: DEBUG neutron.api.extensions [None req-594a4f4c-9d09-462c-bf20-b96f780e11a8 None None] Extended resource: l3-routers {{(pid=90725) __init__ /opt/stack/neutron/neutron/api/extensions.py:156}}
Jul 31 08:30:14.838343 np0000006194 devstack@neutron-api.service[90728]: DEBUG neutron_lib.callbacks.manager [None req-a21a5fcd-3f67-436f-ae9f-0d2d5ae873cb None None] Publish callbacks ['neutron.plugins.ml2.drivers.ovn.mech_driver.mech_driver.OVNMechanismDriver.post_fork_initialize-855600', 'neutron.services.pvlan.drivers.ovn.driver._initialize_pvlan_pg_drop-7757103561128', 'neutron.services.ovn_l3.plugin.OVNL3RouterPlugin._post_fork_initialize-677179'] for process (None), after_init {{(pid=90728) _notify_loop /opt/stack/data/venv/lib/python3.12/site-packages/neutron_lib/callbacks/manager.py:184}}
Jul 31 08:30:14.838673 np0000006194 devstack@neutron-api.service[90725]: DEBUG neutron.api.extensions [None req-594a4f4c-9d09-462c-bf20-b96f780e11a8 None None] Extended resource: l3-agents {{(pid=90725) __init__ /opt/stack/neutron/neutron/api/extensions.py:156}}
Jul 31 08:30:14.838807 np0000006194 devstack@neutron-api.service[90728]: DEBUG oslo_concurrency.lockutils [None req-a21a5fcd-3f67-436f-ae9f-0d2d5ae873cb None None] Acquiring lock "singleton_lock" {{(pid=90728) lock /opt/stack/data/venv/lib/python3.12/site-packages/oslo_concurrency/lockutils.py:396}}
Jul 31 08:30:14.838899 np0000006194 devstack@neutron-api.service[90728]: DEBUG oslo_concurrency.lockutils [None req-a21a5fcd-3f67-436f-ae9f-0d2d5ae873cb None None] Acquired lock "singleton_lock" {{(pid=90728) lock /opt/stack/data/venv/lib/python3.12/site-packages/oslo_concurrency/lockutils.py:399}}
Jul 31 08:30:14.839197 np0000006194 devstack@neutron-api.service[90728]: DEBUG oslo_concurrency.lockutils [None req-a21a5fcd-3f67-436f-ae9f-0d2d5ae873cb None None] Releasing lock "singleton_lock" {{(pid=90728) lock /opt/stack/data/venv/lib/python3.12/site-packages/oslo_concurrency/lockutils.py:419}}
Jul 31 08:30:14.839267 np0000006194 devstack@neutron-api.service[90725]: DEBUG neutron.api.extensions [None req-594a4f4c-9d09-462c-bf20-b96f780e11a8 None None] Extended resource: network-ip-availabilities {{(pid=90725) __init__ /opt/stack/neutron/neutron/api/extensions.py:156}}
Jul 31 08:30:14.839821 np0000006194 devstack@neutron-api.service[90725]: DEBUG neutron.api.extensions [None req-594a4f4c-9d09-462c-bf20-b96f780e11a8 None None] Extended resource: network-ip-availabilities {{(pid=90725) __init__ /opt/stack/neutron/neutron/api/extensions.py:156}}
Jul 31 08:30:14.840223 np0000006194 devstack@neutron-api.service[90725]: DEBUG neutron.api.extensions [None req-594a4f4c-9d09-462c-bf20-b96f780e11a8 None None] Extended resource: bindings {{(pid=90725) __init__ /opt/stack/neutron/neutron/api/extensions.py:156}}
Jul 31 08:30:14.841060 np0000006194 devstack@neutron-api.service[90725]: DEBUG neutron.api.extensions [None req-594a4f4c-9d09-462c-bf20-b96f780e11a8 None None] Extended resource: quotas {{(pid=90725) __init__ /opt/stack/neutron/neutron/api/extensions.py:156}}
Jul 31 08:30:14.841517 np0000006194 devstack@neutron-api.service[90728]: DEBUG neutron.plugins.ml2.drivers.ovn.mech_driver.mech_driver [None req-a21a5fcd-3f67-436f-ae9f-0d2d5ae873cb None None] Hash Ring setup using WSGI start time 2026-07-31 08:30:08+00:00 {{(pid=90728) _init_hash_ring /opt/stack/neutron/neutron/plugins/ml2/drivers/ovn/mech_driver/mech_driver.py:404}}
Jul 31 08:30:14.841913 np0000006194 devstack@neutron-api.service[90725]: DEBUG neutron.api.extensions [None req-594a4f4c-9d09-462c-bf20-b96f780e11a8 None None] Extended resource: quotas {{(pid=90725) __init__ /opt/stack/neutron/neutron/api/extensions.py:156}}
Jul 31 08:30:14.842682 np0000006194 devstack@neutron-api.service[90725]: DEBUG neutron.api.extensions [None req-594a4f4c-9d09-462c-bf20-b96f780e11a8 None None] Extended resource: rbac-policies {{(pid=90725) __init__ /opt/stack/neutron/neutron/api/extensions.py:156}}
Jul 31 08:30:14.843277 np0000006194 devstack@neutron-api.service[90725]: DEBUG neutron.api.extensions [None req-594a4f4c-9d09-462c-bf20-b96f780e11a8 None None] Extended resource: default-security-group-rules {{(pid=90725) __init__ /opt/stack/neutron/neutron/api/extensions.py:156}}
Jul 31 08:30:14.843978 np0000006194 devstack@neutron-api.service[90725]: DEBUG neutron.api.extensions [None req-594a4f4c-9d09-462c-bf20-b96f780e11a8 None None] Extended resource: security-groups-default-statefulness {{(pid=90725) __init__ /opt/stack/neutron/neutron/api/extensions.py:156}}
Jul 31 08:30:14.844508 np0000006194 devstack@neutron-api.service[90725]: DEBUG neutron.api.extensions [None req-594a4f4c-9d09-462c-bf20-b96f780e11a8 None None] Extended resource: security-groups {{(pid=90725) __init__ /opt/stack/neutron/neutron/api/extensions.py:156}}
Jul 31 08:30:14.845032 np0000006194 devstack@neutron-api.service[90725]: DEBUG neutron.api.extensions [None req-594a4f4c-9d09-462c-bf20-b96f780e11a8 None None] Extended resource: security-group-rules {{(pid=90725) __init__ /opt/stack/neutron/neutron/api/extensions.py:156}}
Jul 31 08:30:14.845506 np0000006194 devstack@neutron-api.service[90725]: DEBUG neutron.api.extensions [None req-594a4f4c-9d09-462c-bf20-b96f780e11a8 None None] Extended resource: service-providers {{(pid=90725) __init__ /opt/stack/neutron/neutron/api/extensions.py:156}}
Jul 31 08:30:14.845942 np0000006194 devstack@neutron-api.service[90725]: DEBUG neutron.api.extensions [None req-594a4f4c-9d09-462c-bf20-b96f780e11a8 None None] Extended resource: subnetpools {{(pid=90725) __init__ /opt/stack/neutron/neutron/api/extensions.py:156}}
Jul 31 08:30:14.846706 np0000006194 devstack@neutron-api.service[90725]: DEBUG neutron.api.extensions [None req-594a4f4c-9d09-462c-bf20-b96f780e11a8 None None] Extended resource: subnetpools {{(pid=90725) __init__ /opt/stack/neutron/neutron/api/extensions.py:156}}
Jul 31 08:30:14.847376 np0000006194 devstack@neutron-api.service[90725]: DEBUG neutron.api.extensions [None req-594a4f4c-9d09-462c-bf20-b96f780e11a8 None None] Extended resource: tags {{(pid=90725) __init__ /opt/stack/neutron/neutron/api/extensions.py:156}}
Jul 31 08:30:14.847861 np0000006194 devstack@neutron-api.service[90728]: INFO neutron.db.ovn_hash_ring_db [None req-a21a5fcd-3f67-436f-ae9f-0d2d5ae873cb None None] Nodes from host "np0000006194" and group "mechanism_driver" removed from the Hash Ring created at 2026-07-31 08:30:08+00:00
Jul 31 08:30:14.848131 np0000006194 devstack@neutron-api.service[90725]: DEBUG neutron.api.extensions [None req-594a4f4c-9d09-462c-bf20-b96f780e11a8 None None] Extended resource: tags {{(pid=90725) __init__ /opt/stack/neutron/neutron/api/extensions.py:156}}
Jul 31 08:30:14.848840 np0000006194 devstack@neutron-api.service[90725]: DEBUG neutron.api.extensions [None req-594a4f4c-9d09-462c-bf20-b96f780e11a8 None None] Extended resource: tags {{(pid=90725) __init__ /opt/stack/neutron/neutron/api/extensions.py:156}}
Jul 31 08:30:14.849117 np0000006194 devstack@neutron-api.service[90726]: DEBUG neutron_lib.callbacks.manager [None req-a428769c-5921-4333-b317-8a4bde8d89db None None] Publish callbacks ['neutron.plugins.ml2.drivers.ovn.mech_driver.mech_driver.OVNMechanismDriver.pre_fork_initialize-961903'] for process (None), before_spawn {{(pid=90726) _notify_loop /opt/stack/data/venv/lib/python3.12/site-packages/neutron_lib/callbacks/manager.py:184}}
Jul 31 08:30:14.849401 np0000006194 devstack@neutron-api.service[90726]: DEBUG oslo_concurrency.processutils [None req-a428769c-5921-4333-b317-8a4bde8d89db None None] Running cmd (subprocess): ovsdb-client transact ssl:10.4.3.66:6641 --timeout 180 -p /opt/stack/data/CA/int-ca/private/devstack-cert.key -c /opt/stack/data/CA/int-ca/devstack-cert.crt -C /opt/stack/data/CA/int-ca/ca-chain.pem ["OVN_Northbound", {"op": "wait", "timeout": 0, "table": "Port_Group", "where": [["name", "==", "neutron_pg_drop"]], "until": "==", "rows": []}, {"op": "insert", "table": "ACL", "row": {"action": "drop", "direction": "to-lport", "match": "outport == @neutron_pg_drop && ip", "priority": 1001}, "uuid-name": "droptoport"}, {"op": "insert", "table": "ACL", "row": {"action": "drop", "direction": "from-lport", "match": "inport == @neutron_pg_drop && ip", "priority": 1001}, "uuid-name": "dropfromport"}, {"op": "insert", "table": "Port_Group", "row": {"name": "neutron_pg_drop", "acls": ["set", [["named-uuid", "droptoport"], ["named-uuid", "dropfromport"]]]}}] {{(pid=90726) execute /opt/stack/data/venv/lib/python3.12/site-packages/oslo_concurrency/processutils.py:440}}
Jul 31 08:30:14.849640 np0000006194 devstack@neutron-api.service[90725]: DEBUG neutron.api.extensions [None req-594a4f4c-9d09-462c-bf20-b96f780e11a8 None None] Extended resource: tags {{(pid=90725) __init__ /opt/stack/neutron/neutron/api/extensions.py:156}}
Jul 31 08:30:14.850194 np0000006194 devstack@neutron-api.service[90725]: DEBUG neutron.api.extensions [None req-594a4f4c-9d09-462c-bf20-b96f780e11a8 None None] Extended resource: tags {{(pid=90725) __init__ /opt/stack/neutron/neutron/api/extensions.py:156}}
Jul 31 08:30:14.850978 np0000006194 devstack@neutron-api.service[90728]: INFO neutron.db.ovn_hash_ring_db [None req-a21a5fcd-3f67-436f-ae9f-0d2d5ae873cb None None] Node 9526cf74a9d25498880f32b0dec7884c from host "np0000006194" and group "mechanism_driver" added to the Hash Ring
Jul 31 08:30:14.851276 np0000006194 devstack@neutron-api.service[90725]: DEBUG neutron.api.extensions [None req-594a4f4c-9d09-462c-bf20-b96f780e11a8 None None] Extended resource: tags {{(pid=90725) __init__ /opt/stack/neutron/neutron/api/extensions.py:156}}
Jul 31 08:30:14.851957 np0000006194 devstack@neutron-api.service[90725]: DEBUG neutron.api.extensions [None req-594a4f4c-9d09-462c-bf20-b96f780e11a8 None None] Extended resource: tags {{(pid=90725) __init__ /opt/stack/neutron/neutron/api/extensions.py:156}}
Jul 31 08:30:14.852744 np0000006194 devstack@neutron-api.service[90725]: DEBUG neutron.api.extensions [None req-594a4f4c-9d09-462c-bf20-b96f780e11a8 None None] Extended resource: tags {{(pid=90725) __init__ /opt/stack/neutron/neutron/api/extensions.py:156}}
Jul 31 08:30:14.853786 np0000006194 devstack@neutron-api.service[90725]: DEBUG neutron.api.extensions [None req-594a4f4c-9d09-462c-bf20-b96f780e11a8 None None] Extended resource: tags {{(pid=90725) __init__ /opt/stack/neutron/neutron/api/extensions.py:156}}
Jul 31 08:30:14.854571 np0000006194 devstack@neutron-api.service[90725]: DEBUG neutron.api.extensions [None req-594a4f4c-9d09-462c-bf20-b96f780e11a8 None None] Extended resource: tags {{(pid=90725) __init__ /opt/stack/neutron/neutron/api/extensions.py:156}}
Jul 31 08:30:14.855214 np0000006194 devstack@neutron-api.service[90728]: DEBUG neutron.plugins.ml2.drivers.ovn.mech_driver.mech_driver [None req-a21a5fcd-3f67-436f-ae9f-0d2d5ae873cb None None] Hash Ring setup, this worker has detected 2 OVN hash ring registers in the database {{(pid=90728) _init_hash_ring /opt/stack/neutron/neutron/plugins/ml2/drivers/ovn/mech_driver/mech_driver.py:414}}
Jul 31 08:30:14.865730 np0000006194 devstack@neutron-api.service[90728]: DEBUG neutron.plugins.ml2.drivers.ovn.mech_driver.ovsdb.maintenance [None req-a21a5fcd-3f67-436f-ae9f-0d2d5ae873cb None None] Periodic task found: HashRingHealthCheckPeriodics.touch_hash_ring_node {{(pid=90728) add_periodics /opt/stack/neutron/neutron/plugins/ml2/drivers/ovn/mech_driver/ovsdb/maintenance.py:146}}
Jul 31 08:30:14.866638 np0000006194 devstack@neutron-api.service[90725]: DEBUG neutron_lib.callbacks.manager [None req-594a4f4c-9d09-462c-bf20-b96f780e11a8 None None] Publish callbacks ['neutron.plugins.ml2.drivers.ovn.mech_driver.mech_driver.OVNMechanismDriver.pre_fork_initialize-975537'] for process (None), before_spawn {{(pid=90725) _notify_loop /opt/stack/data/venv/lib/python3.12/site-packages/neutron_lib/callbacks/manager.py:184}}
Jul 31 08:30:14.866794 np0000006194 devstack@neutron-api.service[90728]: INFO neutron.plugins.ml2.drivers.ovn.mech_driver.mech_driver [None req-a21a5fcd-3f67-436f-ae9f-0d2d5ae873cb None None] Hash Ring probing thread for node 9526cf74a9d25498880f32b0dec7884c has started
Jul 31 08:30:14.867277 np0000006194 devstack@neutron-api.service[90725]: DEBUG oslo_concurrency.processutils [None req-594a4f4c-9d09-462c-bf20-b96f780e11a8 None None] Running cmd (subprocess): ovsdb-client transact ssl:10.4.3.66:6641 --timeout 180 -p /opt/stack/data/CA/int-ca/private/devstack-cert.key -c /opt/stack/data/CA/int-ca/devstack-cert.crt -C /opt/stack/data/CA/int-ca/ca-chain.pem ["OVN_Northbound", {"op": "wait", "timeout": 0, "table": "Port_Group", "where": [["name", "==", "neutron_pg_drop"]], "until": "==", "rows": []}, {"op": "insert", "table": "ACL", "row": {"action": "drop", "direction": "to-lport", "match": "outport == @neutron_pg_drop && ip", "priority": 1001}, "uuid-name": "droptoport"}, {"op": "insert", "table": "ACL", "row": {"action": "drop", "direction": "from-lport", "match": "inport == @neutron_pg_drop && ip", "priority": 1001}, "uuid-name": "dropfromport"}, {"op": "insert", "table": "Port_Group", "row": {"name": "neutron_pg_drop", "acls": ["set", [["named-uuid", "droptoport"], ["named-uuid", "dropfromport"]]]}}] {{(pid=90725) execute /opt/stack/data/venv/lib/python3.12/site-packages/oslo_concurrency/processutils.py:440}}
Jul 31 08:30:14.867569 np0000006194 devstack@neutron-api.service[90728]: INFO neutron.plugins.ml2.drivers.ovn.mech_driver.ovsdb.impl_idl_ovn [None req-a21a5fcd-3f67-436f-ae9f-0d2d5ae873cb None None] Getting OvsdbNbOvnIdl for WorkerService with retry
Jul 31 08:30:14.881999 np0000006194 devstack@neutron-api.service[90726]: DEBUG oslo_concurrency.processutils [None req-a428769c-5921-4333-b317-8a4bde8d89db None None] CMD "ovsdb-client transact ssl:10.4.3.66:6641 --timeout 180 -p /opt/stack/data/CA/int-ca/private/devstack-cert.key -c /opt/stack/data/CA/int-ca/devstack-cert.crt -C /opt/stack/data/CA/int-ca/ca-chain.pem ["OVN_Northbound", {"op": "wait", "timeout": 0, "table": "Port_Group", "where": [["name", "==", "neutron_pg_drop"]], "until": "==", "rows": []}, {"op": "insert", "table": "ACL", "row": {"action": "drop", "direction": "to-lport", "match": "outport == @neutron_pg_drop && ip", "priority": 1001}, "uuid-name": "droptoport"}, {"op": "insert", "table": "ACL", "row": {"action": "drop", "direction": "from-lport", "match": "inport == @neutron_pg_drop && ip", "priority": 1001}, "uuid-name": "dropfromport"}, {"op": "insert", "table": "Port_Group", "row": {"name": "neutron_pg_drop", "acls": ["set", [["named-uuid", "droptoport"], ["named-uuid", "dropfromport"]]]}}]" returned: 0 in 0.030s {{(pid=90726) execute /opt/stack/data/venv/lib/python3.12/site-packages/oslo_concurrency/processutils.py:468}}
Jul 31 08:30:14.881999 np0000006194 devstack@neutron-api.service[90726]: DEBUG neutron_lib.callbacks.manager [None req-a428769c-5921-4333-b317-8a4bde8d89db None None] Publish callbacks ['neutron.plugins.ml2.drivers.ovn.mech_driver.mech_driver.OVNMechanismDriver.post_fork_initialize-961863', 'neutron.services.pvlan.drivers.ovn.driver._initialize_pvlan_pg_drop-7757103514848', 'neutron.services.ovn_l3.plugin.OVNL3RouterPlugin._post_fork_initialize-61975'] for process (None), after_init {{(pid=90726) _notify_loop /opt/stack/data/venv/lib/python3.12/site-packages/neutron_lib/callbacks/manager.py:184}}
Jul 31 08:30:14.881999 np0000006194 devstack@neutron-api.service[90726]: DEBUG oslo_concurrency.lockutils [None req-a428769c-5921-4333-b317-8a4bde8d89db None None] Acquiring lock "singleton_lock" {{(pid=90726) lock /opt/stack/data/venv/lib/python3.12/site-packages/oslo_concurrency/lockutils.py:396}}
Jul 31 08:30:14.882356 np0000006194 devstack@neutron-api.service[90726]: DEBUG oslo_concurrency.lockutils [None req-a428769c-5921-4333-b317-8a4bde8d89db None None] Acquired lock "singleton_lock" {{(pid=90726) lock /opt/stack/data/venv/lib/python3.12/site-packages/oslo_concurrency/lockutils.py:399}}
Jul 31 08:30:14.882356 np0000006194 devstack@neutron-api.service[90726]: DEBUG oslo_concurrency.lockutils [None req-a428769c-5921-4333-b317-8a4bde8d89db None None] Releasing lock "singleton_lock" {{(pid=90726) lock /opt/stack/data/venv/lib/python3.12/site-packages/oslo_concurrency/lockutils.py:419}}
Jul 31 08:30:14.887216 np0000006194 devstack@neutron-api.service[90726]: DEBUG neutron.plugins.ml2.drivers.ovn.mech_driver.mech_driver [None req-a428769c-5921-4333-b317-8a4bde8d89db None None] Hash Ring setup using WSGI start time 2026-07-31 08:30:08+00:00 {{(pid=90726) _init_hash_ring /opt/stack/neutron/neutron/plugins/ml2/drivers/ovn/mech_driver/mech_driver.py:404}}
Jul 31 08:30:14.897323 np0000006194 devstack@neutron-api.service[90725]: DEBUG oslo_concurrency.processutils [None req-594a4f4c-9d09-462c-bf20-b96f780e11a8 None None] CMD "ovsdb-client transact ssl:10.4.3.66:6641 --timeout 180 -p /opt/stack/data/CA/int-ca/private/devstack-cert.key -c /opt/stack/data/CA/int-ca/devstack-cert.crt -C /opt/stack/data/CA/int-ca/ca-chain.pem ["OVN_Northbound", {"op": "wait", "timeout": 0, "table": "Port_Group", "where": [["name", "==", "neutron_pg_drop"]], "until": "==", "rows": []}, {"op": "insert", "table": "ACL", "row": {"action": "drop", "direction": "to-lport", "match": "outport == @neutron_pg_drop && ip", "priority": 1001}, "uuid-name": "droptoport"}, {"op": "insert", "table": "ACL", "row": {"action": "drop", "direction": "from-lport", "match": "inport == @neutron_pg_drop && ip", "priority": 1001}, "uuid-name": "dropfromport"}, {"op": "insert", "table": "Port_Group", "row": {"name": "neutron_pg_drop", "acls": ["set", [["named-uuid", "droptoport"], ["named-uuid", "dropfromport"]]]}}]" returned: 0 in 0.030s {{(pid=90725) execute /opt/stack/data/venv/lib/python3.12/site-packages/oslo_concurrency/processutils.py:468}}
