Jul 23 11:17:23.412193 np0000005759 devstack@c-api.service[97193]: DEBUG cinder.api.openstack.wsgi [None req-e95de29e-1f9e-41c2-b562-7d2e40df0371 tempest-VolumeServicesNegativeTest-1404020253 tempest-VolumeServicesNegativeTest-1404020253-project-admin] Empty body provided in request {{(pid=97193) get_body /opt/stack/cinder/cinder/api/openstack/wsgi.py:725}}
Jul 23 11:17:23.412446 np0000005759 devstack@c-api.service[97193]: DEBUG cinder.api.openstack.wsgi [None req-e95de29e-1f9e-41c2-b562-7d2e40df0371 tempest-VolumeServicesNegativeTest-1404020253 tempest-VolumeServicesNegativeTest-1404020253-project-admin] Calling method 'index' {{(pid=97193) _process_stack /opt/stack/cinder/cinder/api/openstack/wsgi.py:878}}
Jul 23 11:17:23.412958 np0000005759 devstack@c-api.service[97193]: /opt/stack/data/venv/lib/python3.12/site-packages/oslo_context/context.py:102: DeprecationWarning: Policy enforcement is depending on the value of is_admin. This key is deprecated. Please update your policy file to use the standard policy values.
Jul 23 11:17:23.412958 np0000005759 devstack@c-api.service[97193]: warnings.warn(
Jul 23 11:17:23.421760 np0000005759 devstack@c-api.service[97193]: INFO cinder.api.openstack.wsgi [None req-e95de29e-1f9e-41c2-b562-7d2e40df0371 tempest-VolumeServicesNegativeTest-1404020253 tempest-VolumeServicesNegativeTest-1404020253-project-admin] https://10.4.3.32/volume/v3/os-services returned with HTTP 200
Jul 23 11:17:23.422220 np0000005759 devstack@c-api.service[97193]: [pid: 97193|app: 0|req: 39/107] 10.4.3.32 () {66 vars in 1242 bytes} [Thu Jul 23 11:17:23 2026] GET /volume/v3/os-services => generated 626 bytes in 341 msecs (HTTP/1.1 200) 7 headers in 285 bytes (2 switches on core 0)
Jul 23 11:17:23.440273 np0000005759 devstack@c-api.service[97192]: DEBUG cinder.api.middleware.request_id [None req-2568bb73-ccc4-4b5e-ab92-e9f178b58257 None None] RequestId filter calling following filter/app {{(pid=97192) _context_setter /opt/stack/cinder/cinder/api/middleware/request_id.py:62}}
Jul 23 11:17:23.443914 np0000005759 devstack@c-api.service[97192]: INFO cinder.api.openstack.wsgi [None req-2568bb73-ccc4-4b5e-ab92-e9f178b58257 tempest-VolumeServicesNegativeTest-1404020253 tempest-VolumeServicesNegativeTest-1404020253-project-admin] PUT https://10.4.3.32/volume/v3/os-services/disable-log-reason
Jul 23 11:17:23.444710 np0000005759 devstack@c-api.service[97192]: DEBUG cinder.api.openstack.wsgi [None req-2568bb73-ccc4-4b5e-ab92-e9f178b58257 tempest-VolumeServicesNegativeTest-1404020253 tempest-VolumeServicesNegativeTest-1404020253-project-admin] Action: 'disable_log_reason', calling method: disable_log_reason, body: {"host": "np0000005759", "binary": "cinder-scheduler", "disabled_reason": null} {{(pid=97192) _process_stack /opt/stack/cinder/cinder/api/openstack/wsgi.py:876}}
Jul 23 11:17:23.447569 np0000005759 devstack@c-api.service[97192]: INFO cinder.api.openstack.wsgi [None req-2568bb73-ccc4-4b5e-ab92-e9f178b58257 tempest-VolumeServicesNegativeTest-1404020253 tempest-VolumeServicesNegativeTest-1404020253-project-admin] https://10.4.3.32/volume/v3/os-services/disable-log-reason returned with HTTP 400
Jul 23 11:17:23.448869 np0000005759 devstack@c-api.service[97192]: [pid: 97192|app: 0|req: 33/108] 10.4.3.32 () {68 vars in 1319 bytes} [Thu Jul 23 11:17:23 2026] PUT /volume/v3/os-services/disable-log-reason => generated 136 bytes in 9 msecs (HTTP/1.1 400) 7 headers in 294 bytes (1 switches on core 0)
Jul 23 11:17:23.463237 np0000005759 devstack@c-api.service[97194]: DEBUG cinder.api.middleware.request_id [None req-030ae3ce-09f8-48af-8646-ccf4b7027359 None None] RequestId filter calling following filter/app {{(pid=97194) _context_setter /opt/stack/cinder/cinder/api/middleware/request_id.py:62}}
Jul 23 11:17:23.473030 np0000005759 devstack@c-api.service[97194]: INFO cinder.api.openstack.wsgi [None req-030ae3ce-09f8-48af-8646-ccf4b7027359 tempest-VolumeServicesNegativeTest-1404020253 tempest-VolumeServicesNegativeTest-1404020253-project-admin] PUT https://10.4.3.32/volume/v3/os-services/disable
Jul 23 11:17:23.473030 np0000005759 devstack@c-api.service[97194]: DEBUG cinder.api.openstack.wsgi [None req-030ae3ce-09f8-48af-8646-ccf4b7027359 tempest-VolumeServicesNegativeTest-1404020253 tempest-VolumeServicesNegativeTest-1404020253-project-admin] Action: 'disable', calling method: disable, body: {"host": "np0000005759", "binary": "invalid_binary"} {{(pid=97194) _process_stack /opt/stack/cinder/cinder/api/openstack/wsgi.py:876}}
Jul 23 11:17:23.481251 np0000005759 devstack@c-api.service[97194]: INFO cinder.api.openstack.wsgi [None req-030ae3ce-09f8-48af-8646-ccf4b7027359 tempest-VolumeServicesNegativeTest-1404020253 tempest-VolumeServicesNegativeTest-1404020253-project-admin] https://10.4.3.32/volume/v3/os-services/disable returned with HTTP 404
Jul 23 11:17:23.482028 np0000005759 devstack@c-api.service[97194]: [pid: 97194|app: 0|req: 37/109] 10.4.3.32 () {68 vars in 1286 bytes} [Thu Jul 23 11:17:23 2026] PUT /volume/v3/os-services/disable => generated 109 bytes in 19 msecs (HTTP/1.1 404) 7 headers in 292 bytes (1 switches on core 0)
Jul 23 11:17:23.496930 np0000005759 devstack@c-api.service[97193]: DEBUG cinder.api.middleware.request_id [None req-718be56f-dde4-41fa-a0af-bfc848d41390 None None] RequestId filter calling following filter/app {{(pid=97193) _context_setter /opt/stack/cinder/cinder/api/middleware/request_id.py:62}}
Jul 23 11:17:23.500509 np0000005759 devstack@c-api.service[97193]: INFO cinder.api.openstack.wsgi [None req-718be56f-dde4-41fa-a0af-bfc848d41390 tempest-VolumeServicesNegativeTest-1404020253 tempest-VolumeServicesNegativeTest-1404020253-project-admin] PUT https://10.4.3.32/volume/v3/os-services/enable
Jul 23 11:17:23.501640 np0000005759 devstack@c-api.service[97193]: DEBUG cinder.api.openstack.wsgi [None req-718be56f-dde4-41fa-a0af-bfc848d41390 tempest-VolumeServicesNegativeTest-1404020253 tempest-VolumeServicesNegativeTest-1404020253-project-admin] Action: 'enable', calling method: enable, body: {"host": "invalid_host", "binary": "cinder-scheduler"} {{(pid=97193) _process_stack /opt/stack/cinder/cinder/api/openstack/wsgi.py:876}}
Jul 23 11:17:23.522034 np0000005759 devstack@c-api.service[97193]: INFO cinder.api.openstack.wsgi [None req-718be56f-dde4-41fa-a0af-bfc848d41390 tempest-VolumeServicesNegativeTest-1404020253 tempest-VolumeServicesNegativeTest-1404020253-project-admin] https://10.4.3.32/volume/v3/os-services/enable returned with HTTP 404
Jul 23 11:17:23.523104 np0000005759 devstack@c-api.service[97193]: [pid: 97193|app: 0|req: 40/110] 10.4.3.32 () {68 vars in 1283 bytes} [Thu Jul 23 11:17:23 2026] PUT /volume/v3/os-services/enable => generated 111 bytes in 27 msecs (HTTP/1.1 404) 7 headers in 292 bytes (1 switches on core 0)
Jul 23 11:17:23.535147 np0000005759 devstack@c-api.service[97192]: DEBUG cinder.api.middleware.request_id [None req-73ce7d90-a1cf-4fd7-85dc-883a78ac3809 None None] RequestId filter calling following filter/app {{(pid=97192) _context_setter /opt/stack/cinder/cinder/api/middleware/request_id.py:62}}
Jul 23 11:17:23.539937 np0000005759 devstack@c-api.service[97192]: INFO cinder.api.openstack.wsgi [None req-73ce7d90-a1cf-4fd7-85dc-883a78ac3809 tempest-VolumeServicesNegativeTest-1404020253 tempest-VolumeServicesNegativeTest-1404020253-project-admin] PUT https://10.4.3.32/volume/v3/os-services/freeze
Jul 23 11:17:23.540422 np0000005759 devstack@c-api.service[97192]: DEBUG cinder.api.openstack.wsgi [None req-73ce7d90-a1cf-4fd7-85dc-883a78ac3809 tempest-VolumeServicesNegativeTest-1404020253 tempest-VolumeServicesNegativeTest-1404020253-project-admin] Action: 'freeze', calling method: freeze, body: {"host": "invalid_host"} {{(pid=97192) _process_stack /opt/stack/cinder/cinder/api/openstack/wsgi.py:876}}
Jul 23 11:17:23.563027 np0000005759 devstack@c-api.service[97192]: INFO cinder.api.openstack.wsgi [None req-73ce7d90-a1cf-4fd7-85dc-883a78ac3809 tempest-VolumeServicesNegativeTest-1404020253 tempest-VolumeServicesNegativeTest-1404020253-project-admin] https://10.4.3.32/volume/v3/os-services/freeze returned with HTTP 400
Jul 23 11:17:23.563167 np0000005759 devstack@c-api.service[97192]: [pid: 97192|app: 0|req: 34/111] 10.4.3.32 () {68 vars in 1283 bytes} [Thu Jul 23 11:17:23 2026] PUT /volume/v3/os-services/freeze => generated 83 bytes in 28 msecs (HTTP/1.1 400) 7 headers in 293 bytes (1 switches on core 0)
Jul 23 11:17:23.573304 np0000005759 devstack@c-api.service[97194]: DEBUG cinder.api.middleware.request_id [None req-6cd7fecd-6bc0-4726-b5a1-5e7b6dcbe8e4 None None] RequestId filter calling following filter/app {{(pid=97194) _context_setter /opt/stack/cinder/cinder/api/middleware/request_id.py:62}}
Jul 23 11:17:23.587401 np0000005759 devstack@c-api.service[97194]: INFO cinder.api.openstack.wsgi [None req-6cd7fecd-6bc0-4726-b5a1-5e7b6dcbe8e4 tempest-VolumeServicesNegativeTest-1404020253 tempest-VolumeServicesNegativeTest-1404020253-project-admin] PUT https://10.4.3.32/volume/v3/os-services/thaw
Jul 23 11:17:23.587722 np0000005759 devstack@c-api.service[97194]: DEBUG cinder.api.openstack.wsgi [None req-6cd7fecd-6bc0-4726-b5a1-5e7b6dcbe8e4 tempest-VolumeServicesNegativeTest-1404020253 tempest-VolumeServicesNegativeTest-1404020253-project-admin] Action: 'thaw', calling method: thaw, body: {"host": "invalid_host"} {{(pid=97194) _process_stack /opt/stack/cinder/cinder/api/openstack/wsgi.py:876}}
Jul 23 11:17:23.603919 np0000005759 devstack@c-api.service[97194]: INFO cinder.api.openstack.wsgi [None req-6cd7fecd-6bc0-4726-b5a1-5e7b6dcbe8e4 tempest-VolumeServicesNegativeTest-1404020253 tempest-VolumeServicesNegativeTest-1404020253-project-admin] https://10.4.3.32/volume/v3/os-services/thaw returned with HTTP 400
Jul 23 11:17:23.604885 np0000005759 devstack@c-api.service[97194]: [pid: 97194|app: 0|req: 38/112] 10.4.3.32 () {68 vars in 1277 bytes} [Thu Jul 23 11:17:23 2026] PUT /volume/v3/os-services/thaw => generated 83 bytes in 32 msecs (HTTP/1.1 400) 7 headers in 293 bytes (1 switches on core 0)
Jul 23 11:17:26.770688 np0000005759 devstack@c-api.service[97193]: DEBUG cinder.api.middleware.request_id [None req-ab9c5ed7-0f01-40c3-901b-84eab6148172 None None] RequestId filter calling following filter/app {{(pid=97193) _context_setter /opt/stack/cinder/cinder/api/middleware/request_id.py:62}}
Jul 23 11:17:27.176981 np0000005759 devstack@c-api.service[97192]: DEBUG cinder.api.middleware.request_id [None req-54042def-49f6-4604-86c5-3836df9e98fd None None] RequestId filter calling following filter/app {{(pid=97192) _context_setter /opt/stack/cinder/cinder/api/middleware/request_id.py:62}}
Jul 23 11:17:27.185695 np0000005759 devstack@c-api.service[97192]: INFO cinder.api.openstack.wsgi [None req-54042def-49f6-4604-86c5-3836df9e98fd tempest-VolumesAdminNegativeTest-2043251898 tempest-VolumesAdminNegativeTest-2043251898-project-member] POST https://10.4.3.32/volume/v3/volumes
Jul 23 11:17:27.191224 np0000005759 devstack@c-api.service[97192]: DEBUG cinder.api.openstack.wsgi [None req-54042def-49f6-4604-86c5-3836df9e98fd tempest-VolumesAdminNegativeTest-2043251898 tempest-VolumesAdminNegativeTest-2043251898-project-member] Action: 'create', calling method: create, body: {"volume": {"size": 1, "display_name": "tempest-VolumesAdminNegativeTest-volume-295413854"}} {{(pid=97192) _process_stack /opt/stack/cinder/cinder/api/openstack/wsgi.py:876}}
Jul 23 11:17:27.193489 np0000005759 devstack@c-api.service[97192]: DEBUG cinder.api.v3.volumes [None req-54042def-49f6-4604-86c5-3836df9e98fd tempest-VolumesAdminNegativeTest-2043251898 tempest-VolumesAdminNegativeTest-2043251898-project-member] Create volume request body: {'volume': {'size': 1, 'display_name': 'tempest-VolumesAdminNegativeTest-volume-295413854'}} {{(pid=97192) create /opt/stack/cinder/cinder/api/v3/volumes.py:368}}
Jul 23 11:17:27.193698 np0000005759 devstack@c-api.service[97192]: INFO cinder.api.v3.volumes [None req-54042def-49f6-4604-86c5-3836df9e98fd tempest-VolumesAdminNegativeTest-2043251898 tempest-VolumesAdminNegativeTest-2043251898-project-member] Create volume of 1 GB
Jul 23 11:17:27.203022 np0000005759 devstack@c-api.service[97192]: INFO cinder.volume.api [None req-54042def-49f6-4604-86c5-3836df9e98fd tempest-VolumesAdminNegativeTest-2043251898 tempest-VolumesAdminNegativeTest-2043251898-project-member] Availability Zones retrieved successfully.
Jul 23 11:17:27.209339 np0000005759 devstack@c-api.service[97192]: DEBUG cinder.volume.api [None req-54042def-49f6-4604-86c5-3836df9e98fd tempest-VolumesAdminNegativeTest-2043251898 tempest-VolumesAdminNegativeTest-2043251898-project-member] Flow 'volume_create_api' (135087a2-801b-48ed-85a9-d599ad701b2e) transitioned into state 'RUNNING' from state 'PENDING' {{(pid=97192) _flow_receiver /opt/stack/data/venv/lib/python3.12/site-packages/taskflow/listeners/logging.py:160}}
Jul 23 11:17:27.211637 np0000005759 devstack@c-api.service[97192]: DEBUG cinder.volume.api [None req-54042def-49f6-4604-86c5-3836df9e98fd tempest-VolumesAdminNegativeTest-2043251898 tempest-VolumesAdminNegativeTest-2043251898-project-member] Task 'cinder.volume.flows.api.create_volume.ExtractVolumeRequestTask;volume:create' (ba8c686c-129e-40da-b57d-9a90849bdc58) transitioned into state 'RUNNING' from state 'PENDING' {{(pid=97192) _task_receiver /opt/stack/data/venv/lib/python3.12/site-packages/taskflow/listeners/logging.py:242}}
Jul 23 11:17:27.212416 np0000005759 devstack@c-api.service[97192]: DEBUG cinder.volume.flows.api.create_volume [None req-54042def-49f6-4604-86c5-3836df9e98fd tempest-VolumesAdminNegativeTest-2043251898 tempest-VolumesAdminNegativeTest-2043251898-project-member] Validating volume size '1' using validate_int {{(pid=97192) _extract_size /opt/stack/cinder/cinder/volume/flows/api/create_volume.py:226}}
Jul 23 11:17:27.249433 np0000005759 devstack@c-api.service[97193]: INFO cinder.api.openstack.wsgi [None req-ab9c5ed7-0f01-40c3-901b-84eab6148172 tempest-VolumesServicesTestJSON-321413637 tempest-VolumesServicesTestJSON-321413637-project-admin] GET https://10.4.3.32/volume/v3/os-services
Jul 23 11:17:27.249739 np0000005759 devstack@c-api.service[97193]: DEBUG cinder.api.openstack.wsgi [None req-ab9c5ed7-0f01-40c3-901b-84eab6148172 tempest-VolumesServicesTestJSON-321413637 tempest-VolumesServicesTestJSON-321413637-project-admin] Empty body provided in request {{(pid=97193) get_body /opt/stack/cinder/cinder/api/openstack/wsgi.py:725}}
Jul 23 11:17:27.250237 np0000005759 devstack@c-api.service[97193]: DEBUG cinder.api.openstack.wsgi [None req-ab9c5ed7-0f01-40c3-901b-84eab6148172 tempest-VolumesServicesTestJSON-321413637 tempest-VolumesServicesTestJSON-321413637-project-admin] Calling method 'index' {{(pid=97193) _process_stack /opt/stack/cinder/cinder/api/openstack/wsgi.py:878}}
Jul 23 11:17:27.257007 np0000005759 devstack@c-api.service[97193]: INFO cinder.api.openstack.wsgi [None req-ab9c5ed7-0f01-40c3-901b-84eab6148172 tempest-VolumesServicesTestJSON-321413637 tempest-VolumesServicesTestJSON-321413637-project-admin] https://10.4.3.32/volume/v3/os-services returned with HTTP 200
Jul 23 11:17:27.257617 np0000005759 devstack@c-api.service[97193]: [pid: 97193|app: 0|req: 41/113] 10.4.3.32 () {66 vars in 1242 bytes} [Thu Jul 23 11:17:26 2026] GET /volume/v3/os-services => generated 626 bytes in 489 msecs (HTTP/1.1 200) 7 headers in 285 bytes (1 switches on core 0)
Jul 23 11:17:27.270547 np0000005759 devstack@c-api.service[97194]: DEBUG cinder.api.middleware.request_id [None req-1ad577ea-f21e-4074-8d74-6676480f981b None None] RequestId filter calling following filter/app {{(pid=97194) _context_setter /opt/stack/cinder/cinder/api/middleware/request_id.py:62}}
Jul 23 11:17:27.271754 np0000005759 devstack@c-api.service[97192]: DEBUG cinder.volume.api [None req-54042def-49f6-4604-86c5-3836df9e98fd tempest-VolumesAdminNegativeTest-2043251898 tempest-VolumesAdminNegativeTest-2043251898-project-member] Task 'cinder.volume.flows.api.create_volume.ExtractVolumeRequestTask;volume:create' (ba8c686c-129e-40da-b57d-9a90849bdc58) transitioned into state 'SUCCESS' from state 'RUNNING' with result '{'size': 1, 'snapshot_id': None, 'source_volid': None, 'volume_type': VolumeType(created_at=2026-07-23T11:14:39Z,deleted=False,deleted_at=None,description=None,extra_specs={volume_backend_name='storpool'},id=f0a06ce8-b208-4183-85bc-310ffd1159c7,is_public=True,name='storpool',projects=[],qos_specs=,qos_specs_id=None,updated_at=None), 'volume_type_id': 'f0a06ce8-b208-4183-85bc-310ffd1159c7', 'encryption_key_id': None, 'qos_specs': None, 'consistencygroup_id': None, 'cgsnapshot_id': None, 'group_id': None, 'replication_status': 'disabled', 'refresh_az': False, 'backup_id': None, 'multiattach': False, 'availability_zones': ['nova']}' {{(pid=97192) _task_receiver /opt/stack/data/venv/lib/python3.12/site-packages/taskflow/listeners/logging.py:218}}
Jul 23 11:17:27.272594 np0000005759 devstack@c-api.service[97192]: DEBUG cinder.volume.api [None req-54042def-49f6-4604-86c5-3836df9e98fd tempest-VolumesAdminNegativeTest-2043251898 tempest-VolumesAdminNegativeTest-2043251898-project-member] Task 'cinder.volume.flows.api.create_volume.QuotaReserveTask;volume:create' (af992ef9-99c5-43a8-aedd-13a9e0e3bce8) transitioned into state 'RUNNING' from state 'PENDING' {{(pid=97192) _task_receiver /opt/stack/data/venv/lib/python3.12/site-packages/taskflow/listeners/logging.py:242}}
Jul 23 11:17:27.274098 np0000005759 devstack@c-api.service[97194]: INFO cinder.api.openstack.wsgi [None req-1ad577ea-f21e-4074-8d74-6676480f981b tempest-VolumesServicesTestJSON-321413637 tempest-VolumesServicesTestJSON-321413637-project-admin] GET https://10.4.3.32/volume/v3/os-services?host=np0000005759
Jul 23 11:17:27.274190 np0000005759 devstack@c-api.service[97194]: DEBUG cinder.api.openstack.wsgi [None req-1ad577ea-f21e-4074-8d74-6676480f981b tempest-VolumesServicesTestJSON-321413637 tempest-VolumesServicesTestJSON-321413637-project-admin] Empty body provided in request {{(pid=97194) get_body /opt/stack/cinder/cinder/api/openstack/wsgi.py:725}}
Jul 23 11:17:27.274425 np0000005759 devstack@c-api.service[97194]: DEBUG cinder.api.openstack.wsgi [None req-1ad577ea-f21e-4074-8d74-6676480f981b tempest-VolumesServicesTestJSON-321413637 tempest-VolumesServicesTestJSON-321413637-project-admin] Calling method 'index' {{(pid=97194) _process_stack /opt/stack/cinder/cinder/api/openstack/wsgi.py:878}}
Jul 23 11:17:27.415984 np0000005759 devstack@c-api.service[97192]: DEBUG cinder.quota [None req-54042def-49f6-4604-86c5-3836df9e98fd tempest-VolumesAdminNegativeTest-2043251898 tempest-VolumesAdminNegativeTest-2043251898-project-member] Created reservations ['0c9a62d5-153b-4ded-ac45-bb3c8051441b', 'c87860dc-8b1d-47f2-907e-87fbdb5bb3ad', 'b92edce6-820f-41c8-a5da-c8aa038fc027', 'b4391ef5-da1d-47a8-8479-4fae1dc1b878'] {{(pid=97192) reserve /opt/stack/cinder/cinder/quota.py:752}}
Jul 23 11:17:27.417053 np0000005759 devstack@c-api.service[97192]: DEBUG cinder.volume.api [None req-54042def-49f6-4604-86c5-3836df9e98fd tempest-VolumesAdminNegativeTest-2043251898 tempest-VolumesAdminNegativeTest-2043251898-project-member] Task 'cinder.volume.flows.api.create_volume.QuotaReserveTask;volume:create' (af992ef9-99c5-43a8-aedd-13a9e0e3bce8) transitioned into state 'SUCCESS' from state 'RUNNING' with result '{'reservations': ['0c9a62d5-153b-4ded-ac45-bb3c8051441b', 'c87860dc-8b1d-47f2-907e-87fbdb5bb3ad', 'b92edce6-820f-41c8-a5da-c8aa038fc027', 'b4391ef5-da1d-47a8-8479-4fae1dc1b878']}' {{(pid=97192) _task_receiver /opt/stack/data/venv/lib/python3.12/site-packages/taskflow/listeners/logging.py:218}}
Jul 23 11:17:27.418775 np0000005759 devstack@c-api.service[97192]: DEBUG cinder.volume.api [None req-54042def-49f6-4604-86c5-3836df9e98fd tempest-VolumesAdminNegativeTest-2043251898 tempest-VolumesAdminNegativeTest-2043251898-project-member] Task 'cinder.volume.flows.api.create_volume.EntryCreateTask;volume:create' (43b69c83-5921-4ac9-ba30-bcc90897a8d8) transitioned into state 'RUNNING' from state 'PENDING' {{(pid=97192) _task_receiver /opt/stack/data/venv/lib/python3.12/site-packages/taskflow/listeners/logging.py:242}}
Jul 23 11:17:27.451174 np0000005759 devstack@c-api.service[97194]: INFO cinder.api.openstack.wsgi [None req-1ad577ea-f21e-4074-8d74-6676480f981b tempest-VolumesServicesTestJSON-321413637 tempest-VolumesServicesTestJSON-321413637-project-admin] https://10.4.3.32/volume/v3/os-services?host=np0000005759 returned with HTTP 200
Jul 23 11:17:27.451713 np0000005759 devstack@c-api.service[97194]: [pid: 97194|app: 0|req: 39/114] 10.4.3.32 () {66 vars in 1277 bytes} [Thu Jul 23 11:17:27 2026] GET /volume/v3/os-services?host=np0000005759 => generated 626 bytes in 182 msecs (HTTP/1.1 200) 7 headers in 285 bytes (1 switches on core 0)
Jul 23 11:17:27.455503 np0000005759 devstack@c-api.service[97192]: DEBUG cinder.volume.api [None req-54042def-49f6-4604-86c5-3836df9e98fd tempest-VolumesAdminNegativeTest-2043251898 tempest-VolumesAdminNegativeTest-2043251898-project-member] Task 'cinder.volume.flows.api.create_volume.EntryCreateTask;volume:create' (43b69c83-5921-4ac9-ba30-bcc90897a8d8) transitioned into state 'SUCCESS' from state 'RUNNING' with result '{'volume_id': 'a0d1291d-7326-41d9-9895-ab9567a0cc91', 'volume_properties': VolumeProperties(attach_status='detached',availability_zone='nova',cgsnapshot_id=None,consistencygroup_id=None,display_description=None,display_name='tempest-VolumesAdminNegativeTest-volume-295413854',encryption_key_id=None,group_id=None,group_type_id=,metadata={},multiattach=False,project_id='69a31d64ebb3470388aef1502adcca54',qos_specs=None,replication_status=,reservations=['0c9a62d5-153b-4ded-ac45-bb3c8051441b','c87860dc-8b1d-47f2-907e-87fbdb5bb3ad','b92edce6-820f-41c8-a5da-c8aa038fc027','b4391ef5-da1d-47a8-8479-4fae1dc1b878'],size=1,snapshot_id=None,source_replicaid=,source_volid=None,status='creating',user_id='73ab136c7f4341ba891e00bb885c866e',volume_type_id=f0a06ce8-b208-4183-85bc-310ffd1159c7), 'volume': Volume(_name_id=None,admin_metadata=,attach_status='detached',availability_zone='nova',bootable=False,cluster=,cluster_name=None,consistencygroup=,consistencygroup_id=None,created_at=2026-07-23T11:17:27Z,deleted=False,deleted_at=None,display_description=None,display_name='tempest-VolumesAdminNegativeTest-volume-295413854',ec2_id=None,encryption_key_id=None,glance_metadata=,group=,group_id=None,host=None,id=a0d1291d-7326-41d9-9895-ab9567a0cc91,launched_at=None,metadata={},migration_status=None,multiattach=False,previous_status=None,project_id='69a31d64ebb3470388aef1502adcca54',provider_auth=None,provider_geometry=None,provider_id=None,provider_location=None,replication_driver_data=None,replication_extended_status=None,replication_status=None,scheduled_at=None,service_uuid=None,shared_targets=True,size=1,snapshot_id=None,snapshots=,source_volid=None,status='creating',terminated_at=None,updated_at=None,use_quota=True,user_id='73ab136c7f4341ba891e00bb885c866e',volume_attachment=VolumeAttachmentList,volume_type=VolumeType(f0a06ce8-b208-4183-85bc-310ffd1159c7),volume_type_id=f0a06ce8-b208-4183-85bc-310ffd1159c7)}' {{(pid=97192) _task_receiver /opt/stack/data/venv/lib/python3.12/site-packages/taskflow/listeners/logging.py:218}}
Jul 23 11:17:27.456413 np0000005759 devstack@c-api.service[97192]: DEBUG cinder.volume.api [None req-54042def-49f6-4604-86c5-3836df9e98fd tempest-VolumesAdminNegativeTest-2043251898 tempest-VolumesAdminNegativeTest-2043251898-project-member] Task 'cinder.volume.flows.api.create_volume.QuotaCommitTask;volume:create' (dd8be219-e2eb-4be6-bf53-c4db1c1d8c7d) transitioned into state 'RUNNING' from state 'PENDING' {{(pid=97192) _task_receiver /opt/stack/data/venv/lib/python3.12/site-packages/taskflow/listeners/logging.py:242}}
Jul 23 11:17:27.469621 np0000005759 devstack@c-api.service[97193]: DEBUG cinder.api.middleware.request_id [None req-ab09161e-963e-4396-a8d1-e5ffb9766aa2 None None] RequestId filter calling following filter/app {{(pid=97193) _context_setter /opt/stack/cinder/cinder/api/middleware/request_id.py:62}}
Jul 23 11:17:27.472410 np0000005759 devstack@c-api.service[97193]: INFO cinder.api.openstack.wsgi [None req-ab09161e-963e-4396-a8d1-e5ffb9766aa2 tempest-VolumesServicesTestJSON-321413637 tempest-VolumesServicesTestJSON-321413637-project-admin] GET https://10.4.3.32/volume/v3/os-services?host=np0000005759&binary=cinder-scheduler
Jul 23 11:17:27.472863 np0000005759 devstack@c-api.service[97193]: DEBUG cinder.api.openstack.wsgi [None req-ab09161e-963e-4396-a8d1-e5ffb9766aa2 tempest-VolumesServicesTestJSON-321413637 tempest-VolumesServicesTestJSON-321413637-project-admin] Empty body provided in request {{(pid=97193) get_body /opt/stack/cinder/cinder/api/openstack/wsgi.py:725}}
Jul 23 11:17:27.473591 np0000005759 devstack@c-api.service[97193]: DEBUG cinder.api.openstack.wsgi [None req-ab09161e-963e-4396-a8d1-e5ffb9766aa2 tempest-VolumesServicesTestJSON-321413637 tempest-VolumesServicesTestJSON-321413637-project-admin] Calling method 'index' {{(pid=97193) _process_stack /opt/stack/cinder/cinder/api/openstack/wsgi.py:878}}
Jul 23 11:17:27.481199 np0000005759 devstack@c-api.service[97192]: DEBUG cinder.volume.api [None req-54042def-49f6-4604-86c5-3836df9e98fd tempest-VolumesAdminNegativeTest-2043251898 tempest-VolumesAdminNegativeTest-2043251898-project-member] Task 'cinder.volume.flows.api.create_volume.QuotaCommitTask;volume:create' (dd8be219-e2eb-4be6-bf53-c4db1c1d8c7d) transitioned into state 'SUCCESS' from state 'RUNNING' with result '{'volume_properties': VolumeProperties(attach_status='detached',availability_zone='nova',cgsnapshot_id=None,consistencygroup_id=None,display_description=None,display_name='tempest-VolumesAdminNegativeTest-volume-295413854',encryption_key_id=None,group_id=None,group_type_id=,metadata={},multiattach=False,project_id='69a31d64ebb3470388aef1502adcca54',qos_specs=None,replication_status=,reservations=['0c9a62d5-153b-4ded-ac45-bb3c8051441b','c87860dc-8b1d-47f2-907e-87fbdb5bb3ad','b92edce6-820f-41c8-a5da-c8aa038fc027','b4391ef5-da1d-47a8-8479-4fae1dc1b878'],size=1,snapshot_id=None,source_replicaid=,source_volid=None,status='creating',user_id='73ab136c7f4341ba891e00bb885c866e',volume_type_id=f0a06ce8-b208-4183-85bc-310ffd1159c7)}' {{(pid=97192) _task_receiver /opt/stack/data/venv/lib/python3.12/site-packages/taskflow/listeners/logging.py:218}}
Jul 23 11:17:27.482228 np0000005759 devstack@c-api.service[97192]: DEBUG cinder.volume.api [None req-54042def-49f6-4604-86c5-3836df9e98fd tempest-VolumesAdminNegativeTest-2043251898 tempest-VolumesAdminNegativeTest-2043251898-project-member] Task 'cinder.volume.flows.api.create_volume.VolumeCastTask;volume:create' (dd3ff96a-8f8b-4b4e-ad64-9c4244fa08c7) transitioned into state 'RUNNING' from state 'PENDING' {{(pid=97192) _task_receiver /opt/stack/data/venv/lib/python3.12/site-packages/taskflow/listeners/logging.py:242}}
Jul 23 11:17:27.483583 np0000005759 devstack@c-api.service[97193]: INFO cinder.api.openstack.wsgi [None req-ab09161e-963e-4396-a8d1-e5ffb9766aa2 tempest-VolumesServicesTestJSON-321413637 tempest-VolumesServicesTestJSON-321413637-project-admin] https://10.4.3.32/volume/v3/os-services?host=np0000005759&binary=cinder-scheduler returned with HTTP 200
Jul 23 11:17:27.484180 np0000005759 devstack@c-api.service[97193]: [pid: 97193|app: 0|req: 42/115] 10.4.3.32 () {66 vars in 1325 bytes} [Thu Jul 23 11:17:27 2026] GET /volume/v3/os-services?host=np0000005759&binary=cinder-scheduler => generated 191 bytes in 15 msecs (HTTP/1.1 200) 7 headers in 285 bytes (1 switches on core 0)
Jul 23 11:17:27.497200 np0000005759 devstack@c-api.service[97194]: DEBUG cinder.api.middleware.request_id [None req-25d0b159-aeb7-4e95-a9cd-eb0dfae1b238 None None] RequestId filter calling following filter/app {{(pid=97194) _context_setter /opt/stack/cinder/cinder/api/middleware/request_id.py:62}}
Jul 23 11:17:27.499897 np0000005759 devstack@c-api.service[97194]: INFO cinder.api.openstack.wsgi [None req-25d0b159-aeb7-4e95-a9cd-eb0dfae1b238 tempest-VolumesServicesTestJSON-321413637 tempest-VolumesServicesTestJSON-321413637-project-admin] GET https://10.4.3.32/volume/v3/os-services?binary=cinder-scheduler
Jul 23 11:17:27.500184 np0000005759 devstack@c-api.service[97194]: DEBUG cinder.api.openstack.wsgi [None req-25d0b159-aeb7-4e95-a9cd-eb0dfae1b238 tempest-VolumesServicesTestJSON-321413637 tempest-VolumesServicesTestJSON-321413637-project-admin] Empty body provided in request {{(pid=97194) get_body /opt/stack/cinder/cinder/api/openstack/wsgi.py:725}}
Jul 23 11:17:27.500462 np0000005759 devstack@c-api.service[97194]: DEBUG cinder.api.openstack.wsgi [None req-25d0b159-aeb7-4e95-a9cd-eb0dfae1b238 tempest-VolumesServicesTestJSON-321413637 tempest-VolumesServicesTestJSON-321413637-project-admin] Calling method 'index' {{(pid=97194) _process_stack /opt/stack/cinder/cinder/api/openstack/wsgi.py:878}}
Jul 23 11:17:27.505860 np0000005759 devstack@c-api.service[97194]: INFO cinder.api.openstack.wsgi [None req-25d0b159-aeb7-4e95-a9cd-eb0dfae1b238 tempest-VolumesServicesTestJSON-321413637 tempest-VolumesServicesTestJSON-321413637-project-admin] https://10.4.3.32/volume/v3/os-services?binary=cinder-scheduler returned with HTTP 200
Jul 23 11:17:27.506425 np0000005759 devstack@c-api.service[97194]: [pid: 97194|app: 0|req: 40/116] 10.4.3.32 () {66 vars in 1289 bytes} [Thu Jul 23 11:17:27 2026] GET /volume/v3/os-services?binary=cinder-scheduler => generated 191 bytes in 10 msecs (HTTP/1.1 200) 7 headers in 285 bytes (1 switches on core 0)
Jul 23 11:17:27.510057 np0000005759 devstack@c-api.service[97192]: DEBUG cinder.volume.api [None req-54042def-49f6-4604-86c5-3836df9e98fd tempest-VolumesAdminNegativeTest-2043251898 tempest-VolumesAdminNegativeTest-2043251898-project-member] Task 'cinder.volume.flows.api.create_volume.VolumeCastTask;volume:create' (dd3ff96a-8f8b-4b4e-ad64-9c4244fa08c7) transitioned into state 'SUCCESS' from state 'RUNNING' with result 'None' {{(pid=97192) _task_receiver /opt/stack/data/venv/lib/python3.12/site-packages/taskflow/listeners/logging.py:218}}
Jul 23 11:17:27.511631 np0000005759 devstack@c-api.service[97192]: DEBUG cinder.volume.api [None req-54042def-49f6-4604-86c5-3836df9e98fd tempest-VolumesAdminNegativeTest-2043251898 tempest-VolumesAdminNegativeTest-2043251898-project-member] Flow 'volume_create_api' (135087a2-801b-48ed-85a9-d599ad701b2e) transitioned into state 'SUCCESS' from state 'RUNNING' {{(pid=97192) _flow_receiver /opt/stack/data/venv/lib/python3.12/site-packages/taskflow/listeners/logging.py:160}}
Jul 23 11:17:27.514031 np0000005759 devstack@c-api.service[97192]: INFO cinder.volume.api [None req-54042def-49f6-4604-86c5-3836df9e98fd tempest-VolumesAdminNegativeTest-2043251898 tempest-VolumesAdminNegativeTest-2043251898-project-member] Create volume request issued successfully.
Jul 23 11:17:27.514031 np0000005759 devstack@c-api.service[97192]: INFO cinder.api.openstack.wsgi [None req-54042def-49f6-4604-86c5-3836df9e98fd tempest-VolumesAdminNegativeTest-2043251898 tempest-VolumesAdminNegativeTest-2043251898-project-member] https://10.4.3.32/volume/v3/volumes returned with HTTP 202
Jul 23 11:17:27.514560 np0000005759 devstack@c-api.service[97192]: [pid: 97192|app: 0|req: 35/117] 10.4.3.32 () {68 vars in 1251 bytes} [Thu Jul 23 11:17:27 2026] POST /volume/v3/volumes => generated 752 bytes in 339 msecs (HTTP/1.1 202) 7 headers in 291 bytes (1 switches on core 0)
Jul 23 11:17:27.520385 np0000005759 devstack@c-api.service[97193]: DEBUG cinder.api.middleware.request_id [None req-7958e23d-20a0-436c-a4b3-e28584765ca0 None None] RequestId filter calling following filter/app {{(pid=97193) _context_setter /opt/stack/cinder/cinder/api/middleware/request_id.py:62}}
Jul 23 11:17:27.537028 np0000005759 devstack@c-api.service[97194]: DEBUG cinder.api.middleware.request_id [None req-8b79157a-f4a0-4949-8dab-ed870c500ec6 None None] RequestId filter calling following filter/app {{(pid=97194) _context_setter /opt/stack/cinder/cinder/api/middleware/request_id.py:62}}
Jul 23 11:17:27.537028 np0000005759 devstack@c-api.service[97194]: INFO cinder.api.openstack.wsgi [None req-8b79157a-f4a0-4949-8dab-ed870c500ec6 tempest-VolumesAdminNegativeTest-2043251898 tempest-VolumesAdminNegativeTest-2043251898-project-member] GET https://10.4.3.32/volume/v3/volumes/a0d1291d-7326-41d9-9895-ab9567a0cc91
Jul 23 11:17:27.537258 np0000005759 devstack@c-api.service[97194]: DEBUG cinder.api.openstack.wsgi [None req-8b79157a-f4a0-4949-8dab-ed870c500ec6 tempest-VolumesAdminNegativeTest-2043251898 tempest-VolumesAdminNegativeTest-2043251898-project-member] Empty body provided in request {{(pid=97194) get_body /opt/stack/cinder/cinder/api/openstack/wsgi.py:725}}
Jul 23 11:17:27.537466 np0000005759 devstack@c-api.service[97194]: DEBUG cinder.api.openstack.wsgi [None req-8b79157a-f4a0-4949-8dab-ed870c500ec6 tempest-VolumesAdminNegativeTest-2043251898 tempest-VolumesAdminNegativeTest-2043251898-project-member] Calling method 'show' {{(pid=97194) _process_stack /opt/stack/cinder/cinder/api/openstack/wsgi.py:878}}
Jul 23 11:17:27.547089 np0000005759 devstack@c-api.service[97194]: /opt/stack/data/venv/lib/python3.12/site-packages/oslo_context/context.py:102: DeprecationWarning: Policy enforcement is depending on the value of is_admin. This key is deprecated. Please update your policy file to use the standard policy values.
Jul 23 11:17:27.547089 np0000005759 devstack@c-api.service[97194]: warnings.warn(
Jul 23 11:17:27.552325 np0000005759 devstack@c-api.service[97194]: INFO cinder.volume.api [None req-8b79157a-f4a0-4949-8dab-ed870c500ec6 tempest-VolumesAdminNegativeTest-2043251898 tempest-VolumesAdminNegativeTest-2043251898-project-member] Volume info retrieved successfully.
Jul 23 11:17:27.557089 np0000005759 devstack@c-api.service[97194]: INFO cinder.api.openstack.wsgi [None req-8b79157a-f4a0-4949-8dab-ed870c500ec6 tempest-VolumesAdminNegativeTest-2043251898 tempest-VolumesAdminNegativeTest-2043251898-project-member] https://10.4.3.32/volume/v3/volumes/a0d1291d-7326-41d9-9895-ab9567a0cc91 returned with HTTP 200
Jul 23 11:17:27.557558 np0000005759 devstack@c-api.service[97194]: [pid: 97194|app: 0|req: 41/118] 10.4.3.32 () {66 vars in 1341 bytes} [Thu Jul 23 11:17:27 2026] GET /volume/v3/volumes/a0d1291d-7326-41d9-9895-ab9567a0cc91 => generated 820 bytes in 23 msecs (HTTP/1.1 200) 7 headers in 285 bytes (1 switches on core 0)
Jul 23 11:17:27.828087 np0000005759 devstack@c-api.service[97193]: INFO cinder.api.openstack.wsgi [None req-7958e23d-20a0-436c-a4b3-e28584765ca0 tempest-VolumesServicesTestJSON-1511391245 tempest-VolumesServicesTestJSON-1511391245-project-member] POST https://10.4.3.32/volume/v3/volumes
Jul 23 11:17:27.828087 np0000005759 devstack@c-api.service[97193]: DEBUG cinder.api.openstack.wsgi [None req-7958e23d-20a0-436c-a4b3-e28584765ca0 tempest-VolumesServicesTestJSON-1511391245 tempest-VolumesServicesTestJSON-1511391245-project-member] Action: 'create', calling method: create, body: {"volume": {"size": 1, "name": "tempest-VolumesServicesTestJSON-Volume-1708132039"}} {{(pid=97193) _process_stack /opt/stack/cinder/cinder/api/openstack/wsgi.py:876}}
Jul 23 11:17:27.829264 np0000005759 devstack@c-api.service[97193]: DEBUG cinder.api.v3.volumes [None req-7958e23d-20a0-436c-a4b3-e28584765ca0 tempest-VolumesServicesTestJSON-1511391245 tempest-VolumesServicesTestJSON-1511391245-project-member] Create volume request body: {'volume': {'size': 1, 'name': 'tempest-VolumesServicesTestJSON-Volume-1708132039'}} {{(pid=97193) create /opt/stack/cinder/cinder/api/v3/volumes.py:368}}
Jul 23 11:17:27.829264 np0000005759 devstack@c-api.service[97193]: INFO cinder.api.v3.volumes [None req-7958e23d-20a0-436c-a4b3-e28584765ca0 tempest-VolumesServicesTestJSON-1511391245 tempest-VolumesServicesTestJSON-1511391245-project-member] Create volume of 1 GB
Jul 23 11:17:27.835965 np0000005759 devstack@c-api.service[97193]: INFO cinder.volume.api [None req-7958e23d-20a0-436c-a4b3-e28584765ca0 tempest-VolumesServicesTestJSON-1511391245 tempest-VolumesServicesTestJSON-1511391245-project-member] Availability Zones retrieved successfully.
Jul 23 11:17:27.843931 np0000005759 devstack@c-api.service[97193]: DEBUG cinder.volume.api [None req-7958e23d-20a0-436c-a4b3-e28584765ca0 tempest-VolumesServicesTestJSON-1511391245 tempest-VolumesServicesTestJSON-1511391245-project-member] Flow 'volume_create_api' (c6347bc6-be01-49d2-9f28-1328a8ef5eb5) transitioned into state 'RUNNING' from state 'PENDING' {{(pid=97193) _flow_receiver /opt/stack/data/venv/lib/python3.12/site-packages/taskflow/listeners/logging.py:160}}
Jul 23 11:17:27.845589 np0000005759 devstack@c-api.service[97193]: DEBUG cinder.volume.api [None req-7958e23d-20a0-436c-a4b3-e28584765ca0 tempest-VolumesServicesTestJSON-1511391245 tempest-VolumesServicesTestJSON-1511391245-project-member] Task 'cinder.volume.flows.api.create_volume.ExtractVolumeRequestTask;volume:create' (c34ec56b-39b1-4b60-9353-1bd5339b04de) transitioned into state 'RUNNING' from state 'PENDING' {{(pid=97193) _task_receiver /opt/stack/data/venv/lib/python3.12/site-packages/taskflow/listeners/logging.py:242}}
Jul 23 11:17:27.846899 np0000005759 devstack@c-api.service[97193]: DEBUG cinder.volume.flows.api.create_volume [None req-7958e23d-20a0-436c-a4b3-e28584765ca0 tempest-VolumesServicesTestJSON-1511391245 tempest-VolumesServicesTestJSON-1511391245-project-member] Validating volume size '1' using validate_int {{(pid=97193) _extract_size /opt/stack/cinder/cinder/volume/flows/api/create_volume.py:226}}
Jul 23 11:17:27.904924 np0000005759 devstack@c-api.service[97193]: DEBUG cinder.volume.api [None req-7958e23d-20a0-436c-a4b3-e28584765ca0 tempest-VolumesServicesTestJSON-1511391245 tempest-VolumesServicesTestJSON-1511391245-project-member] Task 'cinder.volume.flows.api.create_volume.ExtractVolumeRequestTask;volume:create' (c34ec56b-39b1-4b60-9353-1bd5339b04de) transitioned into state 'SUCCESS' from state 'RUNNING' with result '{'size': 1, 'snapshot_id': None, 'source_volid': None, 'volume_type': VolumeType(created_at=2026-07-23T11:14:39Z,deleted=False,deleted_at=None,description=None,extra_specs={volume_backend_name='storpool'},id=f0a06ce8-b208-4183-85bc-310ffd1159c7,is_public=True,name='storpool',projects=[],qos_specs=,qos_specs_id=None,updated_at=None), 'volume_type_id': 'f0a06ce8-b208-4183-85bc-310ffd1159c7', 'encryption_key_id': None, 'qos_specs': None, 'consistencygroup_id': None, 'cgsnapshot_id': None, 'group_id': None, 'replication_status': 'disabled', 'refresh_az': False, 'backup_id': None, 'multiattach': False, 'availability_zones': ['nova']}' {{(pid=97193) _task_receiver /opt/stack/data/venv/lib/python3.12/site-packages/taskflow/listeners/logging.py:218}}
Jul 23 11:17:27.906323 np0000005759 devstack@c-api.service[97193]: DEBUG cinder.volume.api [None req-7958e23d-20a0-436c-a4b3-e28584765ca0 tempest-VolumesServicesTestJSON-1511391245 tempest-VolumesServicesTestJSON-1511391245-project-member] Task 'cinder.volume.flows.api.create_volume.QuotaReserveTask;volume:create' (532c3dc1-3158-410e-bd6a-fee27e129d98) transitioned into state 'RUNNING' from state 'PENDING' {{(pid=97193) _task_receiver /opt/stack/data/venv/lib/python3.12/site-packages/taskflow/listeners/logging.py:242}}
Jul 23 11:17:28.038212 np0000005759 devstack@c-api.service[97193]: DEBUG cinder.quota [None req-7958e23d-20a0-436c-a4b3-e28584765ca0 tempest-VolumesServicesTestJSON-1511391245 tempest-VolumesServicesTestJSON-1511391245-project-member] Created reservations ['fc10b751-27f1-4bb5-8f9a-4296945d8532', '7fd82867-f661-4660-a48d-8570ebd4d149', '7c6c6823-69bb-46ab-9d54-f762c2daea03', 'dc0c2bbc-001d-4698-bc59-06a9c64e812f'] {{(pid=97193) reserve /opt/stack/cinder/cinder/quota.py:752}}
Jul 23 11:17:28.039482 np0000005759 devstack@c-api.service[97193]: DEBUG cinder.volume.api [None req-7958e23d-20a0-436c-a4b3-e28584765ca0 tempest-VolumesServicesTestJSON-1511391245 tempest-VolumesServicesTestJSON-1511391245-project-member] Task 'cinder.volume.flows.api.create_volume.QuotaReserveTask;volume:create' (532c3dc1-3158-410e-bd6a-fee27e129d98) transitioned into state 'SUCCESS' from state 'RUNNING' with result '{'reservations': ['fc10b751-27f1-4bb5-8f9a-4296945d8532', '7fd82867-f661-4660-a48d-8570ebd4d149', '7c6c6823-69bb-46ab-9d54-f762c2daea03', 'dc0c2bbc-001d-4698-bc59-06a9c64e812f']}' {{(pid=97193) _task_receiver /opt/stack/data/venv/lib/python3.12/site-packages/taskflow/listeners/logging.py:218}}
Jul 23 11:17:28.040823 np0000005759 devstack@c-api.service[97193]: DEBUG cinder.volume.api [None req-7958e23d-20a0-436c-a4b3-e28584765ca0 tempest-VolumesServicesTestJSON-1511391245 tempest-VolumesServicesTestJSON-1511391245-project-member] Task 'cinder.volume.flows.api.create_volume.EntryCreateTask;volume:create' (f105aa9f-bf86-44a2-8c84-e3f45a9064a8) transitioned into state 'RUNNING' from state 'PENDING' {{(pid=97193) _task_receiver /opt/stack/data/venv/lib/python3.12/site-packages/taskflow/listeners/logging.py:242}}
Jul 23 11:17:28.084205 np0000005759 devstack@c-api.service[97193]: DEBUG cinder.volume.api [None req-7958e23d-20a0-436c-a4b3-e28584765ca0 tempest-VolumesServicesTestJSON-1511391245 tempest-VolumesServicesTestJSON-1511391245-project-member] Task 'cinder.volume.flows.api.create_volume.EntryCreateTask;volume:create' (f105aa9f-bf86-44a2-8c84-e3f45a9064a8) transitioned into state 'SUCCESS' from state 'RUNNING' with result '{'volume_id': 'cd14736a-06df-46c2-bdb6-8fee3de191ed', 'volume_properties': VolumeProperties(attach_status='detached',availability_zone='nova',cgsnapshot_id=None,consistencygroup_id=None,display_description=None,display_name='tempest-VolumesServicesTestJSON-Volume-1708132039',encryption_key_id=None,group_id=None,group_type_id=,metadata={},multiattach=False,project_id='5a60bc0d60924145a3d54aadc420034d',qos_specs=None,replication_status=,reservations=['fc10b751-27f1-4bb5-8f9a-4296945d8532','7fd82867-f661-4660-a48d-8570ebd4d149','7c6c6823-69bb-46ab-9d54-f762c2daea03','dc0c2bbc-001d-4698-bc59-06a9c64e812f'],size=1,snapshot_id=None,source_replicaid=,source_volid=None,status='creating',user_id='3228f6be20fa4b14b9cc5ca24fbb92fe',volume_type_id=f0a06ce8-b208-4183-85bc-310ffd1159c7), 'volume': Volume(_name_id=None,admin_metadata=,attach_status='detached',availability_zone='nova',bootable=False,cluster=,cluster_name=None,consistencygroup=,consistencygroup_id=None,created_at=2026-07-23T11:17:28Z,deleted=False,deleted_at=None,display_description=None,display_name='tempest-VolumesServicesTestJSON-Volume-1708132039',ec2_id=None,encryption_key_id=None,glance_metadata=,group=,group_id=None,host=None,id=cd14736a-06df-46c2-bdb6-8fee3de191ed,launched_at=None,metadata={},migration_status=None,multiattach=False,previous_status=None,project_id='5a60bc0d60924145a3d54aadc420034d',provider_auth=None,provider_geometry=None,provider_id=None,provider_location=None,replication_driver_data=None,replication_extended_status=None,replication_status=None,scheduled_at=None,service_uuid=None,shared_targets=True,size=1,snapshot_id=None,snapshots=,source_volid=None,status='creating',terminated_at=None,updated_at=None,use_quota=True,user_id='3228f6be20fa4b14b9cc5ca24fbb92fe',volume_attachment=VolumeAttachmentList,volume_type=VolumeType(f0a06ce8-b208-4183-85bc-310ffd1159c7),volume_type_id=f0a06ce8-b208-4183-85bc-310ffd1159c7)}' {{(pid=97193) _task_receiver /opt/stack/data/venv/lib/python3.12/site-packages/taskflow/listeners/logging.py:218}}
Jul 23 11:17:28.085323 np0000005759 devstack@c-api.service[97193]: DEBUG cinder.volume.api [None req-7958e23d-20a0-436c-a4b3-e28584765ca0 tempest-VolumesServicesTestJSON-1511391245 tempest-VolumesServicesTestJSON-1511391245-project-member] Task 'cinder.volume.flows.api.create_volume.QuotaCommitTask;volume:create' (1ead6e0b-63ce-4422-88a6-13ef4b935cde) transitioned into state 'RUNNING' from state 'PENDING' {{(pid=97193) _task_receiver /opt/stack/data/venv/lib/python3.12/site-packages/taskflow/listeners/logging.py:242}}
Jul 23 11:17:28.113647 np0000005759 devstack@c-api.service[97193]: DEBUG cinder.volume.api [None req-7958e23d-20a0-436c-a4b3-e28584765ca0 tempest-VolumesServicesTestJSON-1511391245 tempest-VolumesServicesTestJSON-1511391245-project-member] Task 'cinder.volume.flows.api.create_volume.QuotaCommitTask;volume:create' (1ead6e0b-63ce-4422-88a6-13ef4b935cde) transitioned into state 'SUCCESS' from state 'RUNNING' with result '{'volume_properties': VolumeProperties(attach_status='detached',availability_zone='nova',cgsnapshot_id=None,consistencygroup_id=None,display_description=None,display_name='tempest-VolumesServicesTestJSON-Volume-1708132039',encryption_key_id=None,group_id=None,group_type_id=,metadata={},multiattach=False,project_id='5a60bc0d60924145a3d54aadc420034d',qos_specs=None,replication_status=,reservations=['fc10b751-27f1-4bb5-8f9a-4296945d8532','7fd82867-f661-4660-a48d-8570ebd4d149','7c6c6823-69bb-46ab-9d54-f762c2daea03','dc0c2bbc-001d-4698-bc59-06a9c64e812f'],size=1,snapshot_id=None,source_replicaid=,source_volid=None,status='creating',user_id='3228f6be20fa4b14b9cc5ca24fbb92fe',volume_type_id=f0a06ce8-b208-4183-85bc-310ffd1159c7)}' {{(pid=97193) _task_receiver /opt/stack/data/venv/lib/python3.12/site-packages/taskflow/listeners/logging.py:218}}
Jul 23 11:17:28.114895 np0000005759 devstack@c-api.service[97193]: DEBUG cinder.volume.api [None req-7958e23d-20a0-436c-a4b3-e28584765ca0 tempest-VolumesServicesTestJSON-1511391245 tempest-VolumesServicesTestJSON-1511391245-project-member] Task 'cinder.volume.flows.api.create_volume.VolumeCastTask;volume:create' (d1be38d5-6049-41d7-9157-602dcd4609cf) transitioned into state 'RUNNING' from state 'PENDING' {{(pid=97193) _task_receiver /opt/stack/data/venv/lib/python3.12/site-packages/taskflow/listeners/logging.py:242}}
Jul 23 11:17:28.131860 np0000005759 devstack@c-api.service[97193]: DEBUG cinder.volume.api [None req-7958e23d-20a0-436c-a4b3-e28584765ca0 tempest-VolumesServicesTestJSON-1511391245 tempest-VolumesServicesTestJSON-1511391245-project-member] Task 'cinder.volume.flows.api.create_volume.VolumeCastTask;volume:create' (d1be38d5-6049-41d7-9157-602dcd4609cf) transitioned into state 'SUCCESS' from state 'RUNNING' with result 'None' {{(pid=97193) _task_receiver /opt/stack/data/venv/lib/python3.12/site-packages/taskflow/listeners/logging.py:218}}
Jul 23 11:17:28.133739 np0000005759 devstack@c-api.service[97193]: DEBUG cinder.volume.api [None req-7958e23d-20a0-436c-a4b3-e28584765ca0 tempest-VolumesServicesTestJSON-1511391245 tempest-VolumesServicesTestJSON-1511391245-project-member] Flow 'volume_create_api' (c6347bc6-be01-49d2-9f28-1328a8ef5eb5) transitioned into state 'SUCCESS' from state 'RUNNING' {{(pid=97193) _flow_receiver /opt/stack/data/venv/lib/python3.12/site-packages/taskflow/listeners/logging.py:160}}
Jul 23 11:17:28.134030 np0000005759 devstack@c-api.service[97193]: INFO cinder.volume.api [None req-7958e23d-20a0-436c-a4b3-e28584765ca0 tempest-VolumesServicesTestJSON-1511391245 tempest-VolumesServicesTestJSON-1511391245-project-member] Create volume request issued successfully.
Jul 23 11:17:28.135274 np0000005759 devstack@c-api.service[97193]: INFO cinder.api.openstack.wsgi [None req-7958e23d-20a0-436c-a4b3-e28584765ca0 tempest-VolumesServicesTestJSON-1511391245 tempest-VolumesServicesTestJSON-1511391245-project-member] https://10.4.3.32/volume/v3/volumes returned with HTTP 202
Jul 23 11:17:28.135274 np0000005759 devstack@c-api.service[97193]: [pid: 97193|app: 0|req: 43/119] 10.4.3.32 () {68 vars in 1251 bytes} [Thu Jul 23 11:17:27 2026] POST /volume/v3/volumes => generated 752 bytes in 616 msecs (HTTP/1.1 202) 7 headers in 291 bytes (1 switches on core 0)
Jul 23 11:17:28.163181 np0000005759 devstack@c-api.service[97192]: DEBUG cinder.api.middleware.request_id [None req-7795eb8c-bf47-4cef-8c1d-c5c8cdca223c None None] RequestId filter calling following filter/app {{(pid=97192) _context_setter /opt/stack/cinder/cinder/api/middleware/request_id.py:62}}
Jul 23 11:17:28.171295 np0000005759 devstack@c-api.service[97192]: INFO cinder.api.openstack.wsgi [None req-7795eb8c-bf47-4cef-8c1d-c5c8cdca223c tempest-VolumesServicesTestJSON-1511391245 tempest-VolumesServicesTestJSON-1511391245-project-member] GET https://10.4.3.32/volume/v3/volumes/cd14736a-06df-46c2-bdb6-8fee3de191ed
Jul 23 11:17:28.172550 np0000005759 devstack@c-api.service[97192]: DEBUG cinder.api.openstack.wsgi [None req-7795eb8c-bf47-4cef-8c1d-c5c8cdca223c tempest-VolumesServicesTestJSON-1511391245 tempest-VolumesServicesTestJSON-1511391245-project-member] Empty body provided in request {{(pid=97192) get_body /opt/stack/cinder/cinder/api/openstack/wsgi.py:725}}
Jul 23 11:17:28.172550 np0000005759 devstack@c-api.service[97192]: DEBUG cinder.api.openstack.wsgi [None req-7795eb8c-bf47-4cef-8c1d-c5c8cdca223c tempest-VolumesServicesTestJSON-1511391245 tempest-VolumesServicesTestJSON-1511391245-project-member] Calling method 'show' {{(pid=97192) _process_stack /opt/stack/cinder/cinder/api/openstack/wsgi.py:878}}
Jul 23 11:17:28.183566 np0000005759 devstack@c-api.service[97192]: /opt/stack/data/venv/lib/python3.12/site-packages/oslo_context/context.py:102: DeprecationWarning: Policy enforcement is depending on the value of is_admin. This key is deprecated. Please update your policy file to use the standard policy values.
Jul 23 11:17:28.183566 np0000005759 devstack@c-api.service[97192]: warnings.warn(
Jul 23 11:17:28.193314 np0000005759 devstack@c-api.service[97192]: INFO cinder.volume.api [None req-7795eb8c-bf47-4cef-8c1d-c5c8cdca223c tempest-VolumesServicesTestJSON-1511391245 tempest-VolumesServicesTestJSON-1511391245-project-member] Volume info retrieved successfully.
Jul 23 11:17:28.208700 np0000005759 devstack@c-api.service[97192]: INFO cinder.api.openstack.wsgi [None req-7795eb8c-bf47-4cef-8c1d-c5c8cdca223c tempest-VolumesServicesTestJSON-1511391245 tempest-VolumesServicesTestJSON-1511391245-project-member] https://10.4.3.32/volume/v3/volumes/cd14736a-06df-46c2-bdb6-8fee3de191ed returned with HTTP 200
