Jul 23 11:18:22.528510 np0000005759 devstack@g-api.service[99913]: DEBUG glance.api.middleware.version_negotiation [None req-a23519f2-24b3-4b67-963e-8bfbe58e0a3c tempest-VolumesSnapshotTestJSON-84029024 tempest-VolumesSnapshotTestJSON-84029024-project-member] Using url versioning {{(pid=99913) process_request /opt/stack/glance/glance/api/middleware/version_negotiation.py:57}}
Jul 23 11:18:22.528510 np0000005759 devstack@g-api.service[99913]: DEBUG glance.api.middleware.version_negotiation [None req-a23519f2-24b3-4b67-963e-8bfbe58e0a3c tempest-VolumesSnapshotTestJSON-84029024 tempest-VolumesSnapshotTestJSON-84029024-project-member] Matched version: v2 {{(pid=99913) process_request /opt/stack/glance/glance/api/middleware/version_negotiation.py:69}}
Jul 23 11:18:22.528510 np0000005759 devstack@g-api.service[99913]: DEBUG glance.api.middleware.version_negotiation [None req-a23519f2-24b3-4b67-963e-8bfbe58e0a3c tempest-VolumesSnapshotTestJSON-84029024 tempest-VolumesSnapshotTestJSON-84029024-project-member] new path /v2/images/dcd106a4-96ee-4996-b794-faff86445708 {{(pid=99913) process_request /opt/stack/glance/glance/api/middleware/version_negotiation.py:70}}
Jul 23 11:18:22.549611 np0000005759 devstack@g-api.service[99913]: [pid: 99913|app: 0|req: 26/81] 127.0.0.1 () {44 vars in 1111 bytes} [Thu Jul 23 11:18:22 2026] GET /v2/images/dcd106a4-96ee-4996-b794-faff86445708 => generated 1044 bytes in 22 msecs (HTTP/1.1 200) 4 headers in 158 bytes (1 switches on core 0)
Jul 23 11:18:22.565686 np0000005759 devstack@g-api.service[99912]: DEBUG glance.api.middleware.version_negotiation [None req-a23519f2-24b3-4b67-963e-8bfbe58e0a3c tempest-VolumesSnapshotTestJSON-84029024 tempest-VolumesSnapshotTestJSON-84029024-project-member] Determining version of request: GET /v2/schemas/image Accept: */* {{(pid=99912) process_request /opt/stack/glance/glance/api/middleware/version_negotiation.py:44}}
Jul 23 11:18:22.566187 np0000005759 devstack@g-api.service[99912]: DEBUG glance.api.middleware.version_negotiation [None req-a23519f2-24b3-4b67-963e-8bfbe58e0a3c tempest-VolumesSnapshotTestJSON-84029024 tempest-VolumesSnapshotTestJSON-84029024-project-member] Using url versioning {{(pid=99912) process_request /opt/stack/glance/glance/api/middleware/version_negotiation.py:57}}
Jul 23 11:18:22.566187 np0000005759 devstack@g-api.service[99912]: DEBUG glance.api.middleware.version_negotiation [None req-a23519f2-24b3-4b67-963e-8bfbe58e0a3c tempest-VolumesSnapshotTestJSON-84029024 tempest-VolumesSnapshotTestJSON-84029024-project-member] Matched version: v2 {{(pid=99912) process_request /opt/stack/glance/glance/api/middleware/version_negotiation.py:69}}
Jul 23 11:18:22.566187 np0000005759 devstack@g-api.service[99912]: DEBUG glance.api.middleware.version_negotiation [None req-a23519f2-24b3-4b67-963e-8bfbe58e0a3c tempest-VolumesSnapshotTestJSON-84029024 tempest-VolumesSnapshotTestJSON-84029024-project-member] new path /v2/schemas/image {{(pid=99912) process_request /opt/stack/glance/glance/api/middleware/version_negotiation.py:70}}
Jul 23 11:18:22.568516 np0000005759 devstack@g-api.service[99912]: [pid: 99912|app: 0|req: 28/82] 127.0.0.1 () {44 vars in 1051 bytes} [Thu Jul 23 11:18:22 2026] GET /v2/schemas/image => generated 6083 bytes in 3 msecs (HTTP/1.1 200) 4 headers in 158 bytes (1 switches on core 0)
Jul 23 11:18:27.426861 np0000005759 devstack@g-api.service[99914]: DEBUG glance.api.middleware.version_negotiation [None req-a23519f2-24b3-4b67-963e-8bfbe58e0a3c tempest-VolumesSnapshotTestJSON-84029024 tempest-VolumesSnapshotTestJSON-84029024-project-member] Determining version of request: GET /v2/images/dcd106a4-96ee-4996-b794-faff86445708 Accept: */* {{(pid=99914) process_request /opt/stack/glance/glance/api/middleware/version_negotiation.py:44}}
Jul 23 11:18:27.428079 np0000005759 devstack@g-api.service[99914]: DEBUG glance.api.middleware.version_negotiation [None req-a23519f2-24b3-4b67-963e-8bfbe58e0a3c tempest-VolumesSnapshotTestJSON-84029024 tempest-VolumesSnapshotTestJSON-84029024-project-member] Using url versioning {{(pid=99914) process_request /opt/stack/glance/glance/api/middleware/version_negotiation.py:57}}
Jul 23 11:18:27.428079 np0000005759 devstack@g-api.service[99914]: DEBUG glance.api.middleware.version_negotiation [None req-a23519f2-24b3-4b67-963e-8bfbe58e0a3c tempest-VolumesSnapshotTestJSON-84029024 tempest-VolumesSnapshotTestJSON-84029024-project-member] Matched version: v2 {{(pid=99914) process_request /opt/stack/glance/glance/api/middleware/version_negotiation.py:69}}
Jul 23 11:18:27.428079 np0000005759 devstack@g-api.service[99914]: DEBUG glance.api.middleware.version_negotiation [None req-a23519f2-24b3-4b67-963e-8bfbe58e0a3c tempest-VolumesSnapshotTestJSON-84029024 tempest-VolumesSnapshotTestJSON-84029024-project-member] new path /v2/images/dcd106a4-96ee-4996-b794-faff86445708 {{(pid=99914) process_request /opt/stack/glance/glance/api/middleware/version_negotiation.py:70}}
Jul 23 11:18:27.442129 np0000005759 devstack@g-api.service[99914]: [pid: 99914|app: 0|req: 29/83] 127.0.0.1 () {44 vars in 1111 bytes} [Thu Jul 23 11:18:27 2026] GET /v2/images/dcd106a4-96ee-4996-b794-faff86445708 => generated 1044 bytes in 15 msecs (HTTP/1.1 200) 4 headers in 158 bytes (1 switches on core 0)
Jul 23 11:18:27.487102 np0000005759 devstack@g-api.service[99913]: DEBUG glance.api.middleware.version_negotiation [None req-a23519f2-24b3-4b67-963e-8bfbe58e0a3c tempest-VolumesSnapshotTestJSON-84029024 tempest-VolumesSnapshotTestJSON-84029024-project-member] Determining version of request: GET /v2/schemas/image Accept: */* {{(pid=99913) process_request /opt/stack/glance/glance/api/middleware/version_negotiation.py:44}}
Jul 23 11:18:27.487958 np0000005759 devstack@g-api.service[99913]: DEBUG glance.api.middleware.version_negotiation [None req-a23519f2-24b3-4b67-963e-8bfbe58e0a3c tempest-VolumesSnapshotTestJSON-84029024 tempest-VolumesSnapshotTestJSON-84029024-project-member] Using url versioning {{(pid=99913) process_request /opt/stack/glance/glance/api/middleware/version_negotiation.py:57}}
Jul 23 11:18:27.488333 np0000005759 devstack@g-api.service[99913]: DEBUG glance.api.middleware.version_negotiation [None req-a23519f2-24b3-4b67-963e-8bfbe58e0a3c tempest-VolumesSnapshotTestJSON-84029024 tempest-VolumesSnapshotTestJSON-84029024-project-member] Matched version: v2 {{(pid=99913) process_request /opt/stack/glance/glance/api/middleware/version_negotiation.py:69}}
Jul 23 11:18:27.488594 np0000005759 devstack@g-api.service[99913]: DEBUG glance.api.middleware.version_negotiation [None req-a23519f2-24b3-4b67-963e-8bfbe58e0a3c tempest-VolumesSnapshotTestJSON-84029024 tempest-VolumesSnapshotTestJSON-84029024-project-member] new path /v2/schemas/image {{(pid=99913) process_request /opt/stack/glance/glance/api/middleware/version_negotiation.py:70}}
Jul 23 11:18:27.492377 np0000005759 devstack@g-api.service[99913]: [pid: 99913|app: 0|req: 27/84] 127.0.0.1 () {44 vars in 1051 bytes} [Thu Jul 23 11:18:27 2026] GET /v2/schemas/image => generated 6083 bytes in 5 msecs (HTTP/1.1 200) 4 headers in 158 bytes (1 switches on core 0)
Jul 23 11:18:31.083318 np0000005759 devstack@g-api.service[99912]: DEBUG dbcounter [-] [99912] Writing DB stats glance:SELECT=11,glance:UPDATE=1 {{(pid=99912) stat_writer /opt/stack/data/venv/lib/python3.12/site-packages/dbcounter.py:115}}
Jul 23 11:18:32.548679 np0000005759 devstack@g-api.service[99913]: DEBUG dbcounter [-] [99913] Writing DB stats glance:SELECT=18,glance:UPDATE=9,glance:DELETE=1 {{(pid=99913) stat_writer /opt/stack/data/venv/lib/python3.12/site-packages/dbcounter.py:115}}
Jul 23 11:18:34.731289 np0000005759 devstack@g-api.service[99912]: DEBUG glance.api.middleware.version_negotiation [None req-a23519f2-24b3-4b67-963e-8bfbe58e0a3c tempest-VolumesSnapshotTestJSON-84029024 tempest-VolumesSnapshotTestJSON-84029024-project-member] Determining version of request: GET /v2/schemas/image Accept: */* {{(pid=99912) process_request /opt/stack/glance/glance/api/middleware/version_negotiation.py:44}}
Jul 23 11:18:34.731816 np0000005759 devstack@g-api.service[99912]: DEBUG glance.api.middleware.version_negotiation [None req-a23519f2-24b3-4b67-963e-8bfbe58e0a3c tempest-VolumesSnapshotTestJSON-84029024 tempest-VolumesSnapshotTestJSON-84029024-project-member] Using url versioning {{(pid=99912) process_request /opt/stack/glance/glance/api/middleware/version_negotiation.py:57}}
Jul 23 11:18:34.731816 np0000005759 devstack@g-api.service[99912]: DEBUG glance.api.middleware.version_negotiation [None req-a23519f2-24b3-4b67-963e-8bfbe58e0a3c tempest-VolumesSnapshotTestJSON-84029024 tempest-VolumesSnapshotTestJSON-84029024-project-member] Matched version: v2 {{(pid=99912) process_request /opt/stack/glance/glance/api/middleware/version_negotiation.py:69}}
Jul 23 11:18:34.731816 np0000005759 devstack@g-api.service[99912]: DEBUG glance.api.middleware.version_negotiation [None req-a23519f2-24b3-4b67-963e-8bfbe58e0a3c tempest-VolumesSnapshotTestJSON-84029024 tempest-VolumesSnapshotTestJSON-84029024-project-member] new path /v2/schemas/image {{(pid=99912) process_request /opt/stack/glance/glance/api/middleware/version_negotiation.py:70}}
Jul 23 11:18:34.734216 np0000005759 devstack@g-api.service[99912]: [pid: 99912|app: 0|req: 29/85] 127.0.0.1 () {44 vars in 1051 bytes} [Thu Jul 23 11:18:34 2026] GET /v2/schemas/image => generated 6083 bytes in 3 msecs (HTTP/1.1 200) 4 headers in 158 bytes (1 switches on core 0)
Jul 23 11:18:34.749084 np0000005759 devstack@g-api.service[99914]: DEBUG glance.api.middleware.version_negotiation [None req-d72afc98-75c1-4329-b936-8138feb1d863 tempest-VolumesSnapshotTestJSON-84029024 tempest-VolumesSnapshotTestJSON-84029024-project-member] Determining version of request: POST /v2/images Accept: */* {{(pid=99914) process_request /opt/stack/glance/glance/api/middleware/version_negotiation.py:44}}
Jul 23 11:18:34.749487 np0000005759 devstack@g-api.service[99914]: DEBUG glance.api.middleware.version_negotiation [None req-d72afc98-75c1-4329-b936-8138feb1d863 tempest-VolumesSnapshotTestJSON-84029024 tempest-VolumesSnapshotTestJSON-84029024-project-member] Using url versioning {{(pid=99914) process_request /opt/stack/glance/glance/api/middleware/version_negotiation.py:57}}
Jul 23 11:18:34.749487 np0000005759 devstack@g-api.service[99914]: DEBUG glance.api.middleware.version_negotiation [None req-d72afc98-75c1-4329-b936-8138feb1d863 tempest-VolumesSnapshotTestJSON-84029024 tempest-VolumesSnapshotTestJSON-84029024-project-member] Matched version: v2 {{(pid=99914) process_request /opt/stack/glance/glance/api/middleware/version_negotiation.py:69}}
Jul 23 11:18:34.749487 np0000005759 devstack@g-api.service[99914]: DEBUG glance.api.middleware.version_negotiation [None req-d72afc98-75c1-4329-b936-8138feb1d863 tempest-VolumesSnapshotTestJSON-84029024 tempest-VolumesSnapshotTestJSON-84029024-project-member] new path /v2/images {{(pid=99914) process_request /opt/stack/glance/glance/api/middleware/version_negotiation.py:70}}
Jul 23 11:18:35.549887 np0000005759 devstack@g-api.service[99914]: [pid: 99914|app: 0|req: 30/86] 127.0.0.1 () {46 vars in 1051 bytes} [Thu Jul 23 11:18:34 2026] POST /v2/images => generated 649 bytes in 801 msecs (HTTP/1.1 201) 6 headers in 315 bytes (1 switches on core 0)
Jul 23 11:18:35.563152 np0000005759 devstack@g-api.service[99913]: DEBUG glance.api.middleware.version_negotiation [None req-d72afc98-75c1-4329-b936-8138feb1d863 tempest-VolumesSnapshotTestJSON-84029024 tempest-VolumesSnapshotTestJSON-84029024-project-member] Determining version of request: GET /v2/schemas/image Accept: */* {{(pid=99913) process_request /opt/stack/glance/glance/api/middleware/version_negotiation.py:44}}
Jul 23 11:18:35.563602 np0000005759 devstack@g-api.service[99913]: DEBUG glance.api.middleware.version_negotiation [None req-d72afc98-75c1-4329-b936-8138feb1d863 tempest-VolumesSnapshotTestJSON-84029024 tempest-VolumesSnapshotTestJSON-84029024-project-member] Using url versioning {{(pid=99913) process_request /opt/stack/glance/glance/api/middleware/version_negotiation.py:57}}
Jul 23 11:18:35.564906 np0000005759 devstack@g-api.service[99913]: DEBUG glance.api.middleware.version_negotiation [None req-d72afc98-75c1-4329-b936-8138feb1d863 tempest-VolumesSnapshotTestJSON-84029024 tempest-VolumesSnapshotTestJSON-84029024-project-member] Matched version: v2 {{(pid=99913) process_request /opt/stack/glance/glance/api/middleware/version_negotiation.py:69}}
Jul 23 11:18:35.565239 np0000005759 devstack@g-api.service[99913]: DEBUG glance.api.middleware.version_negotiation [None req-d72afc98-75c1-4329-b936-8138feb1d863 tempest-VolumesSnapshotTestJSON-84029024 tempest-VolumesSnapshotTestJSON-84029024-project-member] new path /v2/schemas/image {{(pid=99913) process_request /opt/stack/glance/glance/api/middleware/version_negotiation.py:70}}
Jul 23 11:18:35.570968 np0000005759 devstack@g-api.service[99913]: [pid: 99913|app: 0|req: 28/87] 127.0.0.1 () {44 vars in 1051 bytes} [Thu Jul 23 11:18:35 2026] GET /v2/schemas/image => generated 6083 bytes in 8 msecs (HTTP/1.1 200) 4 headers in 158 bytes (1 switches on core 0)
Jul 23 11:18:35.586645 np0000005759 devstack@g-api.service[99912]: DEBUG glance.api.middleware.version_negotiation [None req-f7205bc2-5b3e-4a8f-b56f-068676e419e9 tempest-VolumesActionsTest-315713418 tempest-VolumesActionsTest-315713418-project-member] Determining version of request: GET /v2/images/40406588-32df-4a9b-93b8-053f06949a54 Accept: application/json {{(pid=99912) process_request /opt/stack/glance/glance/api/middleware/version_negotiation.py:44}}
Jul 23 11:18:35.586761 np0000005759 devstack@g-api.service[99912]: DEBUG glance.api.middleware.version_negotiation [None req-f7205bc2-5b3e-4a8f-b56f-068676e419e9 tempest-VolumesActionsTest-315713418 tempest-VolumesActionsTest-315713418-project-member] Using url versioning {{(pid=99912) process_request /opt/stack/glance/glance/api/middleware/version_negotiation.py:57}}
Jul 23 11:18:35.586945 np0000005759 devstack@g-api.service[99912]: DEBUG glance.api.middleware.version_negotiation [None req-f7205bc2-5b3e-4a8f-b56f-068676e419e9 tempest-VolumesActionsTest-315713418 tempest-VolumesActionsTest-315713418-project-member] Matched version: v2 {{(pid=99912) process_request /opt/stack/glance/glance/api/middleware/version_negotiation.py:69}}
Jul 23 11:18:35.587117 np0000005759 devstack@g-api.service[99912]: DEBUG glance.api.middleware.version_negotiation [None req-f7205bc2-5b3e-4a8f-b56f-068676e419e9 tempest-VolumesActionsTest-315713418 tempest-VolumesActionsTest-315713418-project-member] new path /v2/images/40406588-32df-4a9b-93b8-053f06949a54 {{(pid=99912) process_request /opt/stack/glance/glance/api/middleware/version_negotiation.py:70}}
Jul 23 11:18:35.607129 np0000005759 devstack@g-api.service[99912]: [pid: 99912|app: 0|req: 30/88] 127.0.0.1 () {40 vars in 834 bytes} [Thu Jul 23 11:18:35 2026] GET /v2/images/40406588-32df-4a9b-93b8-053f06949a54 => generated 649 bytes in 20 msecs (HTTP/1.1 200) 4 headers in 157 bytes (1 switches on core 0)
Jul 23 11:18:35.916558 np0000005759 devstack@g-api.service[99914]: DEBUG glance.api.middleware.version_negotiation [None req-f7205bc2-5b3e-4a8f-b56f-068676e419e9 tempest-VolumesActionsTest-315713418 tempest-VolumesActionsTest-315713418-project-member] Determining version of request: PUT /v2/images/40406588-32df-4a9b-93b8-053f06949a54/file Accept: */* {{(pid=99914) process_request /opt/stack/glance/glance/api/middleware/version_negotiation.py:44}}
Jul 23 11:18:35.917065 np0000005759 devstack@g-api.service[99914]: DEBUG glance.api.middleware.version_negotiation [None req-f7205bc2-5b3e-4a8f-b56f-068676e419e9 tempest-VolumesActionsTest-315713418 tempest-VolumesActionsTest-315713418-project-member] Using url versioning {{(pid=99914) process_request /opt/stack/glance/glance/api/middleware/version_negotiation.py:57}}
Jul 23 11:18:35.917065 np0000005759 devstack@g-api.service[99914]: DEBUG glance.api.middleware.version_negotiation [None req-f7205bc2-5b3e-4a8f-b56f-068676e419e9 tempest-VolumesActionsTest-315713418 tempest-VolumesActionsTest-315713418-project-member] Matched version: v2 {{(pid=99914) process_request /opt/stack/glance/glance/api/middleware/version_negotiation.py:69}}
Jul 23 11:18:35.917144 np0000005759 devstack@g-api.service[99914]: DEBUG glance.api.middleware.version_negotiation [None req-f7205bc2-5b3e-4a8f-b56f-068676e419e9 tempest-VolumesActionsTest-315713418 tempest-VolumesActionsTest-315713418-project-member] new path /v2/images/40406588-32df-4a9b-93b8-053f06949a54/file {{(pid=99914) process_request /opt/stack/glance/glance/api/middleware/version_negotiation.py:70}}
Jul 23 11:18:36.618741 np0000005759 devstack@g-api.service[99913]: DEBUG glance.api.middleware.version_negotiation [None req-f7205bc2-5b3e-4a8f-b56f-068676e419e9 tempest-VolumesActionsTest-315713418 tempest-VolumesActionsTest-315713418-project-member] Determining version of request: GET /v2/images/40406588-32df-4a9b-93b8-053f06949a54 Accept: application/json {{(pid=99913) process_request /opt/stack/glance/glance/api/middleware/version_negotiation.py:44}}
Jul 23 11:18:36.619272 np0000005759 devstack@g-api.service[99913]: DEBUG glance.api.middleware.version_negotiation [None req-f7205bc2-5b3e-4a8f-b56f-068676e419e9 tempest-VolumesActionsTest-315713418 tempest-VolumesActionsTest-315713418-project-member] Using url versioning {{(pid=99913) process_request /opt/stack/glance/glance/api/middleware/version_negotiation.py:57}}
Jul 23 11:18:36.619272 np0000005759 devstack@g-api.service[99913]: DEBUG glance.api.middleware.version_negotiation [None req-f7205bc2-5b3e-4a8f-b56f-068676e419e9 tempest-VolumesActionsTest-315713418 tempest-VolumesActionsTest-315713418-project-member] Matched version: v2 {{(pid=99913) process_request /opt/stack/glance/glance/api/middleware/version_negotiation.py:69}}
Jul 23 11:18:36.619272 np0000005759 devstack@g-api.service[99913]: DEBUG glance.api.middleware.version_negotiation [None req-f7205bc2-5b3e-4a8f-b56f-068676e419e9 tempest-VolumesActionsTest-315713418 tempest-VolumesActionsTest-315713418-project-member] new path /v2/images/40406588-32df-4a9b-93b8-053f06949a54 {{(pid=99913) process_request /opt/stack/glance/glance/api/middleware/version_negotiation.py:70}}
Jul 23 11:18:36.642811 np0000005759 devstack@g-api.service[99913]: [pid: 99913|app: 0|req: 29/89] 127.0.0.1 () {40 vars in 834 bytes} [Thu Jul 23 11:18:36 2026] GET /v2/images/40406588-32df-4a9b-93b8-053f06949a54 => generated 649 bytes in 24 msecs (HTTP/1.1 200) 4 headers in 157 bytes (1 switches on core 0)
Jul 23 11:18:36.645180 np0000005759 devstack@g-api.service[99914]: INFO glance.api.v2.image_data [None req-f7205bc2-5b3e-4a8f-b56f-068676e419e9 tempest-VolumesActionsTest-315713418 tempest-VolumesActionsTest-315713418-project-member] Unable to create trust: no such option collect_timing in group [keystone_authtoken] Use the existing user token.
Jul 23 11:18:37.433598 np0000005759 devstack@g-api.service[99914]: DEBUG glance.location [None req-f7205bc2-5b3e-4a8f-b56f-068676e419e9 tempest-VolumesActionsTest-315713418 tempest-VolumesActionsTest-315713418-project-member] Enabling in-flight format inspection for raw {{(pid=99914) set_data /opt/stack/glance/glance/location.py:596}}
Jul 23 11:18:37.434175 np0000005759 devstack@g-api.service[99914]: DEBUG glance_store.backend [None req-f7205bc2-5b3e-4a8f-b56f-068676e419e9 tempest-VolumesActionsTest-315713418 tempest-VolumesActionsTest-315713418-project-member] Attempting to import store swift {{(pid=99914) _load_store /opt/stack/data/venv/lib/python3.12/site-packages/glance_store/backend.py:215}}
Jul 23 11:18:37.436121 np0000005759 devstack@g-api.service[99914]: DEBUG glance_store.capabilities [None req-f7205bc2-5b3e-4a8f-b56f-068676e419e9 tempest-VolumesActionsTest-315713418 tempest-VolumesActionsTest-315713418-project-member] Store glance_store._drivers.swift.store.SingleTenantStore doesn't support updating dynamic storage capabilities. Please overwrite 'update_capabilities' method of the store to implement updating logics if needed. {{(pid=99914) update_capabilities /opt/stack/data/venv/lib/python3.12/site-packages/glance_store/capabilities.py:91}}
Jul 23 11:18:37.436276 np0000005759 devstack@g-api.service[99914]: DEBUG glance_store.driver [None req-f7205bc2-5b3e-4a8f-b56f-068676e419e9 tempest-VolumesActionsTest-315713418 tempest-VolumesActionsTest-315713418-project-member] Late loading location class glance_store._drivers.swift.store.StoreLocation {{(pid=99914) get_store_location_class /opt/stack/data/venv/lib/python3.12/site-packages/glance_store/driver.py:134}}
Jul 23 11:18:37.436431 np0000005759 devstack@g-api.service[99914]: DEBUG glance_store.location [None req-f7205bc2-5b3e-4a8f-b56f-068676e419e9 tempest-VolumesActionsTest-315713418 tempest-VolumesActionsTest-315713418-project-member] Registering scheme swift+https with {'store': , 'location_class': , 'store_entry': 'swift'} {{(pid=99914) register_scheme_map /opt/stack/data/venv/lib/python3.12/site-packages/glance_store/location.py:146}}
Jul 23 11:18:37.436591 np0000005759 devstack@g-api.service[99914]: DEBUG glance_store.location [None req-f7205bc2-5b3e-4a8f-b56f-068676e419e9 tempest-VolumesActionsTest-315713418 tempest-VolumesActionsTest-315713418-project-member] Registering scheme swift+https with {'store': , 'location_class': , 'store_entry': 'swift'} {{(pid=99914) register_scheme_map /opt/stack/data/venv/lib/python3.12/site-packages/glance_store/location.py:146}}
Jul 23 11:18:37.436674 np0000005759 devstack@g-api.service[99914]: DEBUG glance_store.location [None req-f7205bc2-5b3e-4a8f-b56f-068676e419e9 tempest-VolumesActionsTest-315713418 tempest-VolumesActionsTest-315713418-project-member] Registering scheme swift with {'store': , 'location_class': , 'store_entry': 'swift'} {{(pid=99914) register_scheme_map /opt/stack/data/venv/lib/python3.12/site-packages/glance_store/location.py:146}}
Jul 23 11:18:37.436792 np0000005759 devstack@g-api.service[99914]: DEBUG glance_store.location [None req-f7205bc2-5b3e-4a8f-b56f-068676e419e9 tempest-VolumesActionsTest-315713418 tempest-VolumesActionsTest-315713418-project-member] Registering scheme swift+https with {'store': , 'location_class': , 'store_entry': 'swift'} {{(pid=99914) register_scheme_map /opt/stack/data/venv/lib/python3.12/site-packages/glance_store/location.py:146}}
Jul 23 11:18:37.436897 np0000005759 devstack@g-api.service[99914]: DEBUG glance_store.location [None req-f7205bc2-5b3e-4a8f-b56f-068676e419e9 tempest-VolumesActionsTest-315713418 tempest-VolumesActionsTest-315713418-project-member] Registering scheme swift with {'store': , 'location_class': , 'store_entry': 'swift'} {{(pid=99914) register_scheme_map /opt/stack/data/venv/lib/python3.12/site-packages/glance_store/location.py:146}}
Jul 23 11:18:37.437018 np0000005759 devstack@g-api.service[99914]: DEBUG glance_store.location [None req-f7205bc2-5b3e-4a8f-b56f-068676e419e9 tempest-VolumesActionsTest-315713418 tempest-VolumesActionsTest-315713418-project-member] Registering scheme swift+http with {'store': , 'location_class': , 'store_entry': 'swift'} {{(pid=99914) register_scheme_map /opt/stack/data/venv/lib/python3.12/site-packages/glance_store/location.py:146}}
Jul 23 11:18:37.437543 np0000005759 devstack@g-api.service[99914]: DEBUG glance_store.location [None req-f7205bc2-5b3e-4a8f-b56f-068676e419e9 tempest-VolumesActionsTest-315713418 tempest-VolumesActionsTest-315713418-project-member] Registering scheme swift+https with {'store': , 'location_class': , 'store_entry': 'swift'} {{(pid=99914) register_scheme_map /opt/stack/data/venv/lib/python3.12/site-packages/glance_store/location.py:146}}
Jul 23 11:18:37.437543 np0000005759 devstack@g-api.service[99914]: DEBUG glance_store.location [None req-f7205bc2-5b3e-4a8f-b56f-068676e419e9 tempest-VolumesActionsTest-315713418 tempest-VolumesActionsTest-315713418-project-member] Registering scheme swift with {'store': , 'location_class': , 'store_entry': 'swift'} {{(pid=99914) register_scheme_map /opt/stack/data/venv/lib/python3.12/site-packages/glance_store/location.py:146}}
Jul 23 11:18:37.437543 np0000005759 devstack@g-api.service[99914]: DEBUG glance_store.location [None req-f7205bc2-5b3e-4a8f-b56f-068676e419e9 tempest-VolumesActionsTest-315713418 tempest-VolumesActionsTest-315713418-project-member] Registering scheme swift+http with {'store': , 'location_class': , 'store_entry': 'swift'} {{(pid=99914) register_scheme_map /opt/stack/data/venv/lib/python3.12/site-packages/glance_store/location.py:146}}
Jul 23 11:18:37.437543 np0000005759 devstack@g-api.service[99914]: DEBUG glance_store.location [None req-f7205bc2-5b3e-4a8f-b56f-068676e419e9 tempest-VolumesActionsTest-315713418 tempest-VolumesActionsTest-315713418-project-member] Registering scheme swift+config with {'store': , 'location_class': , 'store_entry': 'swift'} {{(pid=99914) register_scheme_map /opt/stack/data/venv/lib/python3.12/site-packages/glance_store/location.py:146}}
Jul 23 11:18:37.654286 np0000005759 devstack@g-api.service[99912]: DEBUG glance.api.middleware.version_negotiation [None req-de7d4de3-b4b6-4de9-9190-12a23a0e2d16 tempest-VolumesActionsTest-315713418 tempest-VolumesActionsTest-315713418-project-member] Determining version of request: GET /v2/images/40406588-32df-4a9b-93b8-053f06949a54 Accept: application/json {{(pid=99912) process_request /opt/stack/glance/glance/api/middleware/version_negotiation.py:44}}
Jul 23 11:18:37.654731 np0000005759 devstack@g-api.service[99912]: DEBUG glance.api.middleware.version_negotiation [None req-de7d4de3-b4b6-4de9-9190-12a23a0e2d16 tempest-VolumesActionsTest-315713418 tempest-VolumesActionsTest-315713418-project-member] Using url versioning {{(pid=99912) process_request /opt/stack/glance/glance/api/middleware/version_negotiation.py:57}}
Jul 23 11:18:37.654731 np0000005759 devstack@g-api.service[99912]: DEBUG glance.api.middleware.version_negotiation [None req-de7d4de3-b4b6-4de9-9190-12a23a0e2d16 tempest-VolumesActionsTest-315713418 tempest-VolumesActionsTest-315713418-project-member] Matched version: v2 {{(pid=99912) process_request /opt/stack/glance/glance/api/middleware/version_negotiation.py:69}}
Jul 23 11:18:37.654817 np0000005759 devstack@g-api.service[99912]: DEBUG glance.api.middleware.version_negotiation [None req-de7d4de3-b4b6-4de9-9190-12a23a0e2d16 tempest-VolumesActionsTest-315713418 tempest-VolumesActionsTest-315713418-project-member] new path /v2/images/40406588-32df-4a9b-93b8-053f06949a54 {{(pid=99912) process_request /opt/stack/glance/glance/api/middleware/version_negotiation.py:70}}
Jul 23 11:18:37.665896 np0000005759 devstack@g-api.service[99912]: [pid: 99912|app: 0|req: 31/90] 127.0.0.1 () {40 vars in 834 bytes} [Thu Jul 23 11:18:37 2026] GET /v2/images/40406588-32df-4a9b-93b8-053f06949a54 => generated 649 bytes in 12 msecs (HTTP/1.1 200) 4 headers in 157 bytes (1 switches on core 0)
Jul 23 11:18:38.010263 np0000005759 devstack@g-api.service[99914]: DEBUG swiftclient [None req-f7205bc2-5b3e-4a8f-b56f-068676e419e9 tempest-VolumesActionsTest-315713418 tempest-VolumesActionsTest-315713418-project-member] REQ: curl -i https://10.4.3.32:8080/v1/AUTH_6802d43aa0d2454c9c8e71994cc34f8c/glance -I -H "X-Auth-Token: gAAAAABqYfiNqAn1..." {{(pid=99914) http_log /opt/stack/data/venv/lib/python3.12/site-packages/swiftclient/client.py:160}}
Jul 23 11:18:38.010445 np0000005759 devstack@g-api.service[99914]: DEBUG swiftclient [None req-f7205bc2-5b3e-4a8f-b56f-068676e419e9 tempest-VolumesActionsTest-315713418 tempest-VolumesActionsTest-315713418-project-member] RESP STATUS: 204 No Content {{(pid=99914) http_log /opt/stack/data/venv/lib/python3.12/site-packages/swiftclient/client.py:161}}
Jul 23 11:18:38.010622 np0000005759 devstack@g-api.service[99914]: DEBUG swiftclient [None req-f7205bc2-5b3e-4a8f-b56f-068676e419e9 tempest-VolumesActionsTest-315713418 tempest-VolumesActionsTest-315713418-project-member] RESP HEADERS: {'Date': 'Thu, 23 Jul 2026 11:18:38 GMT', 'Server': 'Apache/2.4.58 (Ubuntu)', 'Content-Type': 'text/plain; charset=utf-8', 'X-Container-Object-Count': '3', 'X-Container-Bytes-Used': '64356352', 'X-Timestamp': '1784805290.75811', 'Last-Modified': 'Thu, 23 Jul 2026 11:14:51 GMT', 'Accept-Ranges': 'bytes', 'X-Storage-Policy': 'Policy-0', 'X-Container-Sharding': 'False', 'Vary': 'Accept', 'X-Trans-Id': 'tx1a0fcc13a7ae4b5b817a4-006a61f88d', 'X-Openstack-Request-Id': 'tx1a0fcc13a7ae4b5b817a4-006a61f88d', 'Connection': 'close'} {{(pid=99914) http_log /opt/stack/data/venv/lib/python3.12/site-packages/swiftclient/client.py:162}}
Jul 23 11:18:38.010872 np0000005759 devstack@g-api.service[99914]: DEBUG glance_store._drivers.swift.store [None req-f7205bc2-5b3e-4a8f-b56f-068676e419e9 tempest-VolumesActionsTest-315713418 tempest-VolumesActionsTest-315713418-project-member] Adding image object '40406588-32df-4a9b-93b8-053f06949a54' to Swift {{(pid=99914) add /opt/stack/data/venv/lib/python3.12/site-packages/glance_store/_drivers/swift/store.py:970}}
Jul 23 11:18:38.010872 np0000005759 devstack@g-api.service[99914]: DEBUG glance_store._drivers.swift.store [None req-f7205bc2-5b3e-4a8f-b56f-068676e419e9 tempest-VolumesActionsTest-315713418 tempest-VolumesActionsTest-315713418-project-member] Cannot determine image size because it is either not provided in the request or chunked-transfer encoding is used. Adding image as a segmented object to Swift. {{(pid=99914) add /opt/stack/data/venv/lib/python3.12/site-packages/glance_store/_drivers/swift/store.py:994}}
Jul 23 11:18:38.020856 np0000005759 devstack@g-api.service[99914]: DEBUG oslo_utils.imageutils.format_inspector [None req-f7205bc2-5b3e-4a8f-b56f-068676e419e9 tempest-VolumesActionsTest-315713418 tempest-VolumesActionsTest-315713418-project-member] Format inspector for vmdk does not match, excluding from consideration (Signature KDMV not found: b'\x00\x00\x00\x00') {{(pid=99914) _process_chunk /opt/stack/data/venv/lib/python3.12/site-packages/oslo_utils/imageutils/format_inspector.py:1758}}
Jul 23 11:18:38.023702 np0000005759 devstack@g-api.service[99914]: DEBUG oslo_utils.imageutils.format_inspector [None req-f7205bc2-5b3e-4a8f-b56f-068676e419e9 tempest-VolumesActionsTest-315713418 tempest-VolumesActionsTest-315713418-project-member] Format inspector for vhdx does not match, excluding from consideration (Region signature not found at 30000) {{(pid=99914) _process_chunk /opt/stack/data/venv/lib/python3.12/site-packages/oslo_utils/imageutils/format_inspector.py:1758}}
Jul 23 11:18:38.678027 np0000005759 devstack@g-api.service[99913]: DEBUG glance.api.middleware.version_negotiation [None req-573c24de-e8e0-4847-a439-95850d6ef6a5 tempest-VolumesActionsTest-315713418 tempest-VolumesActionsTest-315713418-project-member] Determining version of request: GET /v2/images/40406588-32df-4a9b-93b8-053f06949a54 Accept: application/json {{(pid=99913) process_request /opt/stack/glance/glance/api/middleware/version_negotiation.py:44}}
Jul 23 11:18:38.678027 np0000005759 devstack@g-api.service[99913]: DEBUG glance.api.middleware.version_negotiation [None req-573c24de-e8e0-4847-a439-95850d6ef6a5 tempest-VolumesActionsTest-315713418 tempest-VolumesActionsTest-315713418-project-member] Using url versioning {{(pid=99913) process_request /opt/stack/glance/glance/api/middleware/version_negotiation.py:57}}
Jul 23 11:18:38.678027 np0000005759 devstack@g-api.service[99913]: DEBUG glance.api.middleware.version_negotiation [None req-573c24de-e8e0-4847-a439-95850d6ef6a5 tempest-VolumesActionsTest-315713418 tempest-VolumesActionsTest-315713418-project-member] Matched version: v2 {{(pid=99913) process_request /opt/stack/glance/glance/api/middleware/version_negotiation.py:69}}
Jul 23 11:18:38.678027 np0000005759 devstack@g-api.service[99913]: DEBUG glance.api.middleware.version_negotiation [None req-573c24de-e8e0-4847-a439-95850d6ef6a5 tempest-VolumesActionsTest-315713418 tempest-VolumesActionsTest-315713418-project-member] new path /v2/images/40406588-32df-4a9b-93b8-053f06949a54 {{(pid=99913) process_request /opt/stack/glance/glance/api/middleware/version_negotiation.py:70}}
Jul 23 11:18:38.697817 np0000005759 devstack@g-api.service[99913]: [pid: 99913|app: 0|req: 30/91] 127.0.0.1 () {40 vars in 834 bytes} [Thu Jul 23 11:18:38 2026] GET /v2/images/40406588-32df-4a9b-93b8-053f06949a54 => generated 649 bytes in 20 msecs (HTTP/1.1 200) 4 headers in 157 bytes (1 switches on core 0)
Jul 23 11:18:39.712778 np0000005759 devstack@g-api.service[99912]: DEBUG glance.api.middleware.version_negotiation [None req-09f5b4c4-324d-42e7-b695-2136fabd6468 tempest-VolumesActionsTest-315713418 tempest-VolumesActionsTest-315713418-project-member] Determining version of request: GET /v2/images/40406588-32df-4a9b-93b8-053f06949a54 Accept: application/json {{(pid=99912) process_request /opt/stack/glance/glance/api/middleware/version_negotiation.py:44}}
Jul 23 11:18:39.712778 np0000005759 devstack@g-api.service[99912]: DEBUG glance.api.middleware.version_negotiation [None req-09f5b4c4-324d-42e7-b695-2136fabd6468 tempest-VolumesActionsTest-315713418 tempest-VolumesActionsTest-315713418-project-member] Using url versioning {{(pid=99912) process_request /opt/stack/glance/glance/api/middleware/version_negotiation.py:57}}
Jul 23 11:18:39.712778 np0000005759 devstack@g-api.service[99912]: DEBUG glance.api.middleware.version_negotiation [None req-09f5b4c4-324d-42e7-b695-2136fabd6468 tempest-VolumesActionsTest-315713418 tempest-VolumesActionsTest-315713418-project-member] Matched version: v2 {{(pid=99912) process_request /opt/stack/glance/glance/api/middleware/version_negotiation.py:69}}
Jul 23 11:18:39.712778 np0000005759 devstack@g-api.service[99912]: DEBUG glance.api.middleware.version_negotiation [None req-09f5b4c4-324d-42e7-b695-2136fabd6468 tempest-VolumesActionsTest-315713418 tempest-VolumesActionsTest-315713418-project-member] new path /v2/images/40406588-32df-4a9b-93b8-053f06949a54 {{(pid=99912) process_request /opt/stack/glance/glance/api/middleware/version_negotiation.py:70}}
Jul 23 11:18:39.732112 np0000005759 devstack@g-api.service[99912]: [pid: 99912|app: 0|req: 32/92] 127.0.0.1 () {40 vars in 834 bytes} [Thu Jul 23 11:18:39 2026] GET /v2/images/40406588-32df-4a9b-93b8-053f06949a54 => generated 649 bytes in 21 msecs (HTTP/1.1 200) 4 headers in 157 bytes (1 switches on core 0)
Jul 23 11:18:40.509398 np0000005759 devstack@g-api.service[99914]: DEBUG swiftclient [None req-f7205bc2-5b3e-4a8f-b56f-068676e419e9 tempest-VolumesActionsTest-315713418 tempest-VolumesActionsTest-315713418-project-member] REQ: curl -i https://10.4.3.32:8080/v1/AUTH_6802d43aa0d2454c9c8e71994cc34f8c/glance/40406588-32df-4a9b-93b8-053f06949a54-00001 -X PUT -H "X-Auth-Token: gAAAAABqYfiNqAn1..." {{(pid=99914) http_log /opt/stack/data/venv/lib/python3.12/site-packages/swiftclient/client.py:160}}
Jul 23 11:18:40.509828 np0000005759 devstack@g-api.service[99914]: DEBUG swiftclient [None req-f7205bc2-5b3e-4a8f-b56f-068676e419e9 tempest-VolumesActionsTest-315713418 tempest-VolumesActionsTest-315713418-project-member] RESP STATUS: 201 Created {{(pid=99914) http_log /opt/stack/data/venv/lib/python3.12/site-packages/swiftclient/client.py:161}}
Jul 23 11:18:40.509828 np0000005759 devstack@g-api.service[99914]: DEBUG swiftclient [None req-f7205bc2-5b3e-4a8f-b56f-068676e419e9 tempest-VolumesActionsTest-315713418 tempest-VolumesActionsTest-315713418-project-member] RESP HEADERS: {'Date': 'Thu, 23 Jul 2026 11:18:40 GMT', 'Server': 'Apache/2.4.58 (Ubuntu)', 'Content-Type': 'text/html; charset=UTF-8', 'Content-Length': '0', 'Etag': 'eda9a9889837ac4bc81d6387d92c1bec', 'Last-Modified': 'Thu, 23 Jul 2026 11:18:39 GMT', 'X-Trans-Id': 'txd34e8058d3674ee190102-006a61f88e', 'X-Openstack-Request-Id': 'txd34e8058d3674ee190102-006a61f88e', 'Connection': 'close'} {{(pid=99914) http_log /opt/stack/data/venv/lib/python3.12/site-packages/swiftclient/client.py:162}}
Jul 23 11:18:40.510064 np0000005759 devstack@g-api.service[99914]: DEBUG glance_store._drivers.swift.store [None req-f7205bc2-5b3e-4a8f-b56f-068676e419e9 tempest-VolumesActionsTest-315713418 tempest-VolumesActionsTest-315713418-project-member] Wrote chunk 40406588-32df-4a9b-93b8-053f06949a54-00001 (1/?) of length 204800000 to Swift returning MD5 of content: eda9a9889837ac4bc81d6387d92c1bec {{(pid=99914) add /opt/stack/data/venv/lib/python3.12/site-packages/glance_store/_drivers/swift/store.py:1059}}
Jul 23 11:18:40.747844 np0000005759 devstack@g-api.service[99913]: DEBUG glance.api.middleware.version_negotiation [None req-054a55ac-b799-440a-924e-adbbcbca15c9 tempest-VolumesActionsTest-315713418 tempest-VolumesActionsTest-315713418-project-member] Determining version of request: GET /v2/images/40406588-32df-4a9b-93b8-053f06949a54 Accept: application/json {{(pid=99913) process_request /opt/stack/glance/glance/api/middleware/version_negotiation.py:44}}
Jul 23 11:18:40.748541 np0000005759 devstack@g-api.service[99913]: DEBUG glance.api.middleware.version_negotiation [None req-054a55ac-b799-440a-924e-adbbcbca15c9 tempest-VolumesActionsTest-315713418 tempest-VolumesActionsTest-315713418-project-member] Using url versioning {{(pid=99913) process_request /opt/stack/glance/glance/api/middleware/version_negotiation.py:57}}
Jul 23 11:18:40.748541 np0000005759 devstack@g-api.service[99913]: DEBUG glance.api.middleware.version_negotiation [None req-054a55ac-b799-440a-924e-adbbcbca15c9 tempest-VolumesActionsTest-315713418 tempest-VolumesActionsTest-315713418-project-member] Matched version: v2 {{(pid=99913) process_request /opt/stack/glance/glance/api/middleware/version_negotiation.py:69}}
Jul 23 11:18:40.748541 np0000005759 devstack@g-api.service[99913]: DEBUG glance.api.middleware.version_negotiation [None req-054a55ac-b799-440a-924e-adbbcbca15c9 tempest-VolumesActionsTest-315713418 tempest-VolumesActionsTest-315713418-project-member] new path /v2/images/40406588-32df-4a9b-93b8-053f06949a54 {{(pid=99913) process_request /opt/stack/glance/glance/api/middleware/version_negotiation.py:70}}
Jul 23 11:18:40.763205 np0000005759 devstack@g-api.service[99913]: [pid: 99913|app: 0|req: 31/93] 127.0.0.1 () {40 vars in 834 bytes} [Thu Jul 23 11:18:40 2026] GET /v2/images/40406588-32df-4a9b-93b8-053f06949a54 => generated 649 bytes in 16 msecs (HTTP/1.1 200) 4 headers in 157 bytes (1 switches on core 0)
Jul 23 11:18:41.227825 np0000005759 devstack@g-api.service[99912]: DEBUG glance.api.middleware.version_negotiation [None req-192981c5-1281-4c37-b965-f05d5a263d24 tempest-VolumesActionsTest-315713418 tempest-VolumesActionsTest-315713418-project-member] Determining version of request: GET /v2/images/dcd106a4-96ee-4996-b794-faff86445708 Accept: */* {{(pid=99912) process_request /opt/stack/glance/glance/api/middleware/version_negotiation.py:44}}
Jul 23 11:18:41.228294 np0000005759 devstack@g-api.service[99912]: DEBUG glance.api.middleware.version_negotiation [None req-192981c5-1281-4c37-b965-f05d5a263d24 tempest-VolumesActionsTest-315713418 tempest-VolumesActionsTest-315713418-project-member] Using url versioning {{(pid=99912) process_request /opt/stack/glance/glance/api/middleware/version_negotiation.py:57}}
Jul 23 11:18:41.228294 np0000005759 devstack@g-api.service[99912]: DEBUG glance.api.middleware.version_negotiation [None req-192981c5-1281-4c37-b965-f05d5a263d24 tempest-VolumesActionsTest-315713418 tempest-VolumesActionsTest-315713418-project-member] Matched version: v2 {{(pid=99912) process_request /opt/stack/glance/glance/api/middleware/version_negotiation.py:69}}
Jul 23 11:18:41.228427 np0000005759 devstack@g-api.service[99912]: DEBUG glance.api.middleware.version_negotiation [None req-192981c5-1281-4c37-b965-f05d5a263d24 tempest-VolumesActionsTest-315713418 tempest-VolumesActionsTest-315713418-project-member] new path /v2/images/dcd106a4-96ee-4996-b794-faff86445708 {{(pid=99912) process_request /opt/stack/glance/glance/api/middleware/version_negotiation.py:70}}
Jul 23 11:18:41.242161 np0000005759 devstack@g-api.service[99912]: [pid: 99912|app: 0|req: 33/94] 127.0.0.1 () {44 vars in 1111 bytes} [Thu Jul 23 11:18:41 2026] GET /v2/images/dcd106a4-96ee-4996-b794-faff86445708 => generated 1044 bytes in 14 msecs (HTTP/1.1 200) 4 headers in 158 bytes (1 switches on core 0)
Jul 23 11:18:41.285832 np0000005759 devstack@g-api.service[99913]: DEBUG glance.api.middleware.version_negotiation [None req-8931227e-e26f-43e1-8b77-bba3d707ed85 tempest-VolumesActionsTest-315713418 tempest-VolumesActionsTest-315713418-project-member] Determining version of request: GET /v2/schemas/image Accept: */* {{(pid=99913) process_request /opt/stack/glance/glance/api/middleware/version_negotiation.py:44}}
Jul 23 11:18:41.285974 np0000005759 devstack@g-api.service[99913]: DEBUG glance.api.middleware.version_negotiation [None req-8931227e-e26f-43e1-8b77-bba3d707ed85 tempest-VolumesActionsTest-315713418 tempest-VolumesActionsTest-315713418-project-member] Using url versioning {{(pid=99913) process_request /opt/stack/glance/glance/api/middleware/version_negotiation.py:57}}
Jul 23 11:18:41.286823 np0000005759 devstack@g-api.service[99913]: DEBUG glance.api.middleware.version_negotiation [None req-8931227e-e26f-43e1-8b77-bba3d707ed85 tempest-VolumesActionsTest-315713418 tempest-VolumesActionsTest-315713418-project-member] Matched version: v2 {{(pid=99913) process_request /opt/stack/glance/glance/api/middleware/version_negotiation.py:69}}
Jul 23 11:18:41.286823 np0000005759 devstack@g-api.service[99913]: DEBUG glance.api.middleware.version_negotiation [None req-8931227e-e26f-43e1-8b77-bba3d707ed85 tempest-VolumesActionsTest-315713418 tempest-VolumesActionsTest-315713418-project-member] new path /v2/schemas/image {{(pid=99913) process_request /opt/stack/glance/glance/api/middleware/version_negotiation.py:70}}
Jul 23 11:18:41.290142 np0000005759 devstack@g-api.service[99913]: [pid: 99913|app: 0|req: 32/95] 127.0.0.1 () {44 vars in 1051 bytes} [Thu Jul 23 11:18:41 2026] GET /v2/schemas/image => generated 6083 bytes in 4 msecs (HTTP/1.1 200) 4 headers in 158 bytes (1 switches on core 0)
Jul 23 11:18:41.777275 np0000005759 devstack@g-api.service[99912]: DEBUG glance.api.middleware.version_negotiation [None req-cb983ab1-3eec-4eb8-a483-ce39853d78d1 tempest-DeleteServersTestJSON-612764116 tempest-DeleteServersTestJSON-612764116-project-member] Determining version of request: GET /v2/images/40406588-32df-4a9b-93b8-053f06949a54 Accept: application/json {{(pid=99912) process_request /opt/stack/glance/glance/api/middleware/version_negotiation.py:44}}
Jul 23 11:18:41.777498 np0000005759 devstack@g-api.service[99912]: DEBUG glance.api.middleware.version_negotiation [None req-cb983ab1-3eec-4eb8-a483-ce39853d78d1 tempest-DeleteServersTestJSON-612764116 tempest-DeleteServersTestJSON-612764116-project-member] Using url versioning {{(pid=99912) process_request /opt/stack/glance/glance/api/middleware/version_negotiation.py:57}}
Jul 23 11:18:41.777653 np0000005759 devstack@g-api.service[99912]: DEBUG glance.api.middleware.version_negotiation [None req-cb983ab1-3eec-4eb8-a483-ce39853d78d1 tempest-DeleteServersTestJSON-612764116 tempest-DeleteServersTestJSON-612764116-project-member] Matched version: v2 {{(pid=99912) process_request /opt/stack/glance/glance/api/middleware/version_negotiation.py:69}}
Jul 23 11:18:41.777757 np0000005759 devstack@g-api.service[99912]: DEBUG glance.api.middleware.version_negotiation [None req-cb983ab1-3eec-4eb8-a483-ce39853d78d1 tempest-DeleteServersTestJSON-612764116 tempest-DeleteServersTestJSON-612764116-project-member] new path /v2/images/40406588-32df-4a9b-93b8-053f06949a54 {{(pid=99912) process_request /opt/stack/glance/glance/api/middleware/version_negotiation.py:70}}
Jul 23 11:18:41.789866 np0000005759 devstack@g-api.service[99912]: [pid: 99912|app: 0|req: 34/96] 127.0.0.1 () {40 vars in 834 bytes} [Thu Jul 23 11:18:41 2026] GET /v2/images/40406588-32df-4a9b-93b8-053f06949a54 => generated 649 bytes in 12 msecs (HTTP/1.1 200) 4 headers in 157 bytes (1 switches on core 0)
Jul 23 11:18:42.803195 np0000005759 devstack@g-api.service[99913]: DEBUG glance.api.middleware.version_negotiation [None req-cb983ab1-3eec-4eb8-a483-ce39853d78d1 tempest-DeleteServersTestJSON-612764116 tempest-DeleteServersTestJSON-612764116-project-member] Determining version of request: GET /v2/images/40406588-32df-4a9b-93b8-053f06949a54 Accept: application/json {{(pid=99913) process_request /opt/stack/glance/glance/api/middleware/version_negotiation.py:44}}
Jul 23 11:18:42.803668 np0000005759 devstack@g-api.service[99913]: DEBUG glance.api.middleware.version_negotiation [None req-cb983ab1-3eec-4eb8-a483-ce39853d78d1 tempest-DeleteServersTestJSON-612764116 tempest-DeleteServersTestJSON-612764116-project-member] Using url versioning {{(pid=99913) process_request /opt/stack/glance/glance/api/middleware/version_negotiation.py:57}}
Jul 23 11:18:42.804113 np0000005759 devstack@g-api.service[99913]: DEBUG glance.api.middleware.version_negotiation [None req-cb983ab1-3eec-4eb8-a483-ce39853d78d1 tempest-DeleteServersTestJSON-612764116 tempest-DeleteServersTestJSON-612764116-project-member] Matched version: v2 {{(pid=99913) process_request /opt/stack/glance/glance/api/middleware/version_negotiation.py:69}}
Jul 23 11:18:42.804113 np0000005759 devstack@g-api.service[99913]: DEBUG glance.api.middleware.version_negotiation [None req-cb983ab1-3eec-4eb8-a483-ce39853d78d1 tempest-DeleteServersTestJSON-612764116 tempest-DeleteServersTestJSON-612764116-project-member] new path /v2/images/40406588-32df-4a9b-93b8-053f06949a54 {{(pid=99913) process_request /opt/stack/glance/glance/api/middleware/version_negotiation.py:70}}
Jul 23 11:18:42.818785 np0000005759 devstack@g-api.service[99913]: [pid: 99913|app: 0|req: 33/97] 127.0.0.1 () {40 vars in 834 bytes} [Thu Jul 23 11:18:42 2026] GET /v2/images/40406588-32df-4a9b-93b8-053f06949a54 => generated 649 bytes in 16 msecs (HTTP/1.1 200) 4 headers in 157 bytes (1 switches on core 0)
Jul 23 11:18:43.074858 np0000005759 devstack@g-api.service[99914]: DEBUG swiftclient [None req-f7205bc2-5b3e-4a8f-b56f-068676e419e9 tempest-VolumesActionsTest-315713418 tempest-VolumesActionsTest-315713418-project-member] REQ: curl -i https://10.4.3.32:8080/v1/AUTH_6802d43aa0d2454c9c8e71994cc34f8c/glance/40406588-32df-4a9b-93b8-053f06949a54-00002 -X PUT -H "X-Auth-Token: gAAAAABqYfiNqAn1..." {{(pid=99914) http_log /opt/stack/data/venv/lib/python3.12/site-packages/swiftclient/client.py:160}}
Jul 23 11:18:43.074858 np0000005759 devstack@g-api.service[99914]: DEBUG swiftclient [None req-f7205bc2-5b3e-4a8f-b56f-068676e419e9 tempest-VolumesActionsTest-315713418 tempest-VolumesActionsTest-315713418-project-member] RESP STATUS: 201 Created {{(pid=99914) http_log /opt/stack/data/venv/lib/python3.12/site-packages/swiftclient/client.py:161}}
Jul 23 11:18:43.074858 np0000005759 devstack@g-api.service[99914]: DEBUG swiftclient [None req-f7205bc2-5b3e-4a8f-b56f-068676e419e9 tempest-VolumesActionsTest-315713418 tempest-VolumesActionsTest-315713418-project-member] RESP HEADERS: {'Date': 'Thu, 23 Jul 2026 11:18:43 GMT', 'Server': 'Apache/2.4.58 (Ubuntu)', 'Content-Type': 'text/html; charset=UTF-8', 'Content-Length': '0', 'Etag': 'eda9a9889837ac4bc81d6387d92c1bec', 'Last-Modified': 'Thu, 23 Jul 2026 11:18:41 GMT', 'X-Trans-Id': 'txef8e6086d25942c5a73d7-006a61f890', 'X-Openstack-Request-Id': 'txef8e6086d25942c5a73d7-006a61f890', 'Connection': 'close'} {{(pid=99914) http_log /opt/stack/data/venv/lib/python3.12/site-packages/swiftclient/client.py:162}}
Jul 23 11:18:43.074858 np0000005759 devstack@g-api.service[99914]: DEBUG glance_store._drivers.swift.store [None req-f7205bc2-5b3e-4a8f-b56f-068676e419e9 tempest-VolumesActionsTest-315713418 tempest-VolumesActionsTest-315713418-project-member] Wrote chunk 40406588-32df-4a9b-93b8-053f06949a54-00002 (2/?) of length 204800000 to Swift returning MD5 of content: eda9a9889837ac4bc81d6387d92c1bec {{(pid=99914) add /opt/stack/data/venv/lib/python3.12/site-packages/glance_store/_drivers/swift/store.py:1059}}
Jul 23 11:18:43.833538 np0000005759 devstack@g-api.service[99912]: DEBUG glance.api.middleware.version_negotiation [None req-c18fabf3-a8cc-43bf-9032-d11edcc8843e tempest-VolumesActionsTest-315713418 tempest-VolumesActionsTest-315713418-project-member] Determining version of request: GET /v2/images/40406588-32df-4a9b-93b8-053f06949a54 Accept: application/json {{(pid=99912) process_request /opt/stack/glance/glance/api/middleware/version_negotiation.py:44}}
Jul 23 11:18:43.833843 np0000005759 devstack@g-api.service[99912]: DEBUG glance.api.middleware.version_negotiation [None req-c18fabf3-a8cc-43bf-9032-d11edcc8843e tempest-VolumesActionsTest-315713418 tempest-VolumesActionsTest-315713418-project-member] Using url versioning {{(pid=99912) process_request /opt/stack/glance/glance/api/middleware/version_negotiation.py:57}}
Jul 23 11:18:43.833957 np0000005759 devstack@g-api.service[99912]: DEBUG glance.api.middleware.version_negotiation [None req-c18fabf3-a8cc-43bf-9032-d11edcc8843e tempest-VolumesActionsTest-315713418 tempest-VolumesActionsTest-315713418-project-member] Matched version: v2 {{(pid=99912) process_request /opt/stack/glance/glance/api/middleware/version_negotiation.py:69}}
Jul 23 11:18:43.834113 np0000005759 devstack@g-api.service[99912]: DEBUG glance.api.middleware.version_negotiation [None req-c18fabf3-a8cc-43bf-9032-d11edcc8843e tempest-VolumesActionsTest-315713418 tempest-VolumesActionsTest-315713418-project-member] new path /v2/images/40406588-32df-4a9b-93b8-053f06949a54 {{(pid=99912) process_request /opt/stack/glance/glance/api/middleware/version_negotiation.py:70}}
Jul 23 11:18:43.860042 np0000005759 devstack@g-api.service[99912]: [pid: 99912|app: 0|req: 35/98] 127.0.0.1 () {40 vars in 834 bytes} [Thu Jul 23 11:18:43 2026] GET /v2/images/40406588-32df-4a9b-93b8-053f06949a54 => generated 649 bytes in 27 msecs (HTTP/1.1 200) 4 headers in 157 bytes (1 switches on core 0)
