Jul 23 11:18:18.319750 np0000005759 devstack@g-api.service[99914]: DEBUG glance.api.middleware.version_negotiation [None req-a23519f2-24b3-4b67-963e-8bfbe58e0a3c tempest-VolumesSnapshotTestJSON-84029024 tempest-VolumesSnapshotTestJSON-84029024-project-member] Determining version of request: GET /v2/schemas/image Accept: */* {{(pid=99914) process_request /opt/stack/glance/glance/api/middleware/version_negotiation.py:44}}
Jul 23 11:18:18.319814 np0000005759 devstack@g-api.service[99913]: DEBUG glance.api.middleware.version_negotiation [None req-a23519f2-24b3-4b67-963e-8bfbe58e0a3c tempest-VolumesSnapshotTestJSON-84029024 tempest-VolumesSnapshotTestJSON-84029024-project-member] Using url versioning {{(pid=99913) process_request /opt/stack/glance/glance/api/middleware/version_negotiation.py:57}}
Jul 23 11:18:18.319860 np0000005759 devstack@g-api.service[99914]: DEBUG glance.api.middleware.version_negotiation [None req-a23519f2-24b3-4b67-963e-8bfbe58e0a3c tempest-VolumesSnapshotTestJSON-84029024 tempest-VolumesSnapshotTestJSON-84029024-project-member] Using url versioning {{(pid=99914) process_request /opt/stack/glance/glance/api/middleware/version_negotiation.py:57}}
Jul 23 11:18:18.319898 np0000005759 devstack@g-api.service[99913]: DEBUG glance.api.middleware.version_negotiation [None req-a23519f2-24b3-4b67-963e-8bfbe58e0a3c tempest-VolumesSnapshotTestJSON-84029024 tempest-VolumesSnapshotTestJSON-84029024-project-member] Matched version: v2 {{(pid=99913) process_request /opt/stack/glance/glance/api/middleware/version_negotiation.py:69}}
Jul 23 11:18:18.319934 np0000005759 devstack@g-api.service[99914]: DEBUG glance.api.middleware.version_negotiation [None req-a23519f2-24b3-4b67-963e-8bfbe58e0a3c tempest-VolumesSnapshotTestJSON-84029024 tempest-VolumesSnapshotTestJSON-84029024-project-member] Matched version: v2 {{(pid=99914) process_request /opt/stack/glance/glance/api/middleware/version_negotiation.py:69}}
Jul 23 11:18:18.320006 np0000005759 devstack@g-api.service[99913]: DEBUG glance.api.middleware.version_negotiation [None req-a23519f2-24b3-4b67-963e-8bfbe58e0a3c tempest-VolumesSnapshotTestJSON-84029024 tempest-VolumesSnapshotTestJSON-84029024-project-member] new path /v2/images/919e7f3f-f46b-4b12-a132-281e692f427f {{(pid=99913) process_request /opt/stack/glance/glance/api/middleware/version_negotiation.py:70}}
Jul 23 11:18:18.320061 np0000005759 devstack@g-api.service[99914]: DEBUG glance.api.middleware.version_negotiation [None req-a23519f2-24b3-4b67-963e-8bfbe58e0a3c tempest-VolumesSnapshotTestJSON-84029024 tempest-VolumesSnapshotTestJSON-84029024-project-member] new path /v2/schemas/image {{(pid=99914) process_request /opt/stack/glance/glance/api/middleware/version_negotiation.py:70}}
Jul 23 11:18:18.322577 np0000005759 devstack@g-api.service[99914]: [pid: 99914|app: 0|req: 23/64] 127.0.0.1 () {44 vars in 1051 bytes} [Thu Jul 23 11:18:18 2026] GET /v2/schemas/image => generated 6083 bytes in 5 msecs (HTTP/1.1 200) 4 headers in 158 bytes (1 switches on core 0)
Jul 23 11:18:18.331696 np0000005759 devstack@g-api.service[99913]: WARNING glance.api.v2.images [None req-98a8604d-a031-40d9-8fda-a576bedbed7f tempest-AttachSCSIVolumeTestJSON-1110405343 tempest-AttachSCSIVolumeTestJSON-1110405343-project-admin] After upload to backend, deletion of staged image data has failed because it cannot be found at /tmp/staging//919e7f3f-f46b-4b12-a132-281e692f427f
Jul 23 11:18:18.332436 np0000005759 devstack@g-api.service[99913]: DEBUG glance_store.backend [None req-98a8604d-a031-40d9-8fda-a576bedbed7f tempest-AttachSCSIVolumeTestJSON-1110405343 tempest-AttachSCSIVolumeTestJSON-1110405343-project-admin] Attempting to import store swift {{(pid=99913) _load_store /opt/stack/data/venv/lib/python3.12/site-packages/glance_store/backend.py:215}}
Jul 23 11:18:18.333844 np0000005759 devstack@g-api.service[99913]: DEBUG glance_store.capabilities [None req-98a8604d-a031-40d9-8fda-a576bedbed7f tempest-AttachSCSIVolumeTestJSON-1110405343 tempest-AttachSCSIVolumeTestJSON-1110405343-project-admin] Store glance_store._drivers.swift.store.SingleTenantStore doesn't support updating dynamic storage capabilities. Please overwrite 'update_capabilities' method of the store to implement updating logics if needed. {{(pid=99913) update_capabilities /opt/stack/data/venv/lib/python3.12/site-packages/glance_store/capabilities.py:91}}
Jul 23 11:18:18.333979 np0000005759 devstack@g-api.service[99913]: DEBUG glance_store.driver [None req-98a8604d-a031-40d9-8fda-a576bedbed7f tempest-AttachSCSIVolumeTestJSON-1110405343 tempest-AttachSCSIVolumeTestJSON-1110405343-project-admin] Late loading location class glance_store._drivers.swift.store.StoreLocation {{(pid=99913) get_store_location_class /opt/stack/data/venv/lib/python3.12/site-packages/glance_store/driver.py:134}}
Jul 23 11:18:18.334163 np0000005759 devstack@g-api.service[99913]: DEBUG glance_store.location [None req-98a8604d-a031-40d9-8fda-a576bedbed7f tempest-AttachSCSIVolumeTestJSON-1110405343 tempest-AttachSCSIVolumeTestJSON-1110405343-project-admin] Registering scheme swift+https with {'store': , 'location_class': , 'store_entry': 'swift'} {{(pid=99913) register_scheme_map /opt/stack/data/venv/lib/python3.12/site-packages/glance_store/location.py:146}}
Jul 23 11:18:18.334812 np0000005759 devstack@g-api.service[99913]: DEBUG glance_store.location [None req-98a8604d-a031-40d9-8fda-a576bedbed7f tempest-AttachSCSIVolumeTestJSON-1110405343 tempest-AttachSCSIVolumeTestJSON-1110405343-project-admin] Registering scheme swift+https with {'store': , 'location_class': , 'store_entry': 'swift'} {{(pid=99913) register_scheme_map /opt/stack/data/venv/lib/python3.12/site-packages/glance_store/location.py:146}}
Jul 23 11:18:18.334812 np0000005759 devstack@g-api.service[99913]: DEBUG glance_store.location [None req-98a8604d-a031-40d9-8fda-a576bedbed7f tempest-AttachSCSIVolumeTestJSON-1110405343 tempest-AttachSCSIVolumeTestJSON-1110405343-project-admin] Registering scheme swift with {'store': , 'location_class': , 'store_entry': 'swift'} {{(pid=99913) register_scheme_map /opt/stack/data/venv/lib/python3.12/site-packages/glance_store/location.py:146}}
Jul 23 11:18:18.334812 np0000005759 devstack@g-api.service[99913]: DEBUG glance_store.location [None req-98a8604d-a031-40d9-8fda-a576bedbed7f tempest-AttachSCSIVolumeTestJSON-1110405343 tempest-AttachSCSIVolumeTestJSON-1110405343-project-admin] Registering scheme swift+https with {'store': , 'location_class': , 'store_entry': 'swift'} {{(pid=99913) register_scheme_map /opt/stack/data/venv/lib/python3.12/site-packages/glance_store/location.py:146}}
Jul 23 11:18:18.335067 np0000005759 devstack@g-api.service[99913]: DEBUG glance_store.location [None req-98a8604d-a031-40d9-8fda-a576bedbed7f tempest-AttachSCSIVolumeTestJSON-1110405343 tempest-AttachSCSIVolumeTestJSON-1110405343-project-admin] Registering scheme swift with {'store': , 'location_class': , 'store_entry': 'swift'} {{(pid=99913) register_scheme_map /opt/stack/data/venv/lib/python3.12/site-packages/glance_store/location.py:146}}
Jul 23 11:18:18.335067 np0000005759 devstack@g-api.service[99913]: DEBUG glance_store.location [None req-98a8604d-a031-40d9-8fda-a576bedbed7f tempest-AttachSCSIVolumeTestJSON-1110405343 tempest-AttachSCSIVolumeTestJSON-1110405343-project-admin] Registering scheme swift+http with {'store': , 'location_class': , 'store_entry': 'swift'} {{(pid=99913) register_scheme_map /opt/stack/data/venv/lib/python3.12/site-packages/glance_store/location.py:146}}
Jul 23 11:18:18.335067 np0000005759 devstack@g-api.service[99913]: DEBUG glance_store.location [None req-98a8604d-a031-40d9-8fda-a576bedbed7f tempest-AttachSCSIVolumeTestJSON-1110405343 tempest-AttachSCSIVolumeTestJSON-1110405343-project-admin] Registering scheme swift+https with {'store': , 'location_class': , 'store_entry': 'swift'} {{(pid=99913) register_scheme_map /opt/stack/data/venv/lib/python3.12/site-packages/glance_store/location.py:146}}
Jul 23 11:18:18.335241 np0000005759 devstack@g-api.service[99913]: DEBUG glance_store.location [None req-98a8604d-a031-40d9-8fda-a576bedbed7f tempest-AttachSCSIVolumeTestJSON-1110405343 tempest-AttachSCSIVolumeTestJSON-1110405343-project-admin] Registering scheme swift with {'store': , 'location_class': , 'store_entry': 'swift'} {{(pid=99913) register_scheme_map /opt/stack/data/venv/lib/python3.12/site-packages/glance_store/location.py:146}}
Jul 23 11:18:18.335241 np0000005759 devstack@g-api.service[99913]: DEBUG glance_store.location [None req-98a8604d-a031-40d9-8fda-a576bedbed7f tempest-AttachSCSIVolumeTestJSON-1110405343 tempest-AttachSCSIVolumeTestJSON-1110405343-project-admin] Registering scheme swift+http with {'store': , 'location_class': , 'store_entry': 'swift'} {{(pid=99913) register_scheme_map /opt/stack/data/venv/lib/python3.12/site-packages/glance_store/location.py:146}}
Jul 23 11:18:18.335241 np0000005759 devstack@g-api.service[99913]: DEBUG glance_store.location [None req-98a8604d-a031-40d9-8fda-a576bedbed7f tempest-AttachSCSIVolumeTestJSON-1110405343 tempest-AttachSCSIVolumeTestJSON-1110405343-project-admin] Registering scheme swift+config with {'store': , 'location_class': , 'store_entry': 'swift'} {{(pid=99913) register_scheme_map /opt/stack/data/venv/lib/python3.12/site-packages/glance_store/location.py:146}}
Jul 23 11:18:18.337530 np0000005759 devstack@g-api.service[99913]: DEBUG keystoneclient.auth.identity.v3.base [None req-98a8604d-a031-40d9-8fda-a576bedbed7f tempest-AttachSCSIVolumeTestJSON-1110405343 tempest-AttachSCSIVolumeTestJSON-1110405343-project-admin] Making authentication request to https://10.4.3.32/identity/v3/auth/tokens {{(pid=99913) get_auth_ref /opt/stack/data/venv/lib/python3.12/site-packages/keystoneclient/auth/identity/v3/base.py:185}}
Jul 23 11:18:18.337666 np0000005759 devstack@g-api.service[99912]: DEBUG glance.api.middleware.version_negotiation [None req-a23519f2-24b3-4b67-963e-8bfbe58e0a3c tempest-VolumesSnapshotTestJSON-84029024 tempest-VolumesSnapshotTestJSON-84029024-project-member] Determining version of request: GET /v2/schemas/image Accept: */* {{(pid=99912) process_request /opt/stack/glance/glance/api/middleware/version_negotiation.py:44}}
Jul 23 11:18:18.337666 np0000005759 devstack@g-api.service[99912]: DEBUG glance.api.middleware.version_negotiation [None req-a23519f2-24b3-4b67-963e-8bfbe58e0a3c tempest-VolumesSnapshotTestJSON-84029024 tempest-VolumesSnapshotTestJSON-84029024-project-member] Using url versioning {{(pid=99912) process_request /opt/stack/glance/glance/api/middleware/version_negotiation.py:57}}
Jul 23 11:18:18.337666 np0000005759 devstack@g-api.service[99912]: DEBUG glance.api.middleware.version_negotiation [None req-a23519f2-24b3-4b67-963e-8bfbe58e0a3c tempest-VolumesSnapshotTestJSON-84029024 tempest-VolumesSnapshotTestJSON-84029024-project-member] Matched version: v2 {{(pid=99912) process_request /opt/stack/glance/glance/api/middleware/version_negotiation.py:69}}
Jul 23 11:18:18.337666 np0000005759 devstack@g-api.service[99912]: DEBUG glance.api.middleware.version_negotiation [None req-a23519f2-24b3-4b67-963e-8bfbe58e0a3c tempest-VolumesSnapshotTestJSON-84029024 tempest-VolumesSnapshotTestJSON-84029024-project-member] new path /v2/schemas/image {{(pid=99912) process_request /opt/stack/glance/glance/api/middleware/version_negotiation.py:70}}
Jul 23 11:18:18.343918 np0000005759 devstack@g-api.service[99912]: [pid: 99912|app: 0|req: 22/65] 127.0.0.1 () {44 vars in 1051 bytes} [Thu Jul 23 11:18:18 2026] GET /v2/schemas/image => generated 6083 bytes in 9 msecs (HTTP/1.1 200) 4 headers in 158 bytes (1 switches on core 0)
Jul 23 11:18:18.491487 np0000005759 devstack@g-api.service[99913]: DEBUG keystoneclient.auth.identity.v3.base [None req-98a8604d-a031-40d9-8fda-a576bedbed7f tempest-AttachSCSIVolumeTestJSON-1110405343 tempest-AttachSCSIVolumeTestJSON-1110405343-project-admin] {"token": {"methods": ["password"], "user": {"domain": {"id": "default", "name": "Default"}, "id": "290ae83dfbd640be9adb3f884b5d69c8", "name": "glance-swift", "password_expires_at": null}, "audit_ids": ["HW7CiV7UQ6GrFLdT8BqDog"], "expires_at": "2026-07-23T12:18:18.000000Z", "issued_at": "2026-07-23T11:18:18.000000Z", "project": {"domain": {"id": "default", "name": "Default"}, "id": "6802d43aa0d2454c9c8e71994cc34f8c", "name": "service"}, "is_domain": false, "roles": [{"id": "7c9b86a3b4984487bf1162f22811ce16", "name": "ResellerAdmin"}, {"id": "71a6f8e17b8e41a791d12880893ea5fc", "name": "service"}], "catalog": [{"endpoints": [{"id": "9b42b941e37f47d1a743168bcb87d534", "interface": "public", "region_id": "RegionOne", "url": "https://10.4.3.32/image", "region": "RegionOne"}], "id": "08c25f83bd514b5ca59aee9d3ccc37b7", "type": "image", "name": "glance"}, {"endpoints": [{"id": "5160ce5b803f463ea8c2c15888ee8984", "interface": "admin", "region_id": "RegionOne", "url": "https://10.4.3.32:8080", "region": "RegionOne"}, {"id": "8826ab2236c84e17875bfcda6145c1c9", "interface": "public", "region_id": "RegionOne", "url": "https://10.4.3.32:8080/v1/AUTH_6802d43aa0d2454c9c8e71994cc34f8c", "region": "RegionOne"}], "id": "27c91ad4a58f4ab5a7aba588cfecc685", "type": "object-store", "name": "swift"}, {"endpoints": [{"id": "f991f6dd309648adb1cfcc794fc824e4", "interface": "public", "region_id": "RegionOne", "url": "https://10.4.3.32/networking", "region": "RegionOne"}], "id": "28dcad5032274036b92de24ee00f502f", "type": "network", "name": "neutron"}, {"endpoints": [{"id": "eb2168e1d1634a4a990771888db20696", "interface": "public", "region_id": "RegionOne", "url": "https://10.4.3.32/compute/v2/6802d43aa0d2454c9c8e71994cc34f8c", "region": "RegionOne"}], "id": "807194d7d29346c598266ba1b281cb83", "type": "compute_legacy", "name": "nova_legacy"}, {"endpoints": [{"id": "724691a28d124c86a7d85916d353c180", "interface": "public", "region_id": "RegionOne", "url": "https://10.4.3.32/placement", "region": "RegionOne"}], "id": "b7d234f5009140da8b8c086ff72cc2f2", "type": "placement", "name": "placement"}, {"endpoints": [{"id": "a64630f457ae452f94a99174249fe897", "interface": "public", "region_id": "RegionOne", "url": "https://10.4.3.32/compute/v2.1", "region": "RegionOne"}], "id": "cae1a1fbdad14231b76a2a7c569cfe7d", "type": "compute", "name": "nova"}, {"endpoints": [{"id": "513f2e4a0558402585d14b1dce56bb4c", "interface": "public", "region_id": "RegionOne", "url": "https://10.4.3.32/identity", "region": "RegionOne"}], "id": "cc9e39dcf9514cd6be094562bf2c2a5f", "type": "identity", "name": "keystone"}, {"endpoints": [{"id": "8090ef45457446b5b6b9ca669b326b4a", "interface": "public", "region_id": "RegionOne", "url": "https://10.4.3.32/volume/v3", "region": "RegionOne"}], "id": "de291ff2476042ffa28b2610a333c20f", "type": "block-storage", "name": "cinder"}]}} {{(pid=99913) get_auth_ref /opt/stack/data/venv/lib/python3.12/site-packages/keystoneclient/auth/identity/v3/base.py:190}}
Jul 23 11:18:18.491734 np0000005759 devstack@g-api.service[99913]: DEBUG keystoneclient.httpclient [None req-98a8604d-a031-40d9-8fda-a576bedbed7f tempest-AttachSCSIVolumeTestJSON-1110405343 tempest-AttachSCSIVolumeTestJSON-1110405343-project-admin] Failed to find endpoint for management url admin endpoint for identity service not found {{(pid=99913) _process_management_url /opt/stack/data/venv/lib/python3.12/site-packages/keystoneclient/httpclient.py:670}}
Jul 23 11:18:18.812280 np0000005759 devstack@g-api.service[99913]: DEBUG swiftclient [None req-98a8604d-a031-40d9-8fda-a576bedbed7f tempest-AttachSCSIVolumeTestJSON-1110405343 tempest-AttachSCSIVolumeTestJSON-1110405343-project-admin] REQ: curl -i https://10.4.3.32:8080/v1/AUTH_6802d43aa0d2454c9c8e71994cc34f8c/glance/919e7f3f-f46b-4b12-a132-281e692f427f -I -H "X-Auth-Token: gAAAAABqYfh6p_2o..." {{(pid=99913) http_log /opt/stack/data/venv/lib/python3.12/site-packages/swiftclient/client.py:160}}
Jul 23 11:18:18.812578 np0000005759 devstack@g-api.service[99913]: DEBUG swiftclient [None req-98a8604d-a031-40d9-8fda-a576bedbed7f tempest-AttachSCSIVolumeTestJSON-1110405343 tempest-AttachSCSIVolumeTestJSON-1110405343-project-admin] RESP STATUS: 200 OK {{(pid=99913) http_log /opt/stack/data/venv/lib/python3.12/site-packages/swiftclient/client.py:161}}
Jul 23 11:18:18.812881 np0000005759 devstack@g-api.service[99913]: DEBUG swiftclient [None req-98a8604d-a031-40d9-8fda-a576bedbed7f tempest-AttachSCSIVolumeTestJSON-1110405343 tempest-AttachSCSIVolumeTestJSON-1110405343-project-admin] RESP HEADERS: {'Date': 'Thu, 23 Jul 2026 11:18:18 GMT', 'Server': 'Apache/2.4.58 (Ubuntu)', 'Content-Type': 'application/octet-stream', 'Content-Length': '21692416', 'X-Object-Manifest': 'glance/919e7f3f-f46b-4b12-a132-281e692f427f-', 'Last-Modified': 'Thu, 23 Jul 2026 11:17:11 GMT', 'X-Timestamp': '1784805430.17085', 'Accept-Ranges': 'bytes', 'Etag': '"737c2a37dd3f91e374c48cad70137398"', 'X-Trans-Id': 'tx5bf3b47e08b54e2e85bc8-006a61f87a', 'X-Openstack-Request-Id': 'tx5bf3b47e08b54e2e85bc8-006a61f87a', 'Connection': 'close'} {{(pid=99913) http_log /opt/stack/data/venv/lib/python3.12/site-packages/swiftclient/client.py:162}}
Jul 23 11:18:18.830599 np0000005759 devstack@g-api.service[99913]: DEBUG swiftclient [None req-98a8604d-a031-40d9-8fda-a576bedbed7f tempest-AttachSCSIVolumeTestJSON-1110405343 tempest-AttachSCSIVolumeTestJSON-1110405343-project-admin] REQ: curl -i https://10.4.3.32:8080/v1/AUTH_6802d43aa0d2454c9c8e71994cc34f8c/glance?format=json&prefix=919e7f3f-f46b-4b12-a132-281e692f427f- -X GET -H "X-Auth-Token: gAAAAABqYfh6p_2o..." -H "Accept-Encoding: gzip" {{(pid=99913) http_log /opt/stack/data/venv/lib/python3.12/site-packages/swiftclient/client.py:160}}
Jul 23 11:18:18.830791 np0000005759 devstack@g-api.service[99913]: DEBUG swiftclient [None req-98a8604d-a031-40d9-8fda-a576bedbed7f tempest-AttachSCSIVolumeTestJSON-1110405343 tempest-AttachSCSIVolumeTestJSON-1110405343-project-admin] RESP STATUS: 200 OK {{(pid=99913) http_log /opt/stack/data/venv/lib/python3.12/site-packages/swiftclient/client.py:161}}
Jul 23 11:18:18.831057 np0000005759 devstack@g-api.service[99913]: DEBUG swiftclient [None req-98a8604d-a031-40d9-8fda-a576bedbed7f tempest-AttachSCSIVolumeTestJSON-1110405343 tempest-AttachSCSIVolumeTestJSON-1110405343-project-admin] RESP HEADERS: {'Date': 'Thu, 23 Jul 2026 11:18:18 GMT', 'Server': 'Apache/2.4.58 (Ubuntu)', 'Content-Type': 'application/json; charset=utf-8', 'Content-Length': '210', 'X-Container-Object-Count': '5', 'X-Container-Bytes-Used': '86048768', 'X-Timestamp': '1784805290.75811', 'Last-Modified': 'Thu, 23 Jul 2026 11:14:51 GMT', 'Accept-Ranges': 'bytes', 'X-Storage-Policy': 'Policy-0', 'X-Container-Sharding': 'False', 'X-Trans-Id': 'tx1f68e54892dd4f79ad047-006a61f87a', 'X-Openstack-Request-Id': 'tx1f68e54892dd4f79ad047-006a61f87a', 'Connection': 'close'} {{(pid=99913) http_log /opt/stack/data/venv/lib/python3.12/site-packages/swiftclient/client.py:162}}
Jul 23 11:18:18.831676 np0000005759 devstack@g-api.service[99913]: DEBUG swiftclient [None req-98a8604d-a031-40d9-8fda-a576bedbed7f tempest-AttachSCSIVolumeTestJSON-1110405343 tempest-AttachSCSIVolumeTestJSON-1110405343-project-admin] RESP BODY: b'[{"bytes": 21692416, "hash": "87617e24a5e30cb3b87fda8c0764838f", "name": "919e7f3f-f46b-4b12-a132-281e692f427f-00001", "content_type": "application/octet-stream", "last_modified": "2026-07-23T11:17:09.923090"}]' {{(pid=99913) http_log /opt/stack/data/venv/lib/python3.12/site-packages/swiftclient/client.py:166}}
Jul 23 11:18:18.856980 np0000005759 devstack@g-api.service[99913]: DEBUG swiftclient [None req-98a8604d-a031-40d9-8fda-a576bedbed7f tempest-AttachSCSIVolumeTestJSON-1110405343 tempest-AttachSCSIVolumeTestJSON-1110405343-project-admin] REQ: curl -i https://10.4.3.32:8080/v1/AUTH_6802d43aa0d2454c9c8e71994cc34f8c/glance/919e7f3f-f46b-4b12-a132-281e692f427f-00001 DELETE -H "X-Auth-Token: gAAAAABqYfh6p_2o..." {{(pid=99913) http_log /opt/stack/data/venv/lib/python3.12/site-packages/swiftclient/client.py:160}}
Jul 23 11:18:18.857178 np0000005759 devstack@g-api.service[99913]: DEBUG swiftclient [None req-98a8604d-a031-40d9-8fda-a576bedbed7f tempest-AttachSCSIVolumeTestJSON-1110405343 tempest-AttachSCSIVolumeTestJSON-1110405343-project-admin] RESP STATUS: 204 No Content {{(pid=99913) http_log /opt/stack/data/venv/lib/python3.12/site-packages/swiftclient/client.py:161}}
Jul 23 11:18:18.857378 np0000005759 devstack@g-api.service[99913]: DEBUG swiftclient [None req-98a8604d-a031-40d9-8fda-a576bedbed7f tempest-AttachSCSIVolumeTestJSON-1110405343 tempest-AttachSCSIVolumeTestJSON-1110405343-project-admin] RESP HEADERS: {'Date': 'Thu, 23 Jul 2026 11:18:18 GMT', 'Server': 'Apache/2.4.58 (Ubuntu)', 'Content-Type': 'text/html; charset=UTF-8', 'X-Trans-Id': 'tx7f984da66d334b5bb1c6a-006a61f87a', 'X-Openstack-Request-Id': 'tx7f984da66d334b5bb1c6a-006a61f87a', 'Connection': 'close'} {{(pid=99913) http_log /opt/stack/data/venv/lib/python3.12/site-packages/swiftclient/client.py:162}}
Jul 23 11:18:18.885632 np0000005759 devstack@g-api.service[99913]: DEBUG swiftclient [None req-98a8604d-a031-40d9-8fda-a576bedbed7f tempest-AttachSCSIVolumeTestJSON-1110405343 tempest-AttachSCSIVolumeTestJSON-1110405343-project-admin] REQ: curl -i https://10.4.3.32:8080/v1/AUTH_6802d43aa0d2454c9c8e71994cc34f8c/glance/919e7f3f-f46b-4b12-a132-281e692f427f DELETE -H "X-Auth-Token: gAAAAABqYfh6p_2o..." {{(pid=99913) http_log /opt/stack/data/venv/lib/python3.12/site-packages/swiftclient/client.py:160}}
Jul 23 11:18:18.885632 np0000005759 devstack@g-api.service[99913]: DEBUG swiftclient [None req-98a8604d-a031-40d9-8fda-a576bedbed7f tempest-AttachSCSIVolumeTestJSON-1110405343 tempest-AttachSCSIVolumeTestJSON-1110405343-project-admin] RESP STATUS: 204 No Content {{(pid=99913) http_log /opt/stack/data/venv/lib/python3.12/site-packages/swiftclient/client.py:161}}
Jul 23 11:18:18.885744 np0000005759 devstack@g-api.service[99913]: DEBUG swiftclient [None req-98a8604d-a031-40d9-8fda-a576bedbed7f tempest-AttachSCSIVolumeTestJSON-1110405343 tempest-AttachSCSIVolumeTestJSON-1110405343-project-admin] RESP HEADERS: {'Date': 'Thu, 23 Jul 2026 11:18:18 GMT', 'Server': 'Apache/2.4.58 (Ubuntu)', 'Content-Type': 'text/html; charset=UTF-8', 'X-Trans-Id': 'txb96f389e0da64003bb45f-006a61f87a', 'X-Openstack-Request-Id': 'txb96f389e0da64003bb45f-006a61f87a', 'Connection': 'close'} {{(pid=99913) http_log /opt/stack/data/venv/lib/python3.12/site-packages/swiftclient/client.py:162}}
Jul 23 11:18:18.940004 np0000005759 devstack@g-api.service[99913]: DEBUG glance.api.middleware.cache [None req-98a8604d-a031-40d9-8fda-a576bedbed7f tempest-AttachSCSIVolumeTestJSON-1110405343 tempest-AttachSCSIVolumeTestJSON-1110405343-project-admin] Removing image 919e7f3f-f46b-4b12-a132-281e692f427f from cache {{(pid=99913) _process_DELETE_response /opt/stack/glance/glance/api/middleware/cache.py:264}}
Jul 23 11:18:18.940260 np0000005759 devstack@g-api.service[99913]: DEBUG glance.image_cache.drivers.centralized_db [None req-98a8604d-a031-40d9-8fda-a576bedbed7f tempest-AttachSCSIVolumeTestJSON-1110405343 tempest-AttachSCSIVolumeTestJSON-1110405343-project-admin] Deleting image cache file '/opt/stack/data/glance/cache/919e7f3f-f46b-4b12-a132-281e692f427f' {{(pid=99913) delete_cached_file /opt/stack/glance/glance/image_cache/drivers/centralized_db.py:400}}
Jul 23 11:18:18.953233 np0000005759 devstack@g-api.service[99913]: [pid: 99913|app: 0|req: 21/66] 127.0.0.1 () {40 vars in 837 bytes} [Thu Jul 23 11:18:18 2026] DELETE /v2/images/919e7f3f-f46b-4b12-a132-281e692f427f => generated 0 bytes in 636 msecs (HTTP/1.1 204) 4 headers in 171 bytes (1 switches on core 0)
Jul 23 11:18:18.962796 np0000005759 devstack@g-api.service[99914]: DEBUG glance.api.middleware.version_negotiation [None req-a23519f2-24b3-4b67-963e-8bfbe58e0a3c tempest-VolumesSnapshotTestJSON-84029024 tempest-VolumesSnapshotTestJSON-84029024-project-member] Determining version of request: GET /v2/images/919e7f3f-f46b-4b12-a132-281e692f427f Accept: application/json {{(pid=99914) process_request /opt/stack/glance/glance/api/middleware/version_negotiation.py:44}}
Jul 23 11:18:18.963395 np0000005759 devstack@g-api.service[99914]: DEBUG glance.api.middleware.version_negotiation [None req-a23519f2-24b3-4b67-963e-8bfbe58e0a3c tempest-VolumesSnapshotTestJSON-84029024 tempest-VolumesSnapshotTestJSON-84029024-project-member] Using url versioning {{(pid=99914) process_request /opt/stack/glance/glance/api/middleware/version_negotiation.py:57}}
Jul 23 11:18:18.963395 np0000005759 devstack@g-api.service[99914]: DEBUG glance.api.middleware.version_negotiation [None req-a23519f2-24b3-4b67-963e-8bfbe58e0a3c tempest-VolumesSnapshotTestJSON-84029024 tempest-VolumesSnapshotTestJSON-84029024-project-member] Matched version: v2 {{(pid=99914) process_request /opt/stack/glance/glance/api/middleware/version_negotiation.py:69}}
Jul 23 11:18:18.963395 np0000005759 devstack@g-api.service[99914]: DEBUG glance.api.middleware.version_negotiation [None req-a23519f2-24b3-4b67-963e-8bfbe58e0a3c tempest-VolumesSnapshotTestJSON-84029024 tempest-VolumesSnapshotTestJSON-84029024-project-member] new path /v2/images/919e7f3f-f46b-4b12-a132-281e692f427f {{(pid=99914) process_request /opt/stack/glance/glance/api/middleware/version_negotiation.py:70}}
Jul 23 11:18:18.969821 np0000005759 devstack@g-api.service[99914]: DEBUG glance.db.sqlalchemy.api [None req-bf53d28a-2e00-4a84-9259-85793910587c tempest-AttachSCSIVolumeTestJSON-2063302686 tempest-AttachSCSIVolumeTestJSON-2063302686-project-reader] No image found with ID 919e7f3f-f46b-4b12-a132-281e692f427f {{(pid=99914) _image_get /opt/stack/glance/glance/db/sqlalchemy/api.py:303}}
Jul 23 11:18:18.971793 np0000005759 devstack@g-api.service[99914]: [pid: 99914|app: 0|req: 24/67] 127.0.0.1 () {40 vars in 834 bytes} [Thu Jul 23 11:18:18 2026] GET /v2/images/919e7f3f-f46b-4b12-a132-281e692f427f => generated 139 bytes in 9 msecs (HTTP/1.1 404) 4 headers in 164 bytes (1 switches on core 0)
Jul 23 11:18:19.068985 np0000005759 devstack@g-api.service[99912]: DEBUG glance.api.middleware.version_negotiation [None req-a23519f2-24b3-4b67-963e-8bfbe58e0a3c tempest-VolumesSnapshotTestJSON-84029024 tempest-VolumesSnapshotTestJSON-84029024-project-member] Determining version of request: GET /versions Accept: */* {{(pid=99912) process_request /opt/stack/glance/glance/api/middleware/version_negotiation.py:44}}
Jul 23 11:18:19.076557 np0000005759 devstack@g-api.service[99912]: [pid: 99912|app: 0|req: 23/68] 127.0.0.1 () {44 vars in 1035 bytes} [Thu Jul 23 11:18:19 2026] GET /versions => generated 1501 bytes in 4 msecs (HTTP/1.1 200) 3 headers in 92 bytes (1 switches on core 0)
Jul 23 11:18:19.083328 np0000005759 devstack@g-api.service[99913]: DEBUG glance.api.middleware.version_negotiation [None req-98a8604d-a031-40d9-8fda-a576bedbed7f tempest-AttachSCSIVolumeTestJSON-1110405343 tempest-AttachSCSIVolumeTestJSON-1110405343-project-admin] Determining version of request: GET /v2/images/dcd106a4-96ee-4996-b794-faff86445708/locations Accept: */* {{(pid=99913) process_request /opt/stack/glance/glance/api/middleware/version_negotiation.py:44}}
Jul 23 11:18:19.083328 np0000005759 devstack@g-api.service[99913]: DEBUG glance.api.middleware.version_negotiation [None req-98a8604d-a031-40d9-8fda-a576bedbed7f tempest-AttachSCSIVolumeTestJSON-1110405343 tempest-AttachSCSIVolumeTestJSON-1110405343-project-admin] Using url versioning {{(pid=99913) process_request /opt/stack/glance/glance/api/middleware/version_negotiation.py:57}}
Jul 23 11:18:19.083328 np0000005759 devstack@g-api.service[99913]: DEBUG glance.api.middleware.version_negotiation [None req-98a8604d-a031-40d9-8fda-a576bedbed7f tempest-AttachSCSIVolumeTestJSON-1110405343 tempest-AttachSCSIVolumeTestJSON-1110405343-project-admin] Matched version: v2 {{(pid=99913) process_request /opt/stack/glance/glance/api/middleware/version_negotiation.py:69}}
Jul 23 11:18:19.083328 np0000005759 devstack@g-api.service[99913]: DEBUG glance.api.middleware.version_negotiation [None req-98a8604d-a031-40d9-8fda-a576bedbed7f tempest-AttachSCSIVolumeTestJSON-1110405343 tempest-AttachSCSIVolumeTestJSON-1110405343-project-admin] new path /v2/images/dcd106a4-96ee-4996-b794-faff86445708/locations {{(pid=99913) process_request /opt/stack/glance/glance/api/middleware/version_negotiation.py:70}}
Jul 23 11:18:19.626408 np0000005759 devstack@g-api.service[99913]: [pid: 99913|app: 0|req: 22/69] 127.0.0.1 () {44 vars in 1131 bytes} [Thu Jul 23 11:18:19 2026] GET /v2/images/dcd106a4-96ee-4996-b794-faff86445708/locations => generated 92 bytes in 545 msecs (HTTP/1.1 200) 4 headers in 156 bytes (1 switches on core 0)
Jul 23 11:18:19.644753 np0000005759 devstack@g-api.service[99914]: DEBUG glance.api.middleware.version_negotiation [None req-bf53d28a-2e00-4a84-9259-85793910587c tempest-AttachSCSIVolumeTestJSON-2063302686 tempest-AttachSCSIVolumeTestJSON-2063302686-project-reader] Determining version of request: GET /v2/images/dcd106a4-96ee-4996-b794-faff86445708 Accept: */* {{(pid=99914) process_request /opt/stack/glance/glance/api/middleware/version_negotiation.py:44}}
Jul 23 11:18:19.644753 np0000005759 devstack@g-api.service[99914]: DEBUG glance.api.middleware.version_negotiation [None req-bf53d28a-2e00-4a84-9259-85793910587c tempest-AttachSCSIVolumeTestJSON-2063302686 tempest-AttachSCSIVolumeTestJSON-2063302686-project-reader] Using url versioning {{(pid=99914) process_request /opt/stack/glance/glance/api/middleware/version_negotiation.py:57}}
Jul 23 11:18:19.644753 np0000005759 devstack@g-api.service[99914]: DEBUG glance.api.middleware.version_negotiation [None req-bf53d28a-2e00-4a84-9259-85793910587c tempest-AttachSCSIVolumeTestJSON-2063302686 tempest-AttachSCSIVolumeTestJSON-2063302686-project-reader] Matched version: v2 {{(pid=99914) process_request /opt/stack/glance/glance/api/middleware/version_negotiation.py:69}}
Jul 23 11:18:19.644753 np0000005759 devstack@g-api.service[99914]: DEBUG glance.api.middleware.version_negotiation [None req-bf53d28a-2e00-4a84-9259-85793910587c tempest-AttachSCSIVolumeTestJSON-2063302686 tempest-AttachSCSIVolumeTestJSON-2063302686-project-reader] new path /v2/images/dcd106a4-96ee-4996-b794-faff86445708 {{(pid=99914) process_request /opt/stack/glance/glance/api/middleware/version_negotiation.py:70}}
Jul 23 11:18:19.661291 np0000005759 devstack@g-api.service[99914]: [pid: 99914|app: 0|req: 25/70] 127.0.0.1 () {44 vars in 1111 bytes} [Thu Jul 23 11:18:19 2026] GET /v2/images/dcd106a4-96ee-4996-b794-faff86445708 => generated 1044 bytes in 18 msecs (HTTP/1.1 200) 4 headers in 158 bytes (1 switches on core 0)
Jul 23 11:18:19.670509 np0000005759 devstack@g-api.service[99912]: DEBUG glance.api.middleware.version_negotiation [None req-a23519f2-24b3-4b67-963e-8bfbe58e0a3c tempest-VolumesSnapshotTestJSON-84029024 tempest-VolumesSnapshotTestJSON-84029024-project-member] Determining version of request: GET /v2/schemas/image Accept: */* {{(pid=99912) process_request /opt/stack/glance/glance/api/middleware/version_negotiation.py:44}}
Jul 23 11:18:19.671047 np0000005759 devstack@g-api.service[99912]: DEBUG glance.api.middleware.version_negotiation [None req-a23519f2-24b3-4b67-963e-8bfbe58e0a3c tempest-VolumesSnapshotTestJSON-84029024 tempest-VolumesSnapshotTestJSON-84029024-project-member] Using url versioning {{(pid=99912) process_request /opt/stack/glance/glance/api/middleware/version_negotiation.py:57}}
Jul 23 11:18:19.671047 np0000005759 devstack@g-api.service[99912]: DEBUG glance.api.middleware.version_negotiation [None req-a23519f2-24b3-4b67-963e-8bfbe58e0a3c tempest-VolumesSnapshotTestJSON-84029024 tempest-VolumesSnapshotTestJSON-84029024-project-member] Matched version: v2 {{(pid=99912) process_request /opt/stack/glance/glance/api/middleware/version_negotiation.py:69}}
Jul 23 11:18:19.671047 np0000005759 devstack@g-api.service[99912]: DEBUG glance.api.middleware.version_negotiation [None req-a23519f2-24b3-4b67-963e-8bfbe58e0a3c tempest-VolumesSnapshotTestJSON-84029024 tempest-VolumesSnapshotTestJSON-84029024-project-member] new path /v2/schemas/image {{(pid=99912) process_request /opt/stack/glance/glance/api/middleware/version_negotiation.py:70}}
Jul 23 11:18:19.683048 np0000005759 devstack@g-api.service[99912]: [pid: 99912|app: 0|req: 24/71] 127.0.0.1 () {44 vars in 1051 bytes} [Thu Jul 23 11:18:19 2026] GET /v2/schemas/image => generated 6083 bytes in 12 msecs (HTTP/1.1 200) 4 headers in 158 bytes (1 switches on core 0)
Jul 23 11:18:19.696560 np0000005759 devstack@g-api.service[99913]: DEBUG glance.api.middleware.version_negotiation [None req-a23519f2-24b3-4b67-963e-8bfbe58e0a3c service glance] Determining version of request: GET /v2/schemas/image Accept: */* {{(pid=99913) process_request /opt/stack/glance/glance/api/middleware/version_negotiation.py:44}}
Jul 23 11:18:19.696967 np0000005759 devstack@g-api.service[99913]: DEBUG glance.api.middleware.version_negotiation [None req-a23519f2-24b3-4b67-963e-8bfbe58e0a3c service glance] Using url versioning {{(pid=99913) process_request /opt/stack/glance/glance/api/middleware/version_negotiation.py:57}}
Jul 23 11:18:19.697168 np0000005759 devstack@g-api.service[99913]: DEBUG glance.api.middleware.version_negotiation [None req-a23519f2-24b3-4b67-963e-8bfbe58e0a3c service glance] Matched version: v2 {{(pid=99913) process_request /opt/stack/glance/glance/api/middleware/version_negotiation.py:69}}
Jul 23 11:18:19.697293 np0000005759 devstack@g-api.service[99913]: DEBUG glance.api.middleware.version_negotiation [None req-a23519f2-24b3-4b67-963e-8bfbe58e0a3c service glance] new path /v2/schemas/image {{(pid=99913) process_request /opt/stack/glance/glance/api/middleware/version_negotiation.py:70}}
Jul 23 11:18:19.700474 np0000005759 devstack@g-api.service[99913]: [pid: 99913|app: 0|req: 23/72] 127.0.0.1 () {44 vars in 1051 bytes} [Thu Jul 23 11:18:19 2026] GET /v2/schemas/image => generated 6083 bytes in 4 msecs (HTTP/1.1 200) 4 headers in 158 bytes (1 switches on core 0)
Jul 23 11:18:19.748336 np0000005759 devstack@g-api.service[99914]: DEBUG glance.api.middleware.version_negotiation [None req-a23519f2-24b3-4b67-963e-8bfbe58e0a3c tempest-VolumesSnapshotTestJSON-84029024 tempest-VolumesSnapshotTestJSON-84029024-project-member] Determining version of request: GET /v2/images/dcd106a4-96ee-4996-b794-faff86445708 Accept: */* {{(pid=99914) process_request /opt/stack/glance/glance/api/middleware/version_negotiation.py:44}}
Jul 23 11:18:19.748336 np0000005759 devstack@g-api.service[99914]: DEBUG glance.api.middleware.version_negotiation [None req-a23519f2-24b3-4b67-963e-8bfbe58e0a3c tempest-VolumesSnapshotTestJSON-84029024 tempest-VolumesSnapshotTestJSON-84029024-project-member] Using url versioning {{(pid=99914) process_request /opt/stack/glance/glance/api/middleware/version_negotiation.py:57}}
Jul 23 11:18:19.748336 np0000005759 devstack@g-api.service[99914]: DEBUG glance.api.middleware.version_negotiation [None req-a23519f2-24b3-4b67-963e-8bfbe58e0a3c tempest-VolumesSnapshotTestJSON-84029024 tempest-VolumesSnapshotTestJSON-84029024-project-member] Matched version: v2 {{(pid=99914) process_request /opt/stack/glance/glance/api/middleware/version_negotiation.py:69}}
Jul 23 11:18:19.748336 np0000005759 devstack@g-api.service[99914]: DEBUG glance.api.middleware.version_negotiation [None req-a23519f2-24b3-4b67-963e-8bfbe58e0a3c tempest-VolumesSnapshotTestJSON-84029024 tempest-VolumesSnapshotTestJSON-84029024-project-member] new path /v2/images/dcd106a4-96ee-4996-b794-faff86445708 {{(pid=99914) process_request /opt/stack/glance/glance/api/middleware/version_negotiation.py:70}}
Jul 23 11:18:19.770478 np0000005759 devstack@g-api.service[99914]: [pid: 99914|app: 0|req: 26/73] 127.0.0.1 () {44 vars in 1111 bytes} [Thu Jul 23 11:18:19 2026] GET /v2/images/dcd106a4-96ee-4996-b794-faff86445708 => generated 1044 bytes in 23 msecs (HTTP/1.1 200) 4 headers in 158 bytes (1 switches on core 0)
Jul 23 11:18:19.784301 np0000005759 devstack@g-api.service[99912]: DEBUG glance.api.middleware.version_negotiation [None req-a23519f2-24b3-4b67-963e-8bfbe58e0a3c tempest-VolumesSnapshotTestJSON-84029024 tempest-VolumesSnapshotTestJSON-84029024-project-member] Determining version of request: GET /v2/images/dcd106a4-96ee-4996-b794-faff86445708/file Accept: */* {{(pid=99912) process_request /opt/stack/glance/glance/api/middleware/version_negotiation.py:44}}
Jul 23 11:18:19.784875 np0000005759 devstack@g-api.service[99912]: DEBUG glance.api.middleware.version_negotiation [None req-a23519f2-24b3-4b67-963e-8bfbe58e0a3c tempest-VolumesSnapshotTestJSON-84029024 tempest-VolumesSnapshotTestJSON-84029024-project-member] Using url versioning {{(pid=99912) process_request /opt/stack/glance/glance/api/middleware/version_negotiation.py:57}}
Jul 23 11:18:19.784875 np0000005759 devstack@g-api.service[99912]: DEBUG glance.api.middleware.version_negotiation [None req-a23519f2-24b3-4b67-963e-8bfbe58e0a3c tempest-VolumesSnapshotTestJSON-84029024 tempest-VolumesSnapshotTestJSON-84029024-project-member] Matched version: v2 {{(pid=99912) process_request /opt/stack/glance/glance/api/middleware/version_negotiation.py:69}}
Jul 23 11:18:19.784875 np0000005759 devstack@g-api.service[99912]: DEBUG glance.api.middleware.version_negotiation [None req-a23519f2-24b3-4b67-963e-8bfbe58e0a3c tempest-VolumesSnapshotTestJSON-84029024 tempest-VolumesSnapshotTestJSON-84029024-project-member] new path /v2/images/dcd106a4-96ee-4996-b794-faff86445708/file {{(pid=99912) process_request /opt/stack/glance/glance/api/middleware/version_negotiation.py:70}}
Jul 23 11:18:19.801662 np0000005759 devstack@g-api.service[99912]: DEBUG glance.api.middleware.cache [None req-a23519f2-24b3-4b67-963e-8bfbe58e0a3c tempest-VolumesSnapshotTestJSON-84029024 tempest-VolumesSnapshotTestJSON-84029024-project-member] Cache hit for image 'dcd106a4-96ee-4996-b794-faff86445708' {{(pid=99912) process_request /opt/stack/glance/glance/api/middleware/cache.py:160}}
Jul 23 11:18:19.887943 np0000005759 devstack@g-api.service[99912]: [pid: 99912|app: 0|req: 25/74] 127.0.0.1 () {44 vars in 1121 bytes} [Thu Jul 23 11:18:19 2026] GET /v2/images/dcd106a4-96ee-4996-b794-faff86445708/file => generated 21692416 bytes in 105 msecs (HTTP/1.1 200) 5 headers in 217 bytes (338 switches on core 0)
Jul 23 11:18:19.940573 np0000005759 devstack@g-api.service[99913]: DEBUG glance.api.middleware.version_negotiation [None req-a23519f2-24b3-4b67-963e-8bfbe58e0a3c tempest-VolumesSnapshotTestJSON-84029024 tempest-VolumesSnapshotTestJSON-84029024-project-member] Determining version of request: GET /v2/images/dcd106a4-96ee-4996-b794-faff86445708 Accept: */* {{(pid=99913) process_request /opt/stack/glance/glance/api/middleware/version_negotiation.py:44}}
Jul 23 11:18:19.940955 np0000005759 devstack@g-api.service[99913]: DEBUG glance.api.middleware.version_negotiation [None req-a23519f2-24b3-4b67-963e-8bfbe58e0a3c tempest-VolumesSnapshotTestJSON-84029024 tempest-VolumesSnapshotTestJSON-84029024-project-member] Using url versioning {{(pid=99913) process_request /opt/stack/glance/glance/api/middleware/version_negotiation.py:57}}
Jul 23 11:18:19.941180 np0000005759 devstack@g-api.service[99913]: DEBUG glance.api.middleware.version_negotiation [None req-a23519f2-24b3-4b67-963e-8bfbe58e0a3c tempest-VolumesSnapshotTestJSON-84029024 tempest-VolumesSnapshotTestJSON-84029024-project-member] Matched version: v2 {{(pid=99913) process_request /opt/stack/glance/glance/api/middleware/version_negotiation.py:69}}
Jul 23 11:18:19.941312 np0000005759 devstack@g-api.service[99913]: DEBUG glance.api.middleware.version_negotiation [None req-a23519f2-24b3-4b67-963e-8bfbe58e0a3c tempest-VolumesSnapshotTestJSON-84029024 tempest-VolumesSnapshotTestJSON-84029024-project-member] new path /v2/images/dcd106a4-96ee-4996-b794-faff86445708 {{(pid=99913) process_request /opt/stack/glance/glance/api/middleware/version_negotiation.py:70}}
Jul 23 11:18:19.950838 np0000005759 devstack@g-api.service[99913]: [pid: 99913|app: 0|req: 24/75] 127.0.0.1 () {44 vars in 1111 bytes} [Thu Jul 23 11:18:19 2026] GET /v2/images/dcd106a4-96ee-4996-b794-faff86445708 => generated 1044 bytes in 11 msecs (HTTP/1.1 200) 4 headers in 158 bytes (1 switches on core 0)
Jul 23 11:18:19.988940 np0000005759 devstack@g-api.service[99914]: DEBUG glance.api.middleware.version_negotiation [None req-a23519f2-24b3-4b67-963e-8bfbe58e0a3c tempest-VolumesSnapshotTestJSON-84029024 tempest-VolumesSnapshotTestJSON-84029024-project-member] Determining version of request: GET /v2/images/dcd106a4-96ee-4996-b794-faff86445708 Accept: */* {{(pid=99914) process_request /opt/stack/glance/glance/api/middleware/version_negotiation.py:44}}
Jul 23 11:18:19.989528 np0000005759 devstack@g-api.service[99914]: DEBUG glance.api.middleware.version_negotiation [None req-a23519f2-24b3-4b67-963e-8bfbe58e0a3c tempest-VolumesSnapshotTestJSON-84029024 tempest-VolumesSnapshotTestJSON-84029024-project-member] Using url versioning {{(pid=99914) process_request /opt/stack/glance/glance/api/middleware/version_negotiation.py:57}}
Jul 23 11:18:19.989712 np0000005759 devstack@g-api.service[99914]: DEBUG glance.api.middleware.version_negotiation [None req-a23519f2-24b3-4b67-963e-8bfbe58e0a3c tempest-VolumesSnapshotTestJSON-84029024 tempest-VolumesSnapshotTestJSON-84029024-project-member] Matched version: v2 {{(pid=99914) process_request /opt/stack/glance/glance/api/middleware/version_negotiation.py:69}}
Jul 23 11:18:19.989868 np0000005759 devstack@g-api.service[99914]: DEBUG glance.api.middleware.version_negotiation [None req-a23519f2-24b3-4b67-963e-8bfbe58e0a3c tempest-VolumesSnapshotTestJSON-84029024 tempest-VolumesSnapshotTestJSON-84029024-project-member] new path /v2/images/dcd106a4-96ee-4996-b794-faff86445708 {{(pid=99914) process_request /opt/stack/glance/glance/api/middleware/version_negotiation.py:70}}
Jul 23 11:18:19.996481 np0000005759 devstack@g-api.service[99912]: DEBUG glance.api.middleware.version_negotiation [None req-a23519f2-24b3-4b67-963e-8bfbe58e0a3c tempest-VolumesSnapshotTestJSON-84029024 tempest-VolumesSnapshotTestJSON-84029024-project-member] Determining version of request: GET /v2/schemas/image Accept: */* {{(pid=99912) process_request /opt/stack/glance/glance/api/middleware/version_negotiation.py:44}}
Jul 23 11:18:19.996632 np0000005759 devstack@g-api.service[99912]: DEBUG glance.api.middleware.version_negotiation [None req-a23519f2-24b3-4b67-963e-8bfbe58e0a3c tempest-VolumesSnapshotTestJSON-84029024 tempest-VolumesSnapshotTestJSON-84029024-project-member] Using url versioning {{(pid=99912) process_request /opt/stack/glance/glance/api/middleware/version_negotiation.py:57}}
Jul 23 11:18:19.996752 np0000005759 devstack@g-api.service[99912]: DEBUG glance.api.middleware.version_negotiation [None req-a23519f2-24b3-4b67-963e-8bfbe58e0a3c tempest-VolumesSnapshotTestJSON-84029024 tempest-VolumesSnapshotTestJSON-84029024-project-member] Matched version: v2 {{(pid=99912) process_request /opt/stack/glance/glance/api/middleware/version_negotiation.py:69}}
Jul 23 11:18:19.996841 np0000005759 devstack@g-api.service[99912]: DEBUG glance.api.middleware.version_negotiation [None req-a23519f2-24b3-4b67-963e-8bfbe58e0a3c tempest-VolumesSnapshotTestJSON-84029024 tempest-VolumesSnapshotTestJSON-84029024-project-member] new path /v2/schemas/image {{(pid=99912) process_request /opt/stack/glance/glance/api/middleware/version_negotiation.py:70}}
Jul 23 11:18:19.999025 np0000005759 devstack@g-api.service[99912]: [pid: 99912|app: 0|req: 26/76] 127.0.0.1 () {44 vars in 1051 bytes} [Thu Jul 23 11:18:19 2026] GET /v2/schemas/image => generated 6083 bytes in 3 msecs (HTTP/1.1 200) 4 headers in 158 bytes (1 switches on core 0)
Jul 23 11:18:20.007334 np0000005759 devstack@g-api.service[99914]: [pid: 99914|app: 0|req: 27/77] 127.0.0.1 () {44 vars in 1111 bytes} [Thu Jul 23 11:18:19 2026] GET /v2/images/dcd106a4-96ee-4996-b794-faff86445708 => generated 1044 bytes in 18 msecs (HTTP/1.1 200) 4 headers in 158 bytes (1 switches on core 0)
Jul 23 11:18:20.023776 np0000005759 devstack@g-api.service[99913]: DEBUG glance.api.middleware.version_negotiation [None req-59b1c9fa-e022-4cda-89e3-f33885ca004b tempest-VolumesActionsTest-315713418 tempest-VolumesActionsTest-315713418-project-member] Determining version of request: GET /v2/schemas/image Accept: */* {{(pid=99913) process_request /opt/stack/glance/glance/api/middleware/version_negotiation.py:44}}
Jul 23 11:18:20.023940 np0000005759 devstack@g-api.service[99913]: DEBUG glance.api.middleware.version_negotiation [None req-59b1c9fa-e022-4cda-89e3-f33885ca004b tempest-VolumesActionsTest-315713418 tempest-VolumesActionsTest-315713418-project-member] Using url versioning {{(pid=99913) process_request /opt/stack/glance/glance/api/middleware/version_negotiation.py:57}}
Jul 23 11:18:20.024079 np0000005759 devstack@g-api.service[99913]: DEBUG glance.api.middleware.version_negotiation [None req-59b1c9fa-e022-4cda-89e3-f33885ca004b tempest-VolumesActionsTest-315713418 tempest-VolumesActionsTest-315713418-project-member] Matched version: v2 {{(pid=99913) process_request /opt/stack/glance/glance/api/middleware/version_negotiation.py:69}}
Jul 23 11:18:20.024173 np0000005759 devstack@g-api.service[99913]: DEBUG glance.api.middleware.version_negotiation [None req-59b1c9fa-e022-4cda-89e3-f33885ca004b tempest-VolumesActionsTest-315713418 tempest-VolumesActionsTest-315713418-project-member] new path /v2/schemas/image {{(pid=99913) process_request /opt/stack/glance/glance/api/middleware/version_negotiation.py:70}}
Jul 23 11:18:20.026271 np0000005759 devstack@g-api.service[99913]: [pid: 99913|app: 0|req: 25/78] 127.0.0.1 () {44 vars in 1051 bytes} [Thu Jul 23 11:18:20 2026] GET /v2/schemas/image => generated 6083 bytes in 2 msecs (HTTP/1.1 200) 4 headers in 158 bytes (1 switches on core 0)
Jul 23 11:18:21.072462 np0000005759 devstack@g-api.service[99912]: DEBUG glance.api.middleware.version_negotiation [None req-59b1c9fa-e022-4cda-89e3-f33885ca004b tempest-VolumesActionsTest-315713418 tempest-VolumesActionsTest-315713418-project-member] Determining version of request: GET /v2/images/dcd106a4-96ee-4996-b794-faff86445708 Accept: */* {{(pid=99912) process_request /opt/stack/glance/glance/api/middleware/version_negotiation.py:44}}
Jul 23 11:18:21.072941 np0000005759 devstack@g-api.service[99912]: DEBUG glance.api.middleware.version_negotiation [None req-59b1c9fa-e022-4cda-89e3-f33885ca004b tempest-VolumesActionsTest-315713418 tempest-VolumesActionsTest-315713418-project-member] Using url versioning {{(pid=99912) process_request /opt/stack/glance/glance/api/middleware/version_negotiation.py:57}}
Jul 23 11:18:21.072941 np0000005759 devstack@g-api.service[99912]: DEBUG glance.api.middleware.version_negotiation [None req-59b1c9fa-e022-4cda-89e3-f33885ca004b tempest-VolumesActionsTest-315713418 tempest-VolumesActionsTest-315713418-project-member] Matched version: v2 {{(pid=99912) process_request /opt/stack/glance/glance/api/middleware/version_negotiation.py:69}}
Jul 23 11:18:21.073159 np0000005759 devstack@g-api.service[99912]: DEBUG glance.api.middleware.version_negotiation [None req-59b1c9fa-e022-4cda-89e3-f33885ca004b tempest-VolumesActionsTest-315713418 tempest-VolumesActionsTest-315713418-project-member] new path /v2/images/dcd106a4-96ee-4996-b794-faff86445708 {{(pid=99912) process_request /opt/stack/glance/glance/api/middleware/version_negotiation.py:70}}
Jul 23 11:18:21.088280 np0000005759 devstack@g-api.service[99912]: [pid: 99912|app: 0|req: 27/79] 127.0.0.1 () {44 vars in 1111 bytes} [Thu Jul 23 11:18:21 2026] GET /v2/images/dcd106a4-96ee-4996-b794-faff86445708 => generated 1044 bytes in 15 msecs (HTTP/1.1 200) 4 headers in 158 bytes (1 switches on core 0)
Jul 23 11:18:21.099589 np0000005759 devstack@g-api.service[99914]: DEBUG glance.api.middleware.version_negotiation [None req-a23519f2-24b3-4b67-963e-8bfbe58e0a3c tempest-VolumesSnapshotTestJSON-84029024 tempest-VolumesSnapshotTestJSON-84029024-project-member] Determining version of request: GET /v2/schemas/image Accept: */* {{(pid=99914) process_request /opt/stack/glance/glance/api/middleware/version_negotiation.py:44}}
Jul 23 11:18:21.100753 np0000005759 devstack@g-api.service[99914]: DEBUG glance.api.middleware.version_negotiation [None req-a23519f2-24b3-4b67-963e-8bfbe58e0a3c tempest-VolumesSnapshotTestJSON-84029024 tempest-VolumesSnapshotTestJSON-84029024-project-member] Using url versioning {{(pid=99914) process_request /opt/stack/glance/glance/api/middleware/version_negotiation.py:57}}
Jul 23 11:18:21.101095 np0000005759 devstack@g-api.service[99914]: DEBUG glance.api.middleware.version_negotiation [None req-a23519f2-24b3-4b67-963e-8bfbe58e0a3c tempest-VolumesSnapshotTestJSON-84029024 tempest-VolumesSnapshotTestJSON-84029024-project-member] Matched version: v2 {{(pid=99914) process_request /opt/stack/glance/glance/api/middleware/version_negotiation.py:69}}
Jul 23 11:18:21.101319 np0000005759 devstack@g-api.service[99914]: DEBUG glance.api.middleware.version_negotiation [None req-a23519f2-24b3-4b67-963e-8bfbe58e0a3c tempest-VolumesSnapshotTestJSON-84029024 tempest-VolumesSnapshotTestJSON-84029024-project-member] new path /v2/schemas/image {{(pid=99914) process_request /opt/stack/glance/glance/api/middleware/version_negotiation.py:70}}
Jul 23 11:18:21.103965 np0000005759 devstack@g-api.service[99914]: [pid: 99914|app: 0|req: 28/80] 127.0.0.1 () {44 vars in 1051 bytes} [Thu Jul 23 11:18:21 2026] GET /v2/schemas/image => generated 6083 bytes in 4 msecs (HTTP/1.1 200) 4 headers in 158 bytes (1 switches on core 0)
Jul 23 11:18:22.528046 np0000005759 devstack@g-api.service[99913]: DEBUG glance.api.middleware.version_negotiation [None req-a23519f2-24b3-4b67-963e-8bfbe58e0a3c tempest-VolumesSnapshotTestJSON-84029024 tempest-VolumesSnapshotTestJSON-84029024-project-member] Determining version of request: GET /v2/images/dcd106a4-96ee-4996-b794-faff86445708 Accept: */* {{(pid=99913) process_request /opt/stack/glance/glance/api/middleware/version_negotiation.py:44}}
