Jul 23 11:14:17.482546 np0000005759 nova-scheduler[93677]: DEBUG cotyledon.oslo_config_glue [-] oslo_messaging_rabbit.rabbit_quorum_max_memory_length = 0 {{(pid=93677) log_opt_values /opt/stack/data/venv/lib/python3.12/site-packages/oslo_config/cfg.py:3253}}
Jul 23 11:14:17.482546 np0000005759 nova-scheduler[93677]: DEBUG cotyledon.oslo_config_glue [-] oslo_messaging_rabbit.rabbit_quorum_queue = False {{(pid=93677) log_opt_values /opt/stack/data/venv/lib/python3.12/site-packages/oslo_config/cfg.py:3253}}
Jul 23 11:14:17.482546 np0000005759 nova-scheduler[93677]: DEBUG cotyledon.oslo_config_glue [-] oslo_messaging_rabbit.rabbit_retry_backoff = 2 {{(pid=93677) log_opt_values /opt/stack/data/venv/lib/python3.12/site-packages/oslo_config/cfg.py:3253}}
Jul 23 11:14:17.482546 np0000005759 nova-scheduler[93677]: DEBUG cotyledon.oslo_config_glue [-] oslo_messaging_rabbit.rabbit_retry_interval = 1 {{(pid=93677) log_opt_values /opt/stack/data/venv/lib/python3.12/site-packages/oslo_config/cfg.py:3253}}
Jul 23 11:14:17.482804 np0000005759 nova-scheduler[93677]: DEBUG cotyledon.oslo_config_glue [-] oslo_messaging_rabbit.rabbit_stream_fanout = False {{(pid=93677) log_opt_values /opt/stack/data/venv/lib/python3.12/site-packages/oslo_config/cfg.py:3253}}
Jul 23 11:14:17.482836 np0000005759 nova-scheduler[93656]: INFO dbcounter [None req-74c86086-c42e-4458-ba5a-3b85de3cf31d None None] Registered counter for database nova_cell0
Jul 23 11:14:17.482872 np0000005759 nova-scheduler[93677]: DEBUG cotyledon.oslo_config_glue [-] oslo_messaging_rabbit.rabbit_transient_queues_ttl = 1800 {{(pid=93677) log_opt_values /opt/stack/data/venv/lib/python3.12/site-packages/oslo_config/cfg.py:3253}}
Jul 23 11:14:17.482872 np0000005759 nova-scheduler[93677]: DEBUG cotyledon.oslo_config_glue [-] oslo_messaging_rabbit.rabbit_transient_quorum_queue = False {{(pid=93677) log_opt_values /opt/stack/data/venv/lib/python3.12/site-packages/oslo_config/cfg.py:3253}}
Jul 23 11:14:17.482872 np0000005759 nova-scheduler[93677]: DEBUG cotyledon.oslo_config_glue [-] oslo_messaging_rabbit.rpc_conn_pool_size = 30 {{(pid=93677) log_opt_values /opt/stack/data/venv/lib/python3.12/site-packages/oslo_config/cfg.py:3253}}
Jul 23 11:14:17.482872 np0000005759 nova-scheduler[93677]: DEBUG cotyledon.oslo_config_glue [-] oslo_messaging_rabbit.ssl = False {{(pid=93677) log_opt_values /opt/stack/data/venv/lib/python3.12/site-packages/oslo_config/cfg.py:3253}}
Jul 23 11:14:17.482872 np0000005759 nova-scheduler[93677]: DEBUG cotyledon.oslo_config_glue [-] oslo_messaging_rabbit.ssl_ca_file = {{(pid=93677) log_opt_values /opt/stack/data/venv/lib/python3.12/site-packages/oslo_config/cfg.py:3253}}
Jul 23 11:14:17.482872 np0000005759 nova-scheduler[93677]: DEBUG cotyledon.oslo_config_glue [-] oslo_messaging_rabbit.ssl_cert_file = {{(pid=93677) log_opt_values /opt/stack/data/venv/lib/python3.12/site-packages/oslo_config/cfg.py:3253}}
Jul 23 11:14:17.482872 np0000005759 nova-scheduler[93677]: DEBUG cotyledon.oslo_config_glue [-] oslo_messaging_rabbit.ssl_enforce_fips_mode = False {{(pid=93677) log_opt_values /opt/stack/data/venv/lib/python3.12/site-packages/oslo_config/cfg.py:3253}}
Jul 23 11:14:17.482872 np0000005759 nova-scheduler[93677]: DEBUG cotyledon.oslo_config_glue [-] oslo_messaging_rabbit.ssl_enforce_hostname_verification = True {{(pid=93677) log_opt_values /opt/stack/data/venv/lib/python3.12/site-packages/oslo_config/cfg.py:3253}}
Jul 23 11:14:17.482872 np0000005759 nova-scheduler[93677]: DEBUG cotyledon.oslo_config_glue [-] oslo_messaging_rabbit.ssl_key_file = {{(pid=93677) log_opt_values /opt/stack/data/venv/lib/python3.12/site-packages/oslo_config/cfg.py:3253}}
Jul 23 11:14:17.483141 np0000005759 nova-scheduler[93677]: DEBUG cotyledon.oslo_config_glue [-] oslo_messaging_rabbit.ssl_version = {{(pid=93677) log_opt_values /opt/stack/data/venv/lib/python3.12/site-packages/oslo_config/cfg.py:3253}}
Jul 23 11:14:17.483141 np0000005759 nova-scheduler[93677]: DEBUG cotyledon.oslo_config_glue [-] oslo_messaging_rabbit.use_queue_manager = False {{(pid=93677) log_opt_values /opt/stack/data/venv/lib/python3.12/site-packages/oslo_config/cfg.py:3253}}
Jul 23 11:14:17.483141 np0000005759 nova-scheduler[93677]: DEBUG cotyledon.oslo_config_glue [-] oslo_messaging_notifications.driver = ['messagingv2'] {{(pid=93677) log_opt_values /opt/stack/data/venv/lib/python3.12/site-packages/oslo_config/cfg.py:3253}}
Jul 23 11:14:17.483141 np0000005759 nova-scheduler[93677]: DEBUG cotyledon.oslo_config_glue [-] oslo_messaging_notifications.retry = -1 {{(pid=93677) log_opt_values /opt/stack/data/venv/lib/python3.12/site-packages/oslo_config/cfg.py:3253}}
Jul 23 11:14:17.483141 np0000005759 nova-scheduler[93677]: DEBUG cotyledon.oslo_config_glue [-] oslo_messaging_notifications.topics = ['notifications'] {{(pid=93677) log_opt_values /opt/stack/data/venv/lib/python3.12/site-packages/oslo_config/cfg.py:3253}}
Jul 23 11:14:17.483141 np0000005759 nova-scheduler[93677]: DEBUG cotyledon.oslo_config_glue [-] oslo_messaging_notifications.transport_url = **** {{(pid=93677) log_opt_values /opt/stack/data/venv/lib/python3.12/site-packages/oslo_config/cfg.py:3253}}
Jul 23 11:14:17.483141 np0000005759 nova-scheduler[93677]: DEBUG cotyledon.oslo_config_glue [-] oslo_limit.auth_section = None {{(pid=93677) log_opt_values /opt/stack/data/venv/lib/python3.12/site-packages/oslo_config/cfg.py:3253}}
Jul 23 11:14:17.483141 np0000005759 nova-scheduler[93677]: DEBUG cotyledon.oslo_config_glue [-] oslo_limit.auth_type = None {{(pid=93677) log_opt_values /opt/stack/data/venv/lib/python3.12/site-packages/oslo_config/cfg.py:3253}}
Jul 23 11:14:17.483141 np0000005759 nova-scheduler[93677]: DEBUG cotyledon.oslo_config_glue [-] oslo_limit.cafile = None {{(pid=93677) log_opt_values /opt/stack/data/venv/lib/python3.12/site-packages/oslo_config/cfg.py:3253}}
Jul 23 11:14:17.483417 np0000005759 nova-scheduler[93677]: DEBUG cotyledon.oslo_config_glue [-] oslo_limit.certfile = None {{(pid=93677) log_opt_values /opt/stack/data/venv/lib/python3.12/site-packages/oslo_config/cfg.py:3253}}
Jul 23 11:14:17.483417 np0000005759 nova-scheduler[93677]: DEBUG cotyledon.oslo_config_glue [-] oslo_limit.collect_timing = False {{(pid=93677) log_opt_values /opt/stack/data/venv/lib/python3.12/site-packages/oslo_config/cfg.py:3253}}
Jul 23 11:14:17.483417 np0000005759 nova-scheduler[93677]: DEBUG cotyledon.oslo_config_glue [-] oslo_limit.connect_retries = None {{(pid=93677) log_opt_values /opt/stack/data/venv/lib/python3.12/site-packages/oslo_config/cfg.py:3253}}
Jul 23 11:14:17.483417 np0000005759 nova-scheduler[93677]: DEBUG cotyledon.oslo_config_glue [-] oslo_limit.connect_retry_delay = None {{(pid=93677) log_opt_values /opt/stack/data/venv/lib/python3.12/site-packages/oslo_config/cfg.py:3253}}
Jul 23 11:14:17.483417 np0000005759 nova-scheduler[93677]: DEBUG cotyledon.oslo_config_glue [-] oslo_limit.endpoint_id = None {{(pid=93677) log_opt_values /opt/stack/data/venv/lib/python3.12/site-packages/oslo_config/cfg.py:3253}}
Jul 23 11:14:17.483417 np0000005759 nova-scheduler[93677]: DEBUG cotyledon.oslo_config_glue [-] oslo_limit.endpoint_interface = public {{(pid=93677) log_opt_values /opt/stack/data/venv/lib/python3.12/site-packages/oslo_config/cfg.py:3253}}
Jul 23 11:14:17.483417 np0000005759 nova-scheduler[93677]: DEBUG cotyledon.oslo_config_glue [-] oslo_limit.endpoint_override = None {{(pid=93677) log_opt_values /opt/stack/data/venv/lib/python3.12/site-packages/oslo_config/cfg.py:3253}}
Jul 23 11:14:17.483417 np0000005759 nova-scheduler[93677]: DEBUG cotyledon.oslo_config_glue [-] oslo_limit.endpoint_region_name = None {{(pid=93677) log_opt_values /opt/stack/data/venv/lib/python3.12/site-packages/oslo_config/cfg.py:3253}}
Jul 23 11:14:17.483417 np0000005759 nova-scheduler[93677]: DEBUG cotyledon.oslo_config_glue [-] oslo_limit.endpoint_service_name = None {{(pid=93677) log_opt_values /opt/stack/data/venv/lib/python3.12/site-packages/oslo_config/cfg.py:3253}}
Jul 23 11:14:17.483682 np0000005759 nova-scheduler[93677]: DEBUG cotyledon.oslo_config_glue [-] oslo_limit.endpoint_service_type = None {{(pid=93677) log_opt_values /opt/stack/data/venv/lib/python3.12/site-packages/oslo_config/cfg.py:3253}}
Jul 23 11:14:17.483682 np0000005759 nova-scheduler[93677]: DEBUG cotyledon.oslo_config_glue [-] oslo_limit.insecure = False {{(pid=93677) log_opt_values /opt/stack/data/venv/lib/python3.12/site-packages/oslo_config/cfg.py:3253}}
Jul 23 11:14:17.483682 np0000005759 nova-scheduler[93677]: DEBUG cotyledon.oslo_config_glue [-] oslo_limit.keyfile = None {{(pid=93677) log_opt_values /opt/stack/data/venv/lib/python3.12/site-packages/oslo_config/cfg.py:3253}}
Jul 23 11:14:17.483682 np0000005759 nova-scheduler[93677]: DEBUG cotyledon.oslo_config_glue [-] oslo_limit.max_version = None {{(pid=93677) log_opt_values /opt/stack/data/venv/lib/python3.12/site-packages/oslo_config/cfg.py:3253}}
Jul 23 11:14:17.483682 np0000005759 nova-scheduler[93677]: DEBUG cotyledon.oslo_config_glue [-] oslo_limit.min_version = None {{(pid=93677) log_opt_values /opt/stack/data/venv/lib/python3.12/site-packages/oslo_config/cfg.py:3253}}
Jul 23 11:14:17.483682 np0000005759 nova-scheduler[93677]: DEBUG cotyledon.oslo_config_glue [-] oslo_limit.region_name = None {{(pid=93677) log_opt_values /opt/stack/data/venv/lib/python3.12/site-packages/oslo_config/cfg.py:3253}}
Jul 23 11:14:17.483682 np0000005759 nova-scheduler[93677]: DEBUG cotyledon.oslo_config_glue [-] oslo_limit.retriable_status_codes = None {{(pid=93677) log_opt_values /opt/stack/data/venv/lib/python3.12/site-packages/oslo_config/cfg.py:3253}}
Jul 23 11:14:17.483682 np0000005759 nova-scheduler[93677]: DEBUG cotyledon.oslo_config_glue [-] oslo_limit.service_name = None {{(pid=93677) log_opt_values /opt/stack/data/venv/lib/python3.12/site-packages/oslo_config/cfg.py:3253}}
Jul 23 11:14:17.483682 np0000005759 nova-scheduler[93677]: DEBUG cotyledon.oslo_config_glue [-] oslo_limit.service_type = None {{(pid=93677) log_opt_values /opt/stack/data/venv/lib/python3.12/site-packages/oslo_config/cfg.py:3253}}
Jul 23 11:14:17.483922 np0000005759 nova-scheduler[93677]: DEBUG cotyledon.oslo_config_glue [-] oslo_limit.split_loggers = False {{(pid=93677) log_opt_values /opt/stack/data/venv/lib/python3.12/site-packages/oslo_config/cfg.py:3253}}
Jul 23 11:14:17.483922 np0000005759 nova-scheduler[93677]: DEBUG cotyledon.oslo_config_glue [-] oslo_limit.status_code_retries = None {{(pid=93677) log_opt_values /opt/stack/data/venv/lib/python3.12/site-packages/oslo_config/cfg.py:3253}}
Jul 23 11:14:17.483922 np0000005759 nova-scheduler[93677]: DEBUG cotyledon.oslo_config_glue [-] oslo_limit.status_code_retry_delay = None {{(pid=93677) log_opt_values /opt/stack/data/venv/lib/python3.12/site-packages/oslo_config/cfg.py:3253}}
Jul 23 11:14:17.483922 np0000005759 nova-scheduler[93677]: DEBUG cotyledon.oslo_config_glue [-] oslo_limit.timeout = None {{(pid=93677) log_opt_values /opt/stack/data/venv/lib/python3.12/site-packages/oslo_config/cfg.py:3253}}
Jul 23 11:14:17.483922 np0000005759 nova-scheduler[93677]: DEBUG cotyledon.oslo_config_glue [-] oslo_limit.valid_interfaces = None {{(pid=93677) log_opt_values /opt/stack/data/venv/lib/python3.12/site-packages/oslo_config/cfg.py:3253}}
Jul 23 11:14:17.483922 np0000005759 nova-scheduler[93677]: DEBUG cotyledon.oslo_config_glue [-] oslo_limit.version = None {{(pid=93677) log_opt_values /opt/stack/data/venv/lib/python3.12/site-packages/oslo_config/cfg.py:3253}}
Jul 23 11:14:17.483922 np0000005759 nova-scheduler[93677]: DEBUG cotyledon.oslo_config_glue [-] oslo_reports.file_event_handler = None {{(pid=93677) log_opt_values /opt/stack/data/venv/lib/python3.12/site-packages/oslo_config/cfg.py:3253}}
Jul 23 11:14:17.483922 np0000005759 nova-scheduler[93677]: DEBUG cotyledon.oslo_config_glue [-] oslo_reports.file_event_handler_interval = 1 {{(pid=93677) log_opt_values /opt/stack/data/venv/lib/python3.12/site-packages/oslo_config/cfg.py:3253}}
Jul 23 11:14:17.483922 np0000005759 nova-scheduler[93677]: DEBUG cotyledon.oslo_config_glue [-] oslo_reports.log_dir = None {{(pid=93677) log_opt_values /opt/stack/data/venv/lib/python3.12/site-packages/oslo_config/cfg.py:3253}}
Jul 23 11:14:17.484296 np0000005759 nova-scheduler[93677]: DEBUG cotyledon.oslo_config_glue [-] ******************************************************************************** {{(pid=93677) log_opt_values /opt/stack/data/venv/lib/python3.12/site-packages/oslo_config/cfg.py:3260}}
Jul 23 11:14:17.484296 np0000005759 nova-scheduler[93677]: DEBUG cotyledon._service_worker [-] Run service ServiceWrapper(2) [93677] {{(pid=93677) wait_forever /opt/stack/data/venv/lib/python3.12/site-packages/cotyledon/_service_worker.py:218}}
Jul 23 11:14:17.484296 np0000005759 nova-scheduler[93677]: INFO nova.service [-] Starting scheduler node (version 33.1.0)
Jul 23 11:14:17.484296 np0000005759 nova-scheduler[93677]: INFO dbcounter [None req-907bd9ca-0844-44cb-8525-990f8359b1ca None None] Registered counter for database nova_cell0
Jul 23 11:14:17.500081 np0000005759 nova-scheduler[93646]: DEBUG oslo_db.sqlalchemy.engines [None req-084a9554-dbf4-4c30-a84b-bc926a7d0d24 None None] MySQL server mode set to STRICT_TRANS_TABLES,STRICT_ALL_TABLES,NO_ZERO_IN_DATE,NO_ZERO_DATE,ERROR_FOR_DIVISION_BY_ZERO,TRADITIONAL,NO_ENGINE_SUBSTITUTION {{(pid=93646) _check_effective_sql_mode /opt/stack/data/venv/lib/python3.12/site-packages/oslo_db/sqlalchemy/engines.py:325}}
Jul 23 11:14:17.513309 np0000005759 nova-scheduler[93656]: DEBUG oslo_db.sqlalchemy.engines [None req-74c86086-c42e-4458-ba5a-3b85de3cf31d None None] MySQL server mode set to STRICT_TRANS_TABLES,STRICT_ALL_TABLES,NO_ZERO_IN_DATE,NO_ZERO_DATE,ERROR_FOR_DIVISION_BY_ZERO,TRADITIONAL,NO_ENGINE_SUBSTITUTION {{(pid=93656) _check_effective_sql_mode /opt/stack/data/venv/lib/python3.12/site-packages/oslo_db/sqlalchemy/engines.py:325}}
Jul 23 11:14:17.514210 np0000005759 nova-scheduler[93646]: DEBUG dbcounter [-] [93646] Writer thread running {{(pid=93646) stat_writer /opt/stack/data/venv/lib/python3.12/site-packages/dbcounter.py:102}}
Jul 23 11:14:17.523242 np0000005759 nova-scheduler[93677]: DEBUG oslo_db.sqlalchemy.engines [None req-907bd9ca-0844-44cb-8525-990f8359b1ca None None] MySQL server mode set to STRICT_TRANS_TABLES,STRICT_ALL_TABLES,NO_ZERO_IN_DATE,NO_ZERO_DATE,ERROR_FOR_DIVISION_BY_ZERO,TRADITIONAL,NO_ENGINE_SUBSTITUTION {{(pid=93677) _check_effective_sql_mode /opt/stack/data/venv/lib/python3.12/site-packages/oslo_db/sqlalchemy/engines.py:325}}
Jul 23 11:14:17.529867 np0000005759 nova-scheduler[93656]: DEBUG dbcounter [-] [93656] Writer thread running {{(pid=93656) stat_writer /opt/stack/data/venv/lib/python3.12/site-packages/dbcounter.py:102}}
Jul 23 11:14:17.537592 np0000005759 nova-scheduler[93646]: DEBUG nova.service [None req-084a9554-dbf4-4c30-a84b-bc926a7d0d24 None None] Creating RPC server for service: nova-scheduler on topic: scheduler {{(pid=93646) start /opt/stack/nova/nova/service.py:196}}
Jul 23 11:14:17.537728 np0000005759 nova-scheduler[93677]: DEBUG dbcounter [-] [93677] Writer thread running {{(pid=93677) stat_writer /opt/stack/data/venv/lib/python3.12/site-packages/dbcounter.py:102}}
Jul 23 11:14:17.541842 np0000005759 nova-scheduler[93677]: DEBUG nova.service [None req-907bd9ca-0844-44cb-8525-990f8359b1ca None None] Creating RPC server for service: nova-scheduler on topic: scheduler {{(pid=93677) start /opt/stack/nova/nova/service.py:196}}
Jul 23 11:14:17.552565 np0000005759 nova-scheduler[93656]: DEBUG nova.service [None req-74c86086-c42e-4458-ba5a-3b85de3cf31d None None] Creating RPC server for service: nova-scheduler on topic: scheduler {{(pid=93656) start /opt/stack/nova/nova/service.py:196}}
Jul 23 11:14:17.570048 np0000005759 nova-scheduler[93646]: DEBUG nova.service [None req-084a9554-dbf4-4c30-a84b-bc926a7d0d24 None None] Join ServiceGroup membership for this service scheduler {{(pid=93646) start /opt/stack/nova/nova/service.py:222}}
Jul 23 11:14:17.570202 np0000005759 nova-scheduler[93677]: DEBUG nova.service [None req-907bd9ca-0844-44cb-8525-990f8359b1ca None None] Join ServiceGroup membership for this service scheduler {{(pid=93677) start /opt/stack/nova/nova/service.py:222}}
Jul 23 11:14:17.570570 np0000005759 nova-scheduler[93677]: DEBUG nova.servicegroup.drivers.db [None req-907bd9ca-0844-44cb-8525-990f8359b1ca None None] DB_Driver: join new ServiceGroup member np0000005759 to the scheduler group, service = {{(pid=93677) join /opt/stack/nova/nova/servicegroup/drivers/db.py:44}}
Jul 23 11:14:17.570792 np0000005759 nova-scheduler[93646]: DEBUG nova.servicegroup.drivers.db [None req-084a9554-dbf4-4c30-a84b-bc926a7d0d24 None None] DB_Driver: join new ServiceGroup member np0000005759 to the scheduler group, service = {{(pid=93646) join /opt/stack/nova/nova/servicegroup/drivers/db.py:44}}
Jul 23 11:14:17.573130 np0000005759 nova-scheduler[93656]: DEBUG nova.service [None req-74c86086-c42e-4458-ba5a-3b85de3cf31d None None] Join ServiceGroup membership for this service scheduler {{(pid=93656) start /opt/stack/nova/nova/service.py:222}}
Jul 23 11:14:17.573322 np0000005759 nova-scheduler[93656]: DEBUG nova.servicegroup.drivers.db [None req-74c86086-c42e-4458-ba5a-3b85de3cf31d None None] DB_Driver: join new ServiceGroup member np0000005759 to the scheduler group, service = {{(pid=93656) join /opt/stack/nova/nova/servicegroup/drivers/db.py:44}}
Jul 23 11:14:22.587131 np0000005759 nova-scheduler[93646]: DEBUG oslo.service.backend._threading.loopingcall [-] Fixed interval looping call 'nova.servicegroup.drivers.db.DbDriver._report_state' sleeping for 119.99 seconds {{(pid=93646) _run_loop /opt/stack/data/venv/lib/python3.12/site-packages/oslo_service/backend/_threading/loopingcall.py:125}}
Jul 23 11:14:22.587564 np0000005759 nova-scheduler[93656]: DEBUG oslo.service.backend._threading.loopingcall [-] Fixed interval looping call 'nova.servicegroup.drivers.db.DbDriver._report_state' sleeping for 119.99 seconds {{(pid=93656) _run_loop /opt/stack/data/venv/lib/python3.12/site-packages/oslo_service/backend/_threading/loopingcall.py:125}}
Jul 23 11:14:22.588519 np0000005759 nova-scheduler[93677]: DEBUG oslo.service.backend._threading.loopingcall [-] Fixed interval looping call 'nova.servicegroup.drivers.db.DbDriver._report_state' sleeping for 119.99 seconds {{(pid=93677) _run_loop /opt/stack/data/venv/lib/python3.12/site-packages/oslo_service/backend/_threading/loopingcall.py:125}}
Jul 23 11:14:26.011752 np0000005759 nova-scheduler[92402]: DEBUG dbcounter [-] [92402] Writing DB stats nova_api:SELECT=3 {{(pid=92402) stat_writer /opt/stack/data/venv/lib/python3.12/site-packages/dbcounter.py:115}}
Jul 23 11:14:26.175065 np0000005759 nova-scheduler[92402]: DEBUG dbcounter [-] [92402] Writing DB stats nova_cell1:SELECT=1 {{(pid=92402) stat_writer /opt/stack/data/venv/lib/python3.12/site-packages/dbcounter.py:115}}
Jul 23 11:14:26.179584 np0000005759 nova-scheduler[92402]: DEBUG dbcounter [-] [92402] Writing DB stats nova_cell0:SELECT=1 {{(pid=92402) stat_writer /opt/stack/data/venv/lib/python3.12/site-packages/dbcounter.py:115}}
Jul 23 11:14:32.582380 np0000005759 nova-scheduler[93646]: DEBUG dbcounter [-] [93646] Writing DB stats nova_cell0:SELECT=4,nova_cell0:INSERT=1,nova_cell0:UPDATE=1 {{(pid=93646) stat_writer /opt/stack/data/venv/lib/python3.12/site-packages/dbcounter.py:115}}
Jul 23 11:14:32.583130 np0000005759 nova-scheduler[93656]: DEBUG dbcounter [-] [93656] Writing DB stats nova_cell0:SELECT=4,nova_cell0:INSERT=1,nova_cell0:UPDATE=1 {{(pid=93656) stat_writer /opt/stack/data/venv/lib/python3.12/site-packages/dbcounter.py:115}}
Jul 23 11:14:32.586004 np0000005759 nova-scheduler[93677]: DEBUG dbcounter [-] [93677] Writing DB stats nova_cell0:SELECT=3,nova_cell0:UPDATE=1 {{(pid=93677) stat_writer /opt/stack/data/venv/lib/python3.12/site-packages/dbcounter.py:115}}
Jul 23 11:14:54.573461 np0000005759 nova-scheduler[93646]: DEBUG oslo.service.backend._threading.loopingcall [None req-6e0b17ab-edf5-48ee-b9eb-d8bf02bd7806 None None] Dynamic interval looping call 'nova.service.Service.periodic_tasks' sleeping for 60.00 seconds {{(pid=93646) _run_loop /opt/stack/data/venv/lib/python3.12/site-packages/oslo_service/backend/_threading/loopingcall.py:125}}
Jul 23 11:15:02.574415 np0000005759 nova-scheduler[93677]: DEBUG oslo.service.backend._threading.loopingcall [None req-1b638347-ac93-4100-a6b6-a8a5c176caa7 None None] Dynamic interval looping call 'nova.service.Service.periodic_tasks' sleeping for 60.00 seconds {{(pid=93677) _run_loop /opt/stack/data/venv/lib/python3.12/site-packages/oslo_service/backend/_threading/loopingcall.py:125}}
Jul 23 11:15:04.575523 np0000005759 nova-scheduler[93656]: DEBUG oslo.service.backend._threading.loopingcall [None req-b3b5beb8-c5dd-4bc8-9765-e16f5908e6d8 None None] Dynamic interval looping call 'nova.service.Service.periodic_tasks' sleeping for 60.00 seconds {{(pid=93656) _run_loop /opt/stack/data/venv/lib/python3.12/site-packages/oslo_service/backend/_threading/loopingcall.py:125}}
Jul 23 11:15:54.574116 np0000005759 nova-scheduler[93646]: DEBUG oslo.service.backend._threading.loopingcall [None req-6e0b17ab-edf5-48ee-b9eb-d8bf02bd7806 None None] Dynamic interval looping call 'nova.service.Service.periodic_tasks' sleeping for 60.00 seconds {{(pid=93646) _run_loop /opt/stack/data/venv/lib/python3.12/site-packages/oslo_service/backend/_threading/loopingcall.py:125}}
Jul 23 11:16:02.575126 np0000005759 nova-scheduler[93677]: DEBUG oslo.service.backend._threading.loopingcall [None req-1b638347-ac93-4100-a6b6-a8a5c176caa7 None None] Dynamic interval looping call 'nova.service.Service.periodic_tasks' sleeping for 60.00 seconds {{(pid=93677) _run_loop /opt/stack/data/venv/lib/python3.12/site-packages/oslo_service/backend/_threading/loopingcall.py:125}}
Jul 23 11:16:04.576137 np0000005759 nova-scheduler[93656]: DEBUG oslo.service.backend._threading.loopingcall [None req-b3b5beb8-c5dd-4bc8-9765-e16f5908e6d8 None None] Dynamic interval looping call 'nova.service.Service.periodic_tasks' sleeping for 60.00 seconds {{(pid=93656) _run_loop /opt/stack/data/venv/lib/python3.12/site-packages/oslo_service/backend/_threading/loopingcall.py:125}}
Jul 23 11:16:22.585136 np0000005759 nova-scheduler[93677]: DEBUG oslo.service.backend._threading.loopingcall [-] Fixed interval looping call 'nova.servicegroup.drivers.db.DbDriver._report_state' sleeping for 119.99 seconds {{(pid=93677) _run_loop /opt/stack/data/venv/lib/python3.12/site-packages/oslo_service/backend/_threading/loopingcall.py:125}}
Jul 23 11:16:22.585733 np0000005759 nova-scheduler[93646]: DEBUG oslo.service.backend._threading.loopingcall [-] Fixed interval looping call 'nova.servicegroup.drivers.db.DbDriver._report_state' sleeping for 119.99 seconds {{(pid=93646) _run_loop /opt/stack/data/venv/lib/python3.12/site-packages/oslo_service/backend/_threading/loopingcall.py:125}}
Jul 23 11:16:22.586047 np0000005759 nova-scheduler[93656]: DEBUG oslo.service.backend._threading.loopingcall [-] Fixed interval looping call 'nova.servicegroup.drivers.db.DbDriver._report_state' sleeping for 119.99 seconds {{(pid=93656) _run_loop /opt/stack/data/venv/lib/python3.12/site-packages/oslo_service/backend/_threading/loopingcall.py:125}}
Jul 23 11:16:32.581838 np0000005759 nova-scheduler[93677]: DEBUG dbcounter [-] [93677] Writing DB stats nova_cell0:SELECT=1,nova_cell0:UPDATE=1 {{(pid=93677) stat_writer /opt/stack/data/venv/lib/python3.12/site-packages/dbcounter.py:115}}
Jul 23 11:16:32.582646 np0000005759 nova-scheduler[93646]: DEBUG dbcounter [-] [93646] Writing DB stats nova_cell0:SELECT=1,nova_cell0:UPDATE=1 {{(pid=93646) stat_writer /opt/stack/data/venv/lib/python3.12/site-packages/dbcounter.py:115}}
Jul 23 11:16:32.584360 np0000005759 nova-scheduler[93656]: DEBUG dbcounter [-] [93656] Writing DB stats nova_cell0:SELECT=1,nova_cell0:UPDATE=1 {{(pid=93656) stat_writer /opt/stack/data/venv/lib/python3.12/site-packages/dbcounter.py:115}}
Jul 23 11:16:54.574736 np0000005759 nova-scheduler[93646]: DEBUG oslo.service.backend._threading.loopingcall [None req-6e0b17ab-edf5-48ee-b9eb-d8bf02bd7806 None None] Dynamic interval looping call 'nova.service.Service.periodic_tasks' sleeping for 60.00 seconds {{(pid=93646) _run_loop /opt/stack/data/venv/lib/python3.12/site-packages/oslo_service/backend/_threading/loopingcall.py:125}}
Jul 23 11:17:02.034245 np0000005759 nova-scheduler[93646]: DEBUG nova.scheduler.manager [None req-9caf4e63-ac52-4468-ab4f-98431a88e0b8 tempest-ServersNegativeTestJSON-51880007 tempest-ServersNegativeTestJSON-51880007-project-member] Starting to schedule for instances: ['b20bacd7-5d70-4cfc-b83e-462a37a6037e'] {{(pid=93646) select_destinations /opt/stack/nova/nova/scheduler/manager.py:209}}
Jul 23 11:17:02.035208 np0000005759 nova-scheduler[93646]: DEBUG nova.scheduler.request_filter [None req-9caf4e63-ac52-4468-ab4f-98431a88e0b8 tempest-ServersNegativeTestJSON-51880007 tempest-ServersNegativeTestJSON-51880007-project-member] compute_status_filter request filter added forbidden trait COMPUTE_STATUS_DISABLED {{(pid=93646) compute_status_filter /opt/stack/nova/nova/scheduler/request_filter.py:253}}
Jul 23 11:17:02.035377 np0000005759 nova-scheduler[93646]: DEBUG nova.scheduler.request_filter [None req-9caf4e63-ac52-4468-ab4f-98431a88e0b8 tempest-ServersNegativeTestJSON-51880007 tempest-ServersNegativeTestJSON-51880007-project-member] Request filter 'compute_status_filter' took 0.0 seconds {{(pid=93646) wrapper /opt/stack/nova/nova/scheduler/request_filter.py:46}}
Jul 23 11:17:02.035613 np0000005759 nova-scheduler[93646]: DEBUG nova.scheduler.request_filter [None req-9caf4e63-ac52-4468-ab4f-98431a88e0b8 tempest-ServersNegativeTestJSON-51880007 tempest-ServersNegativeTestJSON-51880007-project-member] Request filter 'accelerators_filter' took 0.0 seconds {{(pid=93646) wrapper /opt/stack/nova/nova/scheduler/request_filter.py:46}}
Jul 23 11:17:02.035836 np0000005759 nova-scheduler[93646]: DEBUG nova.scheduler.request_filter [None req-9caf4e63-ac52-4468-ab4f-98431a88e0b8 tempest-ServersNegativeTestJSON-51880007 tempest-ServersNegativeTestJSON-51880007-project-member] Request filter 'packed_virtqueue_filter' took 0.0 seconds {{(pid=93646) wrapper /opt/stack/nova/nova/scheduler/request_filter.py:46}}
Jul 23 11:17:02.036502 np0000005759 nova-scheduler[93646]: DEBUG nova.scheduler.request_filter [None req-9caf4e63-ac52-4468-ab4f-98431a88e0b8 tempest-ServersNegativeTestJSON-51880007 tempest-ServersNegativeTestJSON-51880007-project-member] Request filter 'remote_managed_ports_filter' took 0.0 seconds {{(pid=93646) wrapper /opt/stack/nova/nova/scheduler/request_filter.py:46}}
Jul 23 11:17:02.036696 np0000005759 nova-scheduler[93646]: DEBUG nova.scheduler.request_filter [None req-9caf4e63-ac52-4468-ab4f-98431a88e0b8 tempest-ServersNegativeTestJSON-51880007 tempest-ServersNegativeTestJSON-51880007-project-member] ephemeral_encryption_filter skipped {{(pid=93646) ephemeral_encryption_filter /opt/stack/nova/nova/scheduler/request_filter.py:426}}
Jul 23 11:17:02.036861 np0000005759 nova-scheduler[93646]: DEBUG nova.scheduler.request_filter [None req-9caf4e63-ac52-4468-ab4f-98431a88e0b8 tempest-ServersNegativeTestJSON-51880007 tempest-ServersNegativeTestJSON-51880007-project-member] virtio_sound_filter skipped {{(pid=93646) virtio_sound_filter /opt/stack/nova/nova/scheduler/request_filter.py:460}}
Jul 23 11:17:02.036978 np0000005759 nova-scheduler[93646]: DEBUG nova.scheduler.request_filter [None req-9caf4e63-ac52-4468-ab4f-98431a88e0b8 tempest-ServersNegativeTestJSON-51880007 tempest-ServersNegativeTestJSON-51880007-project-member] tpm_secret_security_filter skipped {{(pid=93646) tpm_secret_security_filter /opt/stack/nova/nova/scheduler/request_filter.py:477}}
Jul 23 11:17:02.575741 np0000005759 nova-scheduler[93677]: DEBUG oslo.service.backend._threading.loopingcall [None req-1b638347-ac93-4100-a6b6-a8a5c176caa7 None None] Dynamic interval looping call 'nova.service.Service.periodic_tasks' sleeping for 60.00 seconds {{(pid=93677) _run_loop /opt/stack/data/venv/lib/python3.12/site-packages/oslo_service/backend/_threading/loopingcall.py:125}}
Jul 23 11:17:02.650337 np0000005759 nova-scheduler[93646]: INFO nova.utils [None req-9caf4e63-ac52-4468-ab4f-98431a88e0b8 tempest-ServersNegativeTestJSON-51880007 tempest-ServersNegativeTestJSON-51880007-project-member] The cell worker thread pool ForkProcess-1.cell_worker is initialized
Jul 23 11:17:02.650864 np0000005759 nova-scheduler[93646]: DEBUG oslo_concurrency.lockutils [None req-9caf4e63-ac52-4468-ab4f-98431a88e0b8 tempest-ServersNegativeTestJSON-51880007 tempest-ServersNegativeTestJSON-51880007-project-member] Acquiring lock "43eff8ae-f2e6-4e61-8648-7798a537015b" by "nova.context.set_target_cell..get_or_set_cached_cell_and_set_connections" {{(pid=93646) inner /opt/stack/data/venv/lib/python3.12/site-packages/oslo_concurrency/lockutils.py:512}}
Jul 23 11:17:02.651141 np0000005759 nova-scheduler[93646]: DEBUG oslo_concurrency.lockutils [None req-9caf4e63-ac52-4468-ab4f-98431a88e0b8 tempest-ServersNegativeTestJSON-51880007 tempest-ServersNegativeTestJSON-51880007-project-member] Lock "43eff8ae-f2e6-4e61-8648-7798a537015b" acquired by "nova.context.set_target_cell..get_or_set_cached_cell_and_set_connections" :: waited 0.000s {{(pid=93646) inner /opt/stack/data/venv/lib/python3.12/site-packages/oslo_concurrency/lockutils.py:525}}
Jul 23 11:17:02.653036 np0000005759 nova-scheduler[93646]: DEBUG oslo_concurrency.lockutils [None req-9caf4e63-ac52-4468-ab4f-98431a88e0b8 tempest-ServersNegativeTestJSON-51880007 tempest-ServersNegativeTestJSON-51880007-project-member] Lock "43eff8ae-f2e6-4e61-8648-7798a537015b" "released" by "nova.context.set_target_cell..get_or_set_cached_cell_and_set_connections" :: held 0.002s {{(pid=93646) inner /opt/stack/data/venv/lib/python3.12/site-packages/oslo_concurrency/lockutils.py:544}}
Jul 23 11:17:02.655134 np0000005759 nova-scheduler[93646]: INFO dbcounter [None req-9caf4e63-ac52-4468-ab4f-98431a88e0b8 tempest-ServersNegativeTestJSON-51880007 tempest-ServersNegativeTestJSON-51880007-project-member] Registered counter for database nova_cell1
Jul 23 11:17:02.693105 np0000005759 nova-scheduler[93646]: DEBUG oslo_db.sqlalchemy.engines [None req-9caf4e63-ac52-4468-ab4f-98431a88e0b8 tempest-ServersNegativeTestJSON-51880007 tempest-ServersNegativeTestJSON-51880007-project-member] MySQL server mode set to STRICT_TRANS_TABLES,STRICT_ALL_TABLES,NO_ZERO_IN_DATE,NO_ZERO_DATE,ERROR_FOR_DIVISION_BY_ZERO,TRADITIONAL,NO_ENGINE_SUBSTITUTION {{(pid=93646) _check_effective_sql_mode /opt/stack/data/venv/lib/python3.12/site-packages/oslo_db/sqlalchemy/engines.py:325}}
Jul 23 11:17:02.699026 np0000005759 nova-scheduler[93646]: DEBUG dbcounter [-] [93646] Writer thread running {{(pid=93646) stat_writer /opt/stack/data/venv/lib/python3.12/site-packages/dbcounter.py:102}}
Jul 23 11:17:02.716870 np0000005759 nova-scheduler[93646]: DEBUG oslo_db.sqlalchemy.engines [None req-9caf4e63-ac52-4468-ab4f-98431a88e0b8 tempest-ServersNegativeTestJSON-51880007 tempest-ServersNegativeTestJSON-51880007-project-member] Parent process 92402 forked (93646) with an open database connection, which is being discarded and recreated. {{(pid=93646) checkout /opt/stack/data/venv/lib/python3.12/site-packages/oslo_db/sqlalchemy/engines.py:402}}
Jul 23 11:17:02.776901 np0000005759 nova-scheduler[93646]: DEBUG dbcounter [-] [93646] Writer thread running {{(pid=93646) stat_writer /opt/stack/data/venv/lib/python3.12/site-packages/dbcounter.py:102}}
Jul 23 11:17:02.781793 np0000005759 nova-scheduler[93646]: DEBUG oslo_concurrency.lockutils [None req-9caf4e63-ac52-4468-ab4f-98431a88e0b8 tempest-ServersNegativeTestJSON-51880007 tempest-ServersNegativeTestJSON-51880007-project-member] Acquiring lock "43eff8ae-f2e6-4e61-8648-7798a537015b" by "nova.context.set_target_cell..get_or_set_cached_cell_and_set_connections" {{(pid=93646) inner /opt/stack/data/venv/lib/python3.12/site-packages/oslo_concurrency/lockutils.py:512}}
Jul 23 11:17:02.782059 np0000005759 nova-scheduler[93646]: DEBUG oslo_concurrency.lockutils [None req-9caf4e63-ac52-4468-ab4f-98431a88e0b8 tempest-ServersNegativeTestJSON-51880007 tempest-ServersNegativeTestJSON-51880007-project-member] Lock "43eff8ae-f2e6-4e61-8648-7798a537015b" acquired by "nova.context.set_target_cell..get_or_set_cached_cell_and_set_connections" :: waited 0.000s {{(pid=93646) inner /opt/stack/data/venv/lib/python3.12/site-packages/oslo_concurrency/lockutils.py:525}}
Jul 23 11:17:02.782203 np0000005759 nova-scheduler[93646]: DEBUG oslo_concurrency.lockutils [None req-9caf4e63-ac52-4468-ab4f-98431a88e0b8 tempest-ServersNegativeTestJSON-51880007 tempest-ServersNegativeTestJSON-51880007-project-member] Lock "43eff8ae-f2e6-4e61-8648-7798a537015b" "released" by "nova.context.set_target_cell..get_or_set_cached_cell_and_set_connections" :: held 0.000s {{(pid=93646) inner /opt/stack/data/venv/lib/python3.12/site-packages/oslo_concurrency/lockutils.py:544}}
Jul 23 11:17:02.787136 np0000005759 nova-scheduler[93646]: DEBUG oslo_concurrency.lockutils [None req-9caf4e63-ac52-4468-ab4f-98431a88e0b8 tempest-ServersNegativeTestJSON-51880007 tempest-ServersNegativeTestJSON-51880007-project-member] Acquiring lock "np0000005759-np0000005759" by "nova.scheduler.host_manager.HostState.update.._locked_update" {{(pid=93646) inner /opt/stack/data/venv/lib/python3.12/site-packages/oslo_concurrency/lockutils.py:512}}
Jul 23 11:17:02.787455 np0000005759 nova-scheduler[93646]: DEBUG oslo_concurrency.lockutils [None req-9caf4e63-ac52-4468-ab4f-98431a88e0b8 tempest-ServersNegativeTestJSON-51880007 tempest-ServersNegativeTestJSON-51880007-project-member] Lock "np0000005759-np0000005759" acquired by "nova.scheduler.host_manager.HostState.update.._locked_update" :: waited 0.000s {{(pid=93646) inner /opt/stack/data/venv/lib/python3.12/site-packages/oslo_concurrency/lockutils.py:525}}
Jul 23 11:17:02.789217 np0000005759 nova-scheduler[93646]: DEBUG nova.scheduler.host_manager [None req-9caf4e63-ac52-4468-ab4f-98431a88e0b8 tempest-ServersNegativeTestJSON-51880007 tempest-ServersNegativeTestJSON-51880007-project-member] Update host state from compute node: ComputeNode(cpu_allocation_ratio=4.0,cpu_info='{"arch": "x86_64", "model": "EPYC-Milan", "vendor": "AMD", "topology": {"cells": 1, "sockets": 16, "cores": 1, "threads": 1}, "maxphysaddr": {"mode": "emulate", "bits": 40}, "features": ["sse4.2", "nx", "perfctr_core", "cx16", "amd-stibp", "pause-filter", "mmxext", "pae", "vmcb-clean", "npt", "x2apic", "sse4.1", "no-nested-data-bp", "pdpe1gb", "movbe", "avx2", "vgif", "flushbyasid", "pse", "rdctl-no", "tsc_adjust", "msr", "xsaves", "rdseed", "clflush", "fsgsbase", "xsavec", "spec-ctrl", "v-vmsave-vmload", "osvw", "clflushopt", "gds-no", "nrip-save", "mce", "amd-psfd", "ibrs", "fma", "lm", "xgetbv1", "wbnoinvd", "pat", "sse", "syscall", "pclmuldq", "abm", "cmp_legacy", "amd-ssbd", "pku", "apic", "adx", "sep", "xsaveopt", "hypervisor", "de", "svme-addr-chk", "sse4a", "cx8", "pni", "virt-ssbd", "invpcid", "fsrm", "bmi2", "bmi1", "cr8legacy", "3dnowprefetch", "ssse3", "skip-l1dfl-vmentry", "cmov", "smep", "vme", "mca", "arch-capabilities", "sha-ni", "rdtscp", "f16c", "vpclmulqdq", "mtrr", "ssbd", "pse36", "clzero", "ibpb", "popcnt", "rdpid", "lbrv", "svm", "fpu", "smap", "sse2", "erms", "fxsr", "pcid", "tsc-deadline", "null-sel-clr-base", "stibp-always-on", "lahf_lm", "clwb", "avx", "xsaveerptr", "fxsr_opt", "pfthreshold", "mds-no", "tsc", "umip", "rdrand", "vaes", "pge", "pschange-mc-no", "mmx", "aes", "stibp", "lfence-always-serializing", "arat", "misalignsse", "topoext", "xsave", "tsc-scale"]}',created_at=2026-07-23T11:14:41Z,current_workload=0,deleted=False,deleted_at=None,disk_allocation_ratio=1.0,disk_available_least=73,free_disk_gb=95,free_ram_mb=62765,host='np0000005759',host_ip=10.4.3.32,hypervisor_hostname='np0000005759',hypervisor_type='QEMU',hypervisor_version=8002002,id=1,local_gb=95,local_gb_used=0,mapped=1,memory_mb=63277,memory_mb_used=512,metrics='[]',numa_topology='{"nova_object.name": "NUMATopology", "nova_object.namespace": "nova", "nova_object.version": "1.2", "nova_object.data": {"cells": [{"nova_object.name": "NUMACell", "nova_object.namespace": "nova", "nova_object.version": "1.5", "nova_object.data": {"id": 0, "cpuset": [0, 1, 2, 3, 4, 5, 6, 7, 8, 9, 10, 11, 12, 13, 14, 15], "pcpuset": [0, 1, 2, 3, 4, 5, 6, 7, 8, 9, 10, 11, 12, 13, 14, 15], "memory": 63277, "cpu_usage": 0, "memory_usage": 0, "pinned_cpus": [], "siblings": [[6], [12], [2], [15], [5], [11], [8], [14], [4], [1], [7], [10], [0], [13], [3], [9]], "mempages": [{"nova_object.name": "NUMAPagesTopology", "nova_object.namespace": "nova", "nova_object.version": "1.1", "nova_object.data": {"size_kb": 4, "total": 16177928, "used": 0, "reserved": 0}, "nova_object.changes": ["total", "used", "size_kb", "reserved"]}, {"nova_object.name": "NUMAPagesTopology", "nova_object.namespace": "nova", "nova_object.version": "1.1", "nova_object.data": {"size_kb": 2048, "total": 41, "used": 0, "reserved": 0}, "nova_object.changes": ["total", "used", "size_kb", "reserved"]}, {"nova_object.name": "NUMAPagesTopology", "nova_object.namespace": "nova", "nova_object.version": "1.1", "nova_object.data": {"size_kb": 1048576, "total": 0, "used": 0, "reserved": 0}, "nova_object.changes": ["total", "used", "size_kb", "reserved"]}], "network_metadata": {"nova_object.name": "NetworkMetadata", "nova_object.namespace": "nova", "nova_object.version": "1.0", "nova_object.data": {"physnets": [], "tunneled": false}, "nova_object.changes": ["physnets", "tunneled"]}, "socket": null}, "nova_object.changes": ["cpuset", "mempages", "socket", "siblings", "cpu_usage", "memory", "memory_usage", "id", "pinned_cpus", "network_metadata", "pcpuset"]}]}, "nova_object.changes": ["cells"]}',pci_device_pools=PciDevicePoolList,ram_allocation_ratio=1.0,running_vms=0,service_id=3,stats={failed_builds='0',uptime=' 11:16:28 up 15 min, 2 users, load average: 1.45, 1.69, 0.98
Jul 23 11:17:02.789217 np0000005759 nova-scheduler[93646]: '},supported_hv_specs=[HVSpec,HVSpec,HVSpec,HVSpec,HVSpec,HVSpec,HVSpec,HVSpec,HVSpec,HVSpec,HVSpec,HVSpec,HVSpec,HVSpec,HVSpec,HVSpec,HVSpec,HVSpec,HVSpec,HVSpec,HVSpec,HVSpec,HVSpec,HVSpec,HVSpec],updated_at=2026-07-23T11:16:29Z,uuid=1f594558-6a51-4578-bb6e-d77724997254,vcpus=16,vcpus_used=0) {{(pid=93646) _locked_update /opt/stack/nova/nova/scheduler/host_manager.py:168}}
Jul 23 11:17:02.790299 np0000005759 nova-scheduler[93646]: DEBUG nova.scheduler.host_manager [None req-9caf4e63-ac52-4468-ab4f-98431a88e0b8 tempest-ServersNegativeTestJSON-51880007 tempest-ServersNegativeTestJSON-51880007-project-member] Update host state with aggregates: [] {{(pid=93646) _locked_update /opt/stack/nova/nova/scheduler/host_manager.py:171}}
Jul 23 11:17:02.790481 np0000005759 nova-scheduler[93646]: DEBUG nova.scheduler.host_manager [None req-9caf4e63-ac52-4468-ab4f-98431a88e0b8 tempest-ServersNegativeTestJSON-51880007 tempest-ServersNegativeTestJSON-51880007-project-member] Update host state with service dict: {'id': 3, 'uuid': 'b94efcdf-b12c-43ab-953f-822430cb97c4', 'host': 'np0000005759', 'binary': 'nova-compute', 'topic': 'compute', 'report_count': 2, 'disabled': False, 'disabled_reason': None, 'last_seen_up': datetime.datetime(2026, 7, 23, 11, 16, 47, tzinfo=datetime.timezone.utc), 'forced_down': False, 'version': 72, 'created_at': datetime.datetime(2026, 7, 23, 11, 14, 40, tzinfo=datetime.timezone.utc), 'updated_at': datetime.datetime(2026, 7, 23, 11, 16, 47, tzinfo=datetime.timezone.utc), 'deleted_at': None, 'deleted': False} {{(pid=93646) _locked_update /opt/stack/nova/nova/scheduler/host_manager.py:174}}
Jul 23 11:17:02.790657 np0000005759 nova-scheduler[93646]: DEBUG nova.scheduler.host_manager [None req-9caf4e63-ac52-4468-ab4f-98431a88e0b8 tempest-ServersNegativeTestJSON-51880007 tempest-ServersNegativeTestJSON-51880007-project-member] Update host state with instances: [] {{(pid=93646) _locked_update /opt/stack/nova/nova/scheduler/host_manager.py:177}}
Jul 23 11:17:02.790835 np0000005759 nova-scheduler[93646]: DEBUG oslo_concurrency.lockutils [None req-9caf4e63-ac52-4468-ab4f-98431a88e0b8 tempest-ServersNegativeTestJSON-51880007 tempest-ServersNegativeTestJSON-51880007-project-member] Lock "np0000005759-np0000005759" "released" by "nova.scheduler.host_manager.HostState.update.._locked_update" :: held 0.003s {{(pid=93646) inner /opt/stack/data/venv/lib/python3.12/site-packages/oslo_concurrency/lockutils.py:544}}
Jul 23 11:17:02.791790 np0000005759 nova-scheduler[93646]: DEBUG nova.filters [None req-9caf4e63-ac52-4468-ab4f-98431a88e0b8 tempest-ServersNegativeTestJSON-51880007 tempest-ServersNegativeTestJSON-51880007-project-member] Starting with 1 host(s) {{(pid=93646) get_filtered_objects /opt/stack/nova/nova/filters.py:70}}
Jul 23 11:17:02.791970 np0000005759 nova-scheduler[93646]: DEBUG nova.filters [None req-9caf4e63-ac52-4468-ab4f-98431a88e0b8 tempest-ServersNegativeTestJSON-51880007 tempest-ServersNegativeTestJSON-51880007-project-member] Filter ComputeFilter returned 1 host(s) {{(pid=93646) get_filtered_objects /opt/stack/nova/nova/filters.py:102}}
Jul 23 11:17:02.792212 np0000005759 nova-scheduler[93646]: DEBUG nova.filters [None req-9caf4e63-ac52-4468-ab4f-98431a88e0b8 tempest-ServersNegativeTestJSON-51880007 tempest-ServersNegativeTestJSON-51880007-project-member] Filter ComputeCapabilitiesFilter returned 1 host(s) {{(pid=93646) get_filtered_objects /opt/stack/nova/nova/filters.py:102}}
Jul 23 11:17:02.792487 np0000005759 nova-scheduler[93646]: DEBUG nova.filters [None req-9caf4e63-ac52-4468-ab4f-98431a88e0b8 tempest-ServersNegativeTestJSON-51880007 tempest-ServersNegativeTestJSON-51880007-project-member] Filter ImagePropertiesFilter returned 1 host(s) {{(pid=93646) get_filtered_objects /opt/stack/nova/nova/filters.py:102}}
Jul 23 11:17:02.792657 np0000005759 nova-scheduler[93646]: DEBUG nova.filters [None req-9caf4e63-ac52-4468-ab4f-98431a88e0b8 tempest-ServersNegativeTestJSON-51880007 tempest-ServersNegativeTestJSON-51880007-project-member] Filter ServerGroupAntiAffinityFilter returned 1 host(s) {{(pid=93646) get_filtered_objects /opt/stack/nova/nova/filters.py:102}}
Jul 23 11:17:02.793038 np0000005759 nova-scheduler[93646]: DEBUG nova.filters [None req-9caf4e63-ac52-4468-ab4f-98431a88e0b8 tempest-ServersNegativeTestJSON-51880007 tempest-ServersNegativeTestJSON-51880007-project-member] Filter ServerGroupAffinityFilter returned 1 host(s) {{(pid=93646) get_filtered_objects /opt/stack/nova/nova/filters.py:102}}
Jul 23 11:17:02.793356 np0000005759 nova-scheduler[93646]: DEBUG nova.filters [None req-9caf4e63-ac52-4468-ab4f-98431a88e0b8 tempest-ServersNegativeTestJSON-51880007 tempest-ServersNegativeTestJSON-51880007-project-member] Filter SameHostFilter returned 1 host(s) {{(pid=93646) get_filtered_objects /opt/stack/nova/nova/filters.py:102}}
Jul 23 11:17:02.793499 np0000005759 nova-scheduler[93646]: DEBUG nova.filters [None req-9caf4e63-ac52-4468-ab4f-98431a88e0b8 tempest-ServersNegativeTestJSON-51880007 tempest-ServersNegativeTestJSON-51880007-project-member] Filter DifferentHostFilter returned 1 host(s) {{(pid=93646) get_filtered_objects /opt/stack/nova/nova/filters.py:102}}
Jul 23 11:17:02.793679 np0000005759 nova-scheduler[93646]: DEBUG nova.scheduler.manager [None req-9caf4e63-ac52-4468-ab4f-98431a88e0b8 tempest-ServersNegativeTestJSON-51880007 tempest-ServersNegativeTestJSON-51880007-project-member] Filtered [(np0000005759, np0000005759) ram: 62765MB disk: 74752MB io_ops: 0 instances: 0, allocation_candidates: 1] {{(pid=93646) _get_sorted_hosts /opt/stack/nova/nova/scheduler/manager.py:742}}
Jul 23 11:17:02.793963 np0000005759 nova-scheduler[93646]: DEBUG nova.scheduler.manager [None req-9caf4e63-ac52-4468-ab4f-98431a88e0b8 tempest-ServersNegativeTestJSON-51880007 tempest-ServersNegativeTestJSON-51880007-project-member] Weighed [WeighedHost [host: (np0000005759, np0000005759) ram: 62765MB disk: 74752MB io_ops: 0 instances: 0, allocation_candidates: 1, weight: 0.0]] {{(pid=93646) _get_sorted_hosts /opt/stack/nova/nova/scheduler/manager.py:764}}
Jul 23 11:17:02.794239 np0000005759 nova-scheduler[93646]: DEBUG nova.scheduler.utils [None req-9caf4e63-ac52-4468-ab4f-98431a88e0b8 tempest-ServersNegativeTestJSON-51880007 tempest-ServersNegativeTestJSON-51880007-project-member] Attempting to claim resources in the placement API for instance b20bacd7-5d70-4cfc-b83e-462a37a6037e {{(pid=93646) claim_resources /opt/stack/nova/nova/scheduler/utils.py:1345}}
Jul 23 11:17:02.983287 np0000005759 nova-scheduler[93646]: DEBUG nova.scheduler.manager [None req-9caf4e63-ac52-4468-ab4f-98431a88e0b8 tempest-ServersNegativeTestJSON-51880007 tempest-ServersNegativeTestJSON-51880007-project-member] [instance: b20bacd7-5d70-4cfc-b83e-462a37a6037e] Selected host: (np0000005759, np0000005759) ram: 62765MB disk: 74752MB io_ops: 0 instances: 0, allocation_candidates: 1 {{(pid=93646) _consume_selected_host /opt/stack/nova/nova/scheduler/manager.py:624}}
Jul 23 11:17:02.983561 np0000005759 nova-scheduler[93646]: DEBUG oslo_concurrency.lockutils [None req-9caf4e63-ac52-4468-ab4f-98431a88e0b8 tempest-ServersNegativeTestJSON-51880007 tempest-ServersNegativeTestJSON-51880007-project-member] Acquiring lock "np0000005759-np0000005759" by "nova.scheduler.host_manager.HostState.consume_from_request.._locked" {{(pid=93646) inner /opt/stack/data/venv/lib/python3.12/site-packages/oslo_concurrency/lockutils.py:512}}
Jul 23 11:17:02.983734 np0000005759 nova-scheduler[93646]: DEBUG oslo_concurrency.lockutils [None req-9caf4e63-ac52-4468-ab4f-98431a88e0b8 tempest-ServersNegativeTestJSON-51880007 tempest-ServersNegativeTestJSON-51880007-project-member] Lock "np0000005759-np0000005759" acquired by "nova.scheduler.host_manager.HostState.consume_from_request.._locked" :: waited 0.000s {{(pid=93646) inner /opt/stack/data/venv/lib/python3.12/site-packages/oslo_concurrency/lockutils.py:525}}
Jul 23 11:17:02.983939 np0000005759 nova-scheduler[93646]: DEBUG oslo_concurrency.lockutils [None req-9caf4e63-ac52-4468-ab4f-98431a88e0b8 tempest-ServersNegativeTestJSON-51880007 tempest-ServersNegativeTestJSON-51880007-project-member] Lock "np0000005759-np0000005759" "released" by "nova.scheduler.host_manager.HostState.consume_from_request.._locked" :: held 0.000s {{(pid=93646) inner /opt/stack/data/venv/lib/python3.12/site-packages/oslo_concurrency/lockutils.py:544}}
Jul 23 11:17:04.576745 np0000005759 nova-scheduler[93656]: DEBUG oslo.service.backend._threading.loopingcall [None req-b3b5beb8-c5dd-4bc8-9765-e16f5908e6d8 None None] Dynamic interval looping call 'nova.service.Service.periodic_tasks' sleeping for 60.00 seconds {{(pid=93656) _run_loop /opt/stack/data/venv/lib/python3.12/site-packages/oslo_service/backend/_threading/loopingcall.py:125}}
Jul 23 11:17:10.780575 np0000005759 nova-scheduler[93677]: DEBUG nova.scheduler.manager [None req-cdc8fcde-b169-47aa-90b3-82290138cc71 tempest-ServerActionsTestOtherA-240592640 tempest-ServerActionsTestOtherA-240592640-project-member] Starting to schedule for instances: ['e2861f45-c6b0-4d35-a4a0-4ad5c31a1520'] {{(pid=93677) select_destinations /opt/stack/nova/nova/scheduler/manager.py:209}}
Jul 23 11:17:10.783021 np0000005759 nova-scheduler[93677]: DEBUG nova.scheduler.request_filter [None req-cdc8fcde-b169-47aa-90b3-82290138cc71 tempest-ServerActionsTestOtherA-240592640 tempest-ServerActionsTestOtherA-240592640-project-member] compute_status_filter request filter added forbidden trait COMPUTE_STATUS_DISABLED {{(pid=93677) compute_status_filter /opt/stack/nova/nova/scheduler/request_filter.py:253}}
Jul 23 11:17:10.783021 np0000005759 nova-scheduler[93677]: DEBUG nova.scheduler.request_filter [None req-cdc8fcde-b169-47aa-90b3-82290138cc71 tempest-ServerActionsTestOtherA-240592640 tempest-ServerActionsTestOtherA-240592640-project-member] Request filter 'compute_status_filter' took 0.0 seconds {{(pid=93677) wrapper /opt/stack/nova/nova/scheduler/request_filter.py:46}}
Jul 23 11:17:10.783021 np0000005759 nova-scheduler[93677]: DEBUG nova.scheduler.request_filter [None req-cdc8fcde-b169-47aa-90b3-82290138cc71 tempest-ServerActionsTestOtherA-240592640 tempest-ServerActionsTestOtherA-240592640-project-member] Request filter 'accelerators_filter' took 0.0 seconds {{(pid=93677) wrapper /opt/stack/nova/nova/scheduler/request_filter.py:46}}
Jul 23 11:17:10.783021 np0000005759 nova-scheduler[93677]: DEBUG nova.scheduler.request_filter [None req-cdc8fcde-b169-47aa-90b3-82290138cc71 tempest-ServerActionsTestOtherA-240592640 tempest-ServerActionsTestOtherA-240592640-project-member] Request filter 'packed_virtqueue_filter' took 0.0 seconds {{(pid=93677) wrapper /opt/stack/nova/nova/scheduler/request_filter.py:46}}
Jul 23 11:17:10.783580 np0000005759 nova-scheduler[93677]: DEBUG nova.scheduler.request_filter [None req-cdc8fcde-b169-47aa-90b3-82290138cc71 tempest-ServerActionsTestOtherA-240592640 tempest-ServerActionsTestOtherA-240592640-project-member] Request filter 'remote_managed_ports_filter' took 0.0 seconds {{(pid=93677) wrapper /opt/stack/nova/nova/scheduler/request_filter.py:46}}
Jul 23 11:17:10.785064 np0000005759 nova-scheduler[93677]: DEBUG nova.scheduler.request_filter [None req-cdc8fcde-b169-47aa-90b3-82290138cc71 tempest-ServerActionsTestOtherA-240592640 tempest-ServerActionsTestOtherA-240592640-project-member] ephemeral_encryption_filter skipped {{(pid=93677) ephemeral_encryption_filter /opt/stack/nova/nova/scheduler/request_filter.py:426}}
Jul 23 11:17:10.785064 np0000005759 nova-scheduler[93677]: DEBUG nova.scheduler.request_filter [None req-cdc8fcde-b169-47aa-90b3-82290138cc71 tempest-ServerActionsTestOtherA-240592640 tempest-ServerActionsTestOtherA-240592640-project-member] virtio_sound_filter skipped {{(pid=93677) virtio_sound_filter /opt/stack/nova/nova/scheduler/request_filter.py:460}}
