Jul 23 11:13:48.510765 np0000005759 devstack@neutron-api.service[87768]: DEBUG neutron.api.extensions [None req-52f044ea-a800-4c5c-b08d-fb94eb5e7798 None None] Loading extension file: uplink_status_propagation.py {{(pid=87768) _load_all_extensions_from_path /opt/stack/neutron/neutron/api/extensions.py:449}}
Jul 23 11:13:48.511104 np0000005759 devstack@neutron-api.service[87768]: DEBUG neutron.api.extensions [None req-52f044ea-a800-4c5c-b08d-fb94eb5e7798 None None] Ext name="Uplink status propagation extension" alias="uplink-status-propagation" description="Provides ability to propagate port uplink status." updated="2018-05-31T18:00:00-00:00" {{(pid=87768) _check_extension /opt/stack/neutron/neutron/api/extensions.py:415}}
Jul 23 11:13:48.511276 np0000005759 devstack@neutron-api.service[87768]: INFO neutron.api.extensions [None req-52f044ea-a800-4c5c-b08d-fb94eb5e7798 None None] Extension uplink-status-propagation not supported by any of loaded plugins
Jul 23 11:13:48.511371 np0000005759 devstack@neutron-api.service[87768]: DEBUG neutron.api.extensions [None req-52f044ea-a800-4c5c-b08d-fb94eb5e7798 None None] Loading extension file: uplink_status_propagation_updatable.py {{(pid=87768) _load_all_extensions_from_path /opt/stack/neutron/neutron/api/extensions.py:449}}
Jul 23 11:13:48.511638 np0000005759 devstack@neutron-api.service[87768]: DEBUG neutron.api.extensions [None req-52f044ea-a800-4c5c-b08d-fb94eb5e7798 None None] Ext name="Uplink status propagation updatable extension" alias="uplink-status-propagation-updatable" description="Provides ability to update the port uplink status." updated="2024-09-03T18:00:00-00:00" {{(pid=87768) _check_extension /opt/stack/neutron/neutron/api/extensions.py:415}}
Jul 23 11:13:48.511686 np0000005759 devstack@neutron-api.service[87768]: INFO neutron.api.extensions [None req-52f044ea-a800-4c5c-b08d-fb94eb5e7798 None None] Extension uplink-status-propagation-updatable not supported by any of loaded plugins
Jul 23 11:13:48.511800 np0000005759 devstack@neutron-api.service[87768]: DEBUG neutron.api.extensions [None req-52f044ea-a800-4c5c-b08d-fb94eb5e7798 None None] Loading extension file: vlantransparent.py {{(pid=87768) _load_all_extensions_from_path /opt/stack/neutron/neutron/api/extensions.py:449}}
Jul 23 11:13:48.512111 np0000005759 devstack@neutron-api.service[87768]: DEBUG neutron.api.extensions [None req-52f044ea-a800-4c5c-b08d-fb94eb5e7798 None None] Ext name="Vlantransparent" alias="vlan-transparent" description="Provides Vlan Transparent Networks" updated="2015-03-23T09:00:00-00:00" {{(pid=87768) _check_extension /opt/stack/neutron/neutron/api/extensions.py:415}}
Jul 23 11:13:48.512294 np0000005759 devstack@neutron-api.service[87768]: INFO neutron.api.extensions [None req-52f044ea-a800-4c5c-b08d-fb94eb5e7798 None None] Loaded extension: vlan-transparent
Jul 23 11:13:48.514838 np0000005759 devstack@neutron-api.service[87768]: INFO neutron.quota.resource_registry [None req-52f044ea-a800-4c5c-b08d-fb94eb5e7798 None None] Creating instance of TrackedResource for resource:network
Jul 23 11:13:48.515393 np0000005759 devstack@neutron-api.service[87768]: INFO neutron.quota.resource_registry [None req-52f044ea-a800-4c5c-b08d-fb94eb5e7798 None None] Creating instance of TrackedResource for resource:subnet
Jul 23 11:13:48.515560 np0000005759 devstack@neutron-api.service[87768]: INFO neutron.quota.resource_registry [None req-52f044ea-a800-4c5c-b08d-fb94eb5e7798 None None] Creating instance of TrackedResource for resource:subnetpool
Jul 23 11:13:48.515726 np0000005759 devstack@neutron-api.service[87768]: INFO neutron.quota.resource_registry [None req-52f044ea-a800-4c5c-b08d-fb94eb5e7798 None None] Creating instance of TrackedResource for resource:port
Jul 23 11:13:48.517820 np0000005759 devstack@neutron-api.service[87768]: INFO neutron.quota.resource_registry [None req-52f044ea-a800-4c5c-b08d-fb94eb5e7798 None None] Creating instance of CountableResource for resource:router_route
Jul 23 11:13:48.518078 np0000005759 devstack@neutron-api.service[87768]: DEBUG neutron.api.v2.resource_helper [None req-52f044ea-a800-4c5c-b08d-fb94eb5e7798 None None] Service L3_ROUTER_NAT assigned prefix: {{(pid=87768) build_resource_info /opt/stack/neutron/neutron/api/v2/resource_helper.py:77}}
Jul 23 11:13:48.518592 np0000005759 devstack@neutron-api.service[87768]: DEBUG neutron.api.v2.resource_helper [None req-52f044ea-a800-4c5c-b08d-fb94eb5e7798 None None] Service FLAVORS assigned prefix: {{(pid=87768) build_resource_info /opt/stack/neutron/neutron/api/v2/resource_helper.py:77}}
Jul 23 11:13:48.519617 np0000005759 devstack@neutron-api.service[87768]: DEBUG neutron.api.v2.resource_helper [None req-52f044ea-a800-4c5c-b08d-fb94eb5e7798 None None] Service L3_ROUTER_NAT assigned prefix: {{(pid=87768) build_resource_info /opt/stack/neutron/neutron/api/v2/resource_helper.py:77}}
Jul 23 11:13:48.520048 np0000005759 devstack@neutron-api.service[87768]: DEBUG neutron.api.v2.resource_helper [None req-52f044ea-a800-4c5c-b08d-fb94eb5e7798 None None] Service L3_ROUTER_NAT assigned prefix: {{(pid=87768) build_resource_info /opt/stack/neutron/neutron/api/v2/resource_helper.py:77}}
Jul 23 11:13:48.520256 np0000005759 devstack@neutron-api.service[87768]: INFO neutron.quota.resource_registry [None req-52f044ea-a800-4c5c-b08d-fb94eb5e7798 None None] Creating instance of TrackedResource for resource:router
Jul 23 11:13:48.520743 np0000005759 devstack@neutron-api.service[87768]: INFO neutron.quota.resource_registry [None req-52f044ea-a800-4c5c-b08d-fb94eb5e7798 None None] Creating instance of TrackedResource for resource:floatingip
Jul 23 11:13:48.522118 np0000005759 devstack@neutron-api.service[87768]: INFO neutron.quota.resource_registry [None req-52f044ea-a800-4c5c-b08d-fb94eb5e7798 None None] Creating instance of CountableResource for resource:rbac_policy
Jul 23 11:13:48.522912 np0000005759 devstack@neutron-api.service[87768]: INFO neutron.quota.resource_registry [None req-52f044ea-a800-4c5c-b08d-fb94eb5e7798 None None] Creating instance of TrackedResource for resource:security_group
Jul 23 11:13:48.523357 np0000005759 devstack@neutron-api.service[87768]: INFO neutron.quota.resource_registry [None req-52f044ea-a800-4c5c-b08d-fb94eb5e7798 None None] Creating instance of TrackedResource for resource:security_group_rule
Jul 23 11:13:48.524393 np0000005759 devstack@neutron-api.service[87768]: DEBUG neutron.api.v2.resource_helper [None req-52f044ea-a800-4c5c-b08d-fb94eb5e7798 None None] Service CORE assigned prefix: {{(pid=87768) build_resource_info /opt/stack/neutron/neutron/api/v2/resource_helper.py:77}}
Jul 23 11:13:48.524393 np0000005759 devstack@neutron-api.service[87768]: INFO neutron.quota.resource_registry [None req-52f044ea-a800-4c5c-b08d-fb94eb5e7798 None None] Creating instance of TrackedResource for resource:subnetpool
Jul 23 11:13:48.524468 np0000005759 devstack@neutron-api.service[87768]: WARNING neutron.quota.resource_registry [None req-52f044ea-a800-4c5c-b08d-fb94eb5e7798 None None] subnetpool is already registered
Jul 23 11:13:48.525477 np0000005759 devstack@neutron-api.service[87768]: DEBUG neutron.api.v2.resource_helper [None req-52f044ea-a800-4c5c-b08d-fb94eb5e7798 None None] Service CORE assigned prefix: {{(pid=87768) build_resource_info /opt/stack/neutron/neutron/api/v2/resource_helper.py:77}}
Jul 23 11:13:48.525477 np0000005759 devstack@neutron-api.service[87768]: INFO neutron.quota.resource_registry [None req-52f044ea-a800-4c5c-b08d-fb94eb5e7798 None None] Creating instance of TrackedResource for resource:subnetpool
Jul 23 11:13:48.525477 np0000005759 devstack@neutron-api.service[87768]: WARNING neutron.quota.resource_registry [None req-52f044ea-a800-4c5c-b08d-fb94eb5e7798 None None] subnetpool is already registered
Jul 23 11:13:48.528527 np0000005759 devstack@neutron-api.service[87768]: INFO neutron.quota.resource_registry [None req-52f044ea-a800-4c5c-b08d-fb94eb5e7798 None None] Creating instance of CountableResource for resource:router_route
Jul 23 11:13:48.528760 np0000005759 devstack@neutron-api.service[87768]: WARNING neutron.quota.resource_registry [None req-52f044ea-a800-4c5c-b08d-fb94eb5e7798 None None] router_route is already registered
Jul 23 11:13:48.528961 np0000005759 devstack@neutron-api.service[87768]: DEBUG neutron.api.v2.resource_helper [None req-52f044ea-a800-4c5c-b08d-fb94eb5e7798 None None] Service L3_ROUTER_NAT assigned prefix: {{(pid=87768) build_resource_info /opt/stack/neutron/neutron/api/v2/resource_helper.py:77}}
Jul 23 11:13:48.529651 np0000005759 devstack@neutron-api.service[87768]: DEBUG neutron.api.v2.resource_helper [None req-52f044ea-a800-4c5c-b08d-fb94eb5e7798 None None] Service FLAVORS assigned prefix: {{(pid=87768) build_resource_info /opt/stack/neutron/neutron/api/v2/resource_helper.py:77}}
Jul 23 11:13:48.530701 np0000005759 devstack@neutron-api.service[87768]: DEBUG neutron.api.v2.resource_helper [None req-52f044ea-a800-4c5c-b08d-fb94eb5e7798 None None] Service L3_ROUTER_NAT assigned prefix: {{(pid=87768) build_resource_info /opt/stack/neutron/neutron/api/v2/resource_helper.py:77}}
Jul 23 11:13:48.531156 np0000005759 devstack@neutron-api.service[87768]: DEBUG neutron.api.v2.resource_helper [None req-52f044ea-a800-4c5c-b08d-fb94eb5e7798 None None] Service L3_ROUTER_NAT assigned prefix: {{(pid=87768) build_resource_info /opt/stack/neutron/neutron/api/v2/resource_helper.py:77}}
Jul 23 11:13:48.531468 np0000005759 devstack@neutron-api.service[87768]: INFO neutron.quota.resource_registry [None req-52f044ea-a800-4c5c-b08d-fb94eb5e7798 None None] Creating instance of TrackedResource for resource:router
Jul 23 11:13:48.531594 np0000005759 devstack@neutron-api.service[87768]: WARNING neutron.quota.resource_registry [None req-52f044ea-a800-4c5c-b08d-fb94eb5e7798 None None] router is already registered
Jul 23 11:13:48.532376 np0000005759 devstack@neutron-api.service[87768]: INFO neutron.quota.resource_registry [None req-52f044ea-a800-4c5c-b08d-fb94eb5e7798 None None] Creating instance of TrackedResource for resource:floatingip
Jul 23 11:13:48.532601 np0000005759 devstack@neutron-api.service[87768]: WARNING neutron.quota.resource_registry [None req-52f044ea-a800-4c5c-b08d-fb94eb5e7798 None None] floatingip is already registered
Jul 23 11:13:48.532877 np0000005759 devstack@neutron-api.service[87766]: DEBUG oslo_concurrency.processutils [None req-06fc4830-d1f7-40d2-abad-3e26ccaa3298 None None] CMD "ovsdb-client transact ssl:10.4.3.32:6641 --timeout 180 -p /opt/stack/data/CA/int-ca/private/devstack-cert.key -c /opt/stack/data/CA/int-ca/devstack-cert.crt -C /opt/stack/data/CA/int-ca/ca-chain.pem ["OVN_Northbound", {"op": "wait", "timeout": 0, "table": "Port_Group", "where": [["name", "==", "neutron_pg_drop"]], "until": "==", "rows": []}, {"op": "insert", "table": "ACL", "row": {"action": "drop", "direction": "to-lport", "match": "outport == @neutron_pg_drop && ip", "priority": 1001}, "uuid-name": "droptoport"}, {"op": "insert", "table": "ACL", "row": {"action": "drop", "direction": "from-lport", "match": "inport == @neutron_pg_drop && ip", "priority": 1001}, "uuid-name": "dropfromport"}, {"op": "insert", "table": "Port_Group", "row": {"name": "neutron_pg_drop", "acls": ["set", [["named-uuid", "droptoport"], ["named-uuid", "dropfromport"]]]}}]" returned: 0 in 0.036s {{(pid=87766) execute /opt/stack/data/venv/lib/python3.12/site-packages/oslo_concurrency/processutils.py:468}}
Jul 23 11:13:48.533900 np0000005759 devstack@neutron-api.service[87766]: DEBUG neutron_lib.callbacks.manager [None req-06fc4830-d1f7-40d2-abad-3e26ccaa3298 None None] Publish callbacks ['neutron.plugins.ml2.drivers.ovn.mech_driver.mech_driver.OVNMechanismDriver.post_fork_initialize-323018', 'neutron.services.pvlan.drivers.ovn.driver._initialize_pvlan_pg_drop-7816549612484', 'neutron.services.ovn_l3.plugin.OVNL3RouterPlugin._post_fork_initialize-128026'] for process (None), after_init {{(pid=87766) _notify_loop /opt/stack/data/venv/lib/python3.12/site-packages/neutron_lib/callbacks/manager.py:184}}
Jul 23 11:13:48.534054 np0000005759 devstack@neutron-api.service[87768]: INFO neutron.quota.resource_registry [None req-52f044ea-a800-4c5c-b08d-fb94eb5e7798 None None] Creating instance of CountableResource for resource:rbac_policy
Jul 23 11:13:48.534171 np0000005759 devstack@neutron-api.service[87768]: WARNING neutron.quota.resource_registry [None req-52f044ea-a800-4c5c-b08d-fb94eb5e7798 None None] rbac_policy is already registered
Jul 23 11:13:48.534284 np0000005759 devstack@neutron-api.service[87766]: DEBUG oslo_concurrency.lockutils [None req-06fc4830-d1f7-40d2-abad-3e26ccaa3298 None None] Acquiring lock "singleton_lock" {{(pid=87766) lock /opt/stack/data/venv/lib/python3.12/site-packages/oslo_concurrency/lockutils.py:396}}
Jul 23 11:13:48.534366 np0000005759 devstack@neutron-api.service[87766]: DEBUG oslo_concurrency.lockutils [None req-06fc4830-d1f7-40d2-abad-3e26ccaa3298 None None] Acquired lock "singleton_lock" {{(pid=87766) lock /opt/stack/data/venv/lib/python3.12/site-packages/oslo_concurrency/lockutils.py:399}}
Jul 23 11:13:48.534715 np0000005759 devstack@neutron-api.service[87766]: DEBUG oslo_concurrency.lockutils [None req-06fc4830-d1f7-40d2-abad-3e26ccaa3298 None None] Releasing lock "singleton_lock" {{(pid=87766) lock /opt/stack/data/venv/lib/python3.12/site-packages/oslo_concurrency/lockutils.py:419}}
Jul 23 11:13:48.535168 np0000005759 devstack@neutron-api.service[87768]: INFO neutron.quota.resource_registry [None req-52f044ea-a800-4c5c-b08d-fb94eb5e7798 None None] Creating instance of TrackedResource for resource:security_group
Jul 23 11:13:48.535365 np0000005759 devstack@neutron-api.service[87768]: WARNING neutron.quota.resource_registry [None req-52f044ea-a800-4c5c-b08d-fb94eb5e7798 None None] security_group is already registered
Jul 23 11:13:48.535834 np0000005759 devstack@neutron-api.service[87768]: INFO neutron.quota.resource_registry [None req-52f044ea-a800-4c5c-b08d-fb94eb5e7798 None None] Creating instance of TrackedResource for resource:security_group_rule
Jul 23 11:13:48.536018 np0000005759 devstack@neutron-api.service[87768]: WARNING neutron.quota.resource_registry [None req-52f044ea-a800-4c5c-b08d-fb94eb5e7798 None None] security_group_rule is already registered
Jul 23 11:13:48.536824 np0000005759 devstack@neutron-api.service[87768]: DEBUG neutron.api.v2.resource_helper [None req-52f044ea-a800-4c5c-b08d-fb94eb5e7798 None None] Service CORE assigned prefix: {{(pid=87768) build_resource_info /opt/stack/neutron/neutron/api/v2/resource_helper.py:77}}
Jul 23 11:13:48.536946 np0000005759 devstack@neutron-api.service[87768]: INFO neutron.quota.resource_registry [None req-52f044ea-a800-4c5c-b08d-fb94eb5e7798 None None] Creating instance of TrackedResource for resource:subnetpool
Jul 23 11:13:48.537155 np0000005759 devstack@neutron-api.service[87768]: WARNING neutron.quota.resource_registry [None req-52f044ea-a800-4c5c-b08d-fb94eb5e7798 None None] subnetpool is already registered
Jul 23 11:13:48.537858 np0000005759 devstack@neutron-api.service[87768]: DEBUG neutron.api.v2.resource_helper [None req-52f044ea-a800-4c5c-b08d-fb94eb5e7798 None None] Service CORE assigned prefix: {{(pid=87768) build_resource_info /opt/stack/neutron/neutron/api/v2/resource_helper.py:77}}
Jul 23 11:13:48.537858 np0000005759 devstack@neutron-api.service[87768]: INFO neutron.quota.resource_registry [None req-52f044ea-a800-4c5c-b08d-fb94eb5e7798 None None] Creating instance of TrackedResource for resource:subnetpool
Jul 23 11:13:48.538131 np0000005759 devstack@neutron-api.service[87768]: WARNING neutron.quota.resource_registry [None req-52f044ea-a800-4c5c-b08d-fb94eb5e7798 None None] subnetpool is already registered
Jul 23 11:13:48.538653 np0000005759 devstack@neutron-api.service[87766]: DEBUG neutron.plugins.ml2.drivers.ovn.mech_driver.mech_driver [None req-06fc4830-d1f7-40d2-abad-3e26ccaa3298 None None] Hash Ring setup using WSGI start time 2026-07-23 11:13:41+00:00 {{(pid=87766) _init_hash_ring /opt/stack/neutron/neutron/plugins/ml2/drivers/ovn/mech_driver/mech_driver.py:404}}
Jul 23 11:13:48.538849 np0000005759 devstack@neutron-api.service[87768]: DEBUG neutron.api.extensions [None req-52f044ea-a800-4c5c-b08d-fb94eb5e7798 None None] Extended resource: extensions {{(pid=87768) __init__ /opt/stack/neutron/neutron/api/extensions.py:156}}
Jul 23 11:13:48.539809 np0000005759 devstack@neutron-api.service[87768]: DEBUG neutron.api.extensions [None req-52f044ea-a800-4c5c-b08d-fb94eb5e7798 None None] Extended resource: address-groups {{(pid=87768) __init__ /opt/stack/neutron/neutron/api/extensions.py:156}}
Jul 23 11:13:48.540737 np0000005759 devstack@neutron-api.service[87768]: DEBUG neutron.api.extensions [None req-52f044ea-a800-4c5c-b08d-fb94eb5e7798 None None] Extended resource: address-scopes {{(pid=87768) __init__ /opt/stack/neutron/neutron/api/extensions.py:156}}
Jul 23 11:13:48.541454 np0000005759 devstack@neutron-api.service[87768]: DEBUG neutron.api.extensions [None req-52f044ea-a800-4c5c-b08d-fb94eb5e7798 None None] Extended resource: agents {{(pid=87768) __init__ /opt/stack/neutron/neutron/api/extensions.py:156}}
Jul 23 11:13:48.542495 np0000005759 devstack@neutron-api.service[87768]: DEBUG neutron.api.extensions [None req-52f044ea-a800-4c5c-b08d-fb94eb5e7798 None None] Extended resource: auto-allocated-topology {{(pid=87768) __init__ /opt/stack/neutron/neutron/api/extensions.py:156}}
Jul 23 11:13:48.543126 np0000005759 devstack@neutron-api.service[87768]: DEBUG neutron.api.extensions [None req-52f044ea-a800-4c5c-b08d-fb94eb5e7798 None None] Extended resource: availability_zones {{(pid=87768) __init__ /opt/stack/neutron/neutron/api/extensions.py:156}}
Jul 23 11:13:48.543843 np0000005759 devstack@neutron-api.service[87768]: DEBUG neutron.api.extensions [None req-52f044ea-a800-4c5c-b08d-fb94eb5e7798 None None] Extended resource: dhcp-networks {{(pid=87768) __init__ /opt/stack/neutron/neutron/api/extensions.py:156}}
Jul 23 11:13:48.544514 np0000005759 devstack@neutron-api.service[87768]: DEBUG neutron.api.extensions [None req-52f044ea-a800-4c5c-b08d-fb94eb5e7798 None None] Extended resource: dhcp-agents {{(pid=87768) __init__ /opt/stack/neutron/neutron/api/extensions.py:156}}
Jul 23 11:13:48.545310 np0000005759 devstack@neutron-api.service[87768]: DEBUG neutron.api.extensions [None req-52f044ea-a800-4c5c-b08d-fb94eb5e7798 None None] Extended resource: routers {{(pid=87768) __init__ /opt/stack/neutron/neutron/api/extensions.py:156}}
Jul 23 11:13:48.547272 np0000005759 devstack@neutron-api.service[87768]: DEBUG neutron.api.extensions [None req-52f044ea-a800-4c5c-b08d-fb94eb5e7798 None None] Extended resource: flavors {{(pid=87768) __init__ /opt/stack/neutron/neutron/api/extensions.py:156}}
Jul 23 11:13:48.547565 np0000005759 devstack@neutron-api.service[87768]: DEBUG neutron.api.extensions [None req-52f044ea-a800-4c5c-b08d-fb94eb5e7798 None None] Extended resource: service_profiles {{(pid=87768) __init__ /opt/stack/neutron/neutron/api/extensions.py:156}}
Jul 23 11:13:48.548233 np0000005759 devstack@neutron-api.service[87768]: DEBUG neutron.api.extensions [None req-52f044ea-a800-4c5c-b08d-fb94eb5e7798 None None] Extended resource: next_providers {{(pid=87768) __init__ /opt/stack/neutron/neutron/api/extensions.py:156}}
Jul 23 11:13:48.549091 np0000005759 devstack@neutron-api.service[87768]: DEBUG neutron.api.extensions [None req-52f044ea-a800-4c5c-b08d-fb94eb5e7798 None None] Extended resource: service_profiles {{(pid=87768) __init__ /opt/stack/neutron/neutron/api/extensions.py:156}}
Jul 23 11:13:48.549869 np0000005759 devstack@neutron-api.service[87766]: INFO neutron.db.ovn_hash_ring_db [None req-06fc4830-d1f7-40d2-abad-3e26ccaa3298 None None] Nodes from host "np0000005759" and group "mechanism_driver" removed from the Hash Ring created at 2026-07-23 11:13:41+00:00
Jul 23 11:13:48.550053 np0000005759 devstack@neutron-api.service[87768]: DEBUG neutron.api.extensions [None req-52f044ea-a800-4c5c-b08d-fb94eb5e7798 None None] Extended resource: floatingip-pools {{(pid=87768) __init__ /opt/stack/neutron/neutron/api/extensions.py:156}}
Jul 23 11:13:48.550778 np0000005759 devstack@neutron-api.service[87768]: DEBUG neutron.api.extensions [None req-52f044ea-a800-4c5c-b08d-fb94eb5e7798 None None] Extended resource: routers {{(pid=87768) __init__ /opt/stack/neutron/neutron/api/extensions.py:156}}
Jul 23 11:13:48.551956 np0000005759 devstack@neutron-api.service[87768]: DEBUG neutron.api.extensions [None req-52f044ea-a800-4c5c-b08d-fb94eb5e7798 None None] Extended resource: floatingips {{(pid=87768) __init__ /opt/stack/neutron/neutron/api/extensions.py:156}}
Jul 23 11:13:48.553914 np0000005759 devstack@neutron-api.service[87768]: DEBUG neutron.api.extensions [None req-52f044ea-a800-4c5c-b08d-fb94eb5e7798 None None] Extended resource: l3-routers {{(pid=87768) __init__ /opt/stack/neutron/neutron/api/extensions.py:156}}
Jul 23 11:13:48.554742 np0000005759 devstack@neutron-api.service[87768]: DEBUG neutron.api.extensions [None req-52f044ea-a800-4c5c-b08d-fb94eb5e7798 None None] Extended resource: l3-agents {{(pid=87768) __init__ /opt/stack/neutron/neutron/api/extensions.py:156}}
Jul 23 11:13:48.554827 np0000005759 devstack@neutron-api.service[87766]: INFO neutron.db.ovn_hash_ring_db [None req-06fc4830-d1f7-40d2-abad-3e26ccaa3298 None None] Node b28be6a24b27517a9be9a08cf8fd1a15 from host "np0000005759" and group "mechanism_driver" added to the Hash Ring
Jul 23 11:13:48.556283 np0000005759 devstack@neutron-api.service[87768]: DEBUG neutron.api.extensions [None req-52f044ea-a800-4c5c-b08d-fb94eb5e7798 None None] Extended resource: network-ip-availabilities {{(pid=87768) __init__ /opt/stack/neutron/neutron/api/extensions.py:156}}
Jul 23 11:13:48.556689 np0000005759 devstack@neutron-api.service[87768]: DEBUG neutron.api.extensions [None req-52f044ea-a800-4c5c-b08d-fb94eb5e7798 None None] Extended resource: network-ip-availabilities {{(pid=87768) __init__ /opt/stack/neutron/neutron/api/extensions.py:156}}
Jul 23 11:13:48.557339 np0000005759 devstack@neutron-api.service[87768]: DEBUG neutron.api.extensions [None req-52f044ea-a800-4c5c-b08d-fb94eb5e7798 None None] Extended resource: bindings {{(pid=87768) __init__ /opt/stack/neutron/neutron/api/extensions.py:156}}
Jul 23 11:13:48.557917 np0000005759 devstack@neutron-api.service[87768]: DEBUG neutron.api.extensions [None req-52f044ea-a800-4c5c-b08d-fb94eb5e7798 None None] Extended resource: quotas {{(pid=87768) __init__ /opt/stack/neutron/neutron/api/extensions.py:156}}
Jul 23 11:13:48.558806 np0000005759 devstack@neutron-api.service[87768]: DEBUG neutron.api.extensions [None req-52f044ea-a800-4c5c-b08d-fb94eb5e7798 None None] Extended resource: quotas {{(pid=87768) __init__ /opt/stack/neutron/neutron/api/extensions.py:156}}
Jul 23 11:13:48.559631 np0000005759 devstack@neutron-api.service[87768]: DEBUG neutron.api.extensions [None req-52f044ea-a800-4c5c-b08d-fb94eb5e7798 None None] Extended resource: rbac-policies {{(pid=87768) __init__ /opt/stack/neutron/neutron/api/extensions.py:156}}
Jul 23 11:13:48.560356 np0000005759 devstack@neutron-api.service[87768]: DEBUG neutron.api.extensions [None req-52f044ea-a800-4c5c-b08d-fb94eb5e7798 None None] Extended resource: default-security-group-rules {{(pid=87768) __init__ /opt/stack/neutron/neutron/api/extensions.py:156}}
Jul 23 11:13:48.561270 np0000005759 devstack@neutron-api.service[87768]: DEBUG neutron.api.extensions [None req-52f044ea-a800-4c5c-b08d-fb94eb5e7798 None None] Extended resource: security-groups-default-statefulness {{(pid=87768) __init__ /opt/stack/neutron/neutron/api/extensions.py:156}}
Jul 23 11:13:48.561452 np0000005759 devstack@neutron-api.service[87766]: DEBUG neutron.plugins.ml2.drivers.ovn.mech_driver.mech_driver [None req-06fc4830-d1f7-40d2-abad-3e26ccaa3298 None None] Hash Ring setup, this worker has detected 2 OVN hash ring registers in the database {{(pid=87766) _init_hash_ring /opt/stack/neutron/neutron/plugins/ml2/drivers/ovn/mech_driver/mech_driver.py:414}}
Jul 23 11:13:48.561862 np0000005759 devstack@neutron-api.service[87768]: DEBUG neutron.api.extensions [None req-52f044ea-a800-4c5c-b08d-fb94eb5e7798 None None] Extended resource: security-groups {{(pid=87768) __init__ /opt/stack/neutron/neutron/api/extensions.py:156}}
Jul 23 11:13:48.562329 np0000005759 devstack@neutron-api.service[87768]: DEBUG neutron.api.extensions [None req-52f044ea-a800-4c5c-b08d-fb94eb5e7798 None None] Extended resource: security-group-rules {{(pid=87768) __init__ /opt/stack/neutron/neutron/api/extensions.py:156}}
Jul 23 11:13:48.562750 np0000005759 devstack@neutron-api.service[87768]: DEBUG neutron.api.extensions [None req-52f044ea-a800-4c5c-b08d-fb94eb5e7798 None None] Extended resource: service-providers {{(pid=87768) __init__ /opt/stack/neutron/neutron/api/extensions.py:156}}
Jul 23 11:13:48.563578 np0000005759 devstack@neutron-api.service[87768]: DEBUG neutron.api.extensions [None req-52f044ea-a800-4c5c-b08d-fb94eb5e7798 None None] Extended resource: subnetpools {{(pid=87768) __init__ /opt/stack/neutron/neutron/api/extensions.py:156}}
Jul 23 11:13:48.563889 np0000005759 devstack@neutron-api.service[87768]: DEBUG neutron.api.extensions [None req-52f044ea-a800-4c5c-b08d-fb94eb5e7798 None None] Extended resource: subnetpools {{(pid=87768) __init__ /opt/stack/neutron/neutron/api/extensions.py:156}}
Jul 23 11:13:48.564505 np0000005759 devstack@neutron-api.service[87768]: DEBUG neutron.api.extensions [None req-52f044ea-a800-4c5c-b08d-fb94eb5e7798 None None] Extended resource: tags {{(pid=87768) __init__ /opt/stack/neutron/neutron/api/extensions.py:156}}
Jul 23 11:13:48.565552 np0000005759 devstack@neutron-api.service[87768]: DEBUG neutron.api.extensions [None req-52f044ea-a800-4c5c-b08d-fb94eb5e7798 None None] Extended resource: tags {{(pid=87768) __init__ /opt/stack/neutron/neutron/api/extensions.py:156}}
Jul 23 11:13:48.566284 np0000005759 devstack@neutron-api.service[87768]: DEBUG neutron.api.extensions [None req-52f044ea-a800-4c5c-b08d-fb94eb5e7798 None None] Extended resource: tags {{(pid=87768) __init__ /opt/stack/neutron/neutron/api/extensions.py:156}}
Jul 23 11:13:48.567492 np0000005759 devstack@neutron-api.service[87768]: DEBUG neutron.api.extensions [None req-52f044ea-a800-4c5c-b08d-fb94eb5e7798 None None] Extended resource: tags {{(pid=87768) __init__ /opt/stack/neutron/neutron/api/extensions.py:156}}
Jul 23 11:13:48.568367 np0000005759 devstack@neutron-api.service[87768]: DEBUG neutron.api.extensions [None req-52f044ea-a800-4c5c-b08d-fb94eb5e7798 None None] Extended resource: tags {{(pid=87768) __init__ /opt/stack/neutron/neutron/api/extensions.py:156}}
Jul 23 11:13:48.570040 np0000005759 devstack@neutron-api.service[87768]: DEBUG neutron.api.extensions [None req-52f044ea-a800-4c5c-b08d-fb94eb5e7798 None None] Extended resource: tags {{(pid=87768) __init__ /opt/stack/neutron/neutron/api/extensions.py:156}}
Jul 23 11:13:48.570158 np0000005759 devstack@neutron-api.service[87766]: DEBUG neutron.plugins.ml2.drivers.ovn.mech_driver.ovsdb.maintenance [None req-06fc4830-d1f7-40d2-abad-3e26ccaa3298 None None] Periodic task found: HashRingHealthCheckPeriodics.touch_hash_ring_node {{(pid=87766) add_periodics /opt/stack/neutron/neutron/plugins/ml2/drivers/ovn/mech_driver/ovsdb/maintenance.py:146}}
Jul 23 11:13:48.570274 np0000005759 devstack@neutron-api.service[87768]: DEBUG neutron.api.extensions [None req-52f044ea-a800-4c5c-b08d-fb94eb5e7798 None None] Extended resource: tags {{(pid=87768) __init__ /opt/stack/neutron/neutron/api/extensions.py:156}}
Jul 23 11:13:48.573226 np0000005759 devstack@neutron-api.service[87768]: DEBUG neutron.api.extensions [None req-52f044ea-a800-4c5c-b08d-fb94eb5e7798 None None] Extended resource: tags {{(pid=87768) __init__ /opt/stack/neutron/neutron/api/extensions.py:156}}
Jul 23 11:13:48.573431 np0000005759 devstack@neutron-api.service[87766]: INFO neutron.plugins.ml2.drivers.ovn.mech_driver.mech_driver [None req-06fc4830-d1f7-40d2-abad-3e26ccaa3298 None None] Hash Ring probing thread for node b28be6a24b27517a9be9a08cf8fd1a15 has started
Jul 23 11:13:48.573511 np0000005759 devstack@neutron-api.service[87768]: DEBUG neutron.api.extensions [None req-52f044ea-a800-4c5c-b08d-fb94eb5e7798 None None] Extended resource: tags {{(pid=87768) __init__ /opt/stack/neutron/neutron/api/extensions.py:156}}
Jul 23 11:13:48.573607 np0000005759 devstack@neutron-api.service[87766]: INFO neutron.plugins.ml2.drivers.ovn.mech_driver.ovsdb.impl_idl_ovn [None req-06fc4830-d1f7-40d2-abad-3e26ccaa3298 None None] Getting OvsdbNbOvnIdl for WorkerService with retry
Jul 23 11:13:48.573698 np0000005759 devstack@neutron-api.service[87768]: DEBUG neutron.api.extensions [None req-52f044ea-a800-4c5c-b08d-fb94eb5e7798 None None] Extended resource: tags {{(pid=87768) __init__ /opt/stack/neutron/neutron/api/extensions.py:156}}
Jul 23 11:13:48.586489 np0000005759 devstack@neutron-api.service[87768]: DEBUG neutron_lib.callbacks.manager [None req-52f044ea-a800-4c5c-b08d-fb94eb5e7798 None None] Publish callbacks ['neutron.plugins.ml2.drivers.ovn.mech_driver.mech_driver.OVNMechanismDriver.pre_fork_initialize-327984'] for process (None), before_spawn {{(pid=87768) _notify_loop /opt/stack/data/venv/lib/python3.12/site-packages/neutron_lib/callbacks/manager.py:184}}
Jul 23 11:13:48.586682 np0000005759 devstack@neutron-api.service[87768]: DEBUG oslo_concurrency.processutils [None req-52f044ea-a800-4c5c-b08d-fb94eb5e7798 None None] Running cmd (subprocess): ovsdb-client transact ssl:10.4.3.32:6641 --timeout 180 -p /opt/stack/data/CA/int-ca/private/devstack-cert.key -c /opt/stack/data/CA/int-ca/devstack-cert.crt -C /opt/stack/data/CA/int-ca/ca-chain.pem ["OVN_Northbound", {"op": "wait", "timeout": 0, "table": "Port_Group", "where": [["name", "==", "neutron_pg_drop"]], "until": "==", "rows": []}, {"op": "insert", "table": "ACL", "row": {"action": "drop", "direction": "to-lport", "match": "outport == @neutron_pg_drop && ip", "priority": 1001}, "uuid-name": "droptoport"}, {"op": "insert", "table": "ACL", "row": {"action": "drop", "direction": "from-lport", "match": "inport == @neutron_pg_drop && ip", "priority": 1001}, "uuid-name": "dropfromport"}, {"op": "insert", "table": "Port_Group", "row": {"name": "neutron_pg_drop", "acls": ["set", [["named-uuid", "droptoport"], ["named-uuid", "dropfromport"]]]}}] {{(pid=87768) execute /opt/stack/data/venv/lib/python3.12/site-packages/oslo_concurrency/processutils.py:440}}
Jul 23 11:13:48.618523 np0000005759 devstack@neutron-api.service[87768]: DEBUG oslo_concurrency.processutils [None req-52f044ea-a800-4c5c-b08d-fb94eb5e7798 None None] CMD "ovsdb-client transact ssl:10.4.3.32:6641 --timeout 180 -p /opt/stack/data/CA/int-ca/private/devstack-cert.key -c /opt/stack/data/CA/int-ca/devstack-cert.crt -C /opt/stack/data/CA/int-ca/ca-chain.pem ["OVN_Northbound", {"op": "wait", "timeout": 0, "table": "Port_Group", "where": [["name", "==", "neutron_pg_drop"]], "until": "==", "rows": []}, {"op": "insert", "table": "ACL", "row": {"action": "drop", "direction": "to-lport", "match": "outport == @neutron_pg_drop && ip", "priority": 1001}, "uuid-name": "droptoport"}, {"op": "insert", "table": "ACL", "row": {"action": "drop", "direction": "from-lport", "match": "inport == @neutron_pg_drop && ip", "priority": 1001}, "uuid-name": "dropfromport"}, {"op": "insert", "table": "Port_Group", "row": {"name": "neutron_pg_drop", "acls": ["set", [["named-uuid", "droptoport"], ["named-uuid", "dropfromport"]]]}}]" returned: 0 in 0.031s {{(pid=87768) execute /opt/stack/data/venv/lib/python3.12/site-packages/oslo_concurrency/processutils.py:468}}
Jul 23 11:13:48.618714 np0000005759 devstack@neutron-api.service[87768]: DEBUG neutron_lib.callbacks.manager [None req-52f044ea-a800-4c5c-b08d-fb94eb5e7798 None None] Publish callbacks ['neutron.plugins.ml2.drivers.ovn.mech_driver.mech_driver.OVNMechanismDriver.post_fork_initialize-327960', 'neutron.services.pvlan.drivers.ovn.driver._initialize_pvlan_pg_drop-7816549618702', 'neutron.services.ovn_l3.plugin.OVNL3RouterPlugin._post_fork_initialize-1936389'] for process (None), after_init {{(pid=87768) _notify_loop /opt/stack/data/venv/lib/python3.12/site-packages/neutron_lib/callbacks/manager.py:184}}
Jul 23 11:13:48.619133 np0000005759 devstack@neutron-api.service[87768]: DEBUG oslo_concurrency.lockutils [None req-52f044ea-a800-4c5c-b08d-fb94eb5e7798 None None] Acquiring lock "singleton_lock" {{(pid=87768) lock /opt/stack/data/venv/lib/python3.12/site-packages/oslo_concurrency/lockutils.py:396}}
Jul 23 11:13:48.619283 np0000005759 devstack@neutron-api.service[87768]: DEBUG oslo_concurrency.lockutils [None req-52f044ea-a800-4c5c-b08d-fb94eb5e7798 None None] Acquired lock "singleton_lock" {{(pid=87768) lock /opt/stack/data/venv/lib/python3.12/site-packages/oslo_concurrency/lockutils.py:399}}
Jul 23 11:13:48.619518 np0000005759 devstack@neutron-api.service[87768]: DEBUG oslo_concurrency.lockutils [None req-52f044ea-a800-4c5c-b08d-fb94eb5e7798 None None] Releasing lock "singleton_lock" {{(pid=87768) lock /opt/stack/data/venv/lib/python3.12/site-packages/oslo_concurrency/lockutils.py:419}}
Jul 23 11:13:48.622302 np0000005759 devstack@neutron-api.service[87768]: DEBUG neutron.plugins.ml2.drivers.ovn.mech_driver.mech_driver [None req-52f044ea-a800-4c5c-b08d-fb94eb5e7798 None None] Hash Ring setup using WSGI start time 2026-07-23 11:13:41+00:00 {{(pid=87768) _init_hash_ring /opt/stack/neutron/neutron/plugins/ml2/drivers/ovn/mech_driver/mech_driver.py:404}}
Jul 23 11:13:48.625425 np0000005759 devstack@neutron-api.service[87766]: DEBUG ovsdbapp.backend.ovs_idl [None req-06fc4830-d1f7-40d2-abad-3e26ccaa3298 None None] Created lookup_table index Logical_Switch.name {{(pid=87766) autocreate_indices /opt/stack/data/venv/lib/python3.12/site-packages/ovsdbapp/backend/ovs_idl/__init__.py:87}}
Jul 23 11:13:48.625502 np0000005759 devstack@neutron-api.service[87766]: DEBUG ovsdbapp.backend.ovs_idl [None req-06fc4830-d1f7-40d2-abad-3e26ccaa3298 None None] Created lookup_table index Logical_Router.name {{(pid=87766) autocreate_indices /opt/stack/data/venv/lib/python3.12/site-packages/ovsdbapp/backend/ovs_idl/__init__.py:87}}
Jul 23 11:13:48.626302 np0000005759 devstack@neutron-api.service[87766]: DEBUG ovsdbapp.backend.ovs_idl [None req-06fc4830-d1f7-40d2-abad-3e26ccaa3298 None None] Created lookup_table index Load_Balancer.name {{(pid=87766) autocreate_indices /opt/stack/data/venv/lib/python3.12/site-packages/ovsdbapp/backend/ovs_idl/__init__.py:87}}
Jul 23 11:13:48.626302 np0000005759 devstack@neutron-api.service[87766]: DEBUG ovsdbapp.backend.ovs_idl [None req-06fc4830-d1f7-40d2-abad-3e26ccaa3298 None None] Created schema index Copp.name {{(pid=87766) autocreate_indices /opt/stack/data/venv/lib/python3.12/site-packages/ovsdbapp/backend/ovs_idl/__init__.py:106}}
Jul 23 11:13:48.626302 np0000005759 devstack@neutron-api.service[87766]: DEBUG ovsdbapp.backend.ovs_idl [None req-06fc4830-d1f7-40d2-abad-3e26ccaa3298 None None] Created schema index Meter.name {{(pid=87766) autocreate_indices /opt/stack/data/venv/lib/python3.12/site-packages/ovsdbapp/backend/ovs_idl/__init__.py:106}}
Jul 23 11:13:48.626302 np0000005759 devstack@neutron-api.service[87766]: DEBUG ovsdbapp.backend.ovs_idl [None req-06fc4830-d1f7-40d2-abad-3e26ccaa3298 None None] Created schema index Load_Balancer_Group.name {{(pid=87766) autocreate_indices /opt/stack/data/venv/lib/python3.12/site-packages/ovsdbapp/backend/ovs_idl/__init__.py:106}}
Jul 23 11:13:48.626302 np0000005759 devstack@neutron-api.service[87766]: DEBUG ovsdbapp.backend.ovs_idl [None req-06fc4830-d1f7-40d2-abad-3e26ccaa3298 None None] Created schema index HA_Chassis_Group.name {{(pid=87766) autocreate_indices /opt/stack/data/venv/lib/python3.12/site-packages/ovsdbapp/backend/ovs_idl/__init__.py:106}}
Jul 23 11:13:48.626302 np0000005759 devstack@neutron-api.service[87766]: DEBUG ovsdbapp.backend.ovs_idl [None req-06fc4830-d1f7-40d2-abad-3e26ccaa3298 None None] Created schema index Address_Set.name {{(pid=87766) autocreate_indices /opt/stack/data/venv/lib/python3.12/site-packages/ovsdbapp/backend/ovs_idl/__init__.py:106}}
Jul 23 11:13:48.626564 np0000005759 devstack@neutron-api.service[87766]: DEBUG ovsdbapp.backend.ovs_idl [None req-06fc4830-d1f7-40d2-abad-3e26ccaa3298 None None] Created schema index Connection.target {{(pid=87766) autocreate_indices /opt/stack/data/venv/lib/python3.12/site-packages/ovsdbapp/backend/ovs_idl/__init__.py:106}}
Jul 23 11:13:48.626564 np0000005759 devstack@neutron-api.service[87766]: DEBUG ovsdbapp.backend.ovs_idl [None req-06fc4830-d1f7-40d2-abad-3e26ccaa3298 None None] Created schema index Gateway_Chassis.name {{(pid=87766) autocreate_indices /opt/stack/data/venv/lib/python3.12/site-packages/ovsdbapp/backend/ovs_idl/__init__.py:106}}
Jul 23 11:13:48.626728 np0000005759 devstack@neutron-api.service[87766]: DEBUG ovsdbapp.backend.ovs_idl [None req-06fc4830-d1f7-40d2-abad-3e26ccaa3298 None None] Created schema index Mirror.name {{(pid=87766) autocreate_indices /opt/stack/data/venv/lib/python3.12/site-packages/ovsdbapp/backend/ovs_idl/__init__.py:106}}
Jul 23 11:13:48.626813 np0000005759 devstack@neutron-api.service[87766]: DEBUG ovsdbapp.backend.ovs_idl [None req-06fc4830-d1f7-40d2-abad-3e26ccaa3298 None None] Created schema index Chassis_Template_Var.chassis {{(pid=87766) autocreate_indices /opt/stack/data/venv/lib/python3.12/site-packages/ovsdbapp/backend/ovs_idl/__init__.py:106}}
Jul 23 11:13:48.627090 np0000005759 devstack@neutron-api.service[87766]: DEBUG ovsdbapp.backend.ovs_idl [None req-06fc4830-d1f7-40d2-abad-3e26ccaa3298 None None] Created schema index Logical_Router_Port.name {{(pid=87766) autocreate_indices /opt/stack/data/venv/lib/python3.12/site-packages/ovsdbapp/backend/ovs_idl/__init__.py:106}}
Jul 23 11:13:48.627090 np0000005759 devstack@neutron-api.service[87766]: DEBUG ovsdbapp.backend.ovs_idl [None req-06fc4830-d1f7-40d2-abad-3e26ccaa3298 None None] Created schema index Port_Group.name {{(pid=87766) autocreate_indices /opt/stack/data/venv/lib/python3.12/site-packages/ovsdbapp/backend/ovs_idl/__init__.py:106}}
Jul 23 11:13:48.627199 np0000005759 devstack@neutron-api.service[87766]: DEBUG ovsdbapp.backend.ovs_idl [None req-06fc4830-d1f7-40d2-abad-3e26ccaa3298 None None] Created schema index Logical_Switch_Port.name {{(pid=87766) autocreate_indices /opt/stack/data/venv/lib/python3.12/site-packages/ovsdbapp/backend/ovs_idl/__init__.py:106}}
Jul 23 11:13:48.630446 np0000005759 devstack@neutron-api.service[87766]: INFO ovsdbapp.backend.ovs_idl.vlog [None req-06fc4830-d1f7-40d2-abad-3e26ccaa3298 None None] ssl:10.4.3.32:6641: connecting...
Jul 23 11:13:48.630543 np0000005759 devstack@neutron-api.service[87768]: INFO neutron.db.ovn_hash_ring_db [None req-52f044ea-a800-4c5c-b08d-fb94eb5e7798 None None] Nodes from host "np0000005759" and group "mechanism_driver" removed from the Hash Ring created at 2026-07-23 11:13:41+00:00
Jul 23 11:13:48.635215 np0000005759 devstack@neutron-api.service[87768]: INFO neutron.db.ovn_hash_ring_db [None req-52f044ea-a800-4c5c-b08d-fb94eb5e7798 None None] Node 29128c9fdf7158cb9649f5a17e4b51b1 from host "np0000005759" and group "mechanism_driver" added to the Hash Ring
Jul 23 11:13:48.638899 np0000005759 devstack@neutron-api.service[87766]: INFO ovsdbapp.backend.ovs_idl.vlog [None req-06fc4830-d1f7-40d2-abad-3e26ccaa3298 None None] ssl:10.4.3.32:6641: connected
Jul 23 11:13:48.640860 np0000005759 devstack@neutron-api.service[87768]: DEBUG neutron.plugins.ml2.drivers.ovn.mech_driver.mech_driver [None req-52f044ea-a800-4c5c-b08d-fb94eb5e7798 None None] Hash Ring setup, this worker has detected 3 OVN hash ring registers in the database {{(pid=87768) _init_hash_ring /opt/stack/neutron/neutron/plugins/ml2/drivers/ovn/mech_driver/mech_driver.py:414}}
Jul 23 11:13:48.648650 np0000005759 devstack@neutron-api.service[87768]: DEBUG neutron.plugins.ml2.drivers.ovn.mech_driver.ovsdb.maintenance [None req-52f044ea-a800-4c5c-b08d-fb94eb5e7798 None None] Periodic task found: HashRingHealthCheckPeriodics.touch_hash_ring_node {{(pid=87768) add_periodics /opt/stack/neutron/neutron/plugins/ml2/drivers/ovn/mech_driver/ovsdb/maintenance.py:146}}
Jul 23 11:13:48.650313 np0000005759 devstack@neutron-api.service[87768]: INFO neutron.plugins.ml2.drivers.ovn.mech_driver.mech_driver [None req-52f044ea-a800-4c5c-b08d-fb94eb5e7798 None None] Hash Ring probing thread for node 29128c9fdf7158cb9649f5a17e4b51b1 has started
Jul 23 11:13:48.651419 np0000005759 devstack@neutron-api.service[87768]: INFO neutron.plugins.ml2.drivers.ovn.mech_driver.ovsdb.impl_idl_ovn [None req-52f044ea-a800-4c5c-b08d-fb94eb5e7798 None None] Getting OvsdbNbOvnIdl for WorkerService with retry
Jul 23 11:13:48.694730 np0000005759 devstack@neutron-api.service[87766]: DEBUG neutron.common.ovn.hash_ring_manager [None req-06fc4830-d1f7-40d2-abad-3e26ccaa3298 None None] Allow caching, nodes 3>=3 {{(pid=87766) _wait_startup_before_caching /opt/stack/neutron/neutron/common/ovn/hash_ring_manager.py:71}}
Jul 23 11:13:48.702520 np0000005759 devstack@neutron-api.service[87768]: DEBUG ovsdbapp.backend.ovs_idl [None req-52f044ea-a800-4c5c-b08d-fb94eb5e7798 None None] Created lookup_table index Logical_Switch.name {{(pid=87768) autocreate_indices /opt/stack/data/venv/lib/python3.12/site-packages/ovsdbapp/backend/ovs_idl/__init__.py:87}}
Jul 23 11:13:48.702520 np0000005759 devstack@neutron-api.service[87768]: DEBUG ovsdbapp.backend.ovs_idl [None req-52f044ea-a800-4c5c-b08d-fb94eb5e7798 None None] Created lookup_table index Logical_Router.name {{(pid=87768) autocreate_indices /opt/stack/data/venv/lib/python3.12/site-packages/ovsdbapp/backend/ovs_idl/__init__.py:87}}
Jul 23 11:13:48.702668 np0000005759 devstack@neutron-api.service[87768]: DEBUG ovsdbapp.backend.ovs_idl [None req-52f044ea-a800-4c5c-b08d-fb94eb5e7798 None None] Created lookup_table index Load_Balancer.name {{(pid=87768) autocreate_indices /opt/stack/data/venv/lib/python3.12/site-packages/ovsdbapp/backend/ovs_idl/__init__.py:87}}
Jul 23 11:13:48.702738 np0000005759 devstack@neutron-api.service[87768]: DEBUG ovsdbapp.backend.ovs_idl [None req-52f044ea-a800-4c5c-b08d-fb94eb5e7798 None None] Created schema index Copp.name {{(pid=87768) autocreate_indices /opt/stack/data/venv/lib/python3.12/site-packages/ovsdbapp/backend/ovs_idl/__init__.py:106}}
Jul 23 11:13:48.702872 np0000005759 devstack@neutron-api.service[87768]: DEBUG ovsdbapp.backend.ovs_idl [None req-52f044ea-a800-4c5c-b08d-fb94eb5e7798 None None] Created schema index Meter.name {{(pid=87768) autocreate_indices /opt/stack/data/venv/lib/python3.12/site-packages/ovsdbapp/backend/ovs_idl/__init__.py:106}}
Jul 23 11:13:48.703021 np0000005759 devstack@neutron-api.service[87768]: DEBUG ovsdbapp.backend.ovs_idl [None req-52f044ea-a800-4c5c-b08d-fb94eb5e7798 None None] Created schema index Load_Balancer_Group.name {{(pid=87768) autocreate_indices /opt/stack/data/venv/lib/python3.12/site-packages/ovsdbapp/backend/ovs_idl/__init__.py:106}}
Jul 23 11:13:48.703159 np0000005759 devstack@neutron-api.service[87768]: DEBUG ovsdbapp.backend.ovs_idl [None req-52f044ea-a800-4c5c-b08d-fb94eb5e7798 None None] Created schema index HA_Chassis_Group.name {{(pid=87768) autocreate_indices /opt/stack/data/venv/lib/python3.12/site-packages/ovsdbapp/backend/ovs_idl/__init__.py:106}}
Jul 23 11:13:48.703234 np0000005759 devstack@neutron-api.service[87768]: DEBUG ovsdbapp.backend.ovs_idl [None req-52f044ea-a800-4c5c-b08d-fb94eb5e7798 None None] Created schema index Address_Set.name {{(pid=87768) autocreate_indices /opt/stack/data/venv/lib/python3.12/site-packages/ovsdbapp/backend/ovs_idl/__init__.py:106}}
Jul 23 11:13:48.704110 np0000005759 devstack@neutron-api.service[87768]: DEBUG ovsdbapp.backend.ovs_idl [None req-52f044ea-a800-4c5c-b08d-fb94eb5e7798 None None] Created schema index Connection.target {{(pid=87768) autocreate_indices /opt/stack/data/venv/lib/python3.12/site-packages/ovsdbapp/backend/ovs_idl/__init__.py:106}}
Jul 23 11:13:48.704110 np0000005759 devstack@neutron-api.service[87768]: DEBUG ovsdbapp.backend.ovs_idl [None req-52f044ea-a800-4c5c-b08d-fb94eb5e7798 None None] Created schema index Gateway_Chassis.name {{(pid=87768) autocreate_indices /opt/stack/data/venv/lib/python3.12/site-packages/ovsdbapp/backend/ovs_idl/__init__.py:106}}
Jul 23 11:13:48.704110 np0000005759 devstack@neutron-api.service[87768]: DEBUG ovsdbapp.backend.ovs_idl [None req-52f044ea-a800-4c5c-b08d-fb94eb5e7798 None None] Created schema index Mirror.name {{(pid=87768) autocreate_indices /opt/stack/data/venv/lib/python3.12/site-packages/ovsdbapp/backend/ovs_idl/__init__.py:106}}
Jul 23 11:13:48.704110 np0000005759 devstack@neutron-api.service[87768]: DEBUG ovsdbapp.backend.ovs_idl [None req-52f044ea-a800-4c5c-b08d-fb94eb5e7798 None None] Created schema index Chassis_Template_Var.chassis {{(pid=87768) autocreate_indices /opt/stack/data/venv/lib/python3.12/site-packages/ovsdbapp/backend/ovs_idl/__init__.py:106}}
Jul 23 11:13:48.704110 np0000005759 devstack@neutron-api.service[87768]: DEBUG ovsdbapp.backend.ovs_idl [None req-52f044ea-a800-4c5c-b08d-fb94eb5e7798 None None] Created schema index Logical_Router_Port.name {{(pid=87768) autocreate_indices /opt/stack/data/venv/lib/python3.12/site-packages/ovsdbapp/backend/ovs_idl/__init__.py:106}}
Jul 23 11:13:48.704110 np0000005759 devstack@neutron-api.service[87768]: DEBUG ovsdbapp.backend.ovs_idl [None req-52f044ea-a800-4c5c-b08d-fb94eb5e7798 None None] Created schema index Port_Group.name {{(pid=87768) autocreate_indices /opt/stack/data/venv/lib/python3.12/site-packages/ovsdbapp/backend/ovs_idl/__init__.py:106}}
Jul 23 11:13:48.704485 np0000005759 devstack@neutron-api.service[87768]: DEBUG ovsdbapp.backend.ovs_idl [None req-52f044ea-a800-4c5c-b08d-fb94eb5e7798 None None] Created schema index Logical_Switch_Port.name {{(pid=87768) autocreate_indices /opt/stack/data/venv/lib/python3.12/site-packages/ovsdbapp/backend/ovs_idl/__init__.py:106}}
Jul 23 11:13:48.707580 np0000005759 devstack@neutron-api.service[87768]: INFO ovsdbapp.backend.ovs_idl.vlog [None req-52f044ea-a800-4c5c-b08d-fb94eb5e7798 None None] ssl:10.4.3.32:6641: connecting...
Jul 23 11:13:48.707771 np0000005759 devstack@neutron-api.service[87766]: DEBUG neutron.common.ovn.hash_ring_manager [None req-06fc4830-d1f7-40d2-abad-3e26ccaa3298 None None] Hash Ring loaded. 3 active nodes. 0 offline nodes {{(pid=87766) _load_hash_ring /opt/stack/neutron/neutron/common/ovn/hash_ring_manager.py:110}}
Jul 23 11:13:48.707951 np0000005759 devstack@neutron-api.service[87766]: DEBUG neutron.plugins.ml2.drivers.ovn.mech_driver.ovsdb.ovsdb_monitor [None req-06fc4830-d1f7-40d2-abad-3e26ccaa3298 None None] Hash Ring: Node b28be6a24b27517a9be9a08cf8fd1a15 (host: np0000005759) handling event "create" for row 0684b8d5-c8c0-432b-a4b7-6b59593ff0b5 (table: ACL) {{(pid=87766) notify /opt/stack/neutron/neutron/plugins/ml2/drivers/ovn/mech_driver/ovsdb/ovsdb_monitor.py:1013}}
Jul 23 11:13:48.708415 np0000005759 devstack@neutron-api.service[87766]: DEBUG neutron.plugins.ml2.drivers.ovn.mech_driver.ovsdb.ovsdb_monitor [None req-06fc4830-d1f7-40d2-abad-3e26ccaa3298 None None] Hash Ring: Node b28be6a24b27517a9be9a08cf8fd1a15 (host: np0000005759) handling event "create" for row 5dae432d-1e8b-4394-a461-dea34bbf7e08 (table: ACL) {{(pid=87766) notify /opt/stack/neutron/neutron/plugins/ml2/drivers/ovn/mech_driver/ovsdb/ovsdb_monitor.py:1013}}
Jul 23 11:13:48.708729 np0000005759 devstack@neutron-api.service[87766]: DEBUG neutron.plugins.ml2.drivers.ovn.mech_driver.ovsdb.ovsdb_monitor [None req-06fc4830-d1f7-40d2-abad-3e26ccaa3298 None None] Hash Ring: Node b28be6a24b27517a9be9a08cf8fd1a15 (host: np0000005759) handling event "create" for row c1767ad6-e69f-4a2d-91b2-98edc94edab3 (table: ACL) {{(pid=87766) notify /opt/stack/neutron/neutron/plugins/ml2/drivers/ovn/mech_driver/ovsdb/ovsdb_monitor.py:1013}}
Jul 23 11:13:48.708876 np0000005759 devstack@neutron-api.service[87766]: DEBUG neutron.plugins.ml2.drivers.ovn.mech_driver.ovsdb.ovsdb_monitor [None req-06fc4830-d1f7-40d2-abad-3e26ccaa3298 None None] Hash Ring: Node b28be6a24b27517a9be9a08cf8fd1a15 (host: np0000005759) handling event "create" for row 2bad41f1-8d27-4466-b873-7e1f3eb6a19c (table: Port_Group) {{(pid=87766) notify /opt/stack/neutron/neutron/plugins/ml2/drivers/ovn/mech_driver/ovsdb/ovsdb_monitor.py:1013}}
Jul 23 11:13:48.709268 np0000005759 devstack@neutron-api.service[87766]: DEBUG neutron.plugins.ml2.drivers.ovn.mech_driver.ovsdb.ovsdb_monitor [None req-06fc4830-d1f7-40d2-abad-3e26ccaa3298 None None] Hash Ring: Node b28be6a24b27517a9be9a08cf8fd1a15 (host: np0000005759) handling event "create" for row 481f032a-1330-42bb-bebf-65ac9bd74acc (table: SSL) {{(pid=87766) notify /opt/stack/neutron/neutron/plugins/ml2/drivers/ovn/mech_driver/ovsdb/ovsdb_monitor.py:1013}}
Jul 23 11:13:48.710336 np0000005759 devstack@neutron-api.service[87766]: INFO neutron.plugins.ml2.drivers.ovn.mech_driver.ovsdb.impl_idl_ovn [None req-06fc4830-d1f7-40d2-abad-3e26ccaa3298 None None] Getting OvsdbSbOvnIdl for WorkerService with retry
Jul 23 11:13:48.712548 np0000005759 devstack@neutron-api.service[87768]: INFO ovsdbapp.backend.ovs_idl.vlog [None req-52f044ea-a800-4c5c-b08d-fb94eb5e7798 None None] ssl:10.4.3.32:6641: connected
Jul 23 11:13:48.742427 np0000005759 devstack@neutron-api.service[87766]: DEBUG ovsdbapp.backend.ovs_idl [None req-06fc4830-d1f7-40d2-abad-3e26ccaa3298 None None] Created lookup_table index Chassis.name {{(pid=87766) autocreate_indices /opt/stack/data/venv/lib/python3.12/site-packages/ovsdbapp/backend/ovs_idl/__init__.py:87}}
Jul 23 11:13:48.742618 np0000005759 devstack@neutron-api.service[87766]: DEBUG ovsdbapp.backend.ovs_idl [None req-06fc4830-d1f7-40d2-abad-3e26ccaa3298 None None] Created lookup_table index Port_Binding.logical_port {{(pid=87766) autocreate_indices /opt/stack/data/venv/lib/python3.12/site-packages/ovsdbapp/backend/ovs_idl/__init__.py:87}}
