Jul 08 14:37:26.990669 np0000004826 systemd[1]: Starting devstack@n-api-meta.service - Devstack devstack@n-api-meta.service...
Jul 08 14:37:26.995833 np0000004826 devstack@n-api-meta.service[95828]: [uWSGI] getting INI configuration from /etc/nova/nova-metadata-uwsgi.ini
Jul 08 14:37:26.998110 np0000004826 devstack@n-api-meta.service[95828]: *** Starting uWSGI 2.0.24-debian (64bit) on [Wed Jul 8 14:37:26 2026] ***
Jul 08 14:37:26.998110 np0000004826 devstack@n-api-meta.service[95828]: compiled with version: 13.2.0 on 17 April 2024 16:23:48
Jul 08 14:37:26.998110 np0000004826 devstack@n-api-meta.service[95828]: os: Linux-6.8.0-100-generic #100-Ubuntu SMP PREEMPT_DYNAMIC Tue Jan 13 16:40:06 UTC 2026
Jul 08 14:37:26.998110 np0000004826 devstack@n-api-meta.service[95828]: nodename: np0000004826
Jul 08 14:37:26.998110 np0000004826 devstack@n-api-meta.service[95828]: machine: x86_64
Jul 08 14:37:26.998110 np0000004826 devstack@n-api-meta.service[95828]: clock source: unix
Jul 08 14:37:26.998110 np0000004826 devstack@n-api-meta.service[95828]: pcre jit disabled
Jul 08 14:37:26.998110 np0000004826 devstack@n-api-meta.service[95828]: detected number of CPU cores: 16
Jul 08 14:37:26.998110 np0000004826 devstack@n-api-meta.service[95828]: current working directory: /
Jul 08 14:37:26.998110 np0000004826 devstack@n-api-meta.service[95828]: detected binary path: /usr/bin/uwsgi-core
Jul 08 14:37:26.998110 np0000004826 devstack@n-api-meta.service[95828]: your processes number limit is 257052
Jul 08 14:37:26.998110 np0000004826 devstack@n-api-meta.service[95828]: your memory page size is 4096 bytes
Jul 08 14:37:26.998110 np0000004826 devstack@n-api-meta.service[95828]: detected max file descriptor number: 2048
Jul 08 14:37:26.998110 np0000004826 devstack@n-api-meta.service[95828]: lock engine: pthread robust mutexes
Jul 08 14:37:26.998695 np0000004826 devstack@n-api-meta.service[95828]: thunder lock: enabled
Jul 08 14:37:26.998917 np0000004826 devstack@n-api-meta.service[95828]: uWSGI http bound on 0.0.0.0:8775 fd 5
Jul 08 14:37:26.998967 np0000004826 devstack@n-api-meta.service[95828]: uwsgi socket 0 bound to TCP address 127.0.0.1:44433 (port auto-assigned) fd 4
Jul 08 14:37:26.998967 np0000004826 devstack@n-api-meta.service[95828]: Python version: 3.12.3 (main, Jun 19 2026, 12:46:00) [GCC 13.3.0]
Jul 08 14:37:26.998967 np0000004826 devstack@n-api-meta.service[95828]: PEP 405 virtualenv detected: /opt/stack/data/venv
Jul 08 14:37:26.998967 np0000004826 devstack@n-api-meta.service[95828]: Set PythonHome to /opt/stack/data/venv
Jul 08 14:37:27.036950 np0000004826 devstack@n-api-meta.service[95828]: Python main interpreter initialized at 0x73f0ed8a4668
Jul 08 14:37:27.036950 np0000004826 devstack@n-api-meta.service[95828]: python threads support enabled
Jul 08 14:37:27.036950 np0000004826 devstack@n-api-meta.service[95828]: your server socket listen backlog is limited to 100 connections
Jul 08 14:37:27.036950 np0000004826 devstack@n-api-meta.service[95828]: your mercy for graceful operations on workers is 80 seconds
Jul 08 14:37:27.037692 np0000004826 devstack@n-api-meta.service[95828]: mapped 671795 bytes (656 KB) for 4 cores
Jul 08 14:37:27.037880 np0000004826 devstack@n-api-meta.service[95828]: *** Operational MODE: preforking ***
Jul 08 14:37:27.038139 np0000004826 devstack@n-api-meta.service[95828]: *** uWSGI is running in multiple interpreter mode ***
Jul 08 14:37:27.038139 np0000004826 devstack@n-api-meta.service[95828]: spawned uWSGI master process (pid: 95828)
Jul 08 14:37:27.038391 np0000004826 systemd[1]: Started devstack@n-api-meta.service - Devstack devstack@n-api-meta.service.
Jul 08 14:37:27.038830 np0000004826 devstack@n-api-meta.service[95828]: spawned uWSGI worker 1 (pid: 95829, cores: 1)
Jul 08 14:37:27.039354 np0000004826 devstack@n-api-meta.service[95828]: spawned uWSGI worker 2 (pid: 95830, cores: 1)
Jul 08 14:37:27.039828 np0000004826 devstack@n-api-meta.service[95828]: spawned uWSGI worker 3 (pid: 95831, cores: 1)
Jul 08 14:37:27.040370 np0000004826 devstack@n-api-meta.service[95828]: spawned uWSGI worker 4 (pid: 95832, cores: 1)
Jul 08 14:37:27.041059 np0000004826 devstack@n-api-meta.service[95828]: spawned uWSGI http 1 (pid: 95833)
Jul 08 14:37:27.041059 np0000004826 devstack@n-api-meta.service[95828]: running "unix_signal:15 gracefully_kill_them_all" (master-start)...
Jul 08 14:37:28.702683 np0000004826 devstack@n-api-meta.service[95830]: INFO dbcounter [None req-d73449d4-ff4b-45b8-80ab-0cf79eba717a None None] Registered counter for database nova_api
Jul 08 14:37:28.753200 np0000004826 devstack@n-api-meta.service[95830]: DEBUG oslo_db.sqlalchemy.engines [None req-d73449d4-ff4b-45b8-80ab-0cf79eba717a None None] MySQL server mode set to STRICT_TRANS_TABLES,STRICT_ALL_TABLES,NO_ZERO_IN_DATE,NO_ZERO_DATE,ERROR_FOR_DIVISION_BY_ZERO,TRADITIONAL,NO_ENGINE_SUBSTITUTION {{(pid=95830) _check_effective_sql_mode /opt/stack/data/venv/lib/python3.12/site-packages/oslo_db/sqlalchemy/engines.py:325}}
Jul 08 14:37:28.783564 np0000004826 devstack@n-api-meta.service[95830]: DEBUG dbcounter [-] [95830] Writer thread running {{(pid=95830) stat_writer /opt/stack/data/venv/lib/python3.12/site-packages/dbcounter.py:102}}
Jul 08 14:37:28.784644 np0000004826 devstack@n-api-meta.service[95829]: INFO dbcounter [None req-31c1c0bb-3183-482e-b8f3-17175354a417 None None] Registered counter for database nova_api
Jul 08 14:37:28.785857 np0000004826 devstack@n-api-meta.service[95830]: DEBUG nova.context [None req-d73449d4-ff4b-45b8-80ab-0cf79eba717a None None] Found 2 cells: 00000000-0000-0000-0000-000000000000(cell0),7c69de98-fc43-46dc-9ad1-1b05d6acbbc1(cell1) {{(pid=95830) load_cells /opt/stack/nova/nova/context.py:509}}
Jul 08 14:37:28.786063 np0000004826 devstack@n-api-meta.service[95830]: INFO nova.utils [None req-d73449d4-ff4b-45b8-80ab-0cf79eba717a None None] The cell worker thread pool MainProcess.cell_worker is initialized
Jul 08 14:37:28.787751 np0000004826 devstack@n-api-meta.service[95830]: DEBUG oslo_concurrency.lockutils [None req-d73449d4-ff4b-45b8-80ab-0cf79eba717a None None] Acquiring lock "00000000-0000-0000-0000-000000000000" by "nova.context.set_target_cell..get_or_set_cached_cell_and_set_connections" {{(pid=95830) inner /opt/stack/data/venv/lib/python3.12/site-packages/oslo_concurrency/lockutils.py:511}}
Jul 08 14:37:28.787901 np0000004826 devstack@n-api-meta.service[95830]: DEBUG oslo_concurrency.lockutils [None req-d73449d4-ff4b-45b8-80ab-0cf79eba717a None None] Lock "00000000-0000-0000-0000-000000000000" acquired by "nova.context.set_target_cell..get_or_set_cached_cell_and_set_connections" :: waited 0.000s {{(pid=95830) inner /opt/stack/data/venv/lib/python3.12/site-packages/oslo_concurrency/lockutils.py:524}}
Jul 08 14:37:28.788236 np0000004826 devstack@n-api-meta.service[95830]: DEBUG oslo_concurrency.lockutils [None req-d73449d4-ff4b-45b8-80ab-0cf79eba717a None None] Lock "00000000-0000-0000-0000-000000000000" "released" by "nova.context.set_target_cell..get_or_set_cached_cell_and_set_connections" :: held 0.000s {{(pid=95830) inner /opt/stack/data/venv/lib/python3.12/site-packages/oslo_concurrency/lockutils.py:543}}
Jul 08 14:37:28.788799 np0000004826 devstack@n-api-meta.service[95830]: DEBUG oslo_concurrency.lockutils [None req-d73449d4-ff4b-45b8-80ab-0cf79eba717a None None] Acquiring lock "7c69de98-fc43-46dc-9ad1-1b05d6acbbc1" by "nova.context.set_target_cell..get_or_set_cached_cell_and_set_connections" {{(pid=95830) inner /opt/stack/data/venv/lib/python3.12/site-packages/oslo_concurrency/lockutils.py:511}}
Jul 08 14:37:28.789989 np0000004826 devstack@n-api-meta.service[95830]: INFO dbcounter [None req-d73449d4-ff4b-45b8-80ab-0cf79eba717a None None] Registered counter for database nova_cell0
Jul 08 14:37:28.790935 np0000004826 devstack@n-api-meta.service[95830]: DEBUG oslo_concurrency.lockutils [None req-d73449d4-ff4b-45b8-80ab-0cf79eba717a None None] Lock "7c69de98-fc43-46dc-9ad1-1b05d6acbbc1" acquired by "nova.context.set_target_cell..get_or_set_cached_cell_and_set_connections" :: waited 0.001s {{(pid=95830) inner /opt/stack/data/venv/lib/python3.12/site-packages/oslo_concurrency/lockutils.py:524}}
Jul 08 14:37:28.792242 np0000004826 devstack@n-api-meta.service[95830]: DEBUG oslo_concurrency.lockutils [None req-d73449d4-ff4b-45b8-80ab-0cf79eba717a None None] Lock "7c69de98-fc43-46dc-9ad1-1b05d6acbbc1" "released" by "nova.context.set_target_cell..get_or_set_cached_cell_and_set_connections" :: held 0.002s {{(pid=95830) inner /opt/stack/data/venv/lib/python3.12/site-packages/oslo_concurrency/lockutils.py:543}}
Jul 08 14:37:28.794217 np0000004826 devstack@n-api-meta.service[95830]: INFO dbcounter [None req-d73449d4-ff4b-45b8-80ab-0cf79eba717a None None] Registered counter for database nova_cell1
Jul 08 14:37:28.807499 np0000004826 devstack@n-api-meta.service[95832]: INFO dbcounter [None req-3dec0ce1-d063-4371-be0c-255d9fc16fa2 None None] Registered counter for database nova_api
Jul 08 14:37:28.812518 np0000004826 devstack@n-api-meta.service[95831]: INFO dbcounter [None req-7f5fc063-bf4d-4f2b-99ad-9c2466051f2b None None] Registered counter for database nova_api
Jul 08 14:37:28.838929 np0000004826 devstack@n-api-meta.service[95829]: DEBUG oslo_db.sqlalchemy.engines [None req-31c1c0bb-3183-482e-b8f3-17175354a417 None None] MySQL server mode set to STRICT_TRANS_TABLES,STRICT_ALL_TABLES,NO_ZERO_IN_DATE,NO_ZERO_DATE,ERROR_FOR_DIVISION_BY_ZERO,TRADITIONAL,NO_ENGINE_SUBSTITUTION {{(pid=95829) _check_effective_sql_mode /opt/stack/data/venv/lib/python3.12/site-packages/oslo_db/sqlalchemy/engines.py:325}}
Jul 08 14:37:28.843851 np0000004826 devstack@n-api-meta.service[95830]: DEBUG oslo_db.sqlalchemy.engines [None req-d73449d4-ff4b-45b8-80ab-0cf79eba717a None None] MySQL server mode set to STRICT_TRANS_TABLES,STRICT_ALL_TABLES,NO_ZERO_IN_DATE,NO_ZERO_DATE,ERROR_FOR_DIVISION_BY_ZERO,TRADITIONAL,NO_ENGINE_SUBSTITUTION {{(pid=95830) _check_effective_sql_mode /opt/stack/data/venv/lib/python3.12/site-packages/oslo_db/sqlalchemy/engines.py:325}}
Jul 08 14:37:28.854741 np0000004826 devstack@n-api-meta.service[95832]: DEBUG oslo_db.sqlalchemy.engines [None req-3dec0ce1-d063-4371-be0c-255d9fc16fa2 None None] MySQL server mode set to STRICT_TRANS_TABLES,STRICT_ALL_TABLES,NO_ZERO_IN_DATE,NO_ZERO_DATE,ERROR_FOR_DIVISION_BY_ZERO,TRADITIONAL,NO_ENGINE_SUBSTITUTION {{(pid=95832) _check_effective_sql_mode /opt/stack/data/venv/lib/python3.12/site-packages/oslo_db/sqlalchemy/engines.py:325}}
Jul 08 14:37:28.867044 np0000004826 devstack@n-api-meta.service[95831]: DEBUG oslo_db.sqlalchemy.engines [None req-7f5fc063-bf4d-4f2b-99ad-9c2466051f2b None None] MySQL server mode set to STRICT_TRANS_TABLES,STRICT_ALL_TABLES,NO_ZERO_IN_DATE,NO_ZERO_DATE,ERROR_FOR_DIVISION_BY_ZERO,TRADITIONAL,NO_ENGINE_SUBSTITUTION {{(pid=95831) _check_effective_sql_mode /opt/stack/data/venv/lib/python3.12/site-packages/oslo_db/sqlalchemy/engines.py:325}}
Jul 08 14:37:28.871991 np0000004826 devstack@n-api-meta.service[95830]: DEBUG oslo_db.sqlalchemy.engines [None req-d73449d4-ff4b-45b8-80ab-0cf79eba717a None None] MySQL server mode set to STRICT_TRANS_TABLES,STRICT_ALL_TABLES,NO_ZERO_IN_DATE,NO_ZERO_DATE,ERROR_FOR_DIVISION_BY_ZERO,TRADITIONAL,NO_ENGINE_SUBSTITUTION {{(pid=95830) _check_effective_sql_mode /opt/stack/data/venv/lib/python3.12/site-packages/oslo_db/sqlalchemy/engines.py:325}}
Jul 08 14:37:28.874726 np0000004826 devstack@n-api-meta.service[95829]: DEBUG dbcounter [-] [95829] Writer thread running {{(pid=95829) stat_writer /opt/stack/data/venv/lib/python3.12/site-packages/dbcounter.py:102}}
Jul 08 14:37:28.877345 np0000004826 devstack@n-api-meta.service[95829]: DEBUG nova.context [None req-31c1c0bb-3183-482e-b8f3-17175354a417 None None] Found 2 cells: 00000000-0000-0000-0000-000000000000(cell0),7c69de98-fc43-46dc-9ad1-1b05d6acbbc1(cell1) {{(pid=95829) load_cells /opt/stack/nova/nova/context.py:509}}
Jul 08 14:37:28.877836 np0000004826 devstack@n-api-meta.service[95829]: INFO nova.utils [None req-31c1c0bb-3183-482e-b8f3-17175354a417 None None] The cell worker thread pool MainProcess.cell_worker is initialized
Jul 08 14:37:28.879482 np0000004826 devstack@n-api-meta.service[95829]: DEBUG oslo_concurrency.lockutils [None req-31c1c0bb-3183-482e-b8f3-17175354a417 None None] Acquiring lock "00000000-0000-0000-0000-000000000000" by "nova.context.set_target_cell..get_or_set_cached_cell_and_set_connections" {{(pid=95829) inner /opt/stack/data/venv/lib/python3.12/site-packages/oslo_concurrency/lockutils.py:511}}
Jul 08 14:37:28.879641 np0000004826 devstack@n-api-meta.service[95829]: DEBUG oslo_concurrency.lockutils [None req-31c1c0bb-3183-482e-b8f3-17175354a417 None None] Lock "00000000-0000-0000-0000-000000000000" acquired by "nova.context.set_target_cell..get_or_set_cached_cell_and_set_connections" :: waited 0.000s {{(pid=95829) inner /opt/stack/data/venv/lib/python3.12/site-packages/oslo_concurrency/lockutils.py:524}}
Jul 08 14:37:28.879930 np0000004826 devstack@n-api-meta.service[95829]: DEBUG oslo_concurrency.lockutils [None req-31c1c0bb-3183-482e-b8f3-17175354a417 None None] Lock "00000000-0000-0000-0000-000000000000" "released" by "nova.context.set_target_cell..get_or_set_cached_cell_and_set_connections" :: held 0.000s {{(pid=95829) inner /opt/stack/data/venv/lib/python3.12/site-packages/oslo_concurrency/lockutils.py:543}}
Jul 08 14:37:28.880635 np0000004826 devstack@n-api-meta.service[95829]: DEBUG oslo_concurrency.lockutils [None req-31c1c0bb-3183-482e-b8f3-17175354a417 None None] Acquiring lock "7c69de98-fc43-46dc-9ad1-1b05d6acbbc1" by "nova.context.set_target_cell..get_or_set_cached_cell_and_set_connections" {{(pid=95829) inner /opt/stack/data/venv/lib/python3.12/site-packages/oslo_concurrency/lockutils.py:511}}
Jul 08 14:37:28.880779 np0000004826 devstack@n-api-meta.service[95829]: DEBUG oslo_concurrency.lockutils [None req-31c1c0bb-3183-482e-b8f3-17175354a417 None None] Lock "7c69de98-fc43-46dc-9ad1-1b05d6acbbc1" acquired by "nova.context.set_target_cell..get_or_set_cached_cell_and_set_connections" :: waited 0.000s {{(pid=95829) inner /opt/stack/data/venv/lib/python3.12/site-packages/oslo_concurrency/lockutils.py:524}}
Jul 08 14:37:28.881653 np0000004826 devstack@n-api-meta.service[95829]: DEBUG oslo_concurrency.lockutils [None req-31c1c0bb-3183-482e-b8f3-17175354a417 None None] Lock "7c69de98-fc43-46dc-9ad1-1b05d6acbbc1" "released" by "nova.context.set_target_cell..get_or_set_cached_cell_and_set_connections" :: held 0.001s {{(pid=95829) inner /opt/stack/data/venv/lib/python3.12/site-packages/oslo_concurrency/lockutils.py:543}}
Jul 08 14:37:28.884080 np0000004826 devstack@n-api-meta.service[95829]: INFO dbcounter [None req-31c1c0bb-3183-482e-b8f3-17175354a417 None None] Registered counter for database nova_cell0
Jul 08 14:37:28.887176 np0000004826 devstack@n-api-meta.service[95829]: INFO dbcounter [None req-31c1c0bb-3183-482e-b8f3-17175354a417 None None] Registered counter for database nova_cell1
Jul 08 14:37:28.896382 np0000004826 devstack@n-api-meta.service[95832]: DEBUG dbcounter [-] [95832] Writer thread running {{(pid=95832) stat_writer /opt/stack/data/venv/lib/python3.12/site-packages/dbcounter.py:102}}
Jul 08 14:37:28.899884 np0000004826 devstack@n-api-meta.service[95832]: DEBUG nova.context [None req-3dec0ce1-d063-4371-be0c-255d9fc16fa2 None None] Found 2 cells: 00000000-0000-0000-0000-000000000000(cell0),7c69de98-fc43-46dc-9ad1-1b05d6acbbc1(cell1) {{(pid=95832) load_cells /opt/stack/nova/nova/context.py:509}}
Jul 08 14:37:28.900281 np0000004826 devstack@n-api-meta.service[95832]: INFO nova.utils [None req-3dec0ce1-d063-4371-be0c-255d9fc16fa2 None None] The cell worker thread pool MainProcess.cell_worker is initialized
Jul 08 14:37:28.902980 np0000004826 devstack@n-api-meta.service[95832]: DEBUG oslo_concurrency.lockutils [None req-3dec0ce1-d063-4371-be0c-255d9fc16fa2 None None] Acquiring lock "00000000-0000-0000-0000-000000000000" by "nova.context.set_target_cell..get_or_set_cached_cell_and_set_connections" {{(pid=95832) inner /opt/stack/data/venv/lib/python3.12/site-packages/oslo_concurrency/lockutils.py:511}}
Jul 08 14:37:28.903254 np0000004826 devstack@n-api-meta.service[95832]: DEBUG oslo_concurrency.lockutils [None req-3dec0ce1-d063-4371-be0c-255d9fc16fa2 None None] Lock "00000000-0000-0000-0000-000000000000" acquired by "nova.context.set_target_cell..get_or_set_cached_cell_and_set_connections" :: waited 0.000s {{(pid=95832) inner /opt/stack/data/venv/lib/python3.12/site-packages/oslo_concurrency/lockutils.py:524}}
Jul 08 14:37:28.903861 np0000004826 devstack@n-api-meta.service[95832]: DEBUG oslo_concurrency.lockutils [None req-3dec0ce1-d063-4371-be0c-255d9fc16fa2 None None] Lock "00000000-0000-0000-0000-000000000000" "released" by "nova.context.set_target_cell..get_or_set_cached_cell_and_set_connections" :: held 0.001s {{(pid=95832) inner /opt/stack/data/venv/lib/python3.12/site-packages/oslo_concurrency/lockutils.py:543}}
Jul 08 14:37:28.904926 np0000004826 devstack@n-api-meta.service[95832]: DEBUG oslo_concurrency.lockutils [None req-3dec0ce1-d063-4371-be0c-255d9fc16fa2 None None] Acquiring lock "7c69de98-fc43-46dc-9ad1-1b05d6acbbc1" by "nova.context.set_target_cell..get_or_set_cached_cell_and_set_connections" {{(pid=95832) inner /opt/stack/data/venv/lib/python3.12/site-packages/oslo_concurrency/lockutils.py:511}}
Jul 08 14:37:28.905185 np0000004826 devstack@n-api-meta.service[95832]: DEBUG oslo_concurrency.lockutils [None req-3dec0ce1-d063-4371-be0c-255d9fc16fa2 None None] Lock "7c69de98-fc43-46dc-9ad1-1b05d6acbbc1" acquired by "nova.context.set_target_cell..get_or_set_cached_cell_and_set_connections" :: waited 0.000s {{(pid=95832) inner /opt/stack/data/venv/lib/python3.12/site-packages/oslo_concurrency/lockutils.py:524}}
Jul 08 14:37:28.905929 np0000004826 devstack@n-api-meta.service[95831]: DEBUG dbcounter [-] [95831] Writer thread running {{(pid=95831) stat_writer /opt/stack/data/venv/lib/python3.12/site-packages/dbcounter.py:102}}
Jul 08 14:37:28.908587 np0000004826 devstack@n-api-meta.service[95832]: INFO dbcounter [None req-3dec0ce1-d063-4371-be0c-255d9fc16fa2 None None] Registered counter for database nova_cell0
Jul 08 14:37:28.910601 np0000004826 devstack@n-api-meta.service[95831]: DEBUG nova.context [None req-7f5fc063-bf4d-4f2b-99ad-9c2466051f2b None None] Found 2 cells: 00000000-0000-0000-0000-000000000000(cell0),7c69de98-fc43-46dc-9ad1-1b05d6acbbc1(cell1) {{(pid=95831) load_cells /opt/stack/nova/nova/context.py:509}}
Jul 08 14:37:28.910791 np0000004826 devstack@n-api-meta.service[95832]: DEBUG oslo_concurrency.lockutils [None req-3dec0ce1-d063-4371-be0c-255d9fc16fa2 None None] Lock "7c69de98-fc43-46dc-9ad1-1b05d6acbbc1" "released" by "nova.context.set_target_cell..get_or_set_cached_cell_and_set_connections" :: held 0.003s {{(pid=95832) inner /opt/stack/data/venv/lib/python3.12/site-packages/oslo_concurrency/lockutils.py:543}}
Jul 08 14:37:28.910875 np0000004826 devstack@n-api-meta.service[95831]: INFO nova.utils [None req-7f5fc063-bf4d-4f2b-99ad-9c2466051f2b None None] The cell worker thread pool MainProcess.cell_worker is initialized
Jul 08 14:37:28.912836 np0000004826 devstack@n-api-meta.service[95831]: DEBUG oslo_concurrency.lockutils [None req-7f5fc063-bf4d-4f2b-99ad-9c2466051f2b None None] Acquiring lock "00000000-0000-0000-0000-000000000000" by "nova.context.set_target_cell..get_or_set_cached_cell_and_set_connections" {{(pid=95831) inner /opt/stack/data/venv/lib/python3.12/site-packages/oslo_concurrency/lockutils.py:511}}
Jul 08 14:37:28.913088 np0000004826 devstack@n-api-meta.service[95831]: DEBUG oslo_concurrency.lockutils [None req-7f5fc063-bf4d-4f2b-99ad-9c2466051f2b None None] Lock "00000000-0000-0000-0000-000000000000" acquired by "nova.context.set_target_cell..get_or_set_cached_cell_and_set_connections" :: waited 0.000s {{(pid=95831) inner /opt/stack/data/venv/lib/python3.12/site-packages/oslo_concurrency/lockutils.py:524}}
Jul 08 14:37:28.913180 np0000004826 devstack@n-api-meta.service[95832]: INFO dbcounter [None req-3dec0ce1-d063-4371-be0c-255d9fc16fa2 None None] Registered counter for database nova_cell1
Jul 08 14:37:28.917280 np0000004826 devstack@n-api-meta.service[95831]: DEBUG oslo_concurrency.lockutils [None req-7f5fc063-bf4d-4f2b-99ad-9c2466051f2b None None] Lock "00000000-0000-0000-0000-000000000000" "released" by "nova.context.set_target_cell..get_or_set_cached_cell_and_set_connections" :: held 0.001s {{(pid=95831) inner /opt/stack/data/venv/lib/python3.12/site-packages/oslo_concurrency/lockutils.py:543}}
Jul 08 14:37:28.917280 np0000004826 devstack@n-api-meta.service[95831]: DEBUG oslo_concurrency.lockutils [None req-7f5fc063-bf4d-4f2b-99ad-9c2466051f2b None None] Acquiring lock "7c69de98-fc43-46dc-9ad1-1b05d6acbbc1" by "nova.context.set_target_cell..get_or_set_cached_cell_and_set_connections" {{(pid=95831) inner /opt/stack/data/venv/lib/python3.12/site-packages/oslo_concurrency/lockutils.py:511}}
Jul 08 14:37:28.917280 np0000004826 devstack@n-api-meta.service[95831]: DEBUG oslo_concurrency.lockutils [None req-7f5fc063-bf4d-4f2b-99ad-9c2466051f2b None None] Lock "7c69de98-fc43-46dc-9ad1-1b05d6acbbc1" acquired by "nova.context.set_target_cell..get_or_set_cached_cell_and_set_connections" :: waited 0.000s {{(pid=95831) inner /opt/stack/data/venv/lib/python3.12/site-packages/oslo_concurrency/lockutils.py:524}}
Jul 08 14:37:28.917280 np0000004826 devstack@n-api-meta.service[95831]: DEBUG oslo_concurrency.lockutils [None req-7f5fc063-bf4d-4f2b-99ad-9c2466051f2b None None] Lock "7c69de98-fc43-46dc-9ad1-1b05d6acbbc1" "released" by "nova.context.set_target_cell..get_or_set_cached_cell_and_set_connections" :: held 0.001s {{(pid=95831) inner /opt/stack/data/venv/lib/python3.12/site-packages/oslo_concurrency/lockutils.py:543}}
Jul 08 14:37:28.918034 np0000004826 devstack@n-api-meta.service[95831]: INFO dbcounter [None req-7f5fc063-bf4d-4f2b-99ad-9c2466051f2b None None] Registered counter for database nova_cell0
Jul 08 14:37:28.922028 np0000004826 devstack@n-api-meta.service[95831]: INFO dbcounter [None req-7f5fc063-bf4d-4f2b-99ad-9c2466051f2b None None] Registered counter for database nova_cell1
Jul 08 14:37:28.931776 np0000004826 devstack@n-api-meta.service[95829]: DEBUG oslo_db.sqlalchemy.engines [None req-31c1c0bb-3183-482e-b8f3-17175354a417 None None] MySQL server mode set to STRICT_TRANS_TABLES,STRICT_ALL_TABLES,NO_ZERO_IN_DATE,NO_ZERO_DATE,ERROR_FOR_DIVISION_BY_ZERO,TRADITIONAL,NO_ENGINE_SUBSTITUTION {{(pid=95829) _check_effective_sql_mode /opt/stack/data/venv/lib/python3.12/site-packages/oslo_db/sqlalchemy/engines.py:325}}
Jul 08 14:37:28.942635 np0000004826 devstack@n-api-meta.service[95830]: DEBUG dbcounter [-] [95830] Writer thread running {{(pid=95830) stat_writer /opt/stack/data/venv/lib/python3.12/site-packages/dbcounter.py:102}}
Jul 08 14:37:28.949748 np0000004826 devstack@n-api-meta.service[95830]: DEBUG dbcounter [-] [95830] Writer thread running {{(pid=95830) stat_writer /opt/stack/data/venv/lib/python3.12/site-packages/dbcounter.py:102}}
Jul 08 14:37:28.955225 np0000004826 devstack@n-api-meta.service[95830]: INFO dbcounter [None req-d73449d4-ff4b-45b8-80ab-0cf79eba717a None None] Registered counter for database nova_cell0
Jul 08 14:37:28.964912 np0000004826 devstack@n-api-meta.service[95832]: DEBUG oslo_db.sqlalchemy.engines [None req-3dec0ce1-d063-4371-be0c-255d9fc16fa2 None None] MySQL server mode set to STRICT_TRANS_TABLES,STRICT_ALL_TABLES,NO_ZERO_IN_DATE,NO_ZERO_DATE,ERROR_FOR_DIVISION_BY_ZERO,TRADITIONAL,NO_ENGINE_SUBSTITUTION {{(pid=95832) _check_effective_sql_mode /opt/stack/data/venv/lib/python3.12/site-packages/oslo_db/sqlalchemy/engines.py:325}}
Jul 08 14:37:28.968056 np0000004826 devstack@n-api-meta.service[95831]: DEBUG oslo_db.sqlalchemy.engines [None req-7f5fc063-bf4d-4f2b-99ad-9c2466051f2b None None] MySQL server mode set to STRICT_TRANS_TABLES,STRICT_ALL_TABLES,NO_ZERO_IN_DATE,NO_ZERO_DATE,ERROR_FOR_DIVISION_BY_ZERO,TRADITIONAL,NO_ENGINE_SUBSTITUTION {{(pid=95831) _check_effective_sql_mode /opt/stack/data/venv/lib/python3.12/site-packages/oslo_db/sqlalchemy/engines.py:325}}
Jul 08 14:37:28.972807 np0000004826 devstack@n-api-meta.service[95831]: DEBUG oslo_db.sqlalchemy.engines [None req-7f5fc063-bf4d-4f2b-99ad-9c2466051f2b None None] MySQL server mode set to STRICT_TRANS_TABLES,STRICT_ALL_TABLES,NO_ZERO_IN_DATE,NO_ZERO_DATE,ERROR_FOR_DIVISION_BY_ZERO,TRADITIONAL,NO_ENGINE_SUBSTITUTION {{(pid=95831) _check_effective_sql_mode /opt/stack/data/venv/lib/python3.12/site-packages/oslo_db/sqlalchemy/engines.py:325}}
Jul 08 14:37:29.008461 np0000004826 devstack@n-api-meta.service[95830]: DEBUG oslo_db.sqlalchemy.engines [None req-d73449d4-ff4b-45b8-80ab-0cf79eba717a None None] MySQL server mode set to STRICT_TRANS_TABLES,STRICT_ALL_TABLES,NO_ZERO_IN_DATE,NO_ZERO_DATE,ERROR_FOR_DIVISION_BY_ZERO,TRADITIONAL,NO_ENGINE_SUBSTITUTION {{(pid=95830) _check_effective_sql_mode /opt/stack/data/venv/lib/python3.12/site-packages/oslo_db/sqlalchemy/engines.py:325}}
Jul 08 14:37:29.011292 np0000004826 devstack@n-api-meta.service[95829]: DEBUG oslo_db.sqlalchemy.engines [None req-31c1c0bb-3183-482e-b8f3-17175354a417 None None] MySQL server mode set to STRICT_TRANS_TABLES,STRICT_ALL_TABLES,NO_ZERO_IN_DATE,NO_ZERO_DATE,ERROR_FOR_DIVISION_BY_ZERO,TRADITIONAL,NO_ENGINE_SUBSTITUTION {{(pid=95829) _check_effective_sql_mode /opt/stack/data/venv/lib/python3.12/site-packages/oslo_db/sqlalchemy/engines.py:325}}
Jul 08 14:37:29.015274 np0000004826 devstack@n-api-meta.service[95830]: DEBUG dbcounter [-] [95830] Writer thread running {{(pid=95830) stat_writer /opt/stack/data/venv/lib/python3.12/site-packages/dbcounter.py:102}}
Jul 08 14:37:29.045705 np0000004826 devstack@n-api-meta.service[95829]: DEBUG dbcounter [-] [95829] Writer thread running {{(pid=95829) stat_writer /opt/stack/data/venv/lib/python3.12/site-packages/dbcounter.py:102}}
Jul 08 14:37:29.051756 np0000004826 devstack@n-api-meta.service[95829]: DEBUG dbcounter [-] [95829] Writer thread running {{(pid=95829) stat_writer /opt/stack/data/venv/lib/python3.12/site-packages/dbcounter.py:102}}
Jul 08 14:37:29.055142 np0000004826 devstack@n-api-meta.service[95829]: INFO dbcounter [None req-31c1c0bb-3183-482e-b8f3-17175354a417 None None] Registered counter for database nova_cell0
Jul 08 14:37:29.059507 np0000004826 devstack@n-api-meta.service[95832]: DEBUG oslo_db.sqlalchemy.engines [None req-3dec0ce1-d063-4371-be0c-255d9fc16fa2 None None] MySQL server mode set to STRICT_TRANS_TABLES,STRICT_ALL_TABLES,NO_ZERO_IN_DATE,NO_ZERO_DATE,ERROR_FOR_DIVISION_BY_ZERO,TRADITIONAL,NO_ENGINE_SUBSTITUTION {{(pid=95832) _check_effective_sql_mode /opt/stack/data/venv/lib/python3.12/site-packages/oslo_db/sqlalchemy/engines.py:325}}
Jul 08 14:37:29.062878 np0000004826 devstack@n-api-meta.service[95831]: DEBUG dbcounter [-] [95831] Writer thread running {{(pid=95831) stat_writer /opt/stack/data/venv/lib/python3.12/site-packages/dbcounter.py:102}}
Jul 08 14:37:29.063956 np0000004826 devstack@n-api-meta.service[95830]: WARNING nova.api.metadata.handler [None req-d73449d4-ff4b-45b8-80ab-0cf79eba717a None None] metadata_proxy_shared_secret is not configured, the metadata information returned by the proxy cannot be trusted
Jul 08 14:37:29.064595 np0000004826 devstack@n-api-meta.service[95832]: DEBUG dbcounter [-] [95832] Writer thread running {{(pid=95832) stat_writer /opt/stack/data/venv/lib/python3.12/site-packages/dbcounter.py:102}}
Jul 08 14:37:29.066303 np0000004826 devstack@n-api-meta.service[95831]: DEBUG dbcounter [-] [95831] Writer thread running {{(pid=95831) stat_writer /opt/stack/data/venv/lib/python3.12/site-packages/dbcounter.py:102}}
Jul 08 14:37:29.066547 np0000004826 devstack@n-api-meta.service[95830]: DEBUG nova.api.openstack.wsgi_app [None req-d73449d4-ff4b-45b8-80ab-0cf79eba717a None None] ******************************************************************************** {{(pid=95830) log_opt_values /opt/stack/data/venv/lib/python3.12/site-packages/oslo_config/cfg.py:3226}}
Jul 08 14:37:29.066703 np0000004826 devstack@n-api-meta.service[95830]: DEBUG nova.api.openstack.wsgi_app [None req-d73449d4-ff4b-45b8-80ab-0cf79eba717a None None] Configuration options gathered from: {{(pid=95830) log_opt_values /opt/stack/data/venv/lib/python3.12/site-packages/oslo_config/cfg.py:3227}}
Jul 08 14:37:29.066831 np0000004826 devstack@n-api-meta.service[95830]: DEBUG nova.api.openstack.wsgi_app [None req-d73449d4-ff4b-45b8-80ab-0cf79eba717a None None] command line args: [] {{(pid=95830) log_opt_values /opt/stack/data/venv/lib/python3.12/site-packages/oslo_config/cfg.py:3228}}
Jul 08 14:37:29.066997 np0000004826 devstack@n-api-meta.service[95830]: DEBUG nova.api.openstack.wsgi_app [None req-d73449d4-ff4b-45b8-80ab-0cf79eba717a None None] config files: ['/etc/nova/api-paste.ini', '/etc/nova/nova.conf'] {{(pid=95830) log_opt_values /opt/stack/data/venv/lib/python3.12/site-packages/oslo_config/cfg.py:3229}}
Jul 08 14:37:29.067115 np0000004826 devstack@n-api-meta.service[95830]: DEBUG nova.api.openstack.wsgi_app [None req-d73449d4-ff4b-45b8-80ab-0cf79eba717a None None] ================================================================================ {{(pid=95830) log_opt_values /opt/stack/data/venv/lib/python3.12/site-packages/oslo_config/cfg.py:3234}}
Jul 08 14:37:29.067335 np0000004826 devstack@n-api-meta.service[95830]: DEBUG nova.api.openstack.wsgi_app [None req-d73449d4-ff4b-45b8-80ab-0cf79eba717a None None] allow_resize_to_same_host = True {{(pid=95830) log_opt_values /opt/stack/data/venv/lib/python3.12/site-packages/oslo_config/cfg.py:3242}}
Jul 08 14:37:29.067487 np0000004826 devstack@n-api-meta.service[95830]: DEBUG nova.api.openstack.wsgi_app [None req-d73449d4-ff4b-45b8-80ab-0cf79eba717a None None] arq_binding_timeout = 300 {{(pid=95830) log_opt_values /opt/stack/data/venv/lib/python3.12/site-packages/oslo_config/cfg.py:3242}}
Jul 08 14:37:29.067627 np0000004826 devstack@n-api-meta.service[95830]: DEBUG nova.api.openstack.wsgi_app [None req-d73449d4-ff4b-45b8-80ab-0cf79eba717a None None] block_device_allocate_retries = 60 {{(pid=95830) log_opt_values /opt/stack/data/venv/lib/python3.12/site-packages/oslo_config/cfg.py:3242}}
Jul 08 14:37:29.067767 np0000004826 devstack@n-api-meta.service[95830]: DEBUG nova.api.openstack.wsgi_app [None req-d73449d4-ff4b-45b8-80ab-0cf79eba717a None None] block_device_allocate_retries_interval = 3 {{(pid=95830) log_opt_values /opt/stack/data/venv/lib/python3.12/site-packages/oslo_config/cfg.py:3242}}
Jul 08 14:37:29.067906 np0000004826 devstack@n-api-meta.service[95830]: DEBUG nova.api.openstack.wsgi_app [None req-d73449d4-ff4b-45b8-80ab-0cf79eba717a None None] cell_worker_thread_pool_size = 5 {{(pid=95830) log_opt_values /opt/stack/data/venv/lib/python3.12/site-packages/oslo_config/cfg.py:3242}}
Jul 08 14:37:29.068055 np0000004826 devstack@n-api-meta.service[95830]: DEBUG nova.api.openstack.wsgi_app [None req-d73449d4-ff4b-45b8-80ab-0cf79eba717a None None] cert = self.pem {{(pid=95830) log_opt_values /opt/stack/data/venv/lib/python3.12/site-packages/oslo_config/cfg.py:3242}}
Jul 08 14:37:29.068231 np0000004826 devstack@n-api-meta.service[95830]: DEBUG nova.api.openstack.wsgi_app [None req-d73449d4-ff4b-45b8-80ab-0cf79eba717a None None] compute_driver = libvirt.LibvirtDriver {{(pid=95830) log_opt_values /opt/stack/data/venv/lib/python3.12/site-packages/oslo_config/cfg.py:3242}}
Jul 08 14:37:29.068377 np0000004826 devstack@n-api-meta.service[95830]: DEBUG nova.api.openstack.wsgi_app [None req-d73449d4-ff4b-45b8-80ab-0cf79eba717a None None] compute_monitors = [] {{(pid=95830) log_opt_values /opt/stack/data/venv/lib/python3.12/site-packages/oslo_config/cfg.py:3242}}
Jul 08 14:37:29.068526 np0000004826 devstack@n-api-meta.service[95830]: DEBUG nova.api.openstack.wsgi_app [None req-d73449d4-ff4b-45b8-80ab-0cf79eba717a None None] concurrency_backend = auto {{(pid=95830) log_opt_values /opt/stack/data/venv/lib/python3.12/site-packages/oslo_config/cfg.py:3242}}
Jul 08 14:37:29.068678 np0000004826 devstack@n-api-meta.service[95830]: DEBUG nova.api.openstack.wsgi_app [None req-d73449d4-ff4b-45b8-80ab-0cf79eba717a None None] config_dir = [] {{(pid=95830) log_opt_values /opt/stack/data/venv/lib/python3.12/site-packages/oslo_config/cfg.py:3242}}
Jul 08 14:37:29.068823 np0000004826 devstack@n-api-meta.service[95830]: DEBUG nova.api.openstack.wsgi_app [None req-d73449d4-ff4b-45b8-80ab-0cf79eba717a None None] config_drive_format = iso9660 {{(pid=95830) log_opt_values /opt/stack/data/venv/lib/python3.12/site-packages/oslo_config/cfg.py:3242}}
Jul 08 14:37:29.069711 np0000004826 devstack@n-api-meta.service[95830]: DEBUG nova.api.openstack.wsgi_app [None req-d73449d4-ff4b-45b8-80ab-0cf79eba717a None None] config_file = ['/etc/nova/api-paste.ini', '/etc/nova/nova.conf'] {{(pid=95830) log_opt_values /opt/stack/data/venv/lib/python3.12/site-packages/oslo_config/cfg.py:3242}}
Jul 08 14:37:29.069711 np0000004826 devstack@n-api-meta.service[95830]: DEBUG nova.api.openstack.wsgi_app [None req-d73449d4-ff4b-45b8-80ab-0cf79eba717a None None] config_source = [] {{(pid=95830) log_opt_values /opt/stack/data/venv/lib/python3.12/site-packages/oslo_config/cfg.py:3242}}
Jul 08 14:37:29.069711 np0000004826 devstack@n-api-meta.service[95830]: DEBUG nova.api.openstack.wsgi_app [None req-d73449d4-ff4b-45b8-80ab-0cf79eba717a None None] console_host = np0000004826 {{(pid=95830) log_opt_values /opt/stack/data/venv/lib/python3.12/site-packages/oslo_config/cfg.py:3242}}
Jul 08 14:37:29.069711 np0000004826 devstack@n-api-meta.service[95830]: DEBUG nova.api.openstack.wsgi_app [None req-d73449d4-ff4b-45b8-80ab-0cf79eba717a None None] control_exchange = nova {{(pid=95830) log_opt_values /opt/stack/data/venv/lib/python3.12/site-packages/oslo_config/cfg.py:3242}}
Jul 08 14:37:29.069711 np0000004826 devstack@n-api-meta.service[95830]: DEBUG nova.api.openstack.wsgi_app [None req-d73449d4-ff4b-45b8-80ab-0cf79eba717a None None] cpu_allocation_ratio = None {{(pid=95830) log_opt_values /opt/stack/data/venv/lib/python3.12/site-packages/oslo_config/cfg.py:3242}}
Jul 08 14:37:29.069711 np0000004826 devstack@n-api-meta.service[95830]: DEBUG nova.api.openstack.wsgi_app [None req-d73449d4-ff4b-45b8-80ab-0cf79eba717a None None] daemon = False {{(pid=95830) log_opt_values /opt/stack/data/venv/lib/python3.12/site-packages/oslo_config/cfg.py:3242}}
Jul 08 14:37:29.069905 np0000004826 devstack@n-api-meta.service[95831]: INFO dbcounter [None req-7f5fc063-bf4d-4f2b-99ad-9c2466051f2b None None] Registered counter for database nova_cell0
Jul 08 14:37:29.069940 np0000004826 devstack@n-api-meta.service[95830]: DEBUG nova.api.openstack.wsgi_app [None req-d73449d4-ff4b-45b8-80ab-0cf79eba717a None None] debug = True {{(pid=95830) log_opt_values /opt/stack/data/venv/lib/python3.12/site-packages/oslo_config/cfg.py:3242}}
Jul 08 14:37:29.069940 np0000004826 devstack@n-api-meta.service[95830]: DEBUG nova.api.openstack.wsgi_app [None req-d73449d4-ff4b-45b8-80ab-0cf79eba717a None None] default_access_ip_network_name = None {{(pid=95830) log_opt_values /opt/stack/data/venv/lib/python3.12/site-packages/oslo_config/cfg.py:3242}}
Jul 08 14:37:29.070063 np0000004826 devstack@n-api-meta.service[95830]: DEBUG nova.api.openstack.wsgi_app [None req-d73449d4-ff4b-45b8-80ab-0cf79eba717a None None] default_availability_zone = nova {{(pid=95830) log_opt_values /opt/stack/data/venv/lib/python3.12/site-packages/oslo_config/cfg.py:3242}}
Jul 08 14:37:29.070218 np0000004826 devstack@n-api-meta.service[95830]: DEBUG nova.api.openstack.wsgi_app [None req-d73449d4-ff4b-45b8-80ab-0cf79eba717a None None] default_ephemeral_format = ext4 {{(pid=95830) log_opt_values /opt/stack/data/venv/lib/python3.12/site-packages/oslo_config/cfg.py:3242}}
Jul 08 14:37:29.070376 np0000004826 devstack@n-api-meta.service[95830]: DEBUG nova.api.openstack.wsgi_app [None req-d73449d4-ff4b-45b8-80ab-0cf79eba717a None None] default_green_pool_size = 1000 {{(pid=95830) log_opt_values /opt/stack/data/venv/lib/python3.12/site-packages/oslo_config/cfg.py:3242}}
Jul 08 14:37:29.070617 np0000004826 devstack@n-api-meta.service[95830]: DEBUG nova.api.openstack.wsgi_app [None req-d73449d4-ff4b-45b8-80ab-0cf79eba717a None None] default_log_levels = ['amqp=WARN', 'boto=WARN', 'sqlalchemy=WARN', 'suds=INFO', 'oslo.messaging=INFO', 'oslo_messaging=INFO', 'iso8601=WARN', 'requests.packages.urllib3.connectionpool=WARN', 'urllib3.connectionpool=WARN', 'websocket=WARN', 'requests.packages.urllib3.util.retry=WARN', 'urllib3.util.retry=WARN', 'keystonemiddleware=WARN', 'routes.middleware=WARN', 'stevedore=WARN', 'taskflow=WARN', 'keystoneauth=WARN', 'oslo.cache=INFO', 'oslo_policy=INFO', 'dogpile.core.dogpile=INFO', 'glanceclient=WARN', 'oslo.privsep.daemon=INFO'] {{(pid=95830) log_opt_values /opt/stack/data/venv/lib/python3.12/site-packages/oslo_config/cfg.py:3242}}
Jul 08 14:37:29.070747 np0000004826 devstack@n-api-meta.service[95830]: DEBUG nova.api.openstack.wsgi_app [None req-d73449d4-ff4b-45b8-80ab-0cf79eba717a None None] default_schedule_zone = None {{(pid=95830) log_opt_values /opt/stack/data/venv/lib/python3.12/site-packages/oslo_config/cfg.py:3242}}
Jul 08 14:37:29.071913 np0000004826 devstack@n-api-meta.service[95830]: DEBUG nova.api.openstack.wsgi_app [None req-d73449d4-ff4b-45b8-80ab-0cf79eba717a None None] default_thread_pool_size = 10 {{(pid=95830) log_opt_values /opt/stack/data/venv/lib/python3.12/site-packages/oslo_config/cfg.py:3242}}
Jul 08 14:37:29.071913 np0000004826 devstack@n-api-meta.service[95830]: DEBUG nova.api.openstack.wsgi_app [None req-d73449d4-ff4b-45b8-80ab-0cf79eba717a None None] disk_allocation_ratio = None {{(pid=95830) log_opt_values /opt/stack/data/venv/lib/python3.12/site-packages/oslo_config/cfg.py:3242}}
Jul 08 14:37:29.072012 np0000004826 devstack@n-api-meta.service[95832]: DEBUG dbcounter [-] [95832] Writer thread running {{(pid=95832) stat_writer /opt/stack/data/venv/lib/python3.12/site-packages/dbcounter.py:102}}
Jul 08 14:37:29.072047 np0000004826 devstack@n-api-meta.service[95830]: DEBUG nova.api.openstack.wsgi_app [None req-d73449d4-ff4b-45b8-80ab-0cf79eba717a None None] enable_new_services = True {{(pid=95830) log_opt_values /opt/stack/data/venv/lib/python3.12/site-packages/oslo_config/cfg.py:3242}}
Jul 08 14:37:29.072047 np0000004826 devstack@n-api-meta.service[95830]: DEBUG nova.api.openstack.wsgi_app [None req-d73449d4-ff4b-45b8-80ab-0cf79eba717a None None] flat_injected = False {{(pid=95830) log_opt_values /opt/stack/data/venv/lib/python3.12/site-packages/oslo_config/cfg.py:3242}}
Jul 08 14:37:29.072047 np0000004826 devstack@n-api-meta.service[95830]: DEBUG nova.api.openstack.wsgi_app [None req-d73449d4-ff4b-45b8-80ab-0cf79eba717a None None] force_config_drive = True {{(pid=95830) log_opt_values /opt/stack/data/venv/lib/python3.12/site-packages/oslo_config/cfg.py:3242}}
Jul 08 14:37:29.072047 np0000004826 devstack@n-api-meta.service[95830]: DEBUG nova.api.openstack.wsgi_app [None req-d73449d4-ff4b-45b8-80ab-0cf79eba717a None None] force_raw_images = True {{(pid=95830) log_opt_values /opt/stack/data/venv/lib/python3.12/site-packages/oslo_config/cfg.py:3242}}
Jul 08 14:37:29.072047 np0000004826 devstack@n-api-meta.service[95830]: DEBUG nova.api.openstack.wsgi_app [None req-d73449d4-ff4b-45b8-80ab-0cf79eba717a None None] graceful_shutdown_timeout = 5 {{(pid=95830) log_opt_values /opt/stack/data/venv/lib/python3.12/site-packages/oslo_config/cfg.py:3242}}
Jul 08 14:37:29.072047 np0000004826 devstack@n-api-meta.service[95830]: DEBUG nova.api.openstack.wsgi_app [None req-d73449d4-ff4b-45b8-80ab-0cf79eba717a None None] heal_instance_info_cache_interval = -1 {{(pid=95830) log_opt_values /opt/stack/data/venv/lib/python3.12/site-packages/oslo_config/cfg.py:3242}}
Jul 08 14:37:29.072047 np0000004826 devstack@n-api-meta.service[95830]: DEBUG nova.api.openstack.wsgi_app [None req-d73449d4-ff4b-45b8-80ab-0cf79eba717a None None] host = np0000004826 {{(pid=95830) log_opt_values /opt/stack/data/venv/lib/python3.12/site-packages/oslo_config/cfg.py:3242}}
Jul 08 14:37:29.072250 np0000004826 devstack@n-api-meta.service[95830]: DEBUG nova.api.openstack.wsgi_app [None req-d73449d4-ff4b-45b8-80ab-0cf79eba717a None None] initial_cpu_allocation_ratio = 4.0 {{(pid=95830) log_opt_values /opt/stack/data/venv/lib/python3.12/site-packages/oslo_config/cfg.py:3242}}
Jul 08 14:37:29.072368 np0000004826 devstack@n-api-meta.service[95830]: DEBUG nova.api.openstack.wsgi_app [None req-d73449d4-ff4b-45b8-80ab-0cf79eba717a None None] initial_disk_allocation_ratio = 1.0 {{(pid=95830) log_opt_values /opt/stack/data/venv/lib/python3.12/site-packages/oslo_config/cfg.py:3242}}
Jul 08 14:37:29.072510 np0000004826 devstack@n-api-meta.service[95830]: DEBUG nova.api.openstack.wsgi_app [None req-d73449d4-ff4b-45b8-80ab-0cf79eba717a None None] initial_ram_allocation_ratio = 1.0 {{(pid=95830) log_opt_values /opt/stack/data/venv/lib/python3.12/site-packages/oslo_config/cfg.py:3242}}
Jul 08 14:37:29.072701 np0000004826 devstack@n-api-meta.service[95830]: DEBUG nova.api.openstack.wsgi_app [None req-d73449d4-ff4b-45b8-80ab-0cf79eba717a None None] injected_network_template = /opt/stack/nova/nova/virt/interfaces.template {{(pid=95830) log_opt_values /opt/stack/data/venv/lib/python3.12/site-packages/oslo_config/cfg.py:3242}}
Jul 08 14:37:29.073391 np0000004826 devstack@n-api-meta.service[95830]: DEBUG nova.api.openstack.wsgi_app [None req-d73449d4-ff4b-45b8-80ab-0cf79eba717a None None] instance_build_timeout = 0 {{(pid=95830) log_opt_values /opt/stack/data/venv/lib/python3.12/site-packages/oslo_config/cfg.py:3242}}
Jul 08 14:37:29.073391 np0000004826 devstack@n-api-meta.service[95830]: DEBUG nova.api.openstack.wsgi_app [None req-d73449d4-ff4b-45b8-80ab-0cf79eba717a None None] instance_delete_interval = 300 {{(pid=95830) log_opt_values /opt/stack/data/venv/lib/python3.12/site-packages/oslo_config/cfg.py:3242}}
Jul 08 14:37:29.073391 np0000004826 devstack@n-api-meta.service[95830]: DEBUG nova.api.openstack.wsgi_app [None req-d73449d4-ff4b-45b8-80ab-0cf79eba717a None None] instance_format = [instance: %(uuid)s] {{(pid=95830) log_opt_values /opt/stack/data/venv/lib/python3.12/site-packages/oslo_config/cfg.py:3242}}
Jul 08 14:37:29.073391 np0000004826 devstack@n-api-meta.service[95830]: DEBUG nova.api.openstack.wsgi_app [None req-d73449d4-ff4b-45b8-80ab-0cf79eba717a None None] instance_name_template = instance-%08x {{(pid=95830) log_opt_values /opt/stack/data/venv/lib/python3.12/site-packages/oslo_config/cfg.py:3242}}
Jul 08 14:37:29.073558 np0000004826 devstack@n-api-meta.service[95830]: DEBUG nova.api.openstack.wsgi_app [None req-d73449d4-ff4b-45b8-80ab-0cf79eba717a None None] instance_usage_audit = False {{(pid=95830) log_opt_values /opt/stack/data/venv/lib/python3.12/site-packages/oslo_config/cfg.py:3242}}
Jul 08 14:37:29.073558 np0000004826 devstack@n-api-meta.service[95830]: DEBUG nova.api.openstack.wsgi_app [None req-d73449d4-ff4b-45b8-80ab-0cf79eba717a None None] instance_usage_audit_period = month {{(pid=95830) log_opt_values /opt/stack/data/venv/lib/python3.12/site-packages/oslo_config/cfg.py:3242}}
Jul 08 14:37:29.073696 np0000004826 devstack@n-api-meta.service[95830]: DEBUG nova.api.openstack.wsgi_app [None req-d73449d4-ff4b-45b8-80ab-0cf79eba717a None None] instance_uuid_format = [instance: %(uuid)s] {{(pid=95830) log_opt_values /opt/stack/data/venv/lib/python3.12/site-packages/oslo_config/cfg.py:3242}}
Jul 08 14:37:29.073838 np0000004826 devstack@n-api-meta.service[95830]: DEBUG nova.api.openstack.wsgi_app [None req-d73449d4-ff4b-45b8-80ab-0cf79eba717a None None] instances_path = /opt/stack/data/nova/instances {{(pid=95830) log_opt_values /opt/stack/data/venv/lib/python3.12/site-packages/oslo_config/cfg.py:3242}}
Jul 08 14:37:29.073980 np0000004826 devstack@n-api-meta.service[95830]: DEBUG nova.api.openstack.wsgi_app [None req-d73449d4-ff4b-45b8-80ab-0cf79eba717a None None] internal_service_availability_zone = internal {{(pid=95830) log_opt_values /opt/stack/data/venv/lib/python3.12/site-packages/oslo_config/cfg.py:3242}}
Jul 08 14:37:29.074113 np0000004826 devstack@n-api-meta.service[95830]: DEBUG nova.api.openstack.wsgi_app [None req-d73449d4-ff4b-45b8-80ab-0cf79eba717a None None] key = None {{(pid=95830) log_opt_values /opt/stack/data/venv/lib/python3.12/site-packages/oslo_config/cfg.py:3242}}
Jul 08 14:37:29.074278 np0000004826 devstack@n-api-meta.service[95830]: DEBUG nova.api.openstack.wsgi_app [None req-d73449d4-ff4b-45b8-80ab-0cf79eba717a None None] live_migration_retry_count = 30 {{(pid=95830) log_opt_values /opt/stack/data/venv/lib/python3.12/site-packages/oslo_config/cfg.py:3242}}
Jul 08 14:37:29.074433 np0000004826 devstack@n-api-meta.service[95830]: DEBUG nova.api.openstack.wsgi_app [None req-d73449d4-ff4b-45b8-80ab-0cf79eba717a None None] log_color = False {{(pid=95830) log_opt_values /opt/stack/data/venv/lib/python3.12/site-packages/oslo_config/cfg.py:3242}}
Jul 08 14:37:29.074509 np0000004826 devstack@n-api-meta.service[95832]: INFO dbcounter [None req-3dec0ce1-d063-4371-be0c-255d9fc16fa2 None None] Registered counter for database nova_cell0
Jul 08 14:37:29.074575 np0000004826 devstack@n-api-meta.service[95830]: DEBUG nova.api.openstack.wsgi_app [None req-d73449d4-ff4b-45b8-80ab-0cf79eba717a None None] log_config_append = None {{(pid=95830) log_opt_values /opt/stack/data/venv/lib/python3.12/site-packages/oslo_config/cfg.py:3242}}
Jul 08 14:37:29.074719 np0000004826 devstack@n-api-meta.service[95830]: DEBUG nova.api.openstack.wsgi_app [None req-d73449d4-ff4b-45b8-80ab-0cf79eba717a None None] log_date_format = %Y-%m-%d %H:%M:%S {{(pid=95830) log_opt_values /opt/stack/data/venv/lib/python3.12/site-packages/oslo_config/cfg.py:3242}}
Jul 08 14:37:29.074856 np0000004826 devstack@n-api-meta.service[95830]: DEBUG nova.api.openstack.wsgi_app [None req-d73449d4-ff4b-45b8-80ab-0cf79eba717a None None] log_dir = None {{(pid=95830) log_opt_values /opt/stack/data/venv/lib/python3.12/site-packages/oslo_config/cfg.py:3242}}
Jul 08 14:37:29.075003 np0000004826 devstack@n-api-meta.service[95830]: DEBUG nova.api.openstack.wsgi_app [None req-d73449d4-ff4b-45b8-80ab-0cf79eba717a None None] log_file = None {{(pid=95830) log_opt_values /opt/stack/data/venv/lib/python3.12/site-packages/oslo_config/cfg.py:3242}}
Jul 08 14:37:29.075114 np0000004826 devstack@n-api-meta.service[95830]: DEBUG nova.api.openstack.wsgi_app [None req-d73449d4-ff4b-45b8-80ab-0cf79eba717a None None] log_options = True {{(pid=95830) log_opt_values /opt/stack/data/venv/lib/python3.12/site-packages/oslo_config/cfg.py:3242}}
Jul 08 14:37:29.075277 np0000004826 devstack@n-api-meta.service[95830]: DEBUG nova.api.openstack.wsgi_app [None req-d73449d4-ff4b-45b8-80ab-0cf79eba717a None None] log_rotate_interval = 1 {{(pid=95830) log_opt_values /opt/stack/data/venv/lib/python3.12/site-packages/oslo_config/cfg.py:3242}}
Jul 08 14:37:29.075428 np0000004826 devstack@n-api-meta.service[95830]: DEBUG nova.api.openstack.wsgi_app [None req-d73449d4-ff4b-45b8-80ab-0cf79eba717a None None] log_rotate_interval_type = days {{(pid=95830) log_opt_values /opt/stack/data/venv/lib/python3.12/site-packages/oslo_config/cfg.py:3242}}
Jul 08 14:37:29.075572 np0000004826 devstack@n-api-meta.service[95830]: DEBUG nova.api.openstack.wsgi_app [None req-d73449d4-ff4b-45b8-80ab-0cf79eba717a None None] log_rotation_type = none {{(pid=95830) log_opt_values /opt/stack/data/venv/lib/python3.12/site-packages/oslo_config/cfg.py:3242}}
Jul 08 14:37:29.075682 np0000004826 devstack@n-api-meta.service[95830]: DEBUG nova.api.openstack.wsgi_app [None req-d73449d4-ff4b-45b8-80ab-0cf79eba717a None None] logging_context_format_string = %(color)s%(levelname)s %(name)s [%(global_request_id)s %(request_id)s %(project_name)s %(user_name)s%(color)s] %(instance)s%(color)s%(message)s {{(pid=95830) log_opt_values /opt/stack/data/venv/lib/python3.12/site-packages/oslo_config/cfg.py:3242}}
Jul 08 14:37:29.075798 np0000004826 devstack@n-api-meta.service[95830]: DEBUG nova.api.openstack.wsgi_app [None req-d73449d4-ff4b-45b8-80ab-0cf79eba717a None None] logging_debug_format_suffix = {{(pid=%(process)d) %(funcName)s %(pathname)s:%(lineno)d}} {{(pid=95830) log_opt_values /opt/stack/data/venv/lib/python3.12/site-packages/oslo_config/cfg.py:3242}}
Jul 08 14:37:29.076437 np0000004826 devstack@n-api-meta.service[95830]: DEBUG nova.api.openstack.wsgi_app [None req-d73449d4-ff4b-45b8-80ab-0cf79eba717a None None] logging_default_format_string = %(color)s%(levelname)s %(name)s [-%(color)s] %(instance)s%(color)s%(message)s {{(pid=95830) log_opt_values /opt/stack/data/venv/lib/python3.12/site-packages/oslo_config/cfg.py:3242}}
Jul 08 14:37:29.076437 np0000004826 devstack@n-api-meta.service[95830]: DEBUG nova.api.openstack.wsgi_app [None req-d73449d4-ff4b-45b8-80ab-0cf79eba717a None None] logging_exception_prefix = ERROR %(name)s %(instance)s {{(pid=95830) log_opt_values /opt/stack/data/venv/lib/python3.12/site-packages/oslo_config/cfg.py:3242}}
Jul 08 14:37:29.076437 np0000004826 devstack@n-api-meta.service[95830]: DEBUG nova.api.openstack.wsgi_app [None req-d73449d4-ff4b-45b8-80ab-0cf79eba717a None None] logging_user_identity_format = %(user)s %(project)s %(domain)s %(system_scope)s %(user_domain)s %(project_domain)s {{(pid=95830) log_opt_values /opt/stack/data/venv/lib/python3.12/site-packages/oslo_config/cfg.py:3242}}
Jul 08 14:37:29.076437 np0000004826 devstack@n-api-meta.service[95830]: DEBUG nova.api.openstack.wsgi_app [None req-d73449d4-ff4b-45b8-80ab-0cf79eba717a None None] long_rpc_timeout = 1800 {{(pid=95830) log_opt_values /opt/stack/data/venv/lib/python3.12/site-packages/oslo_config/cfg.py:3242}}
Jul 08 14:37:29.076584 np0000004826 devstack@n-api-meta.service[95830]: DEBUG nova.api.openstack.wsgi_app [None req-d73449d4-ff4b-45b8-80ab-0cf79eba717a None None] manager_shutdown_timeout = 160 {{(pid=95830) log_opt_values /opt/stack/data/venv/lib/python3.12/site-packages/oslo_config/cfg.py:3242}}
