Jul 08 14:37:34.142210 np0000004826 nova-conductor[98861]: DEBUG cotyledon.oslo_config_glue [-] oslo_versionedobjects.fatal_exception_format_errors = False {{(pid=98861) log_opt_values /opt/stack/data/venv/lib/python3.12/site-packages/oslo_config/cfg.py:3253}}
Jul 08 14:37:34.142210 np0000004826 nova-conductor[98861]: DEBUG cotyledon.oslo_config_glue [-] oslo_middleware.http_basic_auth_user_file = /etc/htpasswd {{(pid=98861) log_opt_values /opt/stack/data/venv/lib/python3.12/site-packages/oslo_config/cfg.py:3253}}
Jul 08 14:37:34.142210 np0000004826 nova-conductor[98861]: DEBUG cotyledon.oslo_config_glue [-] profiler.connection_string = messaging:// {{(pid=98861) log_opt_values /opt/stack/data/venv/lib/python3.12/site-packages/oslo_config/cfg.py:3253}}
Jul 08 14:37:34.142564 np0000004826 nova-conductor[98861]: DEBUG cotyledon.oslo_config_glue [-] profiler.enabled = False {{(pid=98861) log_opt_values /opt/stack/data/venv/lib/python3.12/site-packages/oslo_config/cfg.py:3253}}
Jul 08 14:37:34.142564 np0000004826 nova-conductor[98861]: DEBUG cotyledon.oslo_config_glue [-] profiler.es_doc_type = notification {{(pid=98861) log_opt_values /opt/stack/data/venv/lib/python3.12/site-packages/oslo_config/cfg.py:3253}}
Jul 08 14:37:34.142564 np0000004826 nova-conductor[98861]: DEBUG cotyledon.oslo_config_glue [-] profiler.es_scroll_size = 10000 {{(pid=98861) log_opt_values /opt/stack/data/venv/lib/python3.12/site-packages/oslo_config/cfg.py:3253}}
Jul 08 14:37:34.142564 np0000004826 nova-conductor[98861]: DEBUG cotyledon.oslo_config_glue [-] profiler.es_scroll_time = 2m {{(pid=98861) log_opt_values /opt/stack/data/venv/lib/python3.12/site-packages/oslo_config/cfg.py:3253}}
Jul 08 14:37:34.142564 np0000004826 nova-conductor[98861]: DEBUG cotyledon.oslo_config_glue [-] profiler.filter_error_trace = False {{(pid=98861) log_opt_values /opt/stack/data/venv/lib/python3.12/site-packages/oslo_config/cfg.py:3253}}
Jul 08 14:37:34.142564 np0000004826 nova-conductor[98861]: DEBUG cotyledon.oslo_config_glue [-] profiler.hmac_keys = **** {{(pid=98861) log_opt_values /opt/stack/data/venv/lib/python3.12/site-packages/oslo_config/cfg.py:3253}}
Jul 08 14:37:34.142564 np0000004826 nova-conductor[98861]: DEBUG cotyledon.oslo_config_glue [-] profiler.sentinel_service_name = mymaster {{(pid=98861) log_opt_values /opt/stack/data/venv/lib/python3.12/site-packages/oslo_config/cfg.py:3253}}
Jul 08 14:37:34.142564 np0000004826 nova-conductor[98861]: DEBUG cotyledon.oslo_config_glue [-] profiler.socket_timeout = 0.1 {{(pid=98861) log_opt_values /opt/stack/data/venv/lib/python3.12/site-packages/oslo_config/cfg.py:3253}}
Jul 08 14:37:34.142564 np0000004826 nova-conductor[98861]: DEBUG cotyledon.oslo_config_glue [-] profiler.trace_requests = False {{(pid=98861) log_opt_values /opt/stack/data/venv/lib/python3.12/site-packages/oslo_config/cfg.py:3253}}
Jul 08 14:37:34.142908 np0000004826 nova-conductor[98858]: INFO dbcounter [None req-3a374dfa-5edd-4184-8249-4592d6e6078a None None] Registered counter for database nova_cell0
Jul 08 14:37:34.142958 np0000004826 nova-conductor[98861]: DEBUG cotyledon.oslo_config_glue [-] profiler.trace_sqlalchemy = False {{(pid=98861) log_opt_values /opt/stack/data/venv/lib/python3.12/site-packages/oslo_config/cfg.py:3253}}
Jul 08 14:37:34.142958 np0000004826 nova-conductor[98861]: DEBUG cotyledon.oslo_config_glue [-] profiler_jaeger.process_tags = {} {{(pid=98861) log_opt_values /opt/stack/data/venv/lib/python3.12/site-packages/oslo_config/cfg.py:3253}}
Jul 08 14:37:34.142958 np0000004826 nova-conductor[98861]: DEBUG cotyledon.oslo_config_glue [-] profiler_jaeger.service_name_prefix = None {{(pid=98861) log_opt_values /opt/stack/data/venv/lib/python3.12/site-packages/oslo_config/cfg.py:3253}}
Jul 08 14:37:34.142958 np0000004826 nova-conductor[98861]: DEBUG cotyledon.oslo_config_glue [-] profiler_otlp.service_name_prefix = None {{(pid=98861) log_opt_values /opt/stack/data/venv/lib/python3.12/site-packages/oslo_config/cfg.py:3253}}
Jul 08 14:37:34.142958 np0000004826 nova-conductor[98861]: DEBUG cotyledon.oslo_config_glue [-] oslo_messaging_rabbit.amqp_auto_delete = False {{(pid=98861) log_opt_values /opt/stack/data/venv/lib/python3.12/site-packages/oslo_config/cfg.py:3253}}
Jul 08 14:37:34.142958 np0000004826 nova-conductor[98861]: DEBUG cotyledon.oslo_config_glue [-] oslo_messaging_rabbit.amqp_durable_queues = False {{(pid=98861) log_opt_values /opt/stack/data/venv/lib/python3.12/site-packages/oslo_config/cfg.py:3253}}
Jul 08 14:37:34.142958 np0000004826 nova-conductor[98861]: DEBUG cotyledon.oslo_config_glue [-] oslo_messaging_rabbit.conn_pool_min_size = 2 {{(pid=98861) log_opt_values /opt/stack/data/venv/lib/python3.12/site-packages/oslo_config/cfg.py:3253}}
Jul 08 14:37:34.142958 np0000004826 nova-conductor[98861]: DEBUG cotyledon.oslo_config_glue [-] oslo_messaging_rabbit.conn_pool_ttl = 1200 {{(pid=98861) log_opt_values /opt/stack/data/venv/lib/python3.12/site-packages/oslo_config/cfg.py:3253}}
Jul 08 14:37:34.142958 np0000004826 nova-conductor[98861]: DEBUG cotyledon.oslo_config_glue [-] oslo_messaging_rabbit.direct_mandatory_flag = True {{(pid=98861) log_opt_values /opt/stack/data/venv/lib/python3.12/site-packages/oslo_config/cfg.py:3253}}
Jul 08 14:37:34.143314 np0000004826 nova-conductor[98861]: DEBUG cotyledon.oslo_config_glue [-] oslo_messaging_rabbit.enable_cancel_on_failover = False {{(pid=98861) log_opt_values /opt/stack/data/venv/lib/python3.12/site-packages/oslo_config/cfg.py:3253}}
Jul 08 14:37:34.143314 np0000004826 nova-conductor[98861]: DEBUG cotyledon.oslo_config_glue [-] oslo_messaging_rabbit.heartbeat_rate = 3 {{(pid=98861) log_opt_values /opt/stack/data/venv/lib/python3.12/site-packages/oslo_config/cfg.py:3253}}
Jul 08 14:37:34.143314 np0000004826 nova-conductor[98861]: DEBUG cotyledon.oslo_config_glue [-] oslo_messaging_rabbit.heartbeat_timeout_threshold = 60 {{(pid=98861) log_opt_values /opt/stack/data/venv/lib/python3.12/site-packages/oslo_config/cfg.py:3253}}
Jul 08 14:37:34.143314 np0000004826 nova-conductor[98861]: DEBUG cotyledon.oslo_config_glue [-] oslo_messaging_rabbit.hostname = np0000004826 {{(pid=98861) log_opt_values /opt/stack/data/venv/lib/python3.12/site-packages/oslo_config/cfg.py:3253}}
Jul 08 14:37:34.143314 np0000004826 nova-conductor[98861]: DEBUG cotyledon.oslo_config_glue [-] oslo_messaging_rabbit.kombu_compression = None {{(pid=98861) log_opt_values /opt/stack/data/venv/lib/python3.12/site-packages/oslo_config/cfg.py:3253}}
Jul 08 14:37:34.143314 np0000004826 nova-conductor[98861]: DEBUG cotyledon.oslo_config_glue [-] oslo_messaging_rabbit.kombu_failover_strategy = round-robin {{(pid=98861) log_opt_values /opt/stack/data/venv/lib/python3.12/site-packages/oslo_config/cfg.py:3253}}
Jul 08 14:37:34.143314 np0000004826 nova-conductor[98861]: DEBUG cotyledon.oslo_config_glue [-] oslo_messaging_rabbit.kombu_missing_consumer_retry_timeout = 60 {{(pid=98861) log_opt_values /opt/stack/data/venv/lib/python3.12/site-packages/oslo_config/cfg.py:3253}}
Jul 08 14:37:34.143314 np0000004826 nova-conductor[98861]: DEBUG cotyledon.oslo_config_glue [-] oslo_messaging_rabbit.kombu_reconnect_delay = 1.0 {{(pid=98861) log_opt_values /opt/stack/data/venv/lib/python3.12/site-packages/oslo_config/cfg.py:3253}}
Jul 08 14:37:34.143314 np0000004826 nova-conductor[98861]: DEBUG cotyledon.oslo_config_glue [-] oslo_messaging_rabbit.kombu_reconnect_splay = 0.0 {{(pid=98861) log_opt_values /opt/stack/data/venv/lib/python3.12/site-packages/oslo_config/cfg.py:3253}}
Jul 08 14:37:34.143645 np0000004826 nova-conductor[98861]: DEBUG cotyledon.oslo_config_glue [-] oslo_messaging_rabbit.processname = nova-conductor {{(pid=98861) log_opt_values /opt/stack/data/venv/lib/python3.12/site-packages/oslo_config/cfg.py:3253}}
Jul 08 14:37:34.143645 np0000004826 nova-conductor[98861]: DEBUG cotyledon.oslo_config_glue [-] oslo_messaging_rabbit.rabbit_ha_queues = False {{(pid=98861) log_opt_values /opt/stack/data/venv/lib/python3.12/site-packages/oslo_config/cfg.py:3253}}
Jul 08 14:37:34.143645 np0000004826 nova-conductor[98861]: DEBUG cotyledon.oslo_config_glue [-] oslo_messaging_rabbit.rabbit_interval_max = 30 {{(pid=98861) log_opt_values /opt/stack/data/venv/lib/python3.12/site-packages/oslo_config/cfg.py:3253}}
Jul 08 14:37:34.143645 np0000004826 nova-conductor[98861]: DEBUG cotyledon.oslo_config_glue [-] oslo_messaging_rabbit.rabbit_login_method = AMQPLAIN {{(pid=98861) log_opt_values /opt/stack/data/venv/lib/python3.12/site-packages/oslo_config/cfg.py:3253}}
Jul 08 14:37:34.143645 np0000004826 nova-conductor[98861]: DEBUG cotyledon.oslo_config_glue [-] oslo_messaging_rabbit.rabbit_qos_prefetch_count = 0 {{(pid=98861) log_opt_values /opt/stack/data/venv/lib/python3.12/site-packages/oslo_config/cfg.py:3253}}
Jul 08 14:37:34.143645 np0000004826 nova-conductor[98861]: DEBUG cotyledon.oslo_config_glue [-] oslo_messaging_rabbit.rabbit_quorum_delivery_limit = 0 {{(pid=98861) log_opt_values /opt/stack/data/venv/lib/python3.12/site-packages/oslo_config/cfg.py:3253}}
Jul 08 14:37:34.143645 np0000004826 nova-conductor[98861]: DEBUG cotyledon.oslo_config_glue [-] oslo_messaging_rabbit.rabbit_quorum_max_memory_bytes = 0 {{(pid=98861) log_opt_values /opt/stack/data/venv/lib/python3.12/site-packages/oslo_config/cfg.py:3253}}
Jul 08 14:37:34.143645 np0000004826 nova-conductor[98861]: DEBUG cotyledon.oslo_config_glue [-] oslo_messaging_rabbit.rabbit_quorum_max_memory_length = 0 {{(pid=98861) log_opt_values /opt/stack/data/venv/lib/python3.12/site-packages/oslo_config/cfg.py:3253}}
Jul 08 14:37:34.143645 np0000004826 nova-conductor[98861]: DEBUG cotyledon.oslo_config_glue [-] oslo_messaging_rabbit.rabbit_quorum_queue = False {{(pid=98861) log_opt_values /opt/stack/data/venv/lib/python3.12/site-packages/oslo_config/cfg.py:3253}}
Jul 08 14:37:34.143986 np0000004826 nova-conductor[98861]: DEBUG cotyledon.oslo_config_glue [-] oslo_messaging_rabbit.rabbit_retry_backoff = 2 {{(pid=98861) log_opt_values /opt/stack/data/venv/lib/python3.12/site-packages/oslo_config/cfg.py:3253}}
Jul 08 14:37:34.143986 np0000004826 nova-conductor[98861]: DEBUG cotyledon.oslo_config_glue [-] oslo_messaging_rabbit.rabbit_retry_interval = 1 {{(pid=98861) log_opt_values /opt/stack/data/venv/lib/python3.12/site-packages/oslo_config/cfg.py:3253}}
Jul 08 14:37:34.143986 np0000004826 nova-conductor[98861]: DEBUG cotyledon.oslo_config_glue [-] oslo_messaging_rabbit.rabbit_stream_fanout = False {{(pid=98861) log_opt_values /opt/stack/data/venv/lib/python3.12/site-packages/oslo_config/cfg.py:3253}}
Jul 08 14:37:34.143986 np0000004826 nova-conductor[98861]: DEBUG cotyledon.oslo_config_glue [-] oslo_messaging_rabbit.rabbit_transient_queues_ttl = 1800 {{(pid=98861) log_opt_values /opt/stack/data/venv/lib/python3.12/site-packages/oslo_config/cfg.py:3253}}
Jul 08 14:37:34.143986 np0000004826 nova-conductor[98861]: DEBUG cotyledon.oslo_config_glue [-] oslo_messaging_rabbit.rabbit_transient_quorum_queue = False {{(pid=98861) log_opt_values /opt/stack/data/venv/lib/python3.12/site-packages/oslo_config/cfg.py:3253}}
Jul 08 14:37:34.143986 np0000004826 nova-conductor[98861]: DEBUG cotyledon.oslo_config_glue [-] oslo_messaging_rabbit.rpc_conn_pool_size = 30 {{(pid=98861) log_opt_values /opt/stack/data/venv/lib/python3.12/site-packages/oslo_config/cfg.py:3253}}
Jul 08 14:37:34.143986 np0000004826 nova-conductor[98861]: DEBUG cotyledon.oslo_config_glue [-] oslo_messaging_rabbit.ssl = False {{(pid=98861) log_opt_values /opt/stack/data/venv/lib/python3.12/site-packages/oslo_config/cfg.py:3253}}
Jul 08 14:37:34.143986 np0000004826 nova-conductor[98861]: DEBUG cotyledon.oslo_config_glue [-] oslo_messaging_rabbit.ssl_ca_file = {{(pid=98861) log_opt_values /opt/stack/data/venv/lib/python3.12/site-packages/oslo_config/cfg.py:3253}}
Jul 08 14:37:34.143986 np0000004826 nova-conductor[98861]: DEBUG cotyledon.oslo_config_glue [-] oslo_messaging_rabbit.ssl_cert_file = {{(pid=98861) log_opt_values /opt/stack/data/venv/lib/python3.12/site-packages/oslo_config/cfg.py:3253}}
Jul 08 14:37:34.144334 np0000004826 nova-conductor[98861]: DEBUG cotyledon.oslo_config_glue [-] oslo_messaging_rabbit.ssl_enforce_fips_mode = False {{(pid=98861) log_opt_values /opt/stack/data/venv/lib/python3.12/site-packages/oslo_config/cfg.py:3253}}
Jul 08 14:37:34.144334 np0000004826 nova-conductor[98861]: DEBUG cotyledon.oslo_config_glue [-] oslo_messaging_rabbit.ssl_enforce_hostname_verification = True {{(pid=98861) log_opt_values /opt/stack/data/venv/lib/python3.12/site-packages/oslo_config/cfg.py:3253}}
Jul 08 14:37:34.144334 np0000004826 nova-conductor[98861]: DEBUG cotyledon.oslo_config_glue [-] oslo_messaging_rabbit.ssl_key_file = {{(pid=98861) log_opt_values /opt/stack/data/venv/lib/python3.12/site-packages/oslo_config/cfg.py:3253}}
Jul 08 14:37:34.144334 np0000004826 nova-conductor[98861]: DEBUG cotyledon.oslo_config_glue [-] oslo_messaging_rabbit.ssl_version = {{(pid=98861) log_opt_values /opt/stack/data/venv/lib/python3.12/site-packages/oslo_config/cfg.py:3253}}
Jul 08 14:37:34.144334 np0000004826 nova-conductor[98861]: DEBUG cotyledon.oslo_config_glue [-] oslo_messaging_rabbit.use_queue_manager = False {{(pid=98861) log_opt_values /opt/stack/data/venv/lib/python3.12/site-packages/oslo_config/cfg.py:3253}}
Jul 08 14:37:34.144334 np0000004826 nova-conductor[98861]: DEBUG cotyledon.oslo_config_glue [-] oslo_messaging_notifications.driver = ['messagingv2'] {{(pid=98861) log_opt_values /opt/stack/data/venv/lib/python3.12/site-packages/oslo_config/cfg.py:3253}}
Jul 08 14:37:34.144334 np0000004826 nova-conductor[98861]: DEBUG cotyledon.oslo_config_glue [-] oslo_messaging_notifications.retry = -1 {{(pid=98861) log_opt_values /opt/stack/data/venv/lib/python3.12/site-packages/oslo_config/cfg.py:3253}}
Jul 08 14:37:34.144334 np0000004826 nova-conductor[98861]: DEBUG cotyledon.oslo_config_glue [-] oslo_messaging_notifications.topics = ['notifications'] {{(pid=98861) log_opt_values /opt/stack/data/venv/lib/python3.12/site-packages/oslo_config/cfg.py:3253}}
Jul 08 14:37:34.144334 np0000004826 nova-conductor[98861]: DEBUG cotyledon.oslo_config_glue [-] oslo_messaging_notifications.transport_url = **** {{(pid=98861) log_opt_values /opt/stack/data/venv/lib/python3.12/site-packages/oslo_config/cfg.py:3253}}
Jul 08 14:37:34.144671 np0000004826 nova-conductor[98861]: DEBUG cotyledon.oslo_config_glue [-] oslo_limit.auth_section = None {{(pid=98861) log_opt_values /opt/stack/data/venv/lib/python3.12/site-packages/oslo_config/cfg.py:3253}}
Jul 08 14:37:34.144671 np0000004826 nova-conductor[98861]: DEBUG cotyledon.oslo_config_glue [-] oslo_limit.auth_type = None {{(pid=98861) log_opt_values /opt/stack/data/venv/lib/python3.12/site-packages/oslo_config/cfg.py:3253}}
Jul 08 14:37:34.144671 np0000004826 nova-conductor[98861]: DEBUG cotyledon.oslo_config_glue [-] oslo_limit.cafile = None {{(pid=98861) log_opt_values /opt/stack/data/venv/lib/python3.12/site-packages/oslo_config/cfg.py:3253}}
Jul 08 14:37:34.144671 np0000004826 nova-conductor[98861]: DEBUG cotyledon.oslo_config_glue [-] oslo_limit.certfile = None {{(pid=98861) log_opt_values /opt/stack/data/venv/lib/python3.12/site-packages/oslo_config/cfg.py:3253}}
Jul 08 14:37:34.144671 np0000004826 nova-conductor[98861]: DEBUG cotyledon.oslo_config_glue [-] oslo_limit.collect_timing = False {{(pid=98861) log_opt_values /opt/stack/data/venv/lib/python3.12/site-packages/oslo_config/cfg.py:3253}}
Jul 08 14:37:34.144671 np0000004826 nova-conductor[98861]: DEBUG cotyledon.oslo_config_glue [-] oslo_limit.connect_retries = None {{(pid=98861) log_opt_values /opt/stack/data/venv/lib/python3.12/site-packages/oslo_config/cfg.py:3253}}
Jul 08 14:37:34.144671 np0000004826 nova-conductor[98861]: DEBUG cotyledon.oslo_config_glue [-] oslo_limit.connect_retry_delay = None {{(pid=98861) log_opt_values /opt/stack/data/venv/lib/python3.12/site-packages/oslo_config/cfg.py:3253}}
Jul 08 14:37:34.144671 np0000004826 nova-conductor[98861]: DEBUG cotyledon.oslo_config_glue [-] oslo_limit.endpoint_id = None {{(pid=98861) log_opt_values /opt/stack/data/venv/lib/python3.12/site-packages/oslo_config/cfg.py:3253}}
Jul 08 14:37:34.144671 np0000004826 nova-conductor[98861]: DEBUG cotyledon.oslo_config_glue [-] oslo_limit.endpoint_interface = public {{(pid=98861) log_opt_values /opt/stack/data/venv/lib/python3.12/site-packages/oslo_config/cfg.py:3253}}
Jul 08 14:37:34.144976 np0000004826 nova-conductor[98861]: DEBUG cotyledon.oslo_config_glue [-] oslo_limit.endpoint_override = None {{(pid=98861) log_opt_values /opt/stack/data/venv/lib/python3.12/site-packages/oslo_config/cfg.py:3253}}
Jul 08 14:37:34.144976 np0000004826 nova-conductor[98861]: DEBUG cotyledon.oslo_config_glue [-] oslo_limit.endpoint_region_name = None {{(pid=98861) log_opt_values /opt/stack/data/venv/lib/python3.12/site-packages/oslo_config/cfg.py:3253}}
Jul 08 14:37:34.144976 np0000004826 nova-conductor[98861]: DEBUG cotyledon.oslo_config_glue [-] oslo_limit.endpoint_service_name = None {{(pid=98861) log_opt_values /opt/stack/data/venv/lib/python3.12/site-packages/oslo_config/cfg.py:3253}}
Jul 08 14:37:34.144976 np0000004826 nova-conductor[98861]: DEBUG cotyledon.oslo_config_glue [-] oslo_limit.endpoint_service_type = None {{(pid=98861) log_opt_values /opt/stack/data/venv/lib/python3.12/site-packages/oslo_config/cfg.py:3253}}
Jul 08 14:37:34.144976 np0000004826 nova-conductor[98861]: DEBUG cotyledon.oslo_config_glue [-] oslo_limit.insecure = False {{(pid=98861) log_opt_values /opt/stack/data/venv/lib/python3.12/site-packages/oslo_config/cfg.py:3253}}
Jul 08 14:37:34.144976 np0000004826 nova-conductor[98861]: DEBUG cotyledon.oslo_config_glue [-] oslo_limit.keyfile = None {{(pid=98861) log_opt_values /opt/stack/data/venv/lib/python3.12/site-packages/oslo_config/cfg.py:3253}}
Jul 08 14:37:34.144976 np0000004826 nova-conductor[98861]: DEBUG cotyledon.oslo_config_glue [-] oslo_limit.max_version = None {{(pid=98861) log_opt_values /opt/stack/data/venv/lib/python3.12/site-packages/oslo_config/cfg.py:3253}}
Jul 08 14:37:34.144976 np0000004826 nova-conductor[98861]: DEBUG cotyledon.oslo_config_glue [-] oslo_limit.min_version = None {{(pid=98861) log_opt_values /opt/stack/data/venv/lib/python3.12/site-packages/oslo_config/cfg.py:3253}}
Jul 08 14:37:34.144976 np0000004826 nova-conductor[98861]: DEBUG cotyledon.oslo_config_glue [-] oslo_limit.region_name = None {{(pid=98861) log_opt_values /opt/stack/data/venv/lib/python3.12/site-packages/oslo_config/cfg.py:3253}}
Jul 08 14:37:34.145318 np0000004826 nova-conductor[98861]: DEBUG cotyledon.oslo_config_glue [-] oslo_limit.retriable_status_codes = None {{(pid=98861) log_opt_values /opt/stack/data/venv/lib/python3.12/site-packages/oslo_config/cfg.py:3253}}
Jul 08 14:37:34.145318 np0000004826 nova-conductor[98861]: DEBUG cotyledon.oslo_config_glue [-] oslo_limit.service_name = None {{(pid=98861) log_opt_values /opt/stack/data/venv/lib/python3.12/site-packages/oslo_config/cfg.py:3253}}
Jul 08 14:37:34.145318 np0000004826 nova-conductor[98861]: DEBUG cotyledon.oslo_config_glue [-] oslo_limit.service_type = None {{(pid=98861) log_opt_values /opt/stack/data/venv/lib/python3.12/site-packages/oslo_config/cfg.py:3253}}
Jul 08 14:37:34.145318 np0000004826 nova-conductor[98861]: DEBUG cotyledon.oslo_config_glue [-] oslo_limit.split_loggers = False {{(pid=98861) log_opt_values /opt/stack/data/venv/lib/python3.12/site-packages/oslo_config/cfg.py:3253}}
Jul 08 14:37:34.145318 np0000004826 nova-conductor[98861]: DEBUG cotyledon.oslo_config_glue [-] oslo_limit.status_code_retries = None {{(pid=98861) log_opt_values /opt/stack/data/venv/lib/python3.12/site-packages/oslo_config/cfg.py:3253}}
Jul 08 14:37:34.145318 np0000004826 nova-conductor[98861]: DEBUG cotyledon.oslo_config_glue [-] oslo_limit.status_code_retry_delay = None {{(pid=98861) log_opt_values /opt/stack/data/venv/lib/python3.12/site-packages/oslo_config/cfg.py:3253}}
Jul 08 14:37:34.145318 np0000004826 nova-conductor[98861]: DEBUG cotyledon.oslo_config_glue [-] oslo_limit.timeout = None {{(pid=98861) log_opt_values /opt/stack/data/venv/lib/python3.12/site-packages/oslo_config/cfg.py:3253}}
Jul 08 14:37:34.145318 np0000004826 nova-conductor[98861]: DEBUG cotyledon.oslo_config_glue [-] oslo_limit.valid_interfaces = None {{(pid=98861) log_opt_values /opt/stack/data/venv/lib/python3.12/site-packages/oslo_config/cfg.py:3253}}
Jul 08 14:37:34.145318 np0000004826 nova-conductor[98861]: DEBUG cotyledon.oslo_config_glue [-] oslo_limit.version = None {{(pid=98861) log_opt_values /opt/stack/data/venv/lib/python3.12/site-packages/oslo_config/cfg.py:3253}}
Jul 08 14:37:34.145648 np0000004826 nova-conductor[98861]: DEBUG cotyledon.oslo_config_glue [-] oslo_reports.file_event_handler = None {{(pid=98861) log_opt_values /opt/stack/data/venv/lib/python3.12/site-packages/oslo_config/cfg.py:3253}}
Jul 08 14:37:34.145648 np0000004826 nova-conductor[98861]: DEBUG cotyledon.oslo_config_glue [-] oslo_reports.file_event_handler_interval = 1 {{(pid=98861) log_opt_values /opt/stack/data/venv/lib/python3.12/site-packages/oslo_config/cfg.py:3253}}
Jul 08 14:37:34.145648 np0000004826 nova-conductor[98861]: DEBUG cotyledon.oslo_config_glue [-] oslo_reports.log_dir = None {{(pid=98861) log_opt_values /opt/stack/data/venv/lib/python3.12/site-packages/oslo_config/cfg.py:3253}}
Jul 08 14:37:34.145648 np0000004826 nova-conductor[98861]: DEBUG cotyledon.oslo_config_glue [-] ******************************************************************************** {{(pid=98861) log_opt_values /opt/stack/data/venv/lib/python3.12/site-packages/oslo_config/cfg.py:3260}}
Jul 08 14:37:34.145648 np0000004826 nova-conductor[98861]: DEBUG cotyledon._service_worker [-] Run service ServiceWrapper(3) [98861] {{(pid=98861) wait_forever /opt/stack/data/venv/lib/python3.12/site-packages/cotyledon/_service_worker.py:218}}
Jul 08 14:37:34.145648 np0000004826 nova-conductor[98861]: INFO nova.service [-] Starting conductor node (version 33.1.0)
Jul 08 14:37:34.145648 np0000004826 nova-conductor[98861]: INFO dbcounter [None req-ed36e597-a633-4779-9b25-87ce114c6a2e None None] Registered counter for database nova_cell0
Jul 08 14:37:34.145883 np0000004826 nova-conductor[98848]: DEBUG oslo_db.sqlalchemy.engines [None req-34deac81-2755-4435-9370-96117080d71d None None] MySQL server mode set to STRICT_TRANS_TABLES,STRICT_ALL_TABLES,NO_ZERO_IN_DATE,NO_ZERO_DATE,ERROR_FOR_DIVISION_BY_ZERO,TRADITIONAL,NO_ENGINE_SUBSTITUTION {{(pid=98848) _check_effective_sql_mode /opt/stack/data/venv/lib/python3.12/site-packages/oslo_db/sqlalchemy/engines.py:325}}
Jul 08 14:37:34.145932 np0000004826 nova-conductor[98858]: DEBUG oslo_db.sqlalchemy.engines [None req-3a374dfa-5edd-4184-8249-4592d6e6078a None None] MySQL server mode set to STRICT_TRANS_TABLES,STRICT_ALL_TABLES,NO_ZERO_IN_DATE,NO_ZERO_DATE,ERROR_FOR_DIVISION_BY_ZERO,TRADITIONAL,NO_ENGINE_SUBSTITUTION {{(pid=98858) _check_effective_sql_mode /opt/stack/data/venv/lib/python3.12/site-packages/oslo_db/sqlalchemy/engines.py:325}}
Jul 08 14:37:34.145980 np0000004826 nova-conductor[98852]: DEBUG oslo_db.sqlalchemy.engines [None req-92112532-6bf4-4a9f-a037-b9cf1ea25542 None None] MySQL server mode set to STRICT_TRANS_TABLES,STRICT_ALL_TABLES,NO_ZERO_IN_DATE,NO_ZERO_DATE,ERROR_FOR_DIVISION_BY_ZERO,TRADITIONAL,NO_ENGINE_SUBSTITUTION {{(pid=98852) _check_effective_sql_mode /opt/stack/data/venv/lib/python3.12/site-packages/oslo_db/sqlalchemy/engines.py:325}}
Jul 08 14:37:34.149416 np0000004826 nova-conductor[98848]: DEBUG dbcounter [-] [98848] Writer thread running {{(pid=98848) stat_writer /opt/stack/data/venv/lib/python3.12/site-packages/dbcounter.py:102}}
Jul 08 14:37:34.152556 np0000004826 nova-conductor[98858]: DEBUG dbcounter [-] [98858] Writer thread running {{(pid=98858) stat_writer /opt/stack/data/venv/lib/python3.12/site-packages/dbcounter.py:102}}
Jul 08 14:37:34.159116 np0000004826 nova-conductor[98852]: DEBUG dbcounter [-] [98852] Writer thread running {{(pid=98852) stat_writer /opt/stack/data/venv/lib/python3.12/site-packages/dbcounter.py:102}}
Jul 08 14:37:34.162969 np0000004826 nova-conductor[98861]: DEBUG oslo_db.sqlalchemy.engines [None req-ed36e597-a633-4779-9b25-87ce114c6a2e None None] MySQL server mode set to STRICT_TRANS_TABLES,STRICT_ALL_TABLES,NO_ZERO_IN_DATE,NO_ZERO_DATE,ERROR_FOR_DIVISION_BY_ZERO,TRADITIONAL,NO_ENGINE_SUBSTITUTION {{(pid=98861) _check_effective_sql_mode /opt/stack/data/venv/lib/python3.12/site-packages/oslo_db/sqlalchemy/engines.py:325}}
Jul 08 14:37:34.170563 np0000004826 nova-conductor[98848]: DEBUG nova.service [None req-34deac81-2755-4435-9370-96117080d71d None None] Creating RPC server for service: nova-conductor on topic: conductor {{(pid=98848) start /opt/stack/nova/nova/service.py:196}}
Jul 08 14:37:34.173188 np0000004826 nova-conductor[98861]: DEBUG dbcounter [-] [98861] Writer thread running {{(pid=98861) stat_writer /opt/stack/data/venv/lib/python3.12/site-packages/dbcounter.py:102}}
Jul 08 14:37:34.176381 np0000004826 nova-conductor[98861]: DEBUG nova.service [None req-ed36e597-a633-4779-9b25-87ce114c6a2e None None] Creating RPC server for service: nova-conductor on topic: conductor {{(pid=98861) start /opt/stack/nova/nova/service.py:196}}
Jul 08 14:37:34.176432 np0000004826 nova-conductor[98858]: DEBUG nova.service [None req-3a374dfa-5edd-4184-8249-4592d6e6078a None None] Creating RPC server for service: nova-conductor on topic: conductor {{(pid=98858) start /opt/stack/nova/nova/service.py:196}}
Jul 08 14:37:34.178461 np0000004826 nova-conductor[98852]: DEBUG nova.service [None req-92112532-6bf4-4a9f-a037-b9cf1ea25542 None None] Creating RPC server for service: nova-conductor on topic: conductor {{(pid=98852) start /opt/stack/nova/nova/service.py:196}}
Jul 08 14:37:34.202518 np0000004826 nova-conductor[98861]: DEBUG nova.service [None req-ed36e597-a633-4779-9b25-87ce114c6a2e None None] Join ServiceGroup membership for this service conductor {{(pid=98861) start /opt/stack/nova/nova/service.py:222}}
Jul 08 14:37:34.202814 np0000004826 nova-conductor[98861]: DEBUG nova.servicegroup.drivers.db [None req-ed36e597-a633-4779-9b25-87ce114c6a2e None None] DB_Driver: join new ServiceGroup member np0000004826 to the conductor group, service = {{(pid=98861) join /opt/stack/nova/nova/servicegroup/drivers/db.py:44}}
Jul 08 14:37:34.208635 np0000004826 nova-conductor[98852]: DEBUG nova.service [None req-92112532-6bf4-4a9f-a037-b9cf1ea25542 None None] Join ServiceGroup membership for this service conductor {{(pid=98852) start /opt/stack/nova/nova/service.py:222}}
Jul 08 14:37:34.208831 np0000004826 nova-conductor[98848]: DEBUG nova.service [None req-34deac81-2755-4435-9370-96117080d71d None None] Join ServiceGroup membership for this service conductor {{(pid=98848) start /opt/stack/nova/nova/service.py:222}}
Jul 08 14:37:34.208896 np0000004826 nova-conductor[98852]: DEBUG nova.servicegroup.drivers.db [None req-92112532-6bf4-4a9f-a037-b9cf1ea25542 None None] DB_Driver: join new ServiceGroup member np0000004826 to the conductor group, service = {{(pid=98852) join /opt/stack/nova/nova/servicegroup/drivers/db.py:44}}
Jul 08 14:37:34.209269 np0000004826 nova-conductor[98848]: DEBUG nova.servicegroup.drivers.db [None req-34deac81-2755-4435-9370-96117080d71d None None] DB_Driver: join new ServiceGroup member np0000004826 to the conductor group, service = {{(pid=98848) join /opt/stack/nova/nova/servicegroup/drivers/db.py:44}}
Jul 08 14:37:34.209840 np0000004826 nova-conductor[98858]: DEBUG nova.service [None req-3a374dfa-5edd-4184-8249-4592d6e6078a None None] Join ServiceGroup membership for this service conductor {{(pid=98858) start /opt/stack/nova/nova/service.py:222}}
Jul 08 14:37:34.210088 np0000004826 nova-conductor[98858]: DEBUG nova.servicegroup.drivers.db [None req-3a374dfa-5edd-4184-8249-4592d6e6078a None None] DB_Driver: join new ServiceGroup member np0000004826 to the conductor group, service = {{(pid=98858) join /opt/stack/nova/nova/servicegroup/drivers/db.py:44}}
Jul 08 14:37:34.212191 np0000004826 nova-conductor[98858]: DEBUG oslo.service.backend._threading.loopingcall [None req-43f0d885-c56b-4b79-8f42-012964aad667 None None] Dynamic interval looping call 'nova.service.Service.periodic_tasks' sleeping for 60.00 seconds {{(pid=98858) _run_loop /opt/stack/data/venv/lib/python3.12/site-packages/oslo_service/backend/_threading/loopingcall.py:125}}
Jul 08 14:37:35.211576 np0000004826 nova-conductor[98848]: DEBUG oslo.service.backend._threading.loopingcall [None req-91dfdf47-ba6d-4fe9-9497-f15509248e30 None None] Dynamic interval looping call 'nova.service.Service.periodic_tasks' sleeping for 60.00 seconds {{(pid=98848) _run_loop /opt/stack/data/venv/lib/python3.12/site-packages/oslo_service/backend/_threading/loopingcall.py:125}}
Jul 08 14:37:39.220933 np0000004826 nova-conductor[98861]: DEBUG oslo.service.backend._threading.loopingcall [-] Fixed interval looping call 'nova.servicegroup.drivers.db.DbDriver._report_state' sleeping for 119.98 seconds {{(pid=98861) _run_loop /opt/stack/data/venv/lib/python3.12/site-packages/oslo_service/backend/_threading/loopingcall.py:125}}
Jul 08 14:37:39.221427 np0000004826 nova-conductor[98848]: DEBUG oslo.service.backend._threading.loopingcall [-] Fixed interval looping call 'nova.servicegroup.drivers.db.DbDriver._report_state' sleeping for 119.99 seconds {{(pid=98848) _run_loop /opt/stack/data/venv/lib/python3.12/site-packages/oslo_service/backend/_threading/loopingcall.py:125}}
Jul 08 14:37:39.222939 np0000004826 nova-conductor[98852]: DEBUG oslo.service.backend._threading.loopingcall [-] Fixed interval looping call 'nova.servicegroup.drivers.db.DbDriver._report_state' sleeping for 119.99 seconds {{(pid=98852) _run_loop /opt/stack/data/venv/lib/python3.12/site-packages/oslo_service/backend/_threading/loopingcall.py:125}}
Jul 08 14:37:39.225455 np0000004826 nova-conductor[98858]: DEBUG oslo.service.backend._threading.loopingcall [-] Fixed interval looping call 'nova.servicegroup.drivers.db.DbDriver._report_state' sleeping for 119.99 seconds {{(pid=98858) _run_loop /opt/stack/data/venv/lib/python3.12/site-packages/oslo_service/backend/_threading/loopingcall.py:125}}
Jul 08 14:37:42.713657 np0000004826 nova-conductor[97346]: DEBUG dbcounter [-] [97346] Writing DB stats nova_api:SELECT=1 {{(pid=97346) stat_writer /opt/stack/data/venv/lib/python3.12/site-packages/dbcounter.py:115}}
Jul 08 14:37:42.866601 np0000004826 nova-conductor[97346]: DEBUG dbcounter [-] [97346] Writing DB stats nova_cell1:SELECT=1 {{(pid=97346) stat_writer /opt/stack/data/venv/lib/python3.12/site-packages/dbcounter.py:115}}
Jul 08 14:37:42.870809 np0000004826 nova-conductor[97346]: DEBUG dbcounter [-] [97346] Writing DB stats nova_cell0:SELECT=1 {{(pid=97346) stat_writer /opt/stack/data/venv/lib/python3.12/site-packages/dbcounter.py:115}}
Jul 08 14:37:49.218214 np0000004826 nova-conductor[98861]: DEBUG dbcounter [-] [98861] Writing DB stats nova_cell0:SELECT=3,nova_cell0:UPDATE=1 {{(pid=98861) stat_writer /opt/stack/data/venv/lib/python3.12/site-packages/dbcounter.py:115}}
Jul 08 14:37:49.220423 np0000004826 nova-conductor[98852]: DEBUG dbcounter [-] [98852] Writing DB stats nova_cell0:SELECT=5,nova_cell0:INSERT=1,nova_cell0:UPDATE=1 {{(pid=98852) stat_writer /opt/stack/data/venv/lib/python3.12/site-packages/dbcounter.py:115}}
Jul 08 14:37:49.220798 np0000004826 nova-conductor[98848]: DEBUG dbcounter [-] [98848] Writing DB stats nova_cell0:SELECT=4,nova_cell0:INSERT=1,nova_cell0:UPDATE=1 {{(pid=98848) stat_writer /opt/stack/data/venv/lib/python3.12/site-packages/dbcounter.py:115}}
Jul 08 14:37:49.221075 np0000004826 nova-conductor[98858]: DEBUG dbcounter [-] [98858] Writing DB stats nova_cell0:SELECT=5,nova_cell0:INSERT=1 {{(pid=98858) stat_writer /opt/stack/data/venv/lib/python3.12/site-packages/dbcounter.py:115}}
Jul 08 14:38:11.205235 np0000004826 nova-conductor[98861]: DEBUG oslo.service.backend._threading.loopingcall [None req-b07961ea-95f2-4709-abe7-62dd24d7436a None None] Dynamic interval looping call 'nova.service.Service.periodic_tasks' sleeping for 60.00 seconds {{(pid=98861) _run_loop /opt/stack/data/venv/lib/python3.12/site-packages/oslo_service/backend/_threading/loopingcall.py:125}}
Jul 08 14:38:16.212556 np0000004826 nova-conductor[98852]: DEBUG oslo.service.backend._threading.loopingcall [None req-a644cca9-2540-429e-be9a-dc8cc6632f95 None None] Dynamic interval looping call 'nova.service.Service.periodic_tasks' sleeping for 60.00 seconds {{(pid=98852) _run_loop /opt/stack/data/venv/lib/python3.12/site-packages/oslo_service/backend/_threading/loopingcall.py:125}}
Jul 08 14:38:34.212584 np0000004826 nova-conductor[98858]: DEBUG oslo.service.backend._threading.loopingcall [None req-43f0d885-c56b-4b79-8f42-012964aad667 None None] Dynamic interval looping call 'nova.service.Service.periodic_tasks' sleeping for 60.00 seconds {{(pid=98858) _run_loop /opt/stack/data/venv/lib/python3.12/site-packages/oslo_service/backend/_threading/loopingcall.py:125}}
Jul 08 14:38:35.212167 np0000004826 nova-conductor[98848]: DEBUG oslo.service.backend._threading.loopingcall [None req-91dfdf47-ba6d-4fe9-9497-f15509248e30 None None] Dynamic interval looping call 'nova.service.Service.periodic_tasks' sleeping for 60.00 seconds {{(pid=98848) _run_loop /opt/stack/data/venv/lib/python3.12/site-packages/oslo_service/backend/_threading/loopingcall.py:125}}
Jul 08 14:39:11.205821 np0000004826 nova-conductor[98861]: DEBUG oslo.service.backend._threading.loopingcall [None req-b07961ea-95f2-4709-abe7-62dd24d7436a None None] Dynamic interval looping call 'nova.service.Service.periodic_tasks' sleeping for 60.00 seconds {{(pid=98861) _run_loop /opt/stack/data/venv/lib/python3.12/site-packages/oslo_service/backend/_threading/loopingcall.py:125}}
Jul 08 14:39:16.213128 np0000004826 nova-conductor[98852]: DEBUG oslo.service.backend._threading.loopingcall [None req-a644cca9-2540-429e-be9a-dc8cc6632f95 None None] Dynamic interval looping call 'nova.service.Service.periodic_tasks' sleeping for 60.00 seconds {{(pid=98852) _run_loop /opt/stack/data/venv/lib/python3.12/site-packages/oslo_service/backend/_threading/loopingcall.py:125}}
Jul 08 14:39:34.213075 np0000004826 nova-conductor[98858]: DEBUG oslo.service.backend._threading.loopingcall [None req-43f0d885-c56b-4b79-8f42-012964aad667 None None] Dynamic interval looping call 'nova.service.Service.periodic_tasks' sleeping for 60.00 seconds {{(pid=98858) _run_loop /opt/stack/data/venv/lib/python3.12/site-packages/oslo_service/backend/_threading/loopingcall.py:125}}
Jul 08 14:39:35.212663 np0000004826 nova-conductor[98848]: DEBUG oslo.service.backend._threading.loopingcall [None req-91dfdf47-ba6d-4fe9-9497-f15509248e30 None None] Dynamic interval looping call 'nova.service.Service.periodic_tasks' sleeping for 60.00 seconds {{(pid=98848) _run_loop /opt/stack/data/venv/lib/python3.12/site-packages/oslo_service/backend/_threading/loopingcall.py:125}}
Jul 08 14:39:39.213329 np0000004826 nova-conductor[98861]: DEBUG oslo.service.backend._threading.loopingcall [-] Fixed interval looping call 'nova.servicegroup.drivers.db.DbDriver._report_state' sleeping for 119.99 seconds {{(pid=98861) _run_loop /opt/stack/data/venv/lib/python3.12/site-packages/oslo_service/backend/_threading/loopingcall.py:125}}
Jul 08 14:39:39.215728 np0000004826 nova-conductor[98848]: DEBUG oslo.service.backend._threading.loopingcall [-] Fixed interval looping call 'nova.servicegroup.drivers.db.DbDriver._report_state' sleeping for 120.00 seconds {{(pid=98848) _run_loop /opt/stack/data/venv/lib/python3.12/site-packages/oslo_service/backend/_threading/loopingcall.py:125}}
Jul 08 14:39:39.216455 np0000004826 nova-conductor[98852]: DEBUG oslo.service.backend._threading.loopingcall [-] Fixed interval looping call 'nova.servicegroup.drivers.db.DbDriver._report_state' sleeping for 120.00 seconds {{(pid=98852) _run_loop /opt/stack/data/venv/lib/python3.12/site-packages/oslo_service/backend/_threading/loopingcall.py:125}}
Jul 08 14:39:39.218923 np0000004826 nova-conductor[98858]: DEBUG oslo.service.backend._threading.loopingcall [-] Fixed interval looping call 'nova.servicegroup.drivers.db.DbDriver._report_state' sleeping for 120.00 seconds {{(pid=98858) _run_loop /opt/stack/data/venv/lib/python3.12/site-packages/oslo_service/backend/_threading/loopingcall.py:125}}
Jul 08 14:39:49.204397 np0000004826 nova-conductor[98861]: DEBUG dbcounter [-] [98861] Writing DB stats nova_cell0:SELECT=1,nova_cell0:UPDATE=1 {{(pid=98861) stat_writer /opt/stack/data/venv/lib/python3.12/site-packages/dbcounter.py:115}}
Jul 08 14:39:49.213443 np0000004826 nova-conductor[98848]: DEBUG dbcounter [-] [98848] Writing DB stats nova_cell0:SELECT=1 {{(pid=98848) stat_writer /opt/stack/data/venv/lib/python3.12/site-packages/dbcounter.py:115}}
Jul 08 14:39:49.214966 np0000004826 nova-conductor[98852]: DEBUG dbcounter [-] [98852] Writing DB stats nova_cell0:SELECT=1 {{(pid=98852) stat_writer /opt/stack/data/venv/lib/python3.12/site-packages/dbcounter.py:115}}
Jul 08 14:39:49.217277 np0000004826 nova-conductor[98858]: DEBUG dbcounter [-] [98858] Writing DB stats nova_cell0:SELECT=1 {{(pid=98858) stat_writer /opt/stack/data/venv/lib/python3.12/site-packages/dbcounter.py:115}}
Jul 08 14:40:02.090060 np0000004826 nova-conductor[98861]: DEBUG oslo_db.sqlalchemy.engines [None req-0ea6a29f-da5d-4375-85e6-fbd671a50c93 tempest-ServerActionsTestOtherA-1667556800 tempest-ServerActionsTestOtherA-1667556800-project-member] Parent process 97346 forked (98861) with an open database connection, which is being discarded and recreated. {{(pid=98861) checkout /opt/stack/data/venv/lib/python3.12/site-packages/oslo_db/sqlalchemy/engines.py:402}}
Jul 08 14:40:02.147930 np0000004826 nova-conductor[98861]: DEBUG dbcounter [-] [98861] Writer thread running {{(pid=98861) stat_writer /opt/stack/data/venv/lib/python3.12/site-packages/dbcounter.py:102}}
Jul 08 14:40:03.688351 np0000004826 nova-conductor[98861]: DEBUG nova.conductor.manager [None req-0ea6a29f-da5d-4375-85e6-fbd671a50c93 tempest-ServerActionsTestOtherA-1667556800 tempest-ServerActionsTestOtherA-1667556800-project-member] Took 1.54 seconds to select destinations for 1 instance(s). {{(pid=98861) _schedule_instances /opt/stack/nova/nova/conductor/manager.py:968}}
Jul 08 14:40:03.718530 np0000004826 nova-conductor[98861]: DEBUG oslo_concurrency.lockutils [None req-0ea6a29f-da5d-4375-85e6-fbd671a50c93 tempest-ServerActionsTestOtherA-1667556800 tempest-ServerActionsTestOtherA-1667556800-project-member] Acquiring lock "7c69de98-fc43-46dc-9ad1-1b05d6acbbc1" by "nova.context.set_target_cell..get_or_set_cached_cell_and_set_connections" {{(pid=98861) inner /opt/stack/data/venv/lib/python3.12/site-packages/oslo_concurrency/lockutils.py:511}}
Jul 08 14:40:03.718632 np0000004826 nova-conductor[98861]: DEBUG oslo_concurrency.lockutils [None req-0ea6a29f-da5d-4375-85e6-fbd671a50c93 tempest-ServerActionsTestOtherA-1667556800 tempest-ServerActionsTestOtherA-1667556800-project-member] Lock "7c69de98-fc43-46dc-9ad1-1b05d6acbbc1" acquired by "nova.context.set_target_cell..get_or_set_cached_cell_and_set_connections" :: waited 0.000s {{(pid=98861) inner /opt/stack/data/venv/lib/python3.12/site-packages/oslo_concurrency/lockutils.py:524}}
Jul 08 14:40:03.720253 np0000004826 nova-conductor[98861]: DEBUG oslo_concurrency.lockutils [None req-0ea6a29f-da5d-4375-85e6-fbd671a50c93 tempest-ServerActionsTestOtherA-1667556800 tempest-ServerActionsTestOtherA-1667556800-project-member] Lock "7c69de98-fc43-46dc-9ad1-1b05d6acbbc1" "released" by "nova.context.set_target_cell..get_or_set_cached_cell_and_set_connections" :: held 0.001s {{(pid=98861) inner /opt/stack/data/venv/lib/python3.12/site-packages/oslo_concurrency/lockutils.py:543}}
Jul 08 14:40:03.722627 np0000004826 nova-conductor[98861]: INFO dbcounter [None req-0ea6a29f-da5d-4375-85e6-fbd671a50c93 tempest-ServerActionsTestOtherA-1667556800 tempest-ServerActionsTestOtherA-1667556800-project-member] Registered counter for database nova_cell1
Jul 08 14:40:03.771208 np0000004826 nova-conductor[98861]: DEBUG oslo_db.sqlalchemy.engines [None req-0ea6a29f-da5d-4375-85e6-fbd671a50c93 tempest-ServerActionsTestOtherA-1667556800 tempest-ServerActionsTestOtherA-1667556800-project-member] MySQL server mode set to STRICT_TRANS_TABLES,STRICT_ALL_TABLES,NO_ZERO_IN_DATE,NO_ZERO_DATE,ERROR_FOR_DIVISION_BY_ZERO,TRADITIONAL,NO_ENGINE_SUBSTITUTION {{(pid=98861) _check_effective_sql_mode /opt/stack/data/venv/lib/python3.12/site-packages/oslo_db/sqlalchemy/engines.py:325}}
Jul 08 14:40:03.777328 np0000004826 nova-conductor[98861]: DEBUG dbcounter [-] [98861] Writer thread running {{(pid=98861) stat_writer /opt/stack/data/venv/lib/python3.12/site-packages/dbcounter.py:102}}
Jul 08 14:40:03.855104 np0000004826 nova-conductor[98861]: INFO nova.utils [None req-0ea6a29f-da5d-4375-85e6-fbd671a50c93 tempest-ServerActionsTestOtherA-1667556800 tempest-ServerActionsTestOtherA-1667556800-project-member] The cell worker thread pool ForkProcess-4.cell_worker is initialized
Jul 08 14:40:03.855477 np0000004826 nova-conductor[98861]: DEBUG oslo_concurrency.lockutils [None req-0ea6a29f-da5d-4375-85e6-fbd671a50c93 tempest-ServerActionsTestOtherA-1667556800 tempest-ServerActionsTestOtherA-1667556800-project-member] Acquiring lock "00000000-0000-0000-0000-000000000000" by "nova.context.set_target_cell..get_or_set_cached_cell_and_set_connections" {{(pid=98861) inner /opt/stack/data/venv/lib/python3.12/site-packages/oslo_concurrency/lockutils.py:511}}
Jul 08 14:40:03.855749 np0000004826 nova-conductor[98861]: DEBUG oslo_concurrency.lockutils [None req-0ea6a29f-da5d-4375-85e6-fbd671a50c93 tempest-ServerActionsTestOtherA-1667556800 tempest-ServerActionsTestOtherA-1667556800-project-member] Lock "00000000-0000-0000-0000-000000000000" acquired by "nova.context.set_target_cell..get_or_set_cached_cell_and_set_connections" :: waited 0.000s {{(pid=98861) inner /opt/stack/data/venv/lib/python3.12/site-packages/oslo_concurrency/lockutils.py:524}}
Jul 08 14:40:03.856496 np0000004826 nova-conductor[98861]: DEBUG oslo_concurrency.lockutils [None req-0ea6a29f-da5d-4375-85e6-fbd671a50c93 tempest-ServerActionsTestOtherA-1667556800 tempest-ServerActionsTestOtherA-1667556800-project-member] Lock "00000000-0000-0000-0000-000000000000" "released" by "nova.context.set_target_cell..get_or_set_cached_cell_and_set_connections" :: held 0.001s {{(pid=98861) inner /opt/stack/data/venv/lib/python3.12/site-packages/oslo_concurrency/lockutils.py:543}}
Jul 08 14:40:03.857823 np0000004826 nova-conductor[98861]: DEBUG oslo_concurrency.lockutils [None req-0ea6a29f-da5d-4375-85e6-fbd671a50c93 tempest-ServerActionsTestOtherA-1667556800 tempest-ServerActionsTestOtherA-1667556800-project-member] Acquiring lock "7c69de98-fc43-46dc-9ad1-1b05d6acbbc1" by "nova.context.set_target_cell..get_or_set_cached_cell_and_set_connections" {{(pid=98861) inner /opt/stack/data/venv/lib/python3.12/site-packages/oslo_concurrency/lockutils.py:511}}
Jul 08 14:40:03.857823 np0000004826 nova-conductor[98861]: DEBUG oslo_concurrency.lockutils [None req-0ea6a29f-da5d-4375-85e6-fbd671a50c93 tempest-ServerActionsTestOtherA-1667556800 tempest-ServerActionsTestOtherA-1667556800-project-member] Lock "7c69de98-fc43-46dc-9ad1-1b05d6acbbc1" acquired by "nova.context.set_target_cell..get_or_set_cached_cell_and_set_connections" :: waited 0.000s {{(pid=98861) inner /opt/stack/data/venv/lib/python3.12/site-packages/oslo_concurrency/lockutils.py:524}}
Jul 08 14:40:03.857823 np0000004826 nova-conductor[98861]: DEBUG oslo_concurrency.lockutils [None req-0ea6a29f-da5d-4375-85e6-fbd671a50c93 tempest-ServerActionsTestOtherA-1667556800 tempest-ServerActionsTestOtherA-1667556800-project-member] Lock "7c69de98-fc43-46dc-9ad1-1b05d6acbbc1" "released" by "nova.context.set_target_cell..get_or_set_cached_cell_and_set_connections" :: held 0.000s {{(pid=98861) inner /opt/stack/data/venv/lib/python3.12/site-packages/oslo_concurrency/lockutils.py:543}}
Jul 08 14:40:03.859588 np0000004826 nova-conductor[98861]: INFO dbcounter [None req-0ea6a29f-da5d-4375-85e6-fbd671a50c93 tempest-ServerActionsTestOtherA-1667556800 tempest-ServerActionsTestOtherA-1667556800-project-member] Registered counter for database nova_cell0
Jul 08 14:40:03.904110 np0000004826 nova-conductor[98861]: DEBUG oslo_db.sqlalchemy.engines [None req-0ea6a29f-da5d-4375-85e6-fbd671a50c93 tempest-ServerActionsTestOtherA-1667556800 tempest-ServerActionsTestOtherA-1667556800-project-member] MySQL server mode set to STRICT_TRANS_TABLES,STRICT_ALL_TABLES,NO_ZERO_IN_DATE,NO_ZERO_DATE,ERROR_FOR_DIVISION_BY_ZERO,TRADITIONAL,NO_ENGINE_SUBSTITUTION {{(pid=98861) _check_effective_sql_mode /opt/stack/data/venv/lib/python3.12/site-packages/oslo_db/sqlalchemy/engines.py:325}}
Jul 08 14:40:03.913168 np0000004826 nova-conductor[98861]: DEBUG dbcounter [-] [98861] Writer thread running {{(pid=98861) stat_writer /opt/stack/data/venv/lib/python3.12/site-packages/dbcounter.py:102}}
Jul 08 14:40:03.924334 np0000004826 nova-conductor[98861]: DEBUG nova.quota [None req-0ea6a29f-da5d-4375-85e6-fbd671a50c93 tempest-ServerActionsTestOtherA-1667556800 tempest-ServerActionsTestOtherA-1667556800-project-member] Getting quotas for project 650adfd730634b31b5a580c5722cdf86. Resources: {'ram', 'instances', 'cores'} {{(pid=98861) _get_quotas /opt/stack/nova/nova/quota.py:389}}
Jul 08 14:40:03.927416 np0000004826 nova-conductor[98861]: DEBUG nova.quota [None req-0ea6a29f-da5d-4375-85e6-fbd671a50c93 tempest-ServerActionsTestOtherA-1667556800 tempest-ServerActionsTestOtherA-1667556800-project-member] Getting quotas for user ff08954a98e541ba9343a6ff0f9df010 and project 650adfd730634b31b5a580c5722cdf86. Resources: {'ram', 'instances', 'cores'} {{(pid=98861) _get_quotas /opt/stack/nova/nova/quota.py:379}}
Jul 08 14:40:03.932784 np0000004826 nova-conductor[98861]: DEBUG nova.conductor.manager [None req-0ea6a29f-da5d-4375-85e6-fbd671a50c93 tempest-ServerActionsTestOtherA-1667556800 tempest-ServerActionsTestOtherA-1667556800-project-member] [instance: 296b07d4-1795-4fbf-bd92-7d609a3b75c2] Selected host: np0000004826; Selected node: np0000004826; Alternates: [] {{(pid=98861) schedule_and_build_instances /opt/stack/nova/nova/conductor/manager.py:1784}}
Jul 08 14:40:03.933365 np0000004826 nova-conductor[98861]: DEBUG oslo_concurrency.lockutils [None req-0ea6a29f-da5d-4375-85e6-fbd671a50c93 tempest-ServerActionsTestOtherA-1667556800 tempest-ServerActionsTestOtherA-1667556800-project-member] Acquiring lock "7c69de98-fc43-46dc-9ad1-1b05d6acbbc1" by "nova.context.set_target_cell..get_or_set_cached_cell_and_set_connections" {{(pid=98861) inner /opt/stack/data/venv/lib/python3.12/site-packages/oslo_concurrency/lockutils.py:511}}
Jul 08 14:40:03.933445 np0000004826 nova-conductor[98861]: DEBUG oslo_concurrency.lockutils [None req-0ea6a29f-da5d-4375-85e6-fbd671a50c93 tempest-ServerActionsTestOtherA-1667556800 tempest-ServerActionsTestOtherA-1667556800-project-member] Lock "7c69de98-fc43-46dc-9ad1-1b05d6acbbc1" acquired by "nova.context.set_target_cell..get_or_set_cached_cell_and_set_connections" :: waited 0.000s {{(pid=98861) inner /opt/stack/data/venv/lib/python3.12/site-packages/oslo_concurrency/lockutils.py:524}}
Jul 08 14:40:03.933586 np0000004826 nova-conductor[98861]: DEBUG oslo_concurrency.lockutils [None req-0ea6a29f-da5d-4375-85e6-fbd671a50c93 tempest-ServerActionsTestOtherA-1667556800 tempest-ServerActionsTestOtherA-1667556800-project-member] Lock "7c69de98-fc43-46dc-9ad1-1b05d6acbbc1" "released" by "nova.context.set_target_cell..get_or_set_cached_cell_and_set_connections" :: held 0.000s {{(pid=98861) inner /opt/stack/data/venv/lib/python3.12/site-packages/oslo_concurrency/lockutils.py:543}}
Jul 08 14:40:03.944281 np0000004826 nova-conductor[98861]: DEBUG nova.conductor.manager [None req-0ea6a29f-da5d-4375-85e6-fbd671a50c93 tempest-ServerActionsTestOtherA-1667556800 tempest-ServerActionsTestOtherA-1667556800-project-member] [instance: 296b07d4-1795-4fbf-bd92-7d609a3b75c2] block_device_mapping [BlockDeviceMapping(attachment_id=,boot_index=0,connection_info=None,created_at=,delete_on_termination=True,deleted=,deleted_at=,destination_type='local',device_name=None,device_type='disk',disk_bus=None,encrypted=False,encryption_format=None,encryption_options=None,encryption_secret_uuid=None,guest_format=None,id=,image_id='c9135861-aa75-4fda-8caf-af30b672c7b1',instance=,instance_uuid=,no_device=False,snapshot_id=None,source_type='image',tag=None,updated_at=,uuid=,volume_id=None,volume_size=None,volume_type=None)] {{(pid=98861) _create_block_device_mapping /opt/stack/nova/nova/conductor/manager.py:1529}}
Jul 08 14:40:03.946032 np0000004826 nova-conductor[98861]: DEBUG oslo_concurrency.lockutils [None req-0ea6a29f-da5d-4375-85e6-fbd671a50c93 tempest-ServerActionsTestOtherA-1667556800 tempest-ServerActionsTestOtherA-1667556800-project-member] Acquiring lock "7c69de98-fc43-46dc-9ad1-1b05d6acbbc1" by "nova.context.set_target_cell..get_or_set_cached_cell_and_set_connections" {{(pid=98861) inner /opt/stack/data/venv/lib/python3.12/site-packages/oslo_concurrency/lockutils.py:511}}
Jul 08 14:40:03.946172 np0000004826 nova-conductor[98861]: DEBUG oslo_concurrency.lockutils [None req-0ea6a29f-da5d-4375-85e6-fbd671a50c93 tempest-ServerActionsTestOtherA-1667556800 tempest-ServerActionsTestOtherA-1667556800-project-member] Lock "7c69de98-fc43-46dc-9ad1-1b05d6acbbc1" acquired by "nova.context.set_target_cell..get_or_set_cached_cell_and_set_connections" :: waited 0.000s {{(pid=98861) inner /opt/stack/data/venv/lib/python3.12/site-packages/oslo_concurrency/lockutils.py:524}}
