May 26 10:27:13.390715 np0000001406 devstack@c-api.service[99207]: warnings.warn(
May 26 10:27:13.398809 np0000001406 devstack@c-api.service[99207]: INFO cinder.volume.api [None req-73818e19-efcf-433e-b024-bde9fee2cda7 tempest-VolumesAdminNegativeTest-1247074726 tempest-VolumesAdminNegativeTest-1247074726-project-member] Availability Zones retrieved successfully.
May 26 10:27:13.405639 np0000001406 devstack@c-api.service[99207]: DEBUG cinder.volume.api [None req-73818e19-efcf-433e-b024-bde9fee2cda7 tempest-VolumesAdminNegativeTest-1247074726 tempest-VolumesAdminNegativeTest-1247074726-project-member] Flow 'volume_create_api' (9ecf03ba-0332-4423-9895-0d4566f05309) transitioned into state 'RUNNING' from state 'PENDING' {{(pid=99207) _flow_receiver /opt/stack/data/venv/lib/python3.12/site-packages/taskflow/listeners/logging.py:160}}
May 26 10:27:13.407067 np0000001406 devstack@c-api.service[99207]: DEBUG cinder.volume.api [None req-73818e19-efcf-433e-b024-bde9fee2cda7 tempest-VolumesAdminNegativeTest-1247074726 tempest-VolumesAdminNegativeTest-1247074726-project-member] Task 'cinder.volume.flows.api.create_volume.ExtractVolumeRequestTask;volume:create' (6dcc0c2f-c81c-4587-93e6-4b124312a74e) transitioned into state 'RUNNING' from state 'PENDING' {{(pid=99207) _task_receiver /opt/stack/data/venv/lib/python3.12/site-packages/taskflow/listeners/logging.py:242}}
May 26 10:27:13.407766 np0000001406 devstack@c-api.service[99207]: DEBUG cinder.volume.flows.api.create_volume [None req-73818e19-efcf-433e-b024-bde9fee2cda7 tempest-VolumesAdminNegativeTest-1247074726 tempest-VolumesAdminNegativeTest-1247074726-project-member] Validating volume size '1' using validate_int {{(pid=99207) _extract_size /opt/stack/cinder/cinder/volume/flows/api/create_volume.py:226}}
May 26 10:27:13.443489 np0000001406 devstack@c-api.service[99207]: DEBUG cinder.volume.api [None req-73818e19-efcf-433e-b024-bde9fee2cda7 tempest-VolumesAdminNegativeTest-1247074726 tempest-VolumesAdminNegativeTest-1247074726-project-member] Task 'cinder.volume.flows.api.create_volume.ExtractVolumeRequestTask;volume:create' (6dcc0c2f-c81c-4587-93e6-4b124312a74e) transitioned into state 'SUCCESS' from state 'RUNNING' with result '{'size': 1, 'snapshot_id': None, 'source_volid': None, 'volume_type': VolumeType(created_at=2026-05-26T10:23:54Z,deleted=False,deleted_at=None,description=None,extra_specs={volume_backend_name='storpool'},id=a712ea90-bdd9-4c5e-aa71-5369ae212808,is_public=True,name='storpool',projects=[],qos_specs=,qos_specs_id=None,updated_at=None), 'volume_type_id': 'a712ea90-bdd9-4c5e-aa71-5369ae212808', 'encryption_key_id': None, 'qos_specs': None, 'consistencygroup_id': None, 'cgsnapshot_id': None, 'group_id': None, 'replication_status': 'disabled', 'refresh_az': False, 'backup_id': None, 'multiattach': False, 'availability_zones': ['nova']}' {{(pid=99207) _task_receiver /opt/stack/data/venv/lib/python3.12/site-packages/taskflow/listeners/logging.py:218}}
May 26 10:27:13.443867 np0000001406 devstack@c-api.service[99207]: DEBUG cinder.volume.api [None req-73818e19-efcf-433e-b024-bde9fee2cda7 tempest-VolumesAdminNegativeTest-1247074726 tempest-VolumesAdminNegativeTest-1247074726-project-member] Task 'cinder.volume.flows.api.create_volume.QuotaReserveTask;volume:create' (6f890ab6-6c9e-4ee9-982e-c08832fab0e0) transitioned into state 'RUNNING' from state 'PENDING' {{(pid=99207) _task_receiver /opt/stack/data/venv/lib/python3.12/site-packages/taskflow/listeners/logging.py:242}}
May 26 10:27:13.517308 np0000001406 devstack@c-api.service[99207]: DEBUG cinder.quota [None req-73818e19-efcf-433e-b024-bde9fee2cda7 tempest-VolumesAdminNegativeTest-1247074726 tempest-VolumesAdminNegativeTest-1247074726-project-member] Created reservations ['87237b6d-af1b-4cad-a660-e2ab31228a80', '2f33c39c-df93-45ba-9833-ac3f3772c587', '91f8a8e3-43a4-42a9-ac66-07b8dcb7b84f', '66cec1b7-2f03-4619-b315-303b106f8cd4'] {{(pid=99207) reserve /opt/stack/cinder/cinder/quota.py:752}}
May 26 10:27:13.519442 np0000001406 devstack@c-api.service[99207]: DEBUG cinder.volume.api [None req-73818e19-efcf-433e-b024-bde9fee2cda7 tempest-VolumesAdminNegativeTest-1247074726 tempest-VolumesAdminNegativeTest-1247074726-project-member] Task 'cinder.volume.flows.api.create_volume.QuotaReserveTask;volume:create' (6f890ab6-6c9e-4ee9-982e-c08832fab0e0) transitioned into state 'SUCCESS' from state 'RUNNING' with result '{'reservations': ['87237b6d-af1b-4cad-a660-e2ab31228a80', '2f33c39c-df93-45ba-9833-ac3f3772c587', '91f8a8e3-43a4-42a9-ac66-07b8dcb7b84f', '66cec1b7-2f03-4619-b315-303b106f8cd4']}' {{(pid=99207) _task_receiver /opt/stack/data/venv/lib/python3.12/site-packages/taskflow/listeners/logging.py:218}}
May 26 10:27:13.519442 np0000001406 devstack@c-api.service[99207]: DEBUG cinder.volume.api [None req-73818e19-efcf-433e-b024-bde9fee2cda7 tempest-VolumesAdminNegativeTest-1247074726 tempest-VolumesAdminNegativeTest-1247074726-project-member] Task 'cinder.volume.flows.api.create_volume.EntryCreateTask;volume:create' (e522a27b-6eea-4320-96d6-e3217be2a8b8) transitioned into state 'RUNNING' from state 'PENDING' {{(pid=99207) _task_receiver /opt/stack/data/venv/lib/python3.12/site-packages/taskflow/listeners/logging.py:242}}
May 26 10:27:13.539356 np0000001406 devstack@c-api.service[99207]: DEBUG cinder.volume.api [None req-73818e19-efcf-433e-b024-bde9fee2cda7 tempest-VolumesAdminNegativeTest-1247074726 tempest-VolumesAdminNegativeTest-1247074726-project-member] Task 'cinder.volume.flows.api.create_volume.EntryCreateTask;volume:create' (e522a27b-6eea-4320-96d6-e3217be2a8b8) transitioned into state 'SUCCESS' from state 'RUNNING' with result '{'volume_id': '2ed95ef3-616b-4015-95cf-02de9d82cb21', 'volume_properties': VolumeProperties(attach_status='detached',availability_zone='nova',cgsnapshot_id=None,consistencygroup_id=None,display_description=None,display_name='tempest-VolumesAdminNegativeTest-volume-1246178267',encryption_key_id=None,group_id=None,group_type_id=,metadata={},multiattach=False,project_id='aaa13467812c4e79ae0fe5297e5da375',qos_specs=None,replication_status=,reservations=['87237b6d-af1b-4cad-a660-e2ab31228a80','2f33c39c-df93-45ba-9833-ac3f3772c587','91f8a8e3-43a4-42a9-ac66-07b8dcb7b84f','66cec1b7-2f03-4619-b315-303b106f8cd4'],size=1,snapshot_id=None,source_replicaid=,source_volid=None,status='creating',user_id='e566416b47b6406fb26aad6774e82ada',volume_type_id=a712ea90-bdd9-4c5e-aa71-5369ae212808), 'volume': Volume(_name_id=None,admin_metadata=,attach_status='detached',availability_zone='nova',bootable=False,cluster=,cluster_name=None,consistencygroup=,consistencygroup_id=None,created_at=2026-05-26T10:27:13Z,deleted=False,deleted_at=None,display_description=None,display_name='tempest-VolumesAdminNegativeTest-volume-1246178267',ec2_id=None,encryption_key_id=None,glance_metadata=,group=,group_id=None,host=None,id=2ed95ef3-616b-4015-95cf-02de9d82cb21,launched_at=None,metadata={},migration_status=None,multiattach=False,previous_status=None,project_id='aaa13467812c4e79ae0fe5297e5da375',provider_auth=None,provider_geometry=None,provider_id=None,provider_location=None,replication_driver_data=None,replication_extended_status=None,replication_status=None,scheduled_at=None,service_uuid=None,shared_targets=True,size=1,snapshot_id=None,snapshots=,source_volid=None,status='creating',terminated_at=None,updated_at=None,use_quota=True,user_id='e566416b47b6406fb26aad6774e82ada',volume_attachment=VolumeAttachmentList,volume_type=VolumeType(a712ea90-bdd9-4c5e-aa71-5369ae212808),volume_type_id=a712ea90-bdd9-4c5e-aa71-5369ae212808)}' {{(pid=99207) _task_receiver /opt/stack/data/venv/lib/python3.12/site-packages/taskflow/listeners/logging.py:218}}
May 26 10:27:13.540367 np0000001406 devstack@c-api.service[99207]: DEBUG cinder.volume.api [None req-73818e19-efcf-433e-b024-bde9fee2cda7 tempest-VolumesAdminNegativeTest-1247074726 tempest-VolumesAdminNegativeTest-1247074726-project-member] Task 'cinder.volume.flows.api.create_volume.QuotaCommitTask;volume:create' (12c00141-28cd-4654-826a-201cf5c2593b) transitioned into state 'RUNNING' from state 'PENDING' {{(pid=99207) _task_receiver /opt/stack/data/venv/lib/python3.12/site-packages/taskflow/listeners/logging.py:242}}
May 26 10:27:13.572258 np0000001406 devstack@c-api.service[99207]: DEBUG cinder.volume.api [None req-73818e19-efcf-433e-b024-bde9fee2cda7 tempest-VolumesAdminNegativeTest-1247074726 tempest-VolumesAdminNegativeTest-1247074726-project-member] Task 'cinder.volume.flows.api.create_volume.QuotaCommitTask;volume:create' (12c00141-28cd-4654-826a-201cf5c2593b) transitioned into state 'SUCCESS' from state 'RUNNING' with result '{'volume_properties': VolumeProperties(attach_status='detached',availability_zone='nova',cgsnapshot_id=None,consistencygroup_id=None,display_description=None,display_name='tempest-VolumesAdminNegativeTest-volume-1246178267',encryption_key_id=None,group_id=None,group_type_id=,metadata={},multiattach=False,project_id='aaa13467812c4e79ae0fe5297e5da375',qos_specs=None,replication_status=,reservations=['87237b6d-af1b-4cad-a660-e2ab31228a80','2f33c39c-df93-45ba-9833-ac3f3772c587','91f8a8e3-43a4-42a9-ac66-07b8dcb7b84f','66cec1b7-2f03-4619-b315-303b106f8cd4'],size=1,snapshot_id=None,source_replicaid=,source_volid=None,status='creating',user_id='e566416b47b6406fb26aad6774e82ada',volume_type_id=a712ea90-bdd9-4c5e-aa71-5369ae212808)}' {{(pid=99207) _task_receiver /opt/stack/data/venv/lib/python3.12/site-packages/taskflow/listeners/logging.py:218}}
May 26 10:27:13.572955 np0000001406 devstack@c-api.service[99207]: DEBUG cinder.volume.api [None req-73818e19-efcf-433e-b024-bde9fee2cda7 tempest-VolumesAdminNegativeTest-1247074726 tempest-VolumesAdminNegativeTest-1247074726-project-member] Task 'cinder.volume.flows.api.create_volume.VolumeCastTask;volume:create' (87c80475-b1b2-4097-aaea-3f13330e5314) transitioned into state 'RUNNING' from state 'PENDING' {{(pid=99207) _task_receiver /opt/stack/data/venv/lib/python3.12/site-packages/taskflow/listeners/logging.py:242}}
May 26 10:27:13.590516 np0000001406 devstack@c-api.service[99207]: DEBUG cinder.volume.api [None req-73818e19-efcf-433e-b024-bde9fee2cda7 tempest-VolumesAdminNegativeTest-1247074726 tempest-VolumesAdminNegativeTest-1247074726-project-member] Task 'cinder.volume.flows.api.create_volume.VolumeCastTask;volume:create' (87c80475-b1b2-4097-aaea-3f13330e5314) transitioned into state 'SUCCESS' from state 'RUNNING' with result 'None' {{(pid=99207) _task_receiver /opt/stack/data/venv/lib/python3.12/site-packages/taskflow/listeners/logging.py:218}}
May 26 10:27:13.591625 np0000001406 devstack@c-api.service[99207]: DEBUG cinder.volume.api [None req-73818e19-efcf-433e-b024-bde9fee2cda7 tempest-VolumesAdminNegativeTest-1247074726 tempest-VolumesAdminNegativeTest-1247074726-project-member] Flow 'volume_create_api' (9ecf03ba-0332-4423-9895-0d4566f05309) transitioned into state 'SUCCESS' from state 'RUNNING' {{(pid=99207) _flow_receiver /opt/stack/data/venv/lib/python3.12/site-packages/taskflow/listeners/logging.py:160}}
May 26 10:27:13.591971 np0000001406 devstack@c-api.service[99207]: INFO cinder.volume.api [None req-73818e19-efcf-433e-b024-bde9fee2cda7 tempest-VolumesAdminNegativeTest-1247074726 tempest-VolumesAdminNegativeTest-1247074726-project-member] Create volume request issued successfully.
May 26 10:27:13.592838 np0000001406 devstack@c-api.service[99207]: INFO cinder.api.openstack.wsgi [None req-73818e19-efcf-433e-b024-bde9fee2cda7 tempest-VolumesAdminNegativeTest-1247074726 tempest-VolumesAdminNegativeTest-1247074726-project-member] https://10.4.3.43/volume/v3/volumes returned with HTTP 202
May 26 10:27:13.593347 np0000001406 devstack@c-api.service[99207]: [pid: 99207|app: 0|req: 52/155] 10.4.3.43 () {68 vars in 1251 bytes} [Tue May 26 10:27:13 2026] POST /volume/v3/volumes => generated 753 bytes in 208 msecs (HTTP/1.1 202) 7 headers in 291 bytes (1 switches on core 0)
May 26 10:27:13.610767 np0000001406 devstack@c-api.service[99209]: DEBUG cinder.api.middleware.request_id [None req-a25c4499-ea9e-441a-9291-4dc3c38ad535 None None] RequestId filter calling following filter/app {{(pid=99209) _context_setter /opt/stack/cinder/cinder/api/middleware/request_id.py:62}}
May 26 10:27:13.614433 np0000001406 devstack@c-api.service[99209]: INFO cinder.api.openstack.wsgi [None req-a25c4499-ea9e-441a-9291-4dc3c38ad535 tempest-VolumesAdminNegativeTest-1247074726 tempest-VolumesAdminNegativeTest-1247074726-project-member] GET https://10.4.3.43/volume/v3/volumes/2ed95ef3-616b-4015-95cf-02de9d82cb21
May 26 10:27:13.614433 np0000001406 devstack@c-api.service[99209]: DEBUG cinder.api.openstack.wsgi [None req-a25c4499-ea9e-441a-9291-4dc3c38ad535 tempest-VolumesAdminNegativeTest-1247074726 tempest-VolumesAdminNegativeTest-1247074726-project-member] Empty body provided in request {{(pid=99209) get_body /opt/stack/cinder/cinder/api/openstack/wsgi.py:725}}
May 26 10:27:13.614530 np0000001406 devstack@c-api.service[99209]: DEBUG cinder.api.openstack.wsgi [None req-a25c4499-ea9e-441a-9291-4dc3c38ad535 tempest-VolumesAdminNegativeTest-1247074726 tempest-VolumesAdminNegativeTest-1247074726-project-member] Calling method 'show' {{(pid=99209) _process_stack /opt/stack/cinder/cinder/api/openstack/wsgi.py:878}}
May 26 10:27:13.627816 np0000001406 devstack@c-api.service[99209]: /opt/stack/data/venv/lib/python3.12/site-packages/oslo_context/context.py:102: DeprecationWarning: Policy enforcement is depending on the value of is_admin. This key is deprecated. Please update your policy file to use the standard policy values.
May 26 10:27:13.627816 np0000001406 devstack@c-api.service[99209]: warnings.warn(
May 26 10:27:13.635367 np0000001406 devstack@c-api.service[99209]: INFO cinder.volume.api [None req-a25c4499-ea9e-441a-9291-4dc3c38ad535 tempest-VolumesAdminNegativeTest-1247074726 tempest-VolumesAdminNegativeTest-1247074726-project-member] Volume info retrieved successfully.
May 26 10:27:13.640847 np0000001406 devstack@c-api.service[99209]: INFO cinder.api.openstack.wsgi [None req-a25c4499-ea9e-441a-9291-4dc3c38ad535 tempest-VolumesAdminNegativeTest-1247074726 tempest-VolumesAdminNegativeTest-1247074726-project-member] https://10.4.3.43/volume/v3/volumes/2ed95ef3-616b-4015-95cf-02de9d82cb21 returned with HTTP 200
May 26 10:27:13.641504 np0000001406 devstack@c-api.service[99209]: [pid: 99209|app: 0|req: 53/156] 10.4.3.43 () {66 vars in 1341 bytes} [Tue May 26 10:27:13 2026] GET /volume/v3/volumes/2ed95ef3-616b-4015-95cf-02de9d82cb21 => generated 821 bytes in 31 msecs (HTTP/1.1 200) 7 headers in 285 bytes (1 switches on core 0)
May 26 10:27:13.693862 np0000001406 devstack@c-api.service[99208]: DEBUG cinder.api.middleware.request_id [req-ee3846ee-9be8-4790-b5df-5890854aa09a req-9bd4d657-51a8-410f-b722-33158aadecd8 None None] RequestId filter calling following filter/app {{(pid=99208) _context_setter /opt/stack/cinder/cinder/api/middleware/request_id.py:62}}
May 26 10:27:13.697474 np0000001406 devstack@c-api.service[99208]: INFO cinder.api.openstack.wsgi [req-ee3846ee-9be8-4790-b5df-5890854aa09a req-9bd4d657-51a8-410f-b722-33158aadecd8 tempest-TaggedBootDevicesTest-577641319 tempest-TaggedBootDevicesTest-577641319-project-member] POST https://10.4.3.43/volume/v3/attachments/9b3781a0-7bf1-486a-80e7-1d22afc0a84c/action
May 26 10:27:13.697864 np0000001406 devstack@c-api.service[99208]: DEBUG cinder.api.openstack.wsgi [req-ee3846ee-9be8-4790-b5df-5890854aa09a req-9bd4d657-51a8-410f-b722-33158aadecd8 tempest-TaggedBootDevicesTest-577641319 tempest-TaggedBootDevicesTest-577641319-project-member] Action body: b'{"os-complete": null}' {{(pid=99208) get_method /opt/stack/cinder/cinder/api/openstack/wsgi.py:993}}
May 26 10:27:13.697991 np0000001406 devstack@c-api.service[99208]: DEBUG cinder.api.openstack.wsgi [req-ee3846ee-9be8-4790-b5df-5890854aa09a req-9bd4d657-51a8-410f-b722-33158aadecd8 tempest-TaggedBootDevicesTest-577641319 tempest-TaggedBootDevicesTest-577641319-project-member] Action: 'action', calling method: complete, body: {"os-complete": null} {{(pid=99208) _process_stack /opt/stack/cinder/cinder/api/openstack/wsgi.py:876}}
May 26 10:27:13.716162 np0000001406 devstack@c-api.service[99208]: /opt/stack/data/venv/lib/python3.12/site-packages/oslo_context/context.py:102: DeprecationWarning: Policy enforcement is depending on the value of is_admin. This key is deprecated. Please update your policy file to use the standard policy values.
May 26 10:27:13.716162 np0000001406 devstack@c-api.service[99208]: warnings.warn(
May 26 10:27:13.735769 np0000001406 devstack@c-api.service[99208]: INFO cinder.api.openstack.wsgi [req-ee3846ee-9be8-4790-b5df-5890854aa09a req-9bd4d657-51a8-410f-b722-33158aadecd8 tempest-TaggedBootDevicesTest-577641319 tempest-TaggedBootDevicesTest-577641319-project-member] https://10.4.3.43/volume/v3/attachments/9b3781a0-7bf1-486a-80e7-1d22afc0a84c/action returned with HTTP 204
May 26 10:27:13.737073 np0000001406 devstack@c-api.service[99208]: [pid: 99208|app: 0|req: 52/157] 10.4.3.43 () {74 vars in 1718 bytes} [Tue May 26 10:27:13 2026] POST /volume/v3/attachments/9b3781a0-7bf1-486a-80e7-1d22afc0a84c/action => generated 0 bytes in 43 msecs (HTTP/1.1 204) 7 headers in 292 bytes (1 switches on core 0)
May 26 10:27:13.959625 np0000001406 devstack@c-api.service[99207]: DEBUG cinder.api.middleware.request_id [None req-7bfd8fde-b658-4833-95a8-719a8e29c42d None None] RequestId filter calling following filter/app {{(pid=99207) _context_setter /opt/stack/cinder/cinder/api/middleware/request_id.py:62}}
May 26 10:27:13.962406 np0000001406 devstack@c-api.service[99207]: INFO cinder.api.openstack.wsgi [None req-7bfd8fde-b658-4833-95a8-719a8e29c42d tempest-VolumesCloneTest-1108611076 tempest-VolumesCloneTest-1108611076-project-member] GET https://10.4.3.43/volume/v3/volumes/642bd7b3-e73d-4582-8fb6-8bb2b08c1e1b
May 26 10:27:13.962406 np0000001406 devstack@c-api.service[99207]: DEBUG cinder.api.openstack.wsgi [None req-7bfd8fde-b658-4833-95a8-719a8e29c42d tempest-VolumesCloneTest-1108611076 tempest-VolumesCloneTest-1108611076-project-member] Empty body provided in request {{(pid=99207) get_body /opt/stack/cinder/cinder/api/openstack/wsgi.py:725}}
May 26 10:27:13.962594 np0000001406 devstack@c-api.service[99207]: DEBUG cinder.api.openstack.wsgi [None req-7bfd8fde-b658-4833-95a8-719a8e29c42d tempest-VolumesCloneTest-1108611076 tempest-VolumesCloneTest-1108611076-project-member] Calling method 'show' {{(pid=99207) _process_stack /opt/stack/cinder/cinder/api/openstack/wsgi.py:878}}
May 26 10:27:13.974129 np0000001406 devstack@c-api.service[99207]: /opt/stack/data/venv/lib/python3.12/site-packages/oslo_context/context.py:102: DeprecationWarning: Policy enforcement is depending on the value of is_admin. This key is deprecated. Please update your policy file to use the standard policy values.
May 26 10:27:13.974129 np0000001406 devstack@c-api.service[99207]: warnings.warn(
May 26 10:27:13.979433 np0000001406 devstack@c-api.service[99207]: INFO cinder.volume.api [None req-7bfd8fde-b658-4833-95a8-719a8e29c42d tempest-VolumesCloneTest-1108611076 tempest-VolumesCloneTest-1108611076-project-member] Volume info retrieved successfully.
May 26 10:27:13.985572 np0000001406 devstack@c-api.service[99207]: INFO cinder.api.openstack.wsgi [None req-7bfd8fde-b658-4833-95a8-719a8e29c42d tempest-VolumesCloneTest-1108611076 tempest-VolumesCloneTest-1108611076-project-member] https://10.4.3.43/volume/v3/volumes/642bd7b3-e73d-4582-8fb6-8bb2b08c1e1b returned with HTTP 200
May 26 10:27:13.985965 np0000001406 devstack@c-api.service[99207]: [pid: 99207|app: 0|req: 53/158] 10.4.3.43 () {66 vars in 1341 bytes} [Tue May 26 10:27:13 2026] GET /volume/v3/volumes/642bd7b3-e73d-4582-8fb6-8bb2b08c1e1b => generated 837 bytes in 27 msecs (HTTP/1.1 200) 7 headers in 285 bytes (1 switches on core 0)
May 26 10:27:14.564444 np0000001406 devstack@c-api.service[99209]: DEBUG cinder.api.middleware.request_id [None req-743626f9-8a2b-4a3f-93b9-352218ad1d11 None None] RequestId filter calling following filter/app {{(pid=99209) _context_setter /opt/stack/cinder/cinder/api/middleware/request_id.py:62}}
May 26 10:27:14.654789 np0000001406 devstack@c-api.service[99208]: DEBUG cinder.api.middleware.request_id [None req-124f763c-3489-4496-9455-a9c4aad4cf1e None None] RequestId filter calling following filter/app {{(pid=99208) _context_setter /opt/stack/cinder/cinder/api/middleware/request_id.py:62}}
May 26 10:27:14.660583 np0000001406 devstack@c-api.service[99208]: INFO cinder.api.openstack.wsgi [None req-124f763c-3489-4496-9455-a9c4aad4cf1e tempest-VolumesAdminNegativeTest-1247074726 tempest-VolumesAdminNegativeTest-1247074726-project-member] GET https://10.4.3.43/volume/v3/volumes/2ed95ef3-616b-4015-95cf-02de9d82cb21
May 26 10:27:14.660837 np0000001406 devstack@c-api.service[99208]: DEBUG cinder.api.openstack.wsgi [None req-124f763c-3489-4496-9455-a9c4aad4cf1e tempest-VolumesAdminNegativeTest-1247074726 tempest-VolumesAdminNegativeTest-1247074726-project-member] Empty body provided in request {{(pid=99208) get_body /opt/stack/cinder/cinder/api/openstack/wsgi.py:725}}
May 26 10:27:14.661006 np0000001406 devstack@c-api.service[99208]: DEBUG cinder.api.openstack.wsgi [None req-124f763c-3489-4496-9455-a9c4aad4cf1e tempest-VolumesAdminNegativeTest-1247074726 tempest-VolumesAdminNegativeTest-1247074726-project-member] Calling method 'show' {{(pid=99208) _process_stack /opt/stack/cinder/cinder/api/openstack/wsgi.py:878}}
May 26 10:27:14.676794 np0000001406 devstack@c-api.service[99208]: /opt/stack/data/venv/lib/python3.12/site-packages/oslo_context/context.py:102: DeprecationWarning: Policy enforcement is depending on the value of is_admin. This key is deprecated. Please update your policy file to use the standard policy values.
May 26 10:27:14.676794 np0000001406 devstack@c-api.service[99208]: warnings.warn(
May 26 10:27:14.682076 np0000001406 devstack@c-api.service[99208]: INFO cinder.volume.api [None req-124f763c-3489-4496-9455-a9c4aad4cf1e tempest-VolumesAdminNegativeTest-1247074726 tempest-VolumesAdminNegativeTest-1247074726-project-member] Volume info retrieved successfully.
May 26 10:27:14.686890 np0000001406 devstack@c-api.service[99208]: INFO cinder.api.openstack.wsgi [None req-124f763c-3489-4496-9455-a9c4aad4cf1e tempest-VolumesAdminNegativeTest-1247074726 tempest-VolumesAdminNegativeTest-1247074726-project-member] https://10.4.3.43/volume/v3/volumes/2ed95ef3-616b-4015-95cf-02de9d82cb21 returned with HTTP 200
May 26 10:27:14.687244 np0000001406 devstack@c-api.service[99208]: [pid: 99208|app: 0|req: 53/159] 10.4.3.43 () {66 vars in 1341 bytes} [Tue May 26 10:27:14 2026] GET /volume/v3/volumes/2ed95ef3-616b-4015-95cf-02de9d82cb21 => generated 846 bytes in 33 msecs (HTTP/1.1 200) 7 headers in 285 bytes (1 switches on core 0)
May 26 10:27:14.791402 np0000001406 devstack@c-api.service[99209]: INFO cinder.api.openstack.wsgi [None req-743626f9-8a2b-4a3f-93b9-352218ad1d11 tempest-TaggedBootDevicesTest_v242-1690068177 tempest-TaggedBootDevicesTest_v242-1690068177-project-member] POST https://10.4.3.43/volume/v3/volumes
May 26 10:27:14.793436 np0000001406 devstack@c-api.service[99209]: DEBUG cinder.api.openstack.wsgi [None req-743626f9-8a2b-4a3f-93b9-352218ad1d11 tempest-TaggedBootDevicesTest_v242-1690068177 tempest-TaggedBootDevicesTest_v242-1690068177-project-member] Action: 'create', calling method: create, body: {"volume": {"size": 1, "display_name": "tempest-TaggedBootDevicesTest_v242-volume-694490396", "imageRef": "f311ff6b-0852-4b05-9604-cc2ae713fb76"}} {{(pid=99209) _process_stack /opt/stack/cinder/cinder/api/openstack/wsgi.py:876}}
May 26 10:27:14.794016 np0000001406 devstack@c-api.service[99209]: DEBUG cinder.api.v3.volumes [None req-743626f9-8a2b-4a3f-93b9-352218ad1d11 tempest-TaggedBootDevicesTest_v242-1690068177 tempest-TaggedBootDevicesTest_v242-1690068177-project-member] Create volume request body: {'volume': {'size': 1, 'display_name': 'tempest-TaggedBootDevicesTest_v242-volume-694490396', 'imageRef': 'f311ff6b-0852-4b05-9604-cc2ae713fb76'}} {{(pid=99209) create /opt/stack/cinder/cinder/api/v3/volumes.py:368}}
May 26 10:27:14.926448 np0000001406 devstack@c-api.service[99209]: INFO cinder.api.v3.volumes [None req-743626f9-8a2b-4a3f-93b9-352218ad1d11 tempest-TaggedBootDevicesTest_v242-1690068177 tempest-TaggedBootDevicesTest_v242-1690068177-project-member] Create volume of 1 GB
May 26 10:27:14.934792 np0000001406 devstack@c-api.service[99209]: INFO cinder.volume.api [None req-743626f9-8a2b-4a3f-93b9-352218ad1d11 tempest-TaggedBootDevicesTest_v242-1690068177 tempest-TaggedBootDevicesTest_v242-1690068177-project-member] Availability Zones retrieved successfully.
May 26 10:27:14.944335 np0000001406 devstack@c-api.service[99209]: DEBUG cinder.volume.api [None req-743626f9-8a2b-4a3f-93b9-352218ad1d11 tempest-TaggedBootDevicesTest_v242-1690068177 tempest-TaggedBootDevicesTest_v242-1690068177-project-member] Flow 'volume_create_api' (49e8ef0f-851d-45ae-9b73-e07ba42b3308) transitioned into state 'RUNNING' from state 'PENDING' {{(pid=99209) _flow_receiver /opt/stack/data/venv/lib/python3.12/site-packages/taskflow/listeners/logging.py:160}}
May 26 10:27:14.946205 np0000001406 devstack@c-api.service[99209]: DEBUG cinder.volume.api [None req-743626f9-8a2b-4a3f-93b9-352218ad1d11 tempest-TaggedBootDevicesTest_v242-1690068177 tempest-TaggedBootDevicesTest_v242-1690068177-project-member] Task 'cinder.volume.flows.api.create_volume.ExtractVolumeRequestTask;volume:create' (b0de64bb-5c73-447d-827f-d8559035271f) transitioned into state 'RUNNING' from state 'PENDING' {{(pid=99209) _task_receiver /opt/stack/data/venv/lib/python3.12/site-packages/taskflow/listeners/logging.py:242}}
May 26 10:27:14.948595 np0000001406 devstack@c-api.service[99209]: DEBUG cinder.volume.flows.api.create_volume [None req-743626f9-8a2b-4a3f-93b9-352218ad1d11 tempest-TaggedBootDevicesTest_v242-1690068177 tempest-TaggedBootDevicesTest_v242-1690068177-project-member] Validating volume size '1' using validate_int {{(pid=99209) _extract_size /opt/stack/cinder/cinder/volume/flows/api/create_volume.py:226}}
May 26 10:27:15.008713 np0000001406 devstack@c-api.service[99207]: DEBUG cinder.api.middleware.request_id [None req-0ededcfd-7bdb-4679-acc6-b2ed90751f70 None None] RequestId filter calling following filter/app {{(pid=99207) _context_setter /opt/stack/cinder/cinder/api/middleware/request_id.py:62}}
May 26 10:27:15.011379 np0000001406 devstack@c-api.service[99207]: INFO cinder.api.openstack.wsgi [None req-0ededcfd-7bdb-4679-acc6-b2ed90751f70 tempest-VolumesCloneTest-1108611076 tempest-VolumesCloneTest-1108611076-project-member] GET https://10.4.3.43/volume/v3/volumes/642bd7b3-e73d-4582-8fb6-8bb2b08c1e1b
May 26 10:27:15.011659 np0000001406 devstack@c-api.service[99207]: DEBUG cinder.api.openstack.wsgi [None req-0ededcfd-7bdb-4679-acc6-b2ed90751f70 tempest-VolumesCloneTest-1108611076 tempest-VolumesCloneTest-1108611076-project-member] Empty body provided in request {{(pid=99207) get_body /opt/stack/cinder/cinder/api/openstack/wsgi.py:725}}
May 26 10:27:15.012344 np0000001406 devstack@c-api.service[99207]: DEBUG cinder.api.openstack.wsgi [None req-0ededcfd-7bdb-4679-acc6-b2ed90751f70 tempest-VolumesCloneTest-1108611076 tempest-VolumesCloneTest-1108611076-project-member] Calling method 'show' {{(pid=99207) _process_stack /opt/stack/cinder/cinder/api/openstack/wsgi.py:878}}
May 26 10:27:15.020543 np0000001406 devstack@c-api.service[99207]: /opt/stack/data/venv/lib/python3.12/site-packages/oslo_context/context.py:102: DeprecationWarning: Policy enforcement is depending on the value of is_admin. This key is deprecated. Please update your policy file to use the standard policy values.
May 26 10:27:15.020543 np0000001406 devstack@c-api.service[99207]: warnings.warn(
May 26 10:27:15.030247 np0000001406 devstack@c-api.service[99207]: INFO cinder.volume.api [None req-0ededcfd-7bdb-4679-acc6-b2ed90751f70 tempest-VolumesCloneTest-1108611076 tempest-VolumesCloneTest-1108611076-project-member] Volume info retrieved successfully.
May 26 10:27:15.037579 np0000001406 devstack@c-api.service[99207]: INFO cinder.api.openstack.wsgi [None req-0ededcfd-7bdb-4679-acc6-b2ed90751f70 tempest-VolumesCloneTest-1108611076 tempest-VolumesCloneTest-1108611076-project-member] https://10.4.3.43/volume/v3/volumes/642bd7b3-e73d-4582-8fb6-8bb2b08c1e1b returned with HTTP 200
May 26 10:27:15.037579 np0000001406 devstack@c-api.service[99207]: [pid: 99207|app: 0|req: 54/160] 10.4.3.43 () {66 vars in 1341 bytes} [Tue May 26 10:27:15 2026] GET /volume/v3/volumes/642bd7b3-e73d-4582-8fb6-8bb2b08c1e1b => generated 898 bytes in 30 msecs (HTTP/1.1 200) 7 headers in 285 bytes (1 switches on core 0)
May 26 10:27:15.057900 np0000001406 devstack@c-api.service[99209]: DEBUG cinder.volume.api [None req-743626f9-8a2b-4a3f-93b9-352218ad1d11 tempest-TaggedBootDevicesTest_v242-1690068177 tempest-TaggedBootDevicesTest_v242-1690068177-project-member] Task 'cinder.volume.flows.api.create_volume.ExtractVolumeRequestTask;volume:create' (b0de64bb-5c73-447d-827f-d8559035271f) transitioned into state 'SUCCESS' from state 'RUNNING' with result '{'size': 1, 'snapshot_id': None, 'source_volid': None, 'volume_type': VolumeType(created_at=2026-05-26T10:23:54Z,deleted=False,deleted_at=None,description=None,extra_specs={volume_backend_name='storpool'},id=a712ea90-bdd9-4c5e-aa71-5369ae212808,is_public=True,name='storpool',projects=[],qos_specs=,qos_specs_id=None,updated_at=None), 'volume_type_id': 'a712ea90-bdd9-4c5e-aa71-5369ae212808', 'encryption_key_id': None, 'qos_specs': None, 'consistencygroup_id': None, 'cgsnapshot_id': None, 'group_id': None, 'replication_status': 'disabled', 'refresh_az': False, 'backup_id': None, 'multiattach': False, 'availability_zones': ['nova']}' {{(pid=99209) _task_receiver /opt/stack/data/venv/lib/python3.12/site-packages/taskflow/listeners/logging.py:218}}
May 26 10:27:15.058633 np0000001406 devstack@c-api.service[99208]: DEBUG cinder.api.middleware.request_id [req-cb322756-7496-437f-965b-9e8271dabbc2 req-b60e4968-de5d-4f7a-aa59-70c56a177482 None None] RequestId filter calling following filter/app {{(pid=99208) _context_setter /opt/stack/cinder/cinder/api/middleware/request_id.py:62}}
May 26 10:27:15.059048 np0000001406 devstack@c-api.service[99209]: DEBUG cinder.volume.api [None req-743626f9-8a2b-4a3f-93b9-352218ad1d11 tempest-TaggedBootDevicesTest_v242-1690068177 tempest-TaggedBootDevicesTest_v242-1690068177-project-member] Task 'cinder.volume.flows.api.create_volume.QuotaReserveTask;volume:create' (7c65ba6e-3f36-481f-a6fa-5d33fffe7346) transitioned into state 'RUNNING' from state 'PENDING' {{(pid=99209) _task_receiver /opt/stack/data/venv/lib/python3.12/site-packages/taskflow/listeners/logging.py:242}}
May 26 10:27:15.061776 np0000001406 devstack@c-api.service[99208]: INFO cinder.api.openstack.wsgi [req-cb322756-7496-437f-965b-9e8271dabbc2 req-b60e4968-de5d-4f7a-aa59-70c56a177482 tempest-VolumesAdminNegativeTest-1816563424 tempest-VolumesAdminNegativeTest-1816563424-project] GET https://10.4.3.43/volume/v3/volumes/b32cd944-2283-4434-a6fb-d6b1e2198915
May 26 10:27:15.062064 np0000001406 devstack@c-api.service[99208]: DEBUG cinder.api.openstack.wsgi [req-cb322756-7496-437f-965b-9e8271dabbc2 req-b60e4968-de5d-4f7a-aa59-70c56a177482 tempest-VolumesAdminNegativeTest-1816563424 tempest-VolumesAdminNegativeTest-1816563424-project] Empty body provided in request {{(pid=99208) get_body /opt/stack/cinder/cinder/api/openstack/wsgi.py:725}}
May 26 10:27:15.062247 np0000001406 devstack@c-api.service[99208]: DEBUG cinder.api.openstack.wsgi [req-cb322756-7496-437f-965b-9e8271dabbc2 req-b60e4968-de5d-4f7a-aa59-70c56a177482 tempest-VolumesAdminNegativeTest-1816563424 tempest-VolumesAdminNegativeTest-1816563424-project] Calling method 'show' {{(pid=99208) _process_stack /opt/stack/cinder/cinder/api/openstack/wsgi.py:878}}
May 26 10:27:15.069254 np0000001406 devstack@c-api.service[99208]: INFO cinder.api.openstack.wsgi [req-cb322756-7496-437f-965b-9e8271dabbc2 req-b60e4968-de5d-4f7a-aa59-70c56a177482 tempest-VolumesAdminNegativeTest-1816563424 tempest-VolumesAdminNegativeTest-1816563424-project] https://10.4.3.43/volume/v3/volumes/b32cd944-2283-4434-a6fb-d6b1e2198915 returned with HTTP 404
May 26 10:27:15.069762 np0000001406 devstack@c-api.service[99208]: [pid: 99208|app: 0|req: 54/161] 10.4.3.43 () {68 vars in 1591 bytes} [Tue May 26 10:27:15 2026] GET /volume/v3/volumes/b32cd944-2283-4434-a6fb-d6b1e2198915 => generated 109 bytes in 12 msecs (HTTP/1.1 404) 7 headers in 292 bytes (1 switches on core 0)
May 26 10:27:15.083438 np0000001406 devstack@c-api.service[99207]: DEBUG cinder.api.middleware.request_id [None req-90b4ecd5-521b-47f4-a967-41dde9f8e646 None None] RequestId filter calling following filter/app {{(pid=99207) _context_setter /opt/stack/cinder/cinder/api/middleware/request_id.py:62}}
May 26 10:27:15.086571 np0000001406 devstack@c-api.service[99207]: INFO cinder.api.openstack.wsgi [None req-90b4ecd5-521b-47f4-a967-41dde9f8e646 tempest-VolumesAdminNegativeTest-1247074726 tempest-VolumesAdminNegativeTest-1247074726-project-member] DELETE https://10.4.3.43/volume/v3/volumes/2ed95ef3-616b-4015-95cf-02de9d82cb21
May 26 10:27:15.086879 np0000001406 devstack@c-api.service[99207]: DEBUG cinder.api.openstack.wsgi [None req-90b4ecd5-521b-47f4-a967-41dde9f8e646 tempest-VolumesAdminNegativeTest-1247074726 tempest-VolumesAdminNegativeTest-1247074726-project-member] Empty body provided in request {{(pid=99207) get_body /opt/stack/cinder/cinder/api/openstack/wsgi.py:725}}
May 26 10:27:15.087111 np0000001406 devstack@c-api.service[99207]: DEBUG cinder.api.openstack.wsgi [None req-90b4ecd5-521b-47f4-a967-41dde9f8e646 tempest-VolumesAdminNegativeTest-1247074726 tempest-VolumesAdminNegativeTest-1247074726-project-member] Calling method 'delete' {{(pid=99207) _process_stack /opt/stack/cinder/cinder/api/openstack/wsgi.py:878}}
May 26 10:27:15.087319 np0000001406 devstack@c-api.service[99207]: INFO cinder.api.v3.volumes [None req-90b4ecd5-521b-47f4-a967-41dde9f8e646 tempest-VolumesAdminNegativeTest-1247074726 tempest-VolumesAdminNegativeTest-1247074726-project-member] Delete volume with id: 2ed95ef3-616b-4015-95cf-02de9d82cb21
May 26 10:27:15.100799 np0000001406 devstack@c-api.service[99207]: /opt/stack/data/venv/lib/python3.12/site-packages/oslo_context/context.py:102: DeprecationWarning: Policy enforcement is depending on the value of is_admin. This key is deprecated. Please update your policy file to use the standard policy values.
May 26 10:27:15.100799 np0000001406 devstack@c-api.service[99207]: warnings.warn(
May 26 10:27:15.101479 np0000001406 devstack@c-api.service[99207]: INFO cinder.volume.api [None req-90b4ecd5-521b-47f4-a967-41dde9f8e646 tempest-VolumesAdminNegativeTest-1247074726 tempest-VolumesAdminNegativeTest-1247074726-project-member] Volume info retrieved successfully.
May 26 10:27:15.119949 np0000001406 devstack@c-api.service[99209]: DEBUG cinder.quota [None req-743626f9-8a2b-4a3f-93b9-352218ad1d11 tempest-TaggedBootDevicesTest_v242-1690068177 tempest-TaggedBootDevicesTest_v242-1690068177-project-member] Created reservations ['9e8df14f-2c91-4378-8df6-31b47ef07cbe', 'bc728b7e-c1da-4897-9185-68235c6e74bf', '0168bc93-d020-46d1-aaa9-c5d432cda7f4', '1ad507c5-930f-4329-8516-051decd570d2'] {{(pid=99209) reserve /opt/stack/cinder/cinder/quota.py:752}}
May 26 10:27:15.120959 np0000001406 devstack@c-api.service[99209]: DEBUG cinder.volume.api [None req-743626f9-8a2b-4a3f-93b9-352218ad1d11 tempest-TaggedBootDevicesTest_v242-1690068177 tempest-TaggedBootDevicesTest_v242-1690068177-project-member] Task 'cinder.volume.flows.api.create_volume.QuotaReserveTask;volume:create' (7c65ba6e-3f36-481f-a6fa-5d33fffe7346) transitioned into state 'SUCCESS' from state 'RUNNING' with result '{'reservations': ['9e8df14f-2c91-4378-8df6-31b47ef07cbe', 'bc728b7e-c1da-4897-9185-68235c6e74bf', '0168bc93-d020-46d1-aaa9-c5d432cda7f4', '1ad507c5-930f-4329-8516-051decd570d2']}' {{(pid=99209) _task_receiver /opt/stack/data/venv/lib/python3.12/site-packages/taskflow/listeners/logging.py:218}}
May 26 10:27:15.121847 np0000001406 devstack@c-api.service[99209]: DEBUG cinder.volume.api [None req-743626f9-8a2b-4a3f-93b9-352218ad1d11 tempest-TaggedBootDevicesTest_v242-1690068177 tempest-TaggedBootDevicesTest_v242-1690068177-project-member] Task 'cinder.volume.flows.api.create_volume.EntryCreateTask;volume:create' (009dc102-1b75-4bc7-80f3-f43189540bf6) transitioned into state 'RUNNING' from state 'PENDING' {{(pid=99209) _task_receiver /opt/stack/data/venv/lib/python3.12/site-packages/taskflow/listeners/logging.py:242}}
May 26 10:27:15.128581 np0000001406 devstack@c-api.service[99207]: INFO cinder.volume.api [None req-90b4ecd5-521b-47f4-a967-41dde9f8e646 tempest-VolumesAdminNegativeTest-1247074726 tempest-VolumesAdminNegativeTest-1247074726-project-member] Delete volume request issued successfully.
May 26 10:27:15.128794 np0000001406 devstack@c-api.service[99207]: INFO cinder.api.openstack.wsgi [None req-90b4ecd5-521b-47f4-a967-41dde9f8e646 tempest-VolumesAdminNegativeTest-1247074726 tempest-VolumesAdminNegativeTest-1247074726-project-member] https://10.4.3.43/volume/v3/volumes/2ed95ef3-616b-4015-95cf-02de9d82cb21 returned with HTTP 202
May 26 10:27:15.129485 np0000001406 devstack@c-api.service[99207]: [pid: 99207|app: 0|req: 55/162] 10.4.3.43 () {66 vars in 1344 bytes} [Tue May 26 10:27:15 2026] DELETE /volume/v3/volumes/2ed95ef3-616b-4015-95cf-02de9d82cb21 => generated 0 bytes in 47 msecs (HTTP/1.1 202) 6 headers in 233 bytes (2 switches on core 0)
May 26 10:27:15.138872 np0000001406 devstack@c-api.service[99209]: DEBUG cinder.volume.api [None req-743626f9-8a2b-4a3f-93b9-352218ad1d11 tempest-TaggedBootDevicesTest_v242-1690068177 tempest-TaggedBootDevicesTest_v242-1690068177-project-member] Task 'cinder.volume.flows.api.create_volume.EntryCreateTask;volume:create' (009dc102-1b75-4bc7-80f3-f43189540bf6) transitioned into state 'SUCCESS' from state 'RUNNING' with result '{'volume_id': '33b2e4c9-155c-4662-bfb9-a093646e0996', 'volume_properties': VolumeProperties(attach_status='detached',availability_zone='nova',cgsnapshot_id=None,consistencygroup_id=None,display_description=None,display_name='tempest-TaggedBootDevicesTest_v242-volume-694490396',encryption_key_id=None,group_id=None,group_type_id=,metadata={},multiattach=False,project_id='0bdbe152d9d84ae08162fe0a5ca0f16f',qos_specs=None,replication_status=,reservations=['9e8df14f-2c91-4378-8df6-31b47ef07cbe','bc728b7e-c1da-4897-9185-68235c6e74bf','0168bc93-d020-46d1-aaa9-c5d432cda7f4','1ad507c5-930f-4329-8516-051decd570d2'],size=1,snapshot_id=None,source_replicaid=,source_volid=None,status='creating',user_id='37c440fae6f7426d8893888767eca5dc',volume_type_id=a712ea90-bdd9-4c5e-aa71-5369ae212808), 'volume': Volume(_name_id=None,admin_metadata=,attach_status='detached',availability_zone='nova',bootable=False,cluster=,cluster_name=None,consistencygroup=,consistencygroup_id=None,created_at=2026-05-26T10:27:15Z,deleted=False,deleted_at=None,display_description=None,display_name='tempest-TaggedBootDevicesTest_v242-volume-694490396',ec2_id=None,encryption_key_id=None,glance_metadata=,group=,group_id=None,host=None,id=33b2e4c9-155c-4662-bfb9-a093646e0996,launched_at=None,metadata={},migration_status=None,multiattach=False,previous_status=None,project_id='0bdbe152d9d84ae08162fe0a5ca0f16f',provider_auth=None,provider_geometry=None,provider_id=None,provider_location=None,replication_driver_data=None,replication_extended_status=None,replication_status=None,scheduled_at=None,service_uuid=None,shared_targets=True,size=1,snapshot_id=None,snapshots=,source_volid=None,status='creating',terminated_at=None,updated_at=None,use_quota=True,user_id='37c440fae6f7426d8893888767eca5dc',volume_attachment=VolumeAttachmentList,volume_type=VolumeType(a712ea90-bdd9-4c5e-aa71-5369ae212808),volume_type_id=a712ea90-bdd9-4c5e-aa71-5369ae212808)}' {{(pid=99209) _task_receiver /opt/stack/data/venv/lib/python3.12/site-packages/taskflow/listeners/logging.py:218}}
May 26 10:27:15.139745 np0000001406 devstack@c-api.service[99209]: DEBUG cinder.volume.api [None req-743626f9-8a2b-4a3f-93b9-352218ad1d11 tempest-TaggedBootDevicesTest_v242-1690068177 tempest-TaggedBootDevicesTest_v242-1690068177-project-member] Task 'cinder.volume.flows.api.create_volume.QuotaCommitTask;volume:create' (d912d07c-4eca-47ce-ad55-f26a2cd07aaf) transitioned into state 'RUNNING' from state 'PENDING' {{(pid=99209) _task_receiver /opt/stack/data/venv/lib/python3.12/site-packages/taskflow/listeners/logging.py:242}}
May 26 10:27:15.142500 np0000001406 devstack@c-api.service[99208]: DEBUG cinder.api.middleware.request_id [None req-dd212e4d-5d00-43cc-8a11-99e1d0582870 None None] RequestId filter calling following filter/app {{(pid=99208) _context_setter /opt/stack/cinder/cinder/api/middleware/request_id.py:62}}
May 26 10:27:15.144281 np0000001406 devstack@c-api.service[99208]: INFO cinder.api.openstack.wsgi [None req-dd212e4d-5d00-43cc-8a11-99e1d0582870 tempest-VolumesAdminNegativeTest-1247074726 tempest-VolumesAdminNegativeTest-1247074726-project-member] GET https://10.4.3.43/volume/v3/volumes/2ed95ef3-616b-4015-95cf-02de9d82cb21
May 26 10:27:15.144466 np0000001406 devstack@c-api.service[99208]: DEBUG cinder.api.openstack.wsgi [None req-dd212e4d-5d00-43cc-8a11-99e1d0582870 tempest-VolumesAdminNegativeTest-1247074726 tempest-VolumesAdminNegativeTest-1247074726-project-member] Empty body provided in request {{(pid=99208) get_body /opt/stack/cinder/cinder/api/openstack/wsgi.py:725}}
May 26 10:27:15.144758 np0000001406 devstack@c-api.service[99208]: DEBUG cinder.api.openstack.wsgi [None req-dd212e4d-5d00-43cc-8a11-99e1d0582870 tempest-VolumesAdminNegativeTest-1247074726 tempest-VolumesAdminNegativeTest-1247074726-project-member] Calling method 'show' {{(pid=99208) _process_stack /opt/stack/cinder/cinder/api/openstack/wsgi.py:878}}
May 26 10:27:15.159458 np0000001406 devstack@c-api.service[99209]: DEBUG cinder.volume.api [None req-743626f9-8a2b-4a3f-93b9-352218ad1d11 tempest-TaggedBootDevicesTest_v242-1690068177 tempest-TaggedBootDevicesTest_v242-1690068177-project-member] Task 'cinder.volume.flows.api.create_volume.QuotaCommitTask;volume:create' (d912d07c-4eca-47ce-ad55-f26a2cd07aaf) transitioned into state 'SUCCESS' from state 'RUNNING' with result '{'volume_properties': VolumeProperties(attach_status='detached',availability_zone='nova',cgsnapshot_id=None,consistencygroup_id=None,display_description=None,display_name='tempest-TaggedBootDevicesTest_v242-volume-694490396',encryption_key_id=None,group_id=None,group_type_id=,metadata={},multiattach=False,project_id='0bdbe152d9d84ae08162fe0a5ca0f16f',qos_specs=None,replication_status=,reservations=['9e8df14f-2c91-4378-8df6-31b47ef07cbe','bc728b7e-c1da-4897-9185-68235c6e74bf','0168bc93-d020-46d1-aaa9-c5d432cda7f4','1ad507c5-930f-4329-8516-051decd570d2'],size=1,snapshot_id=None,source_replicaid=,source_volid=None,status='creating',user_id='37c440fae6f7426d8893888767eca5dc',volume_type_id=a712ea90-bdd9-4c5e-aa71-5369ae212808)}' {{(pid=99209) _task_receiver /opt/stack/data/venv/lib/python3.12/site-packages/taskflow/listeners/logging.py:218}}
May 26 10:27:15.160058 np0000001406 devstack@c-api.service[99209]: DEBUG cinder.volume.api [None req-743626f9-8a2b-4a3f-93b9-352218ad1d11 tempest-TaggedBootDevicesTest_v242-1690068177 tempest-TaggedBootDevicesTest_v242-1690068177-project-member] Task 'cinder.volume.flows.api.create_volume.VolumeCastTask;volume:create' (c3d77dc2-f135-462c-b917-1f9068c77bac) transitioned into state 'RUNNING' from state 'PENDING' {{(pid=99209) _task_receiver /opt/stack/data/venv/lib/python3.12/site-packages/taskflow/listeners/logging.py:242}}
May 26 10:27:15.160553 np0000001406 devstack@c-api.service[99208]: /opt/stack/data/venv/lib/python3.12/site-packages/oslo_context/context.py:102: DeprecationWarning: Policy enforcement is depending on the value of is_admin. This key is deprecated. Please update your policy file to use the standard policy values.
May 26 10:27:15.160553 np0000001406 devstack@c-api.service[99208]: warnings.warn(
May 26 10:27:15.166492 np0000001406 devstack@c-api.service[99208]: INFO cinder.volume.api [None req-dd212e4d-5d00-43cc-8a11-99e1d0582870 tempest-VolumesAdminNegativeTest-1247074726 tempest-VolumesAdminNegativeTest-1247074726-project-member] Volume info retrieved successfully.
May 26 10:27:15.170115 np0000001406 devstack@c-api.service[99209]: DEBUG cinder.volume.api [None req-743626f9-8a2b-4a3f-93b9-352218ad1d11 tempest-TaggedBootDevicesTest_v242-1690068177 tempest-TaggedBootDevicesTest_v242-1690068177-project-member] Task 'cinder.volume.flows.api.create_volume.VolumeCastTask;volume:create' (c3d77dc2-f135-462c-b917-1f9068c77bac) transitioned into state 'SUCCESS' from state 'RUNNING' with result 'None' {{(pid=99209) _task_receiver /opt/stack/data/venv/lib/python3.12/site-packages/taskflow/listeners/logging.py:218}}
May 26 10:27:15.170901 np0000001406 devstack@c-api.service[99209]: DEBUG cinder.volume.api [None req-743626f9-8a2b-4a3f-93b9-352218ad1d11 tempest-TaggedBootDevicesTest_v242-1690068177 tempest-TaggedBootDevicesTest_v242-1690068177-project-member] Flow 'volume_create_api' (49e8ef0f-851d-45ae-9b73-e07ba42b3308) transitioned into state 'SUCCESS' from state 'RUNNING' {{(pid=99209) _flow_receiver /opt/stack/data/venv/lib/python3.12/site-packages/taskflow/listeners/logging.py:160}}
May 26 10:27:15.171191 np0000001406 devstack@c-api.service[99209]: INFO cinder.volume.api [None req-743626f9-8a2b-4a3f-93b9-352218ad1d11 tempest-TaggedBootDevicesTest_v242-1690068177 tempest-TaggedBootDevicesTest_v242-1690068177-project-member] Create volume request issued successfully.
May 26 10:27:15.171878 np0000001406 devstack@c-api.service[99209]: INFO cinder.api.openstack.wsgi [None req-743626f9-8a2b-4a3f-93b9-352218ad1d11 tempest-TaggedBootDevicesTest_v242-1690068177 tempest-TaggedBootDevicesTest_v242-1690068177-project-member] https://10.4.3.43/volume/v3/volumes returned with HTTP 202
May 26 10:27:15.172255 np0000001406 devstack@c-api.service[99209]: [pid: 99209|app: 0|req: 54/163] 10.4.3.43 () {68 vars in 1252 bytes} [Tue May 26 10:27:14 2026] POST /volume/v3/volumes => generated 754 bytes in 611 msecs (HTTP/1.1 202) 7 headers in 291 bytes (1 switches on core 0)
May 26 10:27:15.173337 np0000001406 devstack@c-api.service[99208]: INFO cinder.api.openstack.wsgi [None req-dd212e4d-5d00-43cc-8a11-99e1d0582870 tempest-VolumesAdminNegativeTest-1247074726 tempest-VolumesAdminNegativeTest-1247074726-project-member] https://10.4.3.43/volume/v3/volumes/2ed95ef3-616b-4015-95cf-02de9d82cb21 returned with HTTP 200
May 26 10:27:15.173886 np0000001406 devstack@c-api.service[99208]: [pid: 99208|app: 0|req: 55/164] 10.4.3.43 () {66 vars in 1341 bytes} [Tue May 26 10:27:15 2026] GET /volume/v3/volumes/2ed95ef3-616b-4015-95cf-02de9d82cb21 => generated 845 bytes in 32 msecs (HTTP/1.1 200) 7 headers in 285 bytes (1 switches on core 0)
May 26 10:27:15.189337 np0000001406 devstack@c-api.service[99207]: DEBUG cinder.api.middleware.request_id [None req-168e2490-0b42-4986-b7b3-145fbd033157 None None] RequestId filter calling following filter/app {{(pid=99207) _context_setter /opt/stack/cinder/cinder/api/middleware/request_id.py:62}}
May 26 10:27:15.191084 np0000001406 devstack@c-api.service[99207]: INFO cinder.api.openstack.wsgi [None req-168e2490-0b42-4986-b7b3-145fbd033157 tempest-TaggedBootDevicesTest_v242-1690068177 tempest-TaggedBootDevicesTest_v242-1690068177-project-member] GET https://10.4.3.43/volume/v3/volumes/33b2e4c9-155c-4662-bfb9-a093646e0996
May 26 10:27:15.191350 np0000001406 devstack@c-api.service[99207]: DEBUG cinder.api.openstack.wsgi [None req-168e2490-0b42-4986-b7b3-145fbd033157 tempest-TaggedBootDevicesTest_v242-1690068177 tempest-TaggedBootDevicesTest_v242-1690068177-project-member] Empty body provided in request {{(pid=99207) get_body /opt/stack/cinder/cinder/api/openstack/wsgi.py:725}}
May 26 10:27:15.191571 np0000001406 devstack@c-api.service[99207]: DEBUG cinder.api.openstack.wsgi [None req-168e2490-0b42-4986-b7b3-145fbd033157 tempest-TaggedBootDevicesTest_v242-1690068177 tempest-TaggedBootDevicesTest_v242-1690068177-project-member] Calling method 'show' {{(pid=99207) _process_stack /opt/stack/cinder/cinder/api/openstack/wsgi.py:878}}
May 26 10:27:15.199894 np0000001406 devstack@c-api.service[99207]: /opt/stack/data/venv/lib/python3.12/site-packages/oslo_context/context.py:102: DeprecationWarning: Policy enforcement is depending on the value of is_admin. This key is deprecated. Please update your policy file to use the standard policy values.
May 26 10:27:15.199894 np0000001406 devstack@c-api.service[99207]: warnings.warn(
May 26 10:27:15.205346 np0000001406 devstack@c-api.service[99207]: INFO cinder.volume.api [None req-168e2490-0b42-4986-b7b3-145fbd033157 tempest-TaggedBootDevicesTest_v242-1690068177 tempest-TaggedBootDevicesTest_v242-1690068177-project-member] Volume info retrieved successfully.
May 26 10:27:15.211326 np0000001406 devstack@c-api.service[99207]: INFO cinder.api.openstack.wsgi [None req-168e2490-0b42-4986-b7b3-145fbd033157 tempest-TaggedBootDevicesTest_v242-1690068177 tempest-TaggedBootDevicesTest_v242-1690068177-project-member] https://10.4.3.43/volume/v3/volumes/33b2e4c9-155c-4662-bfb9-a093646e0996 returned with HTTP 200
May 26 10:27:15.211902 np0000001406 devstack@c-api.service[99207]: [pid: 99207|app: 0|req: 56/165] 10.4.3.43 () {66 vars in 1341 bytes} [Tue May 26 10:27:15 2026] GET /volume/v3/volumes/33b2e4c9-155c-4662-bfb9-a093646e0996 => generated 822 bytes in 23 msecs (HTTP/1.1 200) 7 headers in 285 bytes (1 switches on core 0)
May 26 10:27:16.050700 np0000001406 devstack@c-api.service[99209]: DEBUG cinder.api.middleware.request_id [None req-a945dd00-efd8-4b36-8919-5416530eafb5 None None] RequestId filter calling following filter/app {{(pid=99209) _context_setter /opt/stack/cinder/cinder/api/middleware/request_id.py:62}}
