May 26 10:23:24.755149 np0000001406 devstack@neutron-api.service[89981]: DEBUG neutron.pecan_wsgi.hooks.quota_enforcement [None req-28e5f5f1-268f-4788-9015-013c9dbf8e63 admin admin] Made reservation on behalf of 638452781878439e8dde1317cbda6803 for: {'subnet': 1} {{(pid=89981) before /opt/stack/neutron/neutron/pecan_wsgi/hooks/quota_enforcement.py:66}}
May 26 10:23:24.757949 np0000001406 devstack@neutron-api.service[89981]: DEBUG neutron_lib.callbacks.manager [None req-28e5f5f1-268f-4788-9015-013c9dbf8e63 admin admin] Publish callbacks [] for subnet (None), before_create {{(pid=89981) _notify_loop /opt/stack/data/venv/lib/python3.12/site-packages/neutron_lib/callbacks/manager.py:184}}
May 26 10:23:24.874516 np0000001406 devstack@neutron-api.service[89981]: DEBUG neutron.db.ovn_revision_numbers_db [None req-28e5f5f1-268f-4788-9015-013c9dbf8e63 admin admin] create_initial_revision uuid=f33ea2eb-a9dd-4f0a-82e9-bbf9d04a1cff, type=subnets, rev=-1 {{(pid=89981) create_initial_revision /opt/stack/neutron/neutron/db/ovn_revision_numbers_db.py:98}}
May 26 10:23:24.936734 np0000001406 devstack@neutron-api.service[89981]: DEBUG neutron.objects.ports [None req-28e5f5f1-268f-4788-9015-013c9dbf8e63 admin admin] Time-cost: Fetching 0 ports in 0 security groups {{(pid=89981) get_objects /opt/stack/neutron/neutron/objects/ports.py:499}}
May 26 10:23:24.937024 np0000001406 devstack@neutron-api.service[89981]: DEBUG neutron_lib.callbacks.manager [None req-28e5f5f1-268f-4788-9015-013c9dbf8e63 admin admin] Publish callbacks ['neutron.plugins.ml2.ovo_rpc._ObjectChangeHandler.handle_event-6764044'] for subnet (f33ea2eb-a9dd-4f0a-82e9-bbf9d04a1cff), after_create {{(pid=89981) _notify_loop /opt/stack/data/venv/lib/python3.12/site-packages/neutron_lib/callbacks/manager.py:184}}
May 26 10:23:24.948092 np0000001406 devstack@neutron-api.service[89981]: DEBUG neutron.api.rpc.handlers.resources_rpc [None req-28e5f5f1-268f-4788-9015-013c9dbf8e63 admin admin] Pushing event updated for resources: {'Subnet': ['ID=f33ea2eb-a9dd-4f0a-82e9-bbf9d04a1cff,revision_number=0']} {{(pid=89981) push /opt/stack/neutron/neutron/api/rpc/handlers/resources_rpc.py:237}}
May 26 10:23:24.953679 np0000001406 devstack@neutron-api.service[89981]: DEBUG neutron.api.rpc.callbacks.version_manager [None req-28e5f5f1-268f-4788-9015-013c9dbf8e63 admin admin] Tracked resource versions report:
May 26 10:23:24.953679 np0000001406 devstack@neutron-api.service[89981]: pushed versions:
May 26 10:23:24.953679 np0000001406 devstack@neutron-api.service[89981]: { 'AddressGroup': {'1.2'},
May 26 10:23:24.953679 np0000001406 devstack@neutron-api.service[89981]: 'Agent': {'1.1'},
May 26 10:23:24.953679 np0000001406 devstack@neutron-api.service[89981]: 'ConntrackHelper': {'1.0'},
May 26 10:23:24.953679 np0000001406 devstack@neutron-api.service[89981]: 'LocalIPAssociation': {'1.0'},
May 26 10:23:24.953679 np0000001406 devstack@neutron-api.service[89981]: 'Log': {'1.0'},
May 26 10:23:24.953679 np0000001406 devstack@neutron-api.service[89981]: 'NDPProxy': {'1.0'},
May 26 10:23:24.953679 np0000001406 devstack@neutron-api.service[89981]: 'Network': {'1.2'},
May 26 10:23:24.953679 np0000001406 devstack@neutron-api.service[89981]: 'Port': {'1.10'},
May 26 10:23:24.953679 np0000001406 devstack@neutron-api.service[89981]: 'PortForwarding': {'1.3'},
May 26 10:23:24.953679 np0000001406 devstack@neutron-api.service[89981]: 'QosPolicy': {'1.10'},
May 26 10:23:24.953679 np0000001406 devstack@neutron-api.service[89981]: 'SecurityGroup': {'1.6'},
May 26 10:23:24.953679 np0000001406 devstack@neutron-api.service[89981]: 'SecurityGroupRule': {'1.3'},
May 26 10:23:24.953679 np0000001406 devstack@neutron-api.service[89981]: 'SubPort': {'1.0'},
May 26 10:23:24.953679 np0000001406 devstack@neutron-api.service[89981]: 'Subnet': {'1.2'},
May 26 10:23:24.953679 np0000001406 devstack@neutron-api.service[89981]: 'Trunk': {'1.1'}}
May 26 10:23:24.953679 np0000001406 devstack@neutron-api.service[89981]: consumer versions:
May 26 10:23:24.953679 np0000001406 devstack@neutron-api.service[89981]: { OVN Controller Gateway agent@np0000001406: {},
May 26 10:23:24.953679 np0000001406 devstack@neutron-api.service[89981]: OVN Neutron agent@np0000001406: {}}
May 26 10:23:24.953679 np0000001406 devstack@neutron-api.service[89981]: {{(pid=89981) report /opt/stack/neutron/neutron/api/rpc/callbacks/version_manager.py:183}}
May 26 10:23:24.997968 np0000001406 devstack@neutron-api.service[89981]: DEBUG neutron.plugins.ml2.plugin [None req-4904a549-4697-42f4-9177-cd76edf48f57 None None] Current status of the port 0eee649e-fc2a-4a44-a74c-f84d9300b4e9 is: ACTIVE; New status is: ACTIVE {{(pid=89981) _update_individual_port_db_status /opt/stack/neutron/neutron/plugins/ml2/plugin.py:2469}}
May 26 10:23:25.008043 np0000001406 devstack@neutron-api.service[89981]: INFO neutron.db.ovn_revision_numbers_db [None req-28e5f5f1-268f-4788-9015-013c9dbf8e63 admin admin] Successfully bumped revision number for resource f33ea2eb-a9dd-4f0a-82e9-bbf9d04a1cff (type: subnets) to 0
May 26 10:23:25.009827 np0000001406 devstack@neutron-api.service[89981]: DEBUG neutron.pecan_wsgi.hooks.policy_enforcement [None req-28e5f5f1-268f-4788-9015-013c9dbf8e63 admin admin] Attributes excluded by policy engine: ['standard_attr_id', 'shared', 'network'] {{(pid=89981) _exclude_attributes_by_policy /opt/stack/neutron/neutron/pecan_wsgi/hooks/policy_enforcement.py:256}}
May 26 10:23:25.010278 np0000001406 devstack@neutron-api.service[89981]: DEBUG neutron_lib.callbacks.manager [None req-28e5f5f1-268f-4788-9015-013c9dbf8e63 admin admin] Publish callbacks [] for subnet (None), before_response {{(pid=89981) _notify_loop /opt/stack/data/venv/lib/python3.12/site-packages/neutron_lib/callbacks/manager.py:184}}
May 26 10:23:25.025109 np0000001406 devstack@neutron-api.service[89981]: [pid: 89981|app: 0|req: 7/21] 10.4.3.43 () {68 vars in 1317 bytes} [Tue May 26 10:23:24 2026] POST /networking/v2.0/subnets => generated 640 bytes in 287 msecs (HTTP/1.1 201) 4 headers in 162 bytes (1 switches on core 0)
May 26 10:23:25.288178 np0000001406 devstack@neutron-api.service[89980]: DEBUG neutron.api.wsgi [None req-851911c0-ee62-4cc4-878b-9797db8a6095 admin admin] Missing Content-Type {{(pid=89980) get_content_type /opt/stack/neutron/neutron/api/wsgi.py:80}}
May 26 10:23:25.326526 np0000001406 devstack@neutron-api.service[89980]: [pid: 89980|app: 0|req: 7/22] 10.4.3.43 () {64 vars in 1374 bytes} [Tue May 26 10:23:25 2026] GET /networking/v2.0/routers/586c0bc0-d456-4efc-ad0d-27b6ea6c8dc4 => generated 599 bytes in 41 msecs (HTTP/1.1 200) 4 headers in 157 bytes (1 switches on core 0)
May 26 10:23:25.363015 np0000001406 devstack@neutron-api.service[89982]: DEBUG neutron.pecan_wsgi.hooks.policy_enforcement [None req-494bdebf-8195-4761-8bab-d3aa1ef74dab admin admin] Attributes excluded by policy engine: ['standard_attr_id'] {{(pid=89982) _exclude_attributes_by_policy /opt/stack/neutron/neutron/pecan_wsgi/hooks/policy_enforcement.py:256}}
May 26 10:23:25.363693 np0000001406 devstack@neutron-api.service[89982]: [pid: 89982|app: 0|req: 9/23] 10.4.3.43 () {64 vars in 1377 bytes} [Tue May 26 10:23:25 2026] GET /networking/v2.0/networks/d1ce1215-522a-444a-80e9-b3cdd84bf2f9 => generated 717 bytes in 29 msecs (HTTP/1.1 200) 4 headers in 157 bytes (1 switches on core 0)
May 26 10:23:25.373527 np0000001406 devstack@neutron-api.service[89981]: DEBUG neutron.api.wsgi [None req-95bed7f1-1276-41e5-b0a7-5ffabb911307 admin admin] Missing Content-Type {{(pid=89981) get_content_type /opt/stack/neutron/neutron/api/wsgi.py:80}}
May 26 10:23:25.373894 np0000001406 devstack@neutron-api.service[89981]: DEBUG neutron.api.wsgi [None req-95bed7f1-1276-41e5-b0a7-5ffabb911307 admin admin] https://10.4.3.43/networking/v2.0/extensions/external-gateway-multihoming returned with HTTP 200 {{(pid=89981) __call__ /opt/stack/neutron/neutron/api/wsgi.py:540}}
May 26 10:23:25.374038 np0000001406 devstack@neutron-api.service[89981]: [pid: 89981|app: 0|req: 8/24] 10.4.3.43 () {64 vars in 1359 bytes} [Tue May 26 10:23:25 2026] GET /networking/v2.0/extensions/external-gateway-multihoming => generated 227 bytes in 2 msecs (HTTP/1.1 200) 4 headers in 157 bytes (1 switches on core 0)
May 26 10:23:25.413803 np0000001406 devstack@neutron-api.service[89982]: DEBUG futurist.periodics [-] Submitting periodic callback 'neutron.plugins.ml2.drivers.ovn.mech_driver.ovsdb.maintenance.HashRingHealthCheckPeriodics.touch_hash_ring_node' {{(pid=89982) _process_scheduled /opt/stack/data/venv/lib/python3.12/site-packages/futurist/periodics.py:784}}
May 26 10:23:25.414350 np0000001406 devstack@neutron-api.service[89982]: DEBUG neutron.plugins.ml2.drivers.ovn.mech_driver.ovsdb.maintenance [-] Touching Hash Ring node "98f91c7c290a590f9e145b9656a4243b" from periodic health check thread {{(pid=89982) touch_hash_ring_node /opt/stack/neutron/neutron/plugins/ml2/drivers/ovn/mech_driver/ovsdb/maintenance.py:1466}}
May 26 10:23:25.531068 np0000001406 devstack@neutron-api.service[89980]: DEBUG neutron_lib.callbacks.manager [None req-98cea974-5f18-41c5-af48-5d4ff82d9b06 admin admin] Publish callbacks [] for router_gateway (586c0bc0-d456-4efc-ad0d-27b6ea6c8dc4), precommit_update {{(pid=89980) _notify_loop /opt/stack/data/venv/lib/python3.12/site-packages/neutron_lib/callbacks/manager.py:184}}
May 26 10:23:25.593506 np0000001406 devstack@neutron-api.service[89980]: DEBUG neutron_lib.callbacks.manager [None req-98cea974-5f18-41c5-af48-5d4ff82d9b06 admin admin] Publish callbacks [] for router_gateway (586c0bc0-d456-4efc-ad0d-27b6ea6c8dc4), before_create {{(pid=89980) _notify_loop /opt/stack/data/venv/lib/python3.12/site-packages/neutron_lib/callbacks/manager.py:184}}
May 26 10:23:25.612492 np0000001406 devstack@neutron-api.service[89980]: DEBUG neutron_lib.callbacks.manager [None req-98cea974-5f18-41c5-af48-5d4ff82d9b06 admin admin] Publish callbacks ['neutron.plugins.ml2.plugin.SecurityGroupDbMixin._ensure_default_security_group_handler-3645209'] for port (None), before_create {{(pid=89980) _notify_loop /opt/stack/data/venv/lib/python3.12/site-packages/neutron_lib/callbacks/manager.py:184}}
May 26 10:23:25.652463 np0000001406 devstack@neutron-api.service[89980]: DEBUG neutron.db.db_base_plugin_common [None req-98cea974-5f18-41c5-af48-5d4ff82d9b06 admin admin] Allocated IP 172.24.5.111 (d1ce1215-522a-444a-80e9-b3cdd84bf2f9/f33ea2eb-a9dd-4f0a-82e9-bbf9d04a1cff/d3d470de-13fa-4284-ac18-16eef13131e3) {{(pid=89980) _store_ip_allocation /opt/stack/neutron/neutron/db/db_base_plugin_common.py:131}}
May 26 10:23:25.708294 np0000001406 devstack@neutron-api.service[89980]: DEBUG neutron_lib.callbacks.manager [None req-98cea974-5f18-41c5-af48-5d4ff82d9b06 admin admin] Publish callbacks ['neutron.plugins.ml2.drivers.ovn.mech_driver.mech_driver.OVNMechanismDriver._validate_allowed_address_pairs-195137'] for allowed_address_pair (d3d470de-13fa-4284-ac18-16eef13131e3), before_create {{(pid=89980) _notify_loop /opt/stack/data/venv/lib/python3.12/site-packages/neutron_lib/callbacks/manager.py:184}}
May 26 10:23:25.708776 np0000001406 devstack@neutron-api.service[89980]: DEBUG neutron_lib.callbacks.manager [None req-98cea974-5f18-41c5-af48-5d4ff82d9b06 admin admin] Publish callbacks [] for port (d3d470de-13fa-4284-ac18-16eef13131e3), precommit_create {{(pid=89980) _notify_loop /opt/stack/data/venv/lib/python3.12/site-packages/neutron_lib/callbacks/manager.py:184}}
May 26 10:23:25.708940 np0000001406 devstack@neutron-api.service[89980]: DEBUG neutron.plugins.ml2.drivers.ovn.mech_driver.mech_driver [None req-98cea974-5f18-41c5-af48-5d4ff82d9b06 admin admin] No provisioning block for port d3d470de-13fa-4284-ac18-16eef13131e3 since it does not have a host {{(pid=89980) _is_port_provisioning_required /opt/stack/neutron/neutron/plugins/ml2/drivers/ovn/mech_driver/mech_driver.py:894}}
May 26 10:23:25.709059 np0000001406 devstack@neutron-api.service[89980]: DEBUG neutron.db.ovn_revision_numbers_db [None req-98cea974-5f18-41c5-af48-5d4ff82d9b06 admin admin] create_initial_revision uuid=d3d470de-13fa-4284-ac18-16eef13131e3, type=ports, rev=-1 {{(pid=89980) create_initial_revision /opt/stack/neutron/neutron/db/ovn_revision_numbers_db.py:98}}
May 26 10:23:25.765313 np0000001406 devstack@neutron-api.service[89980]: DEBUG neutron.db.ovn_revision_numbers_db [None req-98cea974-5f18-41c5-af48-5d4ff82d9b06 admin admin] create_initial_revision uuid=d3d470de-13fa-4284-ac18-16eef13131e3, type=router_ports, rev=-1 {{(pid=89980) create_initial_revision /opt/stack/neutron/neutron/db/ovn_revision_numbers_db.py:98}}
May 26 10:23:25.786719 np0000001406 devstack@neutron-api.service[89980]: DEBUG neutron_lib.callbacks.manager [None req-98cea974-5f18-41c5-af48-5d4ff82d9b06 admin admin] Publish callbacks ['neutron.plugins.ml2.ovo_rpc._ObjectChangeHandler.handle_event-6763018'] for port (d3d470de-13fa-4284-ac18-16eef13131e3), after_create {{(pid=89980) _notify_loop /opt/stack/data/venv/lib/python3.12/site-packages/neutron_lib/callbacks/manager.py:184}}
May 26 10:23:25.812851 np0000001406 devstack@neutron-api.service[89980]: DEBUG neutron.api.rpc.handlers.resources_rpc [None req-98cea974-5f18-41c5-af48-5d4ff82d9b06 admin admin] Pushing event updated for resources: {'Port': ['ID=d3d470de-13fa-4284-ac18-16eef13131e3,revision_number=1']} {{(pid=89980) push /opt/stack/neutron/neutron/api/rpc/handlers/resources_rpc.py:237}}
May 26 10:23:25.837221 np0000001406 devstack@neutron-api.service[89980]: DEBUG ovsdbapp.backend.ovs_idl.transaction [-] Running txn n=1 command(idx=0): AddLSwitchPortCommand(_result=None, lport=d3d470de-13fa-4284-ac18-16eef13131e3, lswitch=neutron-d1ce1215-522a-444a-80e9-b3cdd84bf2f9, may_exist=True, network_uuid=d1ce1215-522a-444a-80e9-b3cdd84bf2f9, columns={'addresses': ['unknown'], 'external_ids': {'neutron:port_name': '', 'neutron:device_id': '586c0bc0-d456-4efc-ad0d-27b6ea6c8dc4', 'neutron:project_id': '', 'neutron:cidrs': '172.24.5.111/24', 'neutron:device_owner': 'network:router_gateway', 'neutron:subnet_pool_addr_scope4': '', 'neutron:subnet_pool_addr_scope6': '', 'neutron:network_name': 'neutron-d1ce1215-522a-444a-80e9-b3cdd84bf2f9', 'neutron:security_group_ids': '', 'neutron:revision_number': '1', 'neutron:vnic_type': 'normal', 'neutron:port_capabilities': '', 'neutron:mtu': ''}, 'parent_name': [], 'tag': [], 'enabled': True, 'options': {}, 'type': '', 'port_security': [], 'dhcpv4_options': [], 'dhcpv6_options': []}) {{(pid=89980) do_commit /opt/stack/data/venv/lib/python3.12/site-packages/ovsdbapp/backend/ovs_idl/transaction.py:89}}
May 26 10:23:25.837811 np0000001406 devstack@neutron-api.service[89980]: DEBUG ovsdbapp.backend.ovs_idl.transaction [-] Running txn n=1 command(idx=1): QoSDelCommand(_result=None, switch=neutron-d1ce1215-522a-444a-80e9-b3cdd84bf2f9, conditions=[('direction', '=', 'to-lport'), ('priority', '=', 2002), ('match', '=', 'outport == "d3d470de-13fa-4284-ac18-16eef13131e3"')], if_exists=True) {{(pid=89980) do_commit /opt/stack/data/venv/lib/python3.12/site-packages/ovsdbapp/backend/ovs_idl/transaction.py:89}}
May 26 10:23:25.838067 np0000001406 devstack@neutron-api.service[89980]: DEBUG ovsdbapp.backend.ovs_idl.transaction [-] Running txn n=1 command(idx=2): QoSDelCommand(_result=None, switch=neutron-d1ce1215-522a-444a-80e9-b3cdd84bf2f9, conditions=[('direction', '=', 'from-lport'), ('priority', '=', 2002), ('match', '=', 'inport == "d3d470de-13fa-4284-ac18-16eef13131e3"')], if_exists=True) {{(pid=89980) do_commit /opt/stack/data/venv/lib/python3.12/site-packages/ovsdbapp/backend/ovs_idl/transaction.py:89}}
May 26 10:23:25.838318 np0000001406 devstack@neutron-api.service[89980]: DEBUG ovsdbapp.backend.ovs_idl.transaction [-] Running txn n=1 command(idx=3): UpdateLSwitchPortQosOptionsCommand(_result=None, lport=AddLSwitchPortCommand(_result=d726858d-ce38-4b35-a02b-6f85190564de, lport=d3d470de-13fa-4284-ac18-16eef13131e3, lswitch=neutron-d1ce1215-522a-444a-80e9-b3cdd84bf2f9, may_exist=True, network_uuid=d1ce1215-522a-444a-80e9-b3cdd84bf2f9, columns={'addresses': ['unknown'], 'external_ids': {'neutron:port_name': '', 'neutron:device_id': '586c0bc0-d456-4efc-ad0d-27b6ea6c8dc4', 'neutron:project_id': '', 'neutron:cidrs': '172.24.5.111/24', 'neutron:device_owner': 'network:router_gateway', 'neutron:subnet_pool_addr_scope4': '', 'neutron:subnet_pool_addr_scope6': '', 'neutron:network_name': 'neutron-d1ce1215-522a-444a-80e9-b3cdd84bf2f9', 'neutron:security_group_ids': '', 'neutron:revision_number': '1', 'neutron:vnic_type': 'normal', 'neutron:port_capabilities': '', 'neutron:mtu': ''}, 'parent_name': [], 'enabled': True, 'options': {}, 'type': '', 'port_security': []}), if_exists=True, qos={'qos_max_rate': None, 'qos_burst': None, 'qos_min_rate': None}) {{(pid=89980) do_commit /opt/stack/data/venv/lib/python3.12/site-packages/ovsdbapp/backend/ovs_idl/transaction.py:89}}
May 26 10:23:25.841794 np0000001406 devstack@neutron-api.service[89980]: DEBUG neutron.plugins.ml2.drivers.ovn.mech_driver.ovsdb.ovsdb_monitor [-] Hash Ring: Node 9736cb7df7f35bbf926d328efeed217b (host: np0000001406) handling event "update" for row d1ce1215-522a-444a-80e9-b3cdd84bf2f9 (table: Logical_Switch) {{(pid=89980) notify /opt/stack/neutron/neutron/plugins/ml2/drivers/ovn/mech_driver/ovsdb/ovsdb_monitor.py:986}}
May 26 10:23:25.841912 np0000001406 devstack@neutron-api.service[89982]: DEBUG neutron.plugins.ml2.drivers.ovn.mech_driver.ovsdb.ovsdb_monitor [None req-9eb6e159-c698-40ea-81ad-d84b94c8fd8c None None] Touching Hash Ring node "98f91c7c290a590f9e145b9656a4243b" from IDL notify handler {{(pid=89982) notify /opt/stack/neutron/neutron/plugins/ml2/drivers/ovn/mech_driver/ovsdb/ovsdb_monitor.py:978}}
May 26 10:23:25.842194 np0000001406 devstack@neutron-api.service[89981]: DEBUG neutron.plugins.ml2.drivers.ovn.mech_driver.ovsdb.ovsdb_monitor [None req-fe8189d5-6c86-4008-bf03-92f11e0c8f84 None None] Hash Ring: Node e7a9e33e98c95d599817a135d1222d1f (host: np0000001406) handling event "create" for row 0ac3ed7c-92d4-4df9-8c8c-b68fa3743f30 (table: Logical_Switch_Port) {{(pid=89981) notify /opt/stack/neutron/neutron/plugins/ml2/drivers/ovn/mech_driver/ovsdb/ovsdb_monitor.py:986}}
May 26 10:23:25.843612 np0000001406 devstack@neutron-api.service[89981]: DEBUG ovsdbapp.backend.ovs_idl.event [None req-fe8189d5-6c86-4008-bf03-92f11e0c8f84 None None] Matched CREATE: LogicalSwitchPortCreateEvent(events=('create',), table='Logical_Switch_Port', conditions=[], old_conditions=None), priority=20 to row=Logical_Switch_Port(uuid=0ac3ed7c-92d4-4df9-8c8c-b68fa3743f30, addresses=['unknown'], dhcpv4_options=[], dhcpv6_options=[], dynamic_addresses=[], enabled=True, external_ids={'neutron:cidrs': '172.24.5.111/24', 'neutron:device_id': '586c0bc0-d456-4efc-ad0d-27b6ea6c8dc4', 'neutron:device_owner': 'network:router_gateway', 'neutron:mtu': '', 'neutron:network_name': 'neutron-d1ce1215-522a-444a-80e9-b3cdd84bf2f9', 'neutron:port_capabilities': '', 'neutron:port_name': '', 'neutron:project_id': '', 'neutron:revision_number': '1', 'neutron:security_group_ids': '', 'neutron:subnet_pool_addr_scope4': '', 'neutron:subnet_pool_addr_scope6': '', 'neutron:vnic_type': 'normal'}, ha_chassis_group=[], mirror_rules=[], name='d3d470de-13fa-4284-ac18-16eef13131e3', options={}, parent_name=[], port_security=[], tag=[], tag_request=[], type='', up=[]) old= {{(pid=89981) matches /opt/stack/data/venv/lib/python3.12/site-packages/ovsdbapp/backend/ovs_idl/event.py:55}}
May 26 10:23:25.844461 np0000001406 devstack@neutron-api.service[89981]: DEBUG neutron.plugins.ml2.drivers.ovn.mech_driver.ovsdb.ovsdb_monitor [None req-fe8189d5-6c86-4008-bf03-92f11e0c8f84 None None] Hash Ring: Node e7a9e33e98c95d599817a135d1222d1f (host: np0000001406) handling event "update" for row 0ac3ed7c-92d4-4df9-8c8c-b68fa3743f30 (table: Logical_Switch_Port) {{(pid=89981) notify /opt/stack/neutron/neutron/plugins/ml2/drivers/ovn/mech_driver/ovsdb/ovsdb_monitor.py:986}}
May 26 10:23:25.846119 np0000001406 devstack@neutron-api.service[89982]: DEBUG neutron.plugins.ml2.drivers.ovn.mech_driver.ovsdb.ovsdb_monitor [None req-87657795-1499-46ca-81fa-15241f0af389 None None] Touching Hash Ring node "98f91c7c290a590f9e145b9656a4243b" from IDL notify handler {{(pid=89982) notify /opt/stack/neutron/neutron/plugins/ml2/drivers/ovn/mech_driver/ovsdb/ovsdb_monitor.py:978}}
May 26 10:23:25.851135 np0000001406 devstack@neutron-api.service[89982]: DEBUG neutron.plugins.ml2.drivers.ovn.mech_driver.ovsdb.ovsdb_monitor [None req-9eb6e159-c698-40ea-81ad-d84b94c8fd8c None None] Hash Ring: Node 98f91c7c290a590f9e145b9656a4243b (host: np0000001406) handling event "update" for row d1ce1215-522a-444a-80e9-b3cdd84bf2f9 (table: Logical_Switch) {{(pid=89982) notify /opt/stack/neutron/neutron/plugins/ml2/drivers/ovn/mech_driver/ovsdb/ovsdb_monitor.py:986}}
May 26 10:23:25.851911 np0000001406 devstack@neutron-api.service[89982]: DEBUG neutron.plugins.ml2.drivers.ovn.mech_driver.ovsdb.ovsdb_monitor [None req-87657795-1499-46ca-81fa-15241f0af389 None None] Hash Ring: Node 98f91c7c290a590f9e145b9656a4243b (host: np0000001406) handling event "create" for row ce6e6516-37d8-4512-acff-cc09a31e4d76 (table: Port_Binding) {{(pid=89982) notify /opt/stack/neutron/neutron/plugins/ml2/drivers/ovn/mech_driver/ovsdb/ovsdb_monitor.py:986}}
May 26 10:23:25.853022 np0000001406 devstack@neutron-api.service[89982]: DEBUG neutron.plugins.ml2.drivers.ovn.mech_driver.ovsdb.ovsdb_monitor [None req-9eb6e159-c698-40ea-81ad-d84b94c8fd8c None None] Touching Hash Ring node "98f91c7c290a590f9e145b9656a4243b" from IDL notify handler {{(pid=89982) notify /opt/stack/neutron/neutron/plugins/ml2/drivers/ovn/mech_driver/ovsdb/ovsdb_monitor.py:978}}
May 26 10:23:25.858231 np0000001406 devstack@neutron-api.service[89982]: DEBUG neutron.plugins.ml2.drivers.ovn.mech_driver.ovsdb.ovsdb_monitor [None req-9eb6e159-c698-40ea-81ad-d84b94c8fd8c None None] Hash Ring: Node 98f91c7c290a590f9e145b9656a4243b (host: np0000001406) handling event "create" for row 0ac3ed7c-92d4-4df9-8c8c-b68fa3743f30 (table: Logical_Switch_Port) {{(pid=89982) notify /opt/stack/neutron/neutron/plugins/ml2/drivers/ovn/mech_driver/ovsdb/ovsdb_monitor.py:986}}
May 26 10:23:25.858231 np0000001406 devstack@neutron-api.service[89982]: DEBUG ovsdbapp.backend.ovs_idl.event [None req-9eb6e159-c698-40ea-81ad-d84b94c8fd8c None None] Matched CREATE: LogicalSwitchPortCreateEvent(events=('create',), table='Logical_Switch_Port', conditions=[], old_conditions=None), priority=20 to row=Logical_Switch_Port(uuid=0ac3ed7c-92d4-4df9-8c8c-b68fa3743f30, addresses=['unknown'], dhcpv4_options=[], dhcpv6_options=[], dynamic_addresses=[], enabled=True, external_ids={'neutron:cidrs': '172.24.5.111/24', 'neutron:device_id': '586c0bc0-d456-4efc-ad0d-27b6ea6c8dc4', 'neutron:device_owner': 'network:router_gateway', 'neutron:mtu': '', 'neutron:network_name': 'neutron-d1ce1215-522a-444a-80e9-b3cdd84bf2f9', 'neutron:port_capabilities': '', 'neutron:port_name': '', 'neutron:project_id': '', 'neutron:revision_number': '1', 'neutron:security_group_ids': '', 'neutron:subnet_pool_addr_scope4': '', 'neutron:subnet_pool_addr_scope6': '', 'neutron:vnic_type': 'normal'}, ha_chassis_group=[], mirror_rules=[], name='d3d470de-13fa-4284-ac18-16eef13131e3', options={}, parent_name=[], port_security=[], tag=[], tag_request=[], type='', up=[]) old= {{(pid=89982) matches /opt/stack/data/venv/lib/python3.12/site-packages/ovsdbapp/backend/ovs_idl/event.py:55}}
May 26 10:23:25.859841 np0000001406 devstack@neutron-api.service[89982]: DEBUG neutron.plugins.ml2.drivers.ovn.mech_driver.ovsdb.ovsdb_monitor [None req-9eb6e159-c698-40ea-81ad-d84b94c8fd8c None None] Touching Hash Ring node "98f91c7c290a590f9e145b9656a4243b" from IDL notify handler {{(pid=89982) notify /opt/stack/neutron/neutron/plugins/ml2/drivers/ovn/mech_driver/ovsdb/ovsdb_monitor.py:978}}
May 26 10:23:25.862738 np0000001406 devstack@neutron-api.service[89982]: DEBUG neutron.plugins.ml2.drivers.ovn.mech_driver.ovsdb.ovsdb_monitor [None req-9eb6e159-c698-40ea-81ad-d84b94c8fd8c None None] Hash Ring: Node 98f91c7c290a590f9e145b9656a4243b (host: np0000001406) handling event "update" for row 0ac3ed7c-92d4-4df9-8c8c-b68fa3743f30 (table: Logical_Switch_Port) {{(pid=89982) notify /opt/stack/neutron/neutron/plugins/ml2/drivers/ovn/mech_driver/ovsdb/ovsdb_monitor.py:986}}
May 26 10:23:25.874122 np0000001406 devstack@neutron-api.service[89980]: INFO neutron.db.ovn_revision_numbers_db [None req-98cea974-5f18-41c5-af48-5d4ff82d9b06 admin admin] Successfully bumped revision number for resource d3d470de-13fa-4284-ac18-16eef13131e3 (type: ports) to 1
May 26 10:23:26.007342 np0000001406 devstack@neutron-api.service[89980]: DEBUG neutron_lib.callbacks.manager [None req-98cea974-5f18-41c5-af48-5d4ff82d9b06 admin admin] Publish callbacks [] for router_gateway (586c0bc0-d456-4efc-ad0d-27b6ea6c8dc4), after_create {{(pid=89980) _notify_loop /opt/stack/data/venv/lib/python3.12/site-packages/neutron_lib/callbacks/manager.py:184}}
May 26 10:23:26.192319 np0000001406 devstack@neutron-api.service[89980]: DEBUG neutron_lib.callbacks.manager [None req-98cea974-5f18-41c5-af48-5d4ff82d9b06 admin admin] Publish callbacks ['neutron.services.ovn_l3.plugin.ExtraGatewaysDbOnlyMixin._process_bfd_ecmp_update-8180517', 'neutron.services.ovn_l3.service_providers.driver_controller.DriverController._update_router_provider-7612690'] for router (586c0bc0-d456-4efc-ad0d-27b6ea6c8dc4), precommit_update {{(pid=89980) _notify_loop /opt/stack/data/venv/lib/python3.12/site-packages/neutron_lib/callbacks/manager.py:184}}
May 26 10:23:26.194949 np0000001406 devstack@neutron-api.service[89980]: DEBUG neutron_lib.callbacks.manager [None req-98cea974-5f18-41c5-af48-5d4ff82d9b06 admin admin] Publish callbacks ['neutron.services.ovn_l3.service_providers.ovn.OvnDriver._process_router_update-59921'] for router (586c0bc0-d456-4efc-ad0d-27b6ea6c8dc4), after_update {{(pid=89980) _notify_loop /opt/stack/data/venv/lib/python3.12/site-packages/neutron_lib/callbacks/manager.py:184}}
May 26 10:23:26.311207 np0000001406 devstack@neutron-api.service[89981]: DEBUG futurist.periodics [-] Submitting periodic callback 'neutron.plugins.ml2.drivers.ovn.mech_driver.ovsdb.maintenance.HashRingHealthCheckPeriodics.touch_hash_ring_node' {{(pid=89981) _process_scheduled /opt/stack/data/venv/lib/python3.12/site-packages/futurist/periodics.py:784}}
May 26 10:23:26.312142 np0000001406 devstack@neutron-api.service[89981]: DEBUG neutron.plugins.ml2.drivers.ovn.mech_driver.ovsdb.maintenance [-] Touching Hash Ring node "e7a9e33e98c95d599817a135d1222d1f" from periodic health check thread {{(pid=89981) touch_hash_ring_node /opt/stack/neutron/neutron/plugins/ml2/drivers/ovn/mech_driver/ovsdb/maintenance.py:1466}}
May 26 10:23:26.355740 np0000001406 devstack@neutron-api.service[89980]: DEBUG futurist.periodics [-] Submitting periodic callback 'neutron.plugins.ml2.drivers.ovn.mech_driver.ovsdb.maintenance.HashRingHealthCheckPeriodics.touch_hash_ring_node' {{(pid=89980) _process_scheduled /opt/stack/data/venv/lib/python3.12/site-packages/futurist/periodics.py:784}}
May 26 10:23:26.366254 np0000001406 devstack@neutron-api.service[89980]: DEBUG neutron.plugins.ml2.drivers.ovn.mech_driver.ovsdb.maintenance [-] Touching Hash Ring node "9736cb7df7f35bbf926d328efeed217b" from periodic health check thread {{(pid=89980) touch_hash_ring_node /opt/stack/neutron/neutron/plugins/ml2/drivers/ovn/mech_driver/ovsdb/maintenance.py:1466}}
May 26 10:23:26.592928 np0000001406 devstack@neutron-api.service[89980]: DEBUG ovsdbapp.backend.ovs_idl.transaction [-] Running txn n=1 command(idx=0): CheckRevisionNumberCommand(_result=None, name=neutron-586c0bc0-d456-4efc-ad0d-27b6ea6c8dc4, resource={'id': '586c0bc0-d456-4efc-ad0d-27b6ea6c8dc4', 'name': 'router1', 'project_id': '638452781878439e8dde1317cbda6803', 'admin_state_up': True, 'status': 'ACTIVE', 'enable_snat': True, 'external_gateway_info': {'network_id': 'd1ce1215-522a-444a-80e9-b3cdd84bf2f9', 'external_fixed_ips': [{'subnet_id': 'f33ea2eb-a9dd-4f0a-82e9-bbf9d04a1cff', 'ip_address': '172.24.5.111'}], 'enable_snat': True}, 'gw_port_id': 'd3d470de-13fa-4284-ac18-16eef13131e3', 'description': '', 'availability_zones': [], 'distributed': False, 'ha': True, 'ha_vr_id': 0, 'availability_zone_hints': [], 'enable_default_route_ecmp': False, 'enable_default_route_bfd': False, 'external_gateways': [{'network_id': 'd1ce1215-522a-444a-80e9-b3cdd84bf2f9', 'external_fixed_ips': [{'ip_address': '172.24.5.111', 'subnet_id': 'f33ea2eb-a9dd-4f0a-82e9-bbf9d04a1cff'}]}], 'routes': [], 'flavor_id': None, 'tags': [], 'created_at': '2026-05-26T10:23:21Z', 'updated_at': '2026-05-26T10:23:25Z', 'revision_number': 3, 'tenant_id': '638452781878439e8dde1317cbda6803'}, resource_type=routers, if_exists=True) {{(pid=89980) do_commit /opt/stack/data/venv/lib/python3.12/site-packages/ovsdbapp/backend/ovs_idl/transaction.py:89}}
May 26 10:23:26.593110 np0000001406 devstack@neutron-api.service[89980]: DEBUG ovsdbapp.backend.ovs_idl.transaction [-] Running txn n=1 command(idx=1): DeleteLRouterExtGwCommand(_result=None, lrouter=neutron-586c0bc0-d456-4efc-ad0d-27b6ea6c8dc4, if_exists=True, maintain_bfd=True) {{(pid=89980) do_commit /opt/stack/data/venv/lib/python3.12/site-packages/ovsdbapp/backend/ovs_idl/transaction.py:89}}
May 26 10:23:26.593343 np0000001406 devstack@neutron-api.service[89980]: DEBUG ovsdbapp.backend.ovs_idl.transaction [-] Running txn n=1 command(idx=2): DeleteNATRuleInLRouterCommand(_result=None, lrouter=neutron-586c0bc0-d456-4efc-ad0d-27b6ea6c8dc4, type=snat, logical_ip=10.1.0.0/26, external_ip=172.24.5.111, if_exists=True) {{(pid=89980) do_commit /opt/stack/data/venv/lib/python3.12/site-packages/ovsdbapp/backend/ovs_idl/transaction.py:89}}
May 26 10:23:26.593457 np0000001406 devstack@neutron-api.service[89980]: DEBUG ovsdbapp.backend.ovs_idl.transaction [-] Running txn n=1 command(idx=3): DelStaticRoutesCommand(_result=None, lrouter=neutron-586c0bc0-d456-4efc-ad0d-27b6ea6c8dc4, routes=[('0.0.0.0/0', '172.24.5.1')], if_exists=True) {{(pid=89980) do_commit /opt/stack/data/venv/lib/python3.12/site-packages/ovsdbapp/backend/ovs_idl/transaction.py:89}}
May 26 10:23:26.593549 np0000001406 devstack@neutron-api.service[89980]: DEBUG ovsdbapp.backend.ovs_idl.transaction [-] Running txn n=1 command(idx=4): DelLRouterPortCommand(_result=None, name=lrp-d3d470de-13fa-4284-ac18-16eef13131e3, lrouter=neutron-586c0bc0-d456-4efc-ad0d-27b6ea6c8dc4, if_exists=True) {{(pid=89980) do_commit /opt/stack/data/venv/lib/python3.12/site-packages/ovsdbapp/backend/ovs_idl/transaction.py:89}}
May 26 10:23:26.593676 np0000001406 devstack@neutron-api.service[89980]: DEBUG ovsdbapp.backend.ovs_idl.transaction [-] Running txn n=1 command(idx=5): AddLRouterPortCommand(_result=None, name=lrp-d3d470de-13fa-4284-ac18-16eef13131e3, lrouter=neutron-586c0bc0-d456-4efc-ad0d-27b6ea6c8dc4, may_exist=True, columns={'mac': 'fa:16:3e:66:06:6d', 'networks': ['172.24.5.111/24'], 'external_ids': {'neutron:revision_number': '1', 'neutron:subnet_ids': 'f33ea2eb-a9dd-4f0a-82e9-bbf9d04a1cff', 'neutron:network_name': 'neutron-d1ce1215-522a-444a-80e9-b3cdd84bf2f9', 'neutron:is_ext_gw': 'True', 'neutron:router_name': 'neutron-586c0bc0-d456-4efc-ad0d-27b6ea6c8dc4'}, 'options': {'reside-on-redirect-chassis': 'true', 'gateway_mtu': '1372'}}) {{(pid=89980) do_commit /opt/stack/data/venv/lib/python3.12/site-packages/ovsdbapp/backend/ovs_idl/transaction.py:89}}
May 26 10:23:26.593959 np0000001406 devstack@neutron-api.service[89980]: DEBUG ovsdbapp.backend.ovs_idl.transaction [-] Running txn n=1 command(idx=6): ScheduleNewGatewayCommand(_result=None, g_name=lrp-d3d470de-13fa-4284-ac18-16eef13131e3, sb_api=, lrouter_name=neutron-586c0bc0-d456-4efc-ad0d-27b6ea6c8dc4, ovn_client=, scheduler=, physnet=public, az_hints=[]) {{(pid=89980) do_commit /opt/stack/data/venv/lib/python3.12/site-packages/ovsdbapp/backend/ovs_idl/transaction.py:89}}
May 26 10:23:26.594341 np0000001406 devstack@neutron-api.service[89980]: DEBUG neutron.plugins.ml2.drivers.ovn.mech_driver.ovsdb.ovn_client [-] Chassis candidates for scheduling gateway router ports for "public" physical network: ['451edf2b-6f7d-4101-932d-91351a27cd5b'] {{(pid=89980) get_candidates_for_scheduling /opt/stack/neutron/neutron/plugins/ml2/drivers/ovn/mech_driver/ovsdb/ovn_client.py:1718}}
May 26 10:23:26.594665 np0000001406 devstack@neutron-api.service[89980]: DEBUG neutron.scheduler.l3_ovn_scheduler [-] Gateway lrp-d3d470de-13fa-4284-ac18-16eef13131e3 scheduled on chassis ['451edf2b-6f7d-4101-932d-91351a27cd5b'] {{(pid=89980) _schedule_gateway /opt/stack/neutron/neutron/scheduler/l3_ovn_scheduler.py:88}}
May 26 10:23:26.594933 np0000001406 devstack@neutron-api.service[89980]: DEBUG ovsdbapp.backend.ovs_idl.transaction [-] Running txn n=1 command(idx=7): SetLRouterPortInLSwitchPortCommand(_result=None, lswitch_port=d3d470de-13fa-4284-ac18-16eef13131e3, lrouter_port=lrp-d3d470de-13fa-4284-ac18-16eef13131e3, is_gw_port=True, if_exists=True, lsp_address=router) {{(pid=89980) do_commit /opt/stack/data/venv/lib/python3.12/site-packages/ovsdbapp/backend/ovs_idl/transaction.py:89}}
May 26 10:23:26.595100 np0000001406 devstack@neutron-api.service[89980]: DEBUG ovsdbapp.backend.ovs_idl.transaction [-] Running txn n=1 command(idx=8): AddStaticRouteCommand(_result=None, lrouter=neutron-586c0bc0-d456-4efc-ad0d-27b6ea6c8dc4, maintain_bfd=False, columns={'ip_prefix': '0.0.0.0/0', 'nexthop': '172.24.5.1', 'external_ids': {'neutron:is_ext_gw': 'true', 'neutron:subnet_id': 'f33ea2eb-a9dd-4f0a-82e9-bbf9d04a1cff', 'neutron:is_static_route': 'true'}}) {{(pid=89980) do_commit /opt/stack/data/venv/lib/python3.12/site-packages/ovsdbapp/backend/ovs_idl/transaction.py:89}}
May 26 10:23:26.595253 np0000001406 devstack@neutron-api.service[89980]: DEBUG ovsdbapp.backend.ovs_idl.transaction [-] Running txn n=1 command(idx=9): AddNATRuleInLRouterCommand(_result=None, lrouter=neutron-586c0bc0-d456-4efc-ad0d-27b6ea6c8dc4, columns={'type': 'snat', 'logical_ip': '10.1.0.0/26', 'external_ip': '172.24.5.111'}) {{(pid=89980) do_commit /opt/stack/data/venv/lib/python3.12/site-packages/ovsdbapp/backend/ovs_idl/transaction.py:89}}
May 26 10:23:26.595395 np0000001406 devstack@neutron-api.service[89980]: DEBUG ovsdbapp.backend.ovs_idl.transaction [-] Running txn n=1 command(idx=10): UpdateLRouterCommand(_result=None, name=neutron-586c0bc0-d456-4efc-ad0d-27b6ea6c8dc4, columns={'external_ids': {'neutron:router_name': 'router1', 'neutron:revision_number': '3', 'neutron:availability_zone_hints': ''}, 'enabled': True}, if_exists=True) {{(pid=89980) do_commit /opt/stack/data/venv/lib/python3.12/site-packages/ovsdbapp/backend/ovs_idl/transaction.py:89}}
May 26 10:23:26.595579 np0000001406 devstack@neutron-api.service[89980]: DEBUG ovsdbapp.backend.ovs_idl.transaction [-] Running txn n=1 command(idx=11): QoSDelCommand(_result=None, switch=neutron-d1ce1215-522a-444a-80e9-b3cdd84bf2f9, conditions=[('direction', '=', 'from-lport'), ('priority', '=', 2002), ('match', '=', 'inport == "d3d470de-13fa-4284-ac18-16eef13131e3"')], if_exists=True) {{(pid=89980) do_commit /opt/stack/data/venv/lib/python3.12/site-packages/ovsdbapp/backend/ovs_idl/transaction.py:89}}
May 26 10:23:26.595694 np0000001406 devstack@neutron-api.service[89980]: DEBUG ovsdbapp.backend.ovs_idl.transaction [-] Running txn n=1 command(idx=12): QoSDelCommand(_result=None, switch=neutron-d1ce1215-522a-444a-80e9-b3cdd84bf2f9, conditions=[('direction', '=', 'to-lport'), ('priority', '=', 2002), ('match', '=', 'outport == "d3d470de-13fa-4284-ac18-16eef13131e3"')], if_exists=True) {{(pid=89980) do_commit /opt/stack/data/venv/lib/python3.12/site-packages/ovsdbapp/backend/ovs_idl/transaction.py:89}}
May 26 10:23:26.601538 np0000001406 devstack@neutron-api.service[89982]: DEBUG neutron.plugins.ml2.drivers.ovn.mech_driver.ovsdb.ovsdb_monitor [None req-9eb6e159-c698-40ea-81ad-d84b94c8fd8c None None] Touching Hash Ring node "98f91c7c290a590f9e145b9656a4243b" from IDL notify handler {{(pid=89982) notify /opt/stack/neutron/neutron/plugins/ml2/drivers/ovn/mech_driver/ovsdb/ovsdb_monitor.py:978}}
May 26 10:23:26.601804 np0000001406 devstack@neutron-api.service[89981]: DEBUG neutron.plugins.ml2.drivers.ovn.mech_driver.ovsdb.ovsdb_monitor [None req-fe8189d5-6c86-4008-bf03-92f11e0c8f84 None None] Touching Hash Ring node "e7a9e33e98c95d599817a135d1222d1f" from IDL notify handler {{(pid=89981) notify /opt/stack/neutron/neutron/plugins/ml2/drivers/ovn/mech_driver/ovsdb/ovsdb_monitor.py:978}}
May 26 10:23:26.602401 np0000001406 devstack@neutron-api.service[89980]: DEBUG neutron.plugins.ml2.drivers.ovn.mech_driver.ovsdb.ovsdb_monitor [None req-a02bfa60-01da-4c5f-977c-4d90a02195a8 None None] Touching Hash Ring node "9736cb7df7f35bbf926d328efeed217b" from IDL notify handler {{(pid=89980) notify /opt/stack/neutron/neutron/plugins/ml2/drivers/ovn/mech_driver/ovsdb/ovsdb_monitor.py:978}}
May 26 10:23:26.605922 np0000001406 devstack@neutron-api.service[89982]: DEBUG neutron.plugins.ml2.drivers.ovn.mech_driver.ovsdb.ovsdb_monitor [None req-87657795-1499-46ca-81fa-15241f0af389 None None] Touching Hash Ring node "98f91c7c290a590f9e145b9656a4243b" from IDL notify handler {{(pid=89982) notify /opt/stack/neutron/neutron/plugins/ml2/drivers/ovn/mech_driver/ovsdb/ovsdb_monitor.py:978}}
May 26 10:23:26.607805 np0000001406 devstack@neutron-api.service[89981]: DEBUG neutron.plugins.ml2.drivers.ovn.mech_driver.ovsdb.ovsdb_monitor [None req-fe8189d5-6c86-4008-bf03-92f11e0c8f84 None None] Hash Ring: Node e7a9e33e98c95d599817a135d1222d1f (host: np0000001406) handling event "create" for row abace169-ee19-42f5-bc00-a820e9d9a370 (table: HA_Chassis) {{(pid=89981) notify /opt/stack/neutron/neutron/plugins/ml2/drivers/ovn/mech_driver/ovsdb/ovsdb_monitor.py:986}}
May 26 10:23:26.609079 np0000001406 devstack@neutron-api.service[89981]: DEBUG neutron.plugins.ml2.drivers.ovn.mech_driver.ovsdb.ovsdb_monitor [None req-fe8189d5-6c86-4008-bf03-92f11e0c8f84 None None] Touching Hash Ring node "e7a9e33e98c95d599817a135d1222d1f" from IDL notify handler {{(pid=89981) notify /opt/stack/neutron/neutron/plugins/ml2/drivers/ovn/mech_driver/ovsdb/ovsdb_monitor.py:978}}
May 26 10:23:26.609904 np0000001406 devstack@neutron-api.service[89980]: DEBUG neutron.plugins.ml2.drivers.ovn.mech_driver.ovsdb.ovsdb_monitor [None req-734d0155-1244-4b02-989c-19cf40d93fc7 None None] Touching Hash Ring node "9736cb7df7f35bbf926d328efeed217b" from IDL notify handler {{(pid=89980) notify /opt/stack/neutron/neutron/plugins/ml2/drivers/ovn/mech_driver/ovsdb/ovsdb_monitor.py:978}}
May 26 10:23:26.610717 np0000001406 devstack@neutron-api.service[89981]: DEBUG neutron.plugins.ml2.drivers.ovn.mech_driver.ovsdb.ovsdb_monitor [None req-6dfe01dd-7ab4-4701-9d5e-ebe6de4bae48 None None] Touching Hash Ring node "e7a9e33e98c95d599817a135d1222d1f" from IDL notify handler {{(pid=89981) notify /opt/stack/neutron/neutron/plugins/ml2/drivers/ovn/mech_driver/ovsdb/ovsdb_monitor.py:978}}
May 26 10:23:26.611914 np0000001406 devstack@neutron-api.service[89980]: DEBUG neutron.plugins.ml2.drivers.ovn.mech_driver.ovsdb.ovsdb_monitor [None req-a02bfa60-01da-4c5f-977c-4d90a02195a8 None None] Hash Ring: Node 9736cb7df7f35bbf926d328efeed217b (host: np0000001406) handling event "create" for row a250fe2c-e32f-46b0-8b7a-c14494aef95a (table: NAT) {{(pid=89980) notify /opt/stack/neutron/neutron/plugins/ml2/drivers/ovn/mech_driver/ovsdb/ovsdb_monitor.py:986}}
May 26 10:23:26.612048 np0000001406 devstack@neutron-api.service[89982]: DEBUG neutron.plugins.ml2.drivers.ovn.mech_driver.ovsdb.ovsdb_monitor [None req-9eb6e159-c698-40ea-81ad-d84b94c8fd8c None None] Hash Ring: Node 98f91c7c290a590f9e145b9656a4243b (host: np0000001406) handling event "create" for row abace169-ee19-42f5-bc00-a820e9d9a370 (table: HA_Chassis) {{(pid=89982) notify /opt/stack/neutron/neutron/plugins/ml2/drivers/ovn/mech_driver/ovsdb/ovsdb_monitor.py:986}}
May 26 10:23:26.613450 np0000001406 devstack@neutron-api.service[89982]: DEBUG neutron.plugins.ml2.drivers.ovn.mech_driver.ovsdb.ovsdb_monitor [None req-87657795-1499-46ca-81fa-15241f0af389 None None] Hash Ring: Node 98f91c7c290a590f9e145b9656a4243b (host: np0000001406) handling event "create" for row 0bab728b-55f9-46b9-94e1-f9cdca894a5e (table: Port_Binding) {{(pid=89982) notify /opt/stack/neutron/neutron/plugins/ml2/drivers/ovn/mech_driver/ovsdb/ovsdb_monitor.py:986}}
May 26 10:23:26.613896 np0000001406 devstack@neutron-api.service[89982]: DEBUG neutron.plugins.ml2.drivers.ovn.mech_driver.ovsdb.ovsdb_monitor [None req-9eb6e159-c698-40ea-81ad-d84b94c8fd8c None None] Touching Hash Ring node "98f91c7c290a590f9e145b9656a4243b" from IDL notify handler {{(pid=89982) notify /opt/stack/neutron/neutron/plugins/ml2/drivers/ovn/mech_driver/ovsdb/ovsdb_monitor.py:978}}
May 26 10:23:26.614907 np0000001406 devstack@neutron-api.service[89981]: DEBUG neutron.plugins.ml2.drivers.ovn.mech_driver.ovsdb.ovsdb_monitor [None req-fe8189d5-6c86-4008-bf03-92f11e0c8f84 None None] Hash Ring: Node e7a9e33e98c95d599817a135d1222d1f (host: np0000001406) handling event "update" for row f31b3d77-2ef0-46b0-8e23-b80ed3cc0e59 (table: Logical_Router) {{(pid=89981) notify /opt/stack/neutron/neutron/plugins/ml2/drivers/ovn/mech_driver/ovsdb/ovsdb_monitor.py:986}}
May 26 10:23:26.615858 np0000001406 devstack@neutron-api.service[89981]: DEBUG neutron.plugins.ml2.drivers.ovn.mech_driver.ovsdb.ovsdb_monitor [None req-fe8189d5-6c86-4008-bf03-92f11e0c8f84 None None] Touching Hash Ring node "e7a9e33e98c95d599817a135d1222d1f" from IDL notify handler {{(pid=89981) notify /opt/stack/neutron/neutron/plugins/ml2/drivers/ovn/mech_driver/ovsdb/ovsdb_monitor.py:978}}
May 26 10:23:26.618437 np0000001406 devstack@neutron-api.service[89982]: DEBUG neutron.plugins.ml2.drivers.ovn.mech_driver.ovsdb.ovsdb_monitor [None req-87657795-1499-46ca-81fa-15241f0af389 None None] Touching Hash Ring node "98f91c7c290a590f9e145b9656a4243b" from IDL notify handler {{(pid=89982) notify /opt/stack/neutron/neutron/plugins/ml2/drivers/ovn/mech_driver/ovsdb/ovsdb_monitor.py:978}}
May 26 10:23:26.618437 np0000001406 devstack@neutron-api.service[89982]: DEBUG neutron.plugins.ml2.drivers.ovn.mech_driver.ovsdb.ovsdb_monitor [None req-9eb6e159-c698-40ea-81ad-d84b94c8fd8c None None] Hash Ring: Node 98f91c7c290a590f9e145b9656a4243b (host: np0000001406) handling event "create" for row 1455560a-0f58-4dc1-bae1-6df8a8a5da47 (table: HA_Chassis_Group) {{(pid=89982) notify /opt/stack/neutron/neutron/plugins/ml2/drivers/ovn/mech_driver/ovsdb/ovsdb_monitor.py:986}}
May 26 10:23:26.619100 np0000001406 devstack@neutron-api.service[89982]: DEBUG neutron.plugins.ml2.drivers.ovn.mech_driver.ovsdb.ovsdb_monitor [None req-9eb6e159-c698-40ea-81ad-d84b94c8fd8c None None] Touching Hash Ring node "98f91c7c290a590f9e145b9656a4243b" from IDL notify handler {{(pid=89982) notify /opt/stack/neutron/neutron/plugins/ml2/drivers/ovn/mech_driver/ovsdb/ovsdb_monitor.py:978}}
May 26 10:23:26.619230 np0000001406 devstack@neutron-api.service[89981]: DEBUG neutron.plugins.ml2.drivers.ovn.mech_driver.ovsdb.ovsdb_monitor [None req-fe8189d5-6c86-4008-bf03-92f11e0c8f84 None None] Hash Ring: Node e7a9e33e98c95d599817a135d1222d1f (host: np0000001406) handling event "create" for row 914101d3-d1d8-45e1-b0a2-ef5c83842add (table: Logical_Router_Port) {{(pid=89981) notify /opt/stack/neutron/neutron/plugins/ml2/drivers/ovn/mech_driver/ovsdb/ovsdb_monitor.py:986}}
May 26 10:23:26.620149 np0000001406 devstack@neutron-api.service[89981]: DEBUG ovsdbapp.backend.ovs_idl.event [None req-fe8189d5-6c86-4008-bf03-92f11e0c8f84 None None] Matched CREATE: LogicalRouterPortEvent(events=('create', 'delete'), table='Logical_Router_Port', conditions=None, old_conditions=None), priority=20 to row=Logical_Router_Port(uuid=914101d3-d1d8-45e1-b0a2-ef5c83842add, enabled=[], external_ids={'neutron:is_ext_gw': 'True', 'neutron:network_name': 'neutron-d1ce1215-522a-444a-80e9-b3cdd84bf2f9', 'neutron:revision_number': '1', 'neutron:router_name': 'neutron-586c0bc0-d456-4efc-ad0d-27b6ea6c8dc4', 'neutron:subnet_ids': 'f33ea2eb-a9dd-4f0a-82e9-bbf9d04a1cff'}, gateway_chassis=[], ha_chassis_group=1455560a-0f58-4dc1-bae1-6df8a8a5da47, ipv6_prefix=[], ipv6_ra_configs={}, mac='fa:16:3e:66:06:6d', name='lrp-d3d470de-13fa-4284-ac18-16eef13131e3', networks=['172.24.5.111/24'], options={'gateway_mtu': '1372', 'reside-on-redirect-chassis': 'true'}, peer=[], status={}) old= {{(pid=89981) matches /opt/stack/data/venv/lib/python3.12/site-packages/ovsdbapp/backend/ovs_idl/event.py:55}}
May 26 10:23:26.621011 np0000001406 devstack@neutron-api.service[89981]: DEBUG neutron.plugins.ml2.drivers.ovn.mech_driver.ovsdb.ovsdb_monitor [None req-6dfe01dd-7ab4-4701-9d5e-ebe6de4bae48 None None] Hash Ring: Node e7a9e33e98c95d599817a135d1222d1f (host: np0000001406) handling event "create" for row 0bab728b-55f9-46b9-94e1-f9cdca894a5e (table: Port_Binding) {{(pid=89981) notify /opt/stack/neutron/neutron/plugins/ml2/drivers/ovn/mech_driver/ovsdb/ovsdb_monitor.py:986}}
May 26 10:23:26.621644 np0000001406 devstack@neutron-api.service[89982]: DEBUG neutron.plugins.ml2.drivers.ovn.mech_driver.ovsdb.ovsdb_monitor [None req-87657795-1499-46ca-81fa-15241f0af389 None None] Hash Ring: Node 98f91c7c290a590f9e145b9656a4243b (host: np0000001406) handling event "create" for row a4516d02-00ba-49c1-a59f-78941cc873b1 (table: Port_Binding) {{(pid=89982) notify /opt/stack/neutron/neutron/plugins/ml2/drivers/ovn/mech_driver/ovsdb/ovsdb_monitor.py:986}}
May 26 10:23:26.621995 np0000001406 devstack@neutron-api.service[89981]: DEBUG neutron.plugins.ml2.drivers.ovn.mech_driver.ovsdb.ovsdb_monitor [None req-fe8189d5-6c86-4008-bf03-92f11e0c8f84 None None] Touching Hash Ring node "e7a9e33e98c95d599817a135d1222d1f" from IDL notify handler {{(pid=89981) notify /opt/stack/neutron/neutron/plugins/ml2/drivers/ovn/mech_driver/ovsdb/ovsdb_monitor.py:978}}
May 26 10:23:26.622755 np0000001406 devstack@neutron-api.service[89982]: DEBUG neutron.plugins.ml2.drivers.ovn.mech_driver.ovsdb.ovsdb_monitor [None req-9eb6e159-c698-40ea-81ad-d84b94c8fd8c None None] Hash Ring: Node 98f91c7c290a590f9e145b9656a4243b (host: np0000001406) handling event "update" for row f31b3d77-2ef0-46b0-8e23-b80ed3cc0e59 (table: Logical_Router) {{(pid=89982) notify /opt/stack/neutron/neutron/plugins/ml2/drivers/ovn/mech_driver/ovsdb/ovsdb_monitor.py:986}}
May 26 10:23:26.623323 np0000001406 devstack@neutron-api.service[89982]: DEBUG neutron.plugins.ml2.drivers.ovn.mech_driver.ovsdb.ovsdb_monitor [None req-87657795-1499-46ca-81fa-15241f0af389 None None] Touching Hash Ring node "98f91c7c290a590f9e145b9656a4243b" from IDL notify handler {{(pid=89982) notify /opt/stack/neutron/neutron/plugins/ml2/drivers/ovn/mech_driver/ovsdb/ovsdb_monitor.py:978}}
May 26 10:23:26.626322 np0000001406 devstack@neutron-api.service[89982]: DEBUG neutron.plugins.ml2.drivers.ovn.mech_driver.ovsdb.ovsdb_monitor [None req-9eb6e159-c698-40ea-81ad-d84b94c8fd8c None None] Touching Hash Ring node "98f91c7c290a590f9e145b9656a4243b" from IDL notify handler {{(pid=89982) notify /opt/stack/neutron/neutron/plugins/ml2/drivers/ovn/mech_driver/ovsdb/ovsdb_monitor.py:978}}
May 26 10:23:26.626434 np0000001406 devstack@neutron-api.service[89981]: DEBUG neutron.plugins.ml2.drivers.ovn.mech_driver.ovsdb.ovsdb_monitor [None req-6dfe01dd-7ab4-4701-9d5e-ebe6de4bae48 None None] Touching Hash Ring node "e7a9e33e98c95d599817a135d1222d1f" from IDL notify handler {{(pid=89981) notify /opt/stack/neutron/neutron/plugins/ml2/drivers/ovn/mech_driver/ovsdb/ovsdb_monitor.py:978}}
May 26 10:23:26.629440 np0000001406 devstack@neutron-api.service[89981]: DEBUG neutron.plugins.ml2.drivers.ovn.mech_driver.ovsdb.ovsdb_monitor [None req-fe8189d5-6c86-4008-bf03-92f11e0c8f84 None None] Hash Ring: Node e7a9e33e98c95d599817a135d1222d1f (host: np0000001406) handling event "create" for row 27a16f11-09fd-4b2e-a3f9-bc526e338444 (table: Logical_Router_Static_Route) {{(pid=89981) notify /opt/stack/neutron/neutron/plugins/ml2/drivers/ovn/mech_driver/ovsdb/ovsdb_monitor.py:986}}
May 26 10:23:26.629532 np0000001406 devstack@neutron-api.service[89982]: DEBUG neutron.plugins.ml2.drivers.ovn.mech_driver.ovsdb.ovsdb_monitor [None req-9eb6e159-c698-40ea-81ad-d84b94c8fd8c None None] Hash Ring: Node 98f91c7c290a590f9e145b9656a4243b (host: np0000001406) handling event "create" for row 914101d3-d1d8-45e1-b0a2-ef5c83842add (table: Logical_Router_Port) {{(pid=89982) notify /opt/stack/neutron/neutron/plugins/ml2/drivers/ovn/mech_driver/ovsdb/ovsdb_monitor.py:986}}
May 26 10:23:26.629584 np0000001406 devstack@neutron-api.service[89981]: DEBUG neutron.plugins.ml2.drivers.ovn.mech_driver.ovsdb.ovsdb_monitor [None req-fe8189d5-6c86-4008-bf03-92f11e0c8f84 None None] Touching Hash Ring node "e7a9e33e98c95d599817a135d1222d1f" from IDL notify handler {{(pid=89981) notify /opt/stack/neutron/neutron/plugins/ml2/drivers/ovn/mech_driver/ovsdb/ovsdb_monitor.py:978}}
May 26 10:23:26.629655 np0000001406 devstack@neutron-api.service[89982]: DEBUG ovsdbapp.backend.ovs_idl.event [None req-9eb6e159-c698-40ea-81ad-d84b94c8fd8c None None] Matched CREATE: LogicalRouterPortEvent(events=('create', 'delete'), table='Logical_Router_Port', conditions=None, old_conditions=None), priority=20 to row=Logical_Router_Port(uuid=914101d3-d1d8-45e1-b0a2-ef5c83842add, enabled=[], external_ids={'neutron:is_ext_gw': 'True', 'neutron:network_name': 'neutron-d1ce1215-522a-444a-80e9-b3cdd84bf2f9', 'neutron:revision_number': '1', 'neutron:router_name': 'neutron-586c0bc0-d456-4efc-ad0d-27b6ea6c8dc4', 'neutron:subnet_ids': 'f33ea2eb-a9dd-4f0a-82e9-bbf9d04a1cff'}, gateway_chassis=[], ha_chassis_group=1455560a-0f58-4dc1-bae1-6df8a8a5da47, ipv6_prefix=[], ipv6_ra_configs={}, mac='fa:16:3e:66:06:6d', name='lrp-d3d470de-13fa-4284-ac18-16eef13131e3', networks=['172.24.5.111/24'], options={'gateway_mtu': '1372', 'reside-on-redirect-chassis': 'true'}, peer=[], status={}) old= {{(pid=89982) matches /opt/stack/data/venv/lib/python3.12/site-packages/ovsdbapp/backend/ovs_idl/event.py:55}}
