May 26 10:23:11.421389 np0000001406 neutron-periodic-workers[91964]: DEBUG cotyledon.oslo_config_glue [-] database.synchronous_reader = True {{(pid=91964) log_opt_values /opt/stack/data/venv/lib/python3.12/site-packages/oslo_config/cfg.py:3256}}
May 26 10:23:11.421389 np0000001406 neutron-periodic-workers[91964]: DEBUG cotyledon.oslo_config_glue [-] database.use_db_reconnect = False {{(pid=91964) log_opt_values /opt/stack/data/venv/lib/python3.12/site-packages/oslo_config/cfg.py:3256}}
May 26 10:23:11.421389 np0000001406 neutron-periodic-workers[91964]: DEBUG cotyledon.oslo_config_glue [-] ovn.bfd_min_rx = 1000 {{(pid=91964) log_opt_values /opt/stack/data/venv/lib/python3.12/site-packages/oslo_config/cfg.py:3256}}
May 26 10:23:11.421389 np0000001406 neutron-periodic-workers[91964]: DEBUG cotyledon.oslo_config_glue [-] ovn.bfd_min_tx = 100 {{(pid=91964) log_opt_values /opt/stack/data/venv/lib/python3.12/site-packages/oslo_config/cfg.py:3256}}
May 26 10:23:11.421389 np0000001406 neutron-periodic-workers[91964]: DEBUG cotyledon.oslo_config_glue [-] ovn.bfd_mult = 3 {{(pid=91964) log_opt_values /opt/stack/data/venv/lib/python3.12/site-packages/oslo_config/cfg.py:3256}}
May 26 10:23:11.421389 np0000001406 neutron-periodic-workers[91964]: DEBUG cotyledon.oslo_config_glue [-] ovn.broadcast_arps_to_all_routers = True {{(pid=91964) log_opt_values /opt/stack/data/venv/lib/python3.12/site-packages/oslo_config/cfg.py:3256}}
May 26 10:23:11.421643 np0000001406 neutron-periodic-workers[91964]: DEBUG cotyledon.oslo_config_glue [-] ovn.dhcp_default_lease_time = 43200 {{(pid=91964) log_opt_values /opt/stack/data/venv/lib/python3.12/site-packages/oslo_config/cfg.py:3256}}
May 26 10:23:11.421643 np0000001406 neutron-periodic-workers[91964]: DEBUG cotyledon.oslo_config_glue [-] ovn.disable_ovn_dhcp_for_baremetal_ports = False {{(pid=91964) log_opt_values /opt/stack/data/venv/lib/python3.12/site-packages/oslo_config/cfg.py:3256}}
May 26 10:23:11.421643 np0000001406 neutron-periodic-workers[91964]: DEBUG cotyledon.oslo_config_glue [-] ovn.dns_records_ovn_owned = False {{(pid=91964) log_opt_values /opt/stack/data/venv/lib/python3.12/site-packages/oslo_config/cfg.py:3256}}
May 26 10:23:11.421643 np0000001406 neutron-periodic-workers[91964]: DEBUG cotyledon.oslo_config_glue [-] ovn.dns_servers = [] {{(pid=91964) log_opt_values /opt/stack/data/venv/lib/python3.12/site-packages/oslo_config/cfg.py:3256}}
May 26 10:23:11.421643 np0000001406 neutron-periodic-workers[91964]: DEBUG cotyledon.oslo_config_glue [-] ovn.enable_distributed_floating_ip = False {{(pid=91964) log_opt_values /opt/stack/data/venv/lib/python3.12/site-packages/oslo_config/cfg.py:3256}}
May 26 10:23:11.421643 np0000001406 neutron-periodic-workers[91964]: DEBUG cotyledon.oslo_config_glue [-] ovn.fdb_age_threshold = 300 {{(pid=91964) log_opt_values /opt/stack/data/venv/lib/python3.12/site-packages/oslo_config/cfg.py:3256}}
May 26 10:23:11.421643 np0000001406 neutron-periodic-workers[91964]: DEBUG cotyledon.oslo_config_glue [-] ovn.ha_failover_strategy = normal {{(pid=91964) log_opt_values /opt/stack/data/venv/lib/python3.12/site-packages/oslo_config/cfg.py:3256}}
May 26 10:23:11.421924 np0000001406 neutron-periodic-workers[91964]: DEBUG cotyledon.oslo_config_glue [-] ovn.live_migration_activation_strategy = rarp {{(pid=91964) log_opt_values /opt/stack/data/venv/lib/python3.12/site-packages/oslo_config/cfg.py:3256}}
May 26 10:23:11.421924 np0000001406 neutron-periodic-workers[91964]: DEBUG cotyledon.oslo_config_glue [-] ovn.localnet_learn_fdb = False {{(pid=91964) log_opt_values /opt/stack/data/venv/lib/python3.12/site-packages/oslo_config/cfg.py:3256}}
May 26 10:23:11.421924 np0000001406 neutron-periodic-workers[91964]: DEBUG cotyledon.oslo_config_glue [-] ovn.mac_binding_age_threshold = 300 {{(pid=91964) log_opt_values /opt/stack/data/venv/lib/python3.12/site-packages/oslo_config/cfg.py:3256}}
May 26 10:23:11.421924 np0000001406 neutron-periodic-workers[91964]: DEBUG cotyledon.oslo_config_glue [-] ovn.neutron_sync_mode = log {{(pid=91964) log_opt_values /opt/stack/data/venv/lib/python3.12/site-packages/oslo_config/cfg.py:3256}}
May 26 10:23:11.421924 np0000001406 neutron-periodic-workers[91964]: DEBUG cotyledon.oslo_config_glue [-] ovn.ovn_dhcp4_global_options = {} {{(pid=91964) log_opt_values /opt/stack/data/venv/lib/python3.12/site-packages/oslo_config/cfg.py:3256}}
May 26 10:23:11.421924 np0000001406 neutron-periodic-workers[91964]: DEBUG cotyledon.oslo_config_glue [-] ovn.ovn_dhcp6_global_options = {} {{(pid=91964) log_opt_values /opt/stack/data/venv/lib/python3.12/site-packages/oslo_config/cfg.py:3256}}
May 26 10:23:11.421924 np0000001406 neutron-periodic-workers[91964]: DEBUG cotyledon.oslo_config_glue [-] ovn.ovn_l3_scheduler = leastloaded {{(pid=91964) log_opt_values /opt/stack/data/venv/lib/python3.12/site-packages/oslo_config/cfg.py:3256}}
May 26 10:23:11.422231 np0000001406 neutron-periodic-workers[91964]: DEBUG cotyledon.oslo_config_glue [-] ovn.ovn_metadata_enabled = True {{(pid=91964) log_opt_values /opt/stack/data/venv/lib/python3.12/site-packages/oslo_config/cfg.py:3256}}
May 26 10:23:11.422231 np0000001406 neutron-periodic-workers[91964]: DEBUG cotyledon.oslo_config_glue [-] ovn.ovn_nb_ca_cert = /opt/stack/data/CA/int-ca/ca-chain.pem {{(pid=91964) log_opt_values /opt/stack/data/venv/lib/python3.12/site-packages/oslo_config/cfg.py:3256}}
May 26 10:23:11.422231 np0000001406 neutron-periodic-workers[91964]: DEBUG cotyledon.oslo_config_glue [-] ovn.ovn_nb_certificate = /opt/stack/data/CA/int-ca/devstack-cert.crt {{(pid=91964) log_opt_values /opt/stack/data/venv/lib/python3.12/site-packages/oslo_config/cfg.py:3256}}
May 26 10:23:11.422231 np0000001406 neutron-periodic-workers[91964]: DEBUG cotyledon.oslo_config_glue [-] ovn.ovn_nb_connection = ['ssl:10.4.3.43:6641'] {{(pid=91964) log_opt_values /opt/stack/data/venv/lib/python3.12/site-packages/oslo_config/cfg.py:3256}}
May 26 10:23:11.422231 np0000001406 neutron-periodic-workers[91964]: DEBUG cotyledon.oslo_config_glue [-] ovn.ovn_nb_private_key = /opt/stack/data/CA/int-ca/private/devstack-cert.key {{(pid=91964) log_opt_values /opt/stack/data/venv/lib/python3.12/site-packages/oslo_config/cfg.py:3256}}
May 26 10:23:11.422231 np0000001406 neutron-periodic-workers[91964]: DEBUG cotyledon.oslo_config_glue [-] ovn.ovn_router_indirect_snat = False {{(pid=91964) log_opt_values /opt/stack/data/venv/lib/python3.12/site-packages/oslo_config/cfg.py:3256}}
May 26 10:23:11.422231 np0000001406 neutron-periodic-workers[91964]: DEBUG cotyledon.oslo_config_glue [-] ovn.ovn_sb_ca_cert = /opt/stack/data/CA/int-ca/ca-chain.pem {{(pid=91964) log_opt_values /opt/stack/data/venv/lib/python3.12/site-packages/oslo_config/cfg.py:3256}}
May 26 10:23:11.422231 np0000001406 neutron-periodic-workers[91964]: DEBUG cotyledon.oslo_config_glue [-] ovn.ovn_sb_certificate = /opt/stack/data/CA/int-ca/devstack-cert.crt {{(pid=91964) log_opt_values /opt/stack/data/venv/lib/python3.12/site-packages/oslo_config/cfg.py:3256}}
May 26 10:23:11.422569 np0000001406 neutron-periodic-workers[91964]: DEBUG cotyledon.oslo_config_glue [-] ovn.ovn_sb_connection = ['ssl:10.4.3.43:6642'] {{(pid=91964) log_opt_values /opt/stack/data/venv/lib/python3.12/site-packages/oslo_config/cfg.py:3256}}
May 26 10:23:11.422569 np0000001406 neutron-periodic-workers[91964]: DEBUG cotyledon.oslo_config_glue [-] ovn.ovn_sb_private_key = /opt/stack/data/CA/int-ca/private/devstack-cert.key {{(pid=91964) log_opt_values /opt/stack/data/venv/lib/python3.12/site-packages/oslo_config/cfg.py:3256}}
May 26 10:23:11.422569 np0000001406 neutron-periodic-workers[91964]: DEBUG cotyledon.oslo_config_glue [-] ovn.ovs_create_tap = False {{(pid=91964) log_opt_values /opt/stack/data/venv/lib/python3.12/site-packages/oslo_config/cfg.py:3256}}
May 26 10:23:11.422569 np0000001406 neutron-periodic-workers[91964]: DEBUG cotyledon.oslo_config_glue [-] ovn.ovsdb_connection_timeout = 180 {{(pid=91964) log_opt_values /opt/stack/data/venv/lib/python3.12/site-packages/oslo_config/cfg.py:3256}}
May 26 10:23:11.422569 np0000001406 neutron-periodic-workers[91964]: DEBUG cotyledon.oslo_config_glue [-] ovn.ovsdb_log_level = INFO {{(pid=91964) log_opt_values /opt/stack/data/venv/lib/python3.12/site-packages/oslo_config/cfg.py:3256}}
May 26 10:23:11.422569 np0000001406 neutron-periodic-workers[91964]: DEBUG cotyledon.oslo_config_glue [-] ovn.ovsdb_probe_interval = 60000 {{(pid=91964) log_opt_values /opt/stack/data/venv/lib/python3.12/site-packages/oslo_config/cfg.py:3256}}
May 26 10:23:11.422569 np0000001406 neutron-periodic-workers[91964]: DEBUG cotyledon.oslo_config_glue [-] ovn.ovsdb_retry_max_interval = 180 {{(pid=91964) log_opt_values /opt/stack/data/venv/lib/python3.12/site-packages/oslo_config/cfg.py:3256}}
May 26 10:23:11.422849 np0000001406 neutron-periodic-workers[91964]: DEBUG cotyledon.oslo_config_glue [-] ovn.stateless_nat_enabled = False {{(pid=91964) log_opt_values /opt/stack/data/venv/lib/python3.12/site-packages/oslo_config/cfg.py:3256}}
May 26 10:23:11.422849 np0000001406 neutron-periodic-workers[91964]: DEBUG cotyledon.oslo_config_glue [-] ovn.vhost_sock_dir = /var/run/openvswitch {{(pid=91964) log_opt_values /opt/stack/data/venv/lib/python3.12/site-packages/oslo_config/cfg.py:3256}}
May 26 10:23:11.422849 np0000001406 neutron-periodic-workers[91964]: DEBUG cotyledon.oslo_config_glue [-] OVS.bridge_mac_table_size = 50000 {{(pid=91964) log_opt_values /opt/stack/data/venv/lib/python3.12/site-packages/oslo_config/cfg.py:3256}}
May 26 10:23:11.422849 np0000001406 neutron-periodic-workers[91964]: DEBUG cotyledon.oslo_config_glue [-] OVS.igmp_flood = False {{(pid=91964) log_opt_values /opt/stack/data/venv/lib/python3.12/site-packages/oslo_config/cfg.py:3256}}
May 26 10:23:11.422849 np0000001406 neutron-periodic-workers[91964]: DEBUG cotyledon.oslo_config_glue [-] OVS.igmp_flood_reports = True {{(pid=91964) log_opt_values /opt/stack/data/venv/lib/python3.12/site-packages/oslo_config/cfg.py:3256}}
May 26 10:23:11.423043 np0000001406 neutron-periodic-workers[91964]: DEBUG cotyledon.oslo_config_glue [-] OVS.igmp_flood_unregistered = False {{(pid=91964) log_opt_values /opt/stack/data/venv/lib/python3.12/site-packages/oslo_config/cfg.py:3256}}
May 26 10:23:11.423043 np0000001406 neutron-periodic-workers[91964]: DEBUG cotyledon.oslo_config_glue [-] OVS.igmp_snooping_enable = False {{(pid=91964) log_opt_values /opt/stack/data/venv/lib/python3.12/site-packages/oslo_config/cfg.py:3256}}
May 26 10:23:11.423043 np0000001406 neutron-periodic-workers[91964]: DEBUG cotyledon.oslo_config_glue [-] OVS.ovsdb_timeout = 10 {{(pid=91964) log_opt_values /opt/stack/data/venv/lib/python3.12/site-packages/oslo_config/cfg.py:3256}}
May 26 10:23:11.423043 np0000001406 neutron-periodic-workers[91964]: DEBUG cotyledon.oslo_config_glue [-] ovn_nb_global.fdb_removal_limit = 0 {{(pid=91964) log_opt_values /opt/stack/data/venv/lib/python3.12/site-packages/oslo_config/cfg.py:3256}}
May 26 10:23:11.423043 np0000001406 neutron-periodic-workers[91964]: DEBUG cotyledon.oslo_config_glue [-] ovn_nb_global.ignore_lsp_down = False {{(pid=91964) log_opt_values /opt/stack/data/venv/lib/python3.12/site-packages/oslo_config/cfg.py:3256}}
May 26 10:23:11.423312 np0000001406 neutron-periodic-workers[91964]: DEBUG cotyledon.oslo_config_glue [-] ovn_nb_global.mac_binding_removal_limit = 0 {{(pid=91964) log_opt_values /opt/stack/data/venv/lib/python3.12/site-packages/oslo_config/cfg.py:3256}}
May 26 10:23:11.423312 np0000001406 neutron-periodic-workers[91964]: DEBUG cotyledon.oslo_config_glue [-] ******************************************************************************** {{(pid=91964) log_opt_values /opt/stack/data/venv/lib/python3.12/site-packages/oslo_config/cfg.py:3263}}
May 26 10:23:11.423312 np0000001406 neutron-periodic-workers[91964]: DEBUG cotyledon._service_worker [-] Run service ServiceWrapper(0) [91964] {{(pid=91964) wait_forever /opt/stack/data/venv/lib/python3.12/site-packages/cotyledon/_service_worker.py:218}}
May 26 10:23:21.078352 np0000001406 neutron-periodic-workers[90994]: DEBUG dbcounter [-] [90994] Writing DB stats neutron:SELECT=4 {{(pid=90994) stat_writer /opt/stack/data/venv/lib/python3.12/site-packages/dbcounter.py:115}}
May 26 10:24:11.403478 np0000001406 neutron-periodic-workers[91944]: DEBUG oslo_db.sqlalchemy.engines [None req-a3158627-fb4b-4c09-b28e-0fb6a7e9e793 None None] Parent process 90994 forked (91944) with an open database connection, which is being discarded and recreated. {{(pid=91944) checkout /opt/stack/data/venv/lib/python3.12/site-packages/oslo_db/sqlalchemy/engines.py:402}}
May 26 10:24:11.454428 np0000001406 neutron-periodic-workers[91944]: DEBUG dbcounter [-] [91944] Writer thread running {{(pid=91944) stat_writer /opt/stack/data/venv/lib/python3.12/site-packages/dbcounter.py:102}}
May 26 10:24:11.457459 np0000001406 neutron-periodic-workers[91944]: DEBUG neutron.db.agents_db [None req-a3158627-fb4b-4c09-b28e-0fb6a7e9e793 None None] Agent healthcheck: found 0 active agents {{(pid=91944) agent_health_check /opt/stack/neutron/neutron/db/agents_db.py:322}}
May 26 10:24:11.457710 np0000001406 neutron-periodic-workers[91944]: DEBUG oslo.service.backend._threading.loopingcall [None req-a3158627-fb4b-4c09-b28e-0fb6a7e9e793 None None] Fixed interval looping call 'neutron.plugins.ml2.plugin.AgentDbMixin.agent_health_check' sleeping for 36.94 seconds {{(pid=91944) _run_loop /opt/stack/data/venv/lib/python3.12/site-packages/oslo_service/backend/_threading/loopingcall.py:125}}
May 26 10:24:19.445883 np0000001406 neutron-periodic-workers[91932]: DEBUG dbcounter [-] [91932] Writer thread running {{(pid=91932) stat_writer /opt/stack/data/venv/lib/python3.12/site-packages/dbcounter.py:102}}
May 26 10:24:19.458243 np0000001406 neutron-periodic-workers[91932]: DEBUG oslo.service.backend._threading.loopingcall [None req-cff496c3-54f5-4e26-aa99-60aeebb1bbba None None] Fixed interval looping call 'neutron.plugins.ml2.plugin.DhcpAgentSchedulerDbMixin.remove_networks_from_down_agents' sleeping for 36.92 seconds {{(pid=91932) _run_loop /opt/stack/data/venv/lib/python3.12/site-packages/oslo_service/backend/_threading/loopingcall.py:125}}
May 26 10:24:21.454878 np0000001406 neutron-periodic-workers[91944]: DEBUG dbcounter [-] [91944] Writing DB stats neutron:SELECT=1 {{(pid=91944) stat_writer /opt/stack/data/venv/lib/python3.12/site-packages/dbcounter.py:115}}
May 26 10:24:29.456380 np0000001406 neutron-periodic-workers[91932]: DEBUG dbcounter [-] [91932] Writing DB stats neutron:SELECT=3 {{(pid=91932) stat_writer /opt/stack/data/venv/lib/python3.12/site-packages/dbcounter.py:115}}
May 26 10:24:48.401062 np0000001406 neutron-periodic-workers[91944]: DEBUG neutron.db.agents_db [None req-a3158627-fb4b-4c09-b28e-0fb6a7e9e793 None None] Agent healthcheck: found 0 active agents {{(pid=91944) agent_health_check /opt/stack/neutron/neutron/db/agents_db.py:322}}
May 26 10:24:48.401528 np0000001406 neutron-periodic-workers[91944]: DEBUG oslo.service.backend._threading.loopingcall [None req-a3158627-fb4b-4c09-b28e-0fb6a7e9e793 None None] Fixed interval looping call 'neutron.plugins.ml2.plugin.AgentDbMixin.agent_health_check' sleeping for 37.00 seconds {{(pid=91944) _run_loop /opt/stack/data/venv/lib/python3.12/site-packages/oslo_service/backend/_threading/loopingcall.py:125}}
May 26 10:24:56.384872 np0000001406 neutron-periodic-workers[91932]: DEBUG oslo.service.backend._threading.loopingcall [None req-cff496c3-54f5-4e26-aa99-60aeebb1bbba None None] Fixed interval looping call 'neutron.plugins.ml2.plugin.DhcpAgentSchedulerDbMixin.remove_networks_from_down_agents' sleeping for 36.99 seconds {{(pid=91932) _run_loop /opt/stack/data/venv/lib/python3.12/site-packages/oslo_service/backend/_threading/loopingcall.py:125}}
May 26 10:24:58.400067 np0000001406 neutron-periodic-workers[91944]: DEBUG dbcounter [-] [91944] Writing DB stats neutron:SELECT=1 {{(pid=91944) stat_writer /opt/stack/data/venv/lib/python3.12/site-packages/dbcounter.py:115}}
May 26 10:25:06.383839 np0000001406 neutron-periodic-workers[91932]: DEBUG dbcounter [-] [91932] Writing DB stats neutron:SELECT=3 {{(pid=91932) stat_writer /opt/stack/data/venv/lib/python3.12/site-packages/dbcounter.py:115}}
May 26 10:25:11.464778 np0000001406 neutron-periodic-workers[91964]: DEBUG dbcounter [-] [91964] Writer thread running {{(pid=91964) stat_writer /opt/stack/data/venv/lib/python3.12/site-packages/dbcounter.py:102}}
May 26 10:25:11.466490 np0000001406 neutron-periodic-workers[91964]: DEBUG oslo.service.backend._threading.loopingcall [None req-1b73d32f-1f63-448a-8a7b-38a31c191fcc None None] Fixed interval looping call 'neutron.db.quota.driver_nolock.DbQuotaNoLockDriver._remove_expired_reservations' sleeping for 119.96 seconds {{(pid=91964) _run_loop /opt/stack/data/venv/lib/python3.12/site-packages/oslo_service/backend/_threading/loopingcall.py:125}}
May 26 10:25:18.440121 np0000001406 neutron-periodic-workers[91924]: DEBUG dbcounter [-] [91924] Writer thread running {{(pid=91924) stat_writer /opt/stack/data/venv/lib/python3.12/site-packages/dbcounter.py:102}}
May 26 10:25:18.449851 np0000001406 neutron-periodic-workers[91924]: DEBUG oslo.service.backend._threading.loopingcall [None req-a511a344-6fbd-4298-ba36-c55df8e67a6d None None] Fixed interval looping call 'neutron.services.ovn_l3.plugin.L3_NAT_dbonly_mixin._clean_garbage' sleeping for 299.93 seconds {{(pid=91924) _run_loop /opt/stack/data/venv/lib/python3.12/site-packages/oslo_service/backend/_threading/loopingcall.py:125}}
May 26 10:25:21.465511 np0000001406 neutron-periodic-workers[91964]: DEBUG dbcounter [-] [91964] Writing DB stats neutron:DELETE=1 {{(pid=91964) stat_writer /opt/stack/data/venv/lib/python3.12/site-packages/dbcounter.py:115}}
May 26 10:25:25.405229 np0000001406 neutron-periodic-workers[91944]: DEBUG neutron.db.agents_db [None req-a3158627-fb4b-4c09-b28e-0fb6a7e9e793 None None] Agent healthcheck: found 0 active agents {{(pid=91944) agent_health_check /opt/stack/neutron/neutron/db/agents_db.py:322}}
May 26 10:25:25.405229 np0000001406 neutron-periodic-workers[91944]: DEBUG oslo.service.backend._threading.loopingcall [None req-a3158627-fb4b-4c09-b28e-0fb6a7e9e793 None None] Fixed interval looping call 'neutron.plugins.ml2.plugin.AgentDbMixin.agent_health_check' sleeping for 37.00 seconds {{(pid=91944) _run_loop /opt/stack/data/venv/lib/python3.12/site-packages/oslo_service/backend/_threading/loopingcall.py:125}}
May 26 10:25:28.440626 np0000001406 neutron-periodic-workers[91924]: DEBUG dbcounter [-] [91924] Writing DB stats neutron:SELECT=1 {{(pid=91924) stat_writer /opt/stack/data/venv/lib/python3.12/site-packages/dbcounter.py:115}}
May 26 10:25:33.382148 np0000001406 neutron-periodic-workers[91932]: DEBUG oslo.service.backend._threading.loopingcall [None req-cff496c3-54f5-4e26-aa99-60aeebb1bbba None None] Fixed interval looping call 'neutron.plugins.ml2.plugin.DhcpAgentSchedulerDbMixin.remove_networks_from_down_agents' sleeping for 36.99 seconds {{(pid=91932) _run_loop /opt/stack/data/venv/lib/python3.12/site-packages/oslo_service/backend/_threading/loopingcall.py:125}}
May 26 10:25:35.403818 np0000001406 neutron-periodic-workers[91944]: DEBUG dbcounter [-] [91944] Writing DB stats neutron:SELECT=1 {{(pid=91944) stat_writer /opt/stack/data/venv/lib/python3.12/site-packages/dbcounter.py:115}}
May 26 10:25:43.381165 np0000001406 neutron-periodic-workers[91932]: DEBUG dbcounter [-] [91932] Writing DB stats neutron:SELECT=3 {{(pid=91932) stat_writer /opt/stack/data/venv/lib/python3.12/site-packages/dbcounter.py:115}}
May 26 10:26:02.408271 np0000001406 neutron-periodic-workers[91944]: DEBUG neutron.db.agents_db [None req-a3158627-fb4b-4c09-b28e-0fb6a7e9e793 None None] Agent healthcheck: found 0 active agents {{(pid=91944) agent_health_check /opt/stack/neutron/neutron/db/agents_db.py:322}}
May 26 10:26:02.408743 np0000001406 neutron-periodic-workers[91944]: DEBUG oslo.service.backend._threading.loopingcall [None req-a3158627-fb4b-4c09-b28e-0fb6a7e9e793 None None] Fixed interval looping call 'neutron.plugins.ml2.plugin.AgentDbMixin.agent_health_check' sleeping for 37.00 seconds {{(pid=91944) _run_loop /opt/stack/data/venv/lib/python3.12/site-packages/oslo_service/backend/_threading/loopingcall.py:125}}
May 26 10:26:10.379583 np0000001406 neutron-periodic-workers[91932]: DEBUG oslo.service.backend._threading.loopingcall [None req-cff496c3-54f5-4e26-aa99-60aeebb1bbba None None] Fixed interval looping call 'neutron.plugins.ml2.plugin.DhcpAgentSchedulerDbMixin.remove_networks_from_down_agents' sleeping for 36.99 seconds {{(pid=91932) _run_loop /opt/stack/data/venv/lib/python3.12/site-packages/oslo_service/backend/_threading/loopingcall.py:125}}
May 26 10:26:12.407595 np0000001406 neutron-periodic-workers[91944]: DEBUG dbcounter [-] [91944] Writing DB stats neutron:SELECT=1 {{(pid=91944) stat_writer /opt/stack/data/venv/lib/python3.12/site-packages/dbcounter.py:115}}
May 26 10:26:20.378218 np0000001406 neutron-periodic-workers[91932]: DEBUG dbcounter [-] [91932] Writing DB stats neutron:SELECT=3 {{(pid=91932) stat_writer /opt/stack/data/venv/lib/python3.12/site-packages/dbcounter.py:115}}
May 26 10:26:39.412030 np0000001406 neutron-periodic-workers[91944]: DEBUG neutron.db.agents_db [None req-a3158627-fb4b-4c09-b28e-0fb6a7e9e793 None None] Agent healthcheck: found 0 active agents {{(pid=91944) agent_health_check /opt/stack/neutron/neutron/db/agents_db.py:322}}
May 26 10:26:39.412368 np0000001406 neutron-periodic-workers[91944]: DEBUG oslo.service.backend._threading.loopingcall [None req-a3158627-fb4b-4c09-b28e-0fb6a7e9e793 None None] Fixed interval looping call 'neutron.plugins.ml2.plugin.AgentDbMixin.agent_health_check' sleeping for 37.00 seconds {{(pid=91944) _run_loop /opt/stack/data/venv/lib/python3.12/site-packages/oslo_service/backend/_threading/loopingcall.py:125}}
May 26 10:26:47.377100 np0000001406 neutron-periodic-workers[91932]: DEBUG oslo.service.backend._threading.loopingcall [None req-cff496c3-54f5-4e26-aa99-60aeebb1bbba None None] Fixed interval looping call 'neutron.plugins.ml2.plugin.DhcpAgentSchedulerDbMixin.remove_networks_from_down_agents' sleeping for 36.99 seconds {{(pid=91932) _run_loop /opt/stack/data/venv/lib/python3.12/site-packages/oslo_service/backend/_threading/loopingcall.py:125}}
May 26 10:26:49.411101 np0000001406 neutron-periodic-workers[91944]: DEBUG dbcounter [-] [91944] Writing DB stats neutron:SELECT=1 {{(pid=91944) stat_writer /opt/stack/data/venv/lib/python3.12/site-packages/dbcounter.py:115}}
May 26 10:26:57.376109 np0000001406 neutron-periodic-workers[91932]: DEBUG dbcounter [-] [91932] Writing DB stats neutron:SELECT=3 {{(pid=91932) stat_writer /opt/stack/data/venv/lib/python3.12/site-packages/dbcounter.py:115}}
May 26 10:27:11.437723 np0000001406 neutron-periodic-workers[91964]: DEBUG oslo.service.backend._threading.loopingcall [None req-1b73d32f-1f63-448a-8a7b-38a31c191fcc None None] Fixed interval looping call 'neutron.db.quota.driver_nolock.DbQuotaNoLockDriver._remove_expired_reservations' sleeping for 119.99 seconds {{(pid=91964) _run_loop /opt/stack/data/venv/lib/python3.12/site-packages/oslo_service/backend/_threading/loopingcall.py:125}}
May 26 10:27:16.418064 np0000001406 neutron-periodic-workers[91944]: DEBUG neutron.db.agents_db [None req-a3158627-fb4b-4c09-b28e-0fb6a7e9e793 None None] Agent healthcheck: found 0 active agents {{(pid=91944) agent_health_check /opt/stack/neutron/neutron/db/agents_db.py:322}}
May 26 10:27:16.418064 np0000001406 neutron-periodic-workers[91944]: DEBUG oslo.service.backend._threading.loopingcall [None req-a3158627-fb4b-4c09-b28e-0fb6a7e9e793 None None] Fixed interval looping call 'neutron.plugins.ml2.plugin.AgentDbMixin.agent_health_check' sleeping for 37.00 seconds {{(pid=91944) _run_loop /opt/stack/data/venv/lib/python3.12/site-packages/oslo_service/backend/_threading/loopingcall.py:125}}
May 26 10:27:21.440129 np0000001406 neutron-periodic-workers[91964]: DEBUG dbcounter [-] [91964] Writing DB stats neutron:DELETE=1 {{(pid=91964) stat_writer /opt/stack/data/venv/lib/python3.12/site-packages/dbcounter.py:115}}
May 26 10:27:24.375343 np0000001406 neutron-periodic-workers[91932]: DEBUG oslo.service.backend._threading.loopingcall [None req-cff496c3-54f5-4e26-aa99-60aeebb1bbba None None] Fixed interval looping call 'neutron.plugins.ml2.plugin.DhcpAgentSchedulerDbMixin.remove_networks_from_down_agents' sleeping for 36.99 seconds {{(pid=91932) _run_loop /opt/stack/data/venv/lib/python3.12/site-packages/oslo_service/backend/_threading/loopingcall.py:125}}
May 26 10:27:26.415711 np0000001406 neutron-periodic-workers[91944]: DEBUG dbcounter [-] [91944] Writing DB stats neutron:SELECT=1 {{(pid=91944) stat_writer /opt/stack/data/venv/lib/python3.12/site-packages/dbcounter.py:115}}
May 26 10:27:34.374198 np0000001406 neutron-periodic-workers[91932]: DEBUG dbcounter [-] [91932] Writing DB stats neutron:SELECT=3 {{(pid=91932) stat_writer /opt/stack/data/venv/lib/python3.12/site-packages/dbcounter.py:115}}
May 26 10:27:53.422209 np0000001406 neutron-periodic-workers[91944]: DEBUG neutron.db.agents_db [None req-a3158627-fb4b-4c09-b28e-0fb6a7e9e793 None None] Agent healthcheck: found 0 active agents {{(pid=91944) agent_health_check /opt/stack/neutron/neutron/db/agents_db.py:322}}
May 26 10:27:53.422585 np0000001406 neutron-periodic-workers[91944]: DEBUG oslo.service.backend._threading.loopingcall [None req-a3158627-fb4b-4c09-b28e-0fb6a7e9e793 None None] Fixed interval looping call 'neutron.plugins.ml2.plugin.AgentDbMixin.agent_health_check' sleeping for 37.00 seconds {{(pid=91944) _run_loop /opt/stack/data/venv/lib/python3.12/site-packages/oslo_service/backend/_threading/loopingcall.py:125}}
May 26 10:28:01.372786 np0000001406 neutron-periodic-workers[91932]: DEBUG oslo.service.backend._threading.loopingcall [None req-cff496c3-54f5-4e26-aa99-60aeebb1bbba None None] Fixed interval looping call 'neutron.plugins.ml2.plugin.DhcpAgentSchedulerDbMixin.remove_networks_from_down_agents' sleeping for 36.99 seconds {{(pid=91932) _run_loop /opt/stack/data/venv/lib/python3.12/site-packages/oslo_service/backend/_threading/loopingcall.py:125}}
May 26 10:28:03.424864 np0000001406 neutron-periodic-workers[91944]: DEBUG dbcounter [-] [91944] Writing DB stats neutron:SELECT=1 {{(pid=91944) stat_writer /opt/stack/data/venv/lib/python3.12/site-packages/dbcounter.py:115}}
May 26 10:28:11.371457 np0000001406 neutron-periodic-workers[91932]: DEBUG dbcounter [-] [91932] Writing DB stats neutron:SELECT=3 {{(pid=91932) stat_writer /opt/stack/data/venv/lib/python3.12/site-packages/dbcounter.py:115}}
May 26 10:28:30.425944 np0000001406 neutron-periodic-workers[91944]: DEBUG neutron.db.agents_db [None req-a3158627-fb4b-4c09-b28e-0fb6a7e9e793 None None] Agent healthcheck: found 0 active agents {{(pid=91944) agent_health_check /opt/stack/neutron/neutron/db/agents_db.py:322}}
May 26 10:28:30.426481 np0000001406 neutron-periodic-workers[91944]: DEBUG oslo.service.backend._threading.loopingcall [None req-a3158627-fb4b-4c09-b28e-0fb6a7e9e793 None None] Fixed interval looping call 'neutron.plugins.ml2.plugin.AgentDbMixin.agent_health_check' sleeping for 37.00 seconds {{(pid=91944) _run_loop /opt/stack/data/venv/lib/python3.12/site-packages/oslo_service/backend/_threading/loopingcall.py:125}}
May 26 10:28:38.374748 np0000001406 neutron-periodic-workers[91932]: DEBUG oslo.service.backend._threading.loopingcall [None req-cff496c3-54f5-4e26-aa99-60aeebb1bbba None None] Fixed interval looping call 'neutron.plugins.ml2.plugin.DhcpAgentSchedulerDbMixin.remove_networks_from_down_agents' sleeping for 36.99 seconds {{(pid=91932) _run_loop /opt/stack/data/venv/lib/python3.12/site-packages/oslo_service/backend/_threading/loopingcall.py:125}}
May 26 10:28:40.424764 np0000001406 neutron-periodic-workers[91944]: DEBUG dbcounter [-] [91944] Writing DB stats neutron:SELECT=1 {{(pid=91944) stat_writer /opt/stack/data/venv/lib/python3.12/site-packages/dbcounter.py:115}}
May 26 10:28:48.373464 np0000001406 neutron-periodic-workers[91932]: DEBUG dbcounter [-] [91932] Writing DB stats neutron:SELECT=3 {{(pid=91932) stat_writer /opt/stack/data/venv/lib/python3.12/site-packages/dbcounter.py:115}}
May 26 10:29:07.432105 np0000001406 neutron-periodic-workers[91944]: DEBUG neutron.db.agents_db [None req-a3158627-fb4b-4c09-b28e-0fb6a7e9e793 None None] Agent healthcheck: found 0 active agents {{(pid=91944) agent_health_check /opt/stack/neutron/neutron/db/agents_db.py:322}}
May 26 10:29:07.432542 np0000001406 neutron-periodic-workers[91944]: DEBUG oslo.service.backend._threading.loopingcall [None req-a3158627-fb4b-4c09-b28e-0fb6a7e9e793 None None] Fixed interval looping call 'neutron.plugins.ml2.plugin.AgentDbMixin.agent_health_check' sleeping for 36.99 seconds {{(pid=91944) _run_loop /opt/stack/data/venv/lib/python3.12/site-packages/oslo_service/backend/_threading/loopingcall.py:125}}
May 26 10:29:11.431624 np0000001406 neutron-periodic-workers[91964]: DEBUG oslo.service.backend._threading.loopingcall [None req-1b73d32f-1f63-448a-8a7b-38a31c191fcc None None] Fixed interval looping call 'neutron.db.quota.driver_nolock.DbQuotaNoLockDriver._remove_expired_reservations' sleeping for 120.00 seconds {{(pid=91964) _run_loop /opt/stack/data/venv/lib/python3.12/site-packages/oslo_service/backend/_threading/loopingcall.py:125}}
May 26 10:29:15.373571 np0000001406 neutron-periodic-workers[91932]: DEBUG oslo.service.backend._threading.loopingcall [None req-cff496c3-54f5-4e26-aa99-60aeebb1bbba None None] Fixed interval looping call 'neutron.plugins.ml2.plugin.DhcpAgentSchedulerDbMixin.remove_networks_from_down_agents' sleeping for 36.99 seconds {{(pid=91932) _run_loop /opt/stack/data/venv/lib/python3.12/site-packages/oslo_service/backend/_threading/loopingcall.py:125}}
May 26 10:29:17.429979 np0000001406 neutron-periodic-workers[91944]: DEBUG dbcounter [-] [91944] Writing DB stats neutron:SELECT=1 {{(pid=91944) stat_writer /opt/stack/data/venv/lib/python3.12/site-packages/dbcounter.py:115}}
May 26 10:29:21.430686 np0000001406 neutron-periodic-workers[91964]: DEBUG dbcounter [-] [91964] Writing DB stats neutron:DELETE=1 {{(pid=91964) stat_writer /opt/stack/data/venv/lib/python3.12/site-packages/dbcounter.py:115}}
May 26 10:29:25.372441 np0000001406 neutron-periodic-workers[91932]: DEBUG dbcounter [-] [91932] Writing DB stats neutron:SELECT=3 {{(pid=91932) stat_writer /opt/stack/data/venv/lib/python3.12/site-packages/dbcounter.py:115}}
May 26 10:29:44.428543 np0000001406 neutron-periodic-workers[91944]: DEBUG neutron.db.agents_db [None req-a3158627-fb4b-4c09-b28e-0fb6a7e9e793 None None] Agent healthcheck: found 0 active agents {{(pid=91944) agent_health_check /opt/stack/neutron/neutron/db/agents_db.py:322}}
May 26 10:29:44.428543 np0000001406 neutron-periodic-workers[91944]: DEBUG oslo.service.backend._threading.loopingcall [None req-a3158627-fb4b-4c09-b28e-0fb6a7e9e793 None None] Fixed interval looping call 'neutron.plugins.ml2.plugin.AgentDbMixin.agent_health_check' sleeping for 36.99 seconds {{(pid=91944) _run_loop /opt/stack/data/venv/lib/python3.12/site-packages/oslo_service/backend/_threading/loopingcall.py:125}}
May 26 10:29:52.370158 np0000001406 neutron-periodic-workers[91932]: DEBUG oslo.service.backend._threading.loopingcall [None req-cff496c3-54f5-4e26-aa99-60aeebb1bbba None None] Fixed interval looping call 'neutron.plugins.ml2.plugin.DhcpAgentSchedulerDbMixin.remove_networks_from_down_agents' sleeping for 36.99 seconds {{(pid=91932) _run_loop /opt/stack/data/venv/lib/python3.12/site-packages/oslo_service/backend/_threading/loopingcall.py:125}}
May 26 10:29:54.427696 np0000001406 neutron-periodic-workers[91944]: DEBUG dbcounter [-] [91944] Writing DB stats neutron:SELECT=1 {{(pid=91944) stat_writer /opt/stack/data/venv/lib/python3.12/site-packages/dbcounter.py:115}}
May 26 10:30:02.369281 np0000001406 neutron-periodic-workers[91932]: DEBUG dbcounter [-] [91932] Writing DB stats neutron:SELECT=3 {{(pid=91932) stat_writer /opt/stack/data/venv/lib/python3.12/site-packages/dbcounter.py:115}}
May 26 10:30:18.390126 np0000001406 neutron-periodic-workers[91924]: DEBUG oslo.service.backend._threading.loopingcall [None req-a511a344-6fbd-4298-ba36-c55df8e67a6d None None] Fixed interval looping call 'neutron.services.ovn_l3.plugin.L3_NAT_dbonly_mixin._clean_garbage' sleeping for 299.99 seconds {{(pid=91924) _run_loop /opt/stack/data/venv/lib/python3.12/site-packages/oslo_service/backend/_threading/loopingcall.py:125}}
May 26 10:30:21.425206 np0000001406 neutron-periodic-workers[91944]: DEBUG neutron.db.agents_db [None req-a3158627-fb4b-4c09-b28e-0fb6a7e9e793 None None] Agent healthcheck: found 0 active agents {{(pid=91944) agent_health_check /opt/stack/neutron/neutron/db/agents_db.py:322}}
May 26 10:30:21.425589 np0000001406 neutron-periodic-workers[91944]: DEBUG oslo.service.backend._threading.loopingcall [None req-a3158627-fb4b-4c09-b28e-0fb6a7e9e793 None None] Fixed interval looping call 'neutron.plugins.ml2.plugin.AgentDbMixin.agent_health_check' sleeping for 36.99 seconds {{(pid=91944) _run_loop /opt/stack/data/venv/lib/python3.12/site-packages/oslo_service/backend/_threading/loopingcall.py:125}}
May 26 10:30:28.383467 np0000001406 neutron-periodic-workers[91924]: DEBUG dbcounter [-] [91924] Writing DB stats neutron:SELECT=1 {{(pid=91924) stat_writer /opt/stack/data/venv/lib/python3.12/site-packages/dbcounter.py:115}}
May 26 10:30:29.366210 np0000001406 neutron-periodic-workers[91932]: DEBUG oslo.service.backend._threading.loopingcall [None req-cff496c3-54f5-4e26-aa99-60aeebb1bbba None None] Fixed interval looping call 'neutron.plugins.ml2.plugin.DhcpAgentSchedulerDbMixin.remove_networks_from_down_agents' sleeping for 36.99 seconds {{(pid=91932) _run_loop /opt/stack/data/venv/lib/python3.12/site-packages/oslo_service/backend/_threading/loopingcall.py:125}}
May 26 10:30:31.421907 np0000001406 neutron-periodic-workers[91944]: DEBUG dbcounter [-] [91944] Writing DB stats neutron:SELECT=1 {{(pid=91944) stat_writer /opt/stack/data/venv/lib/python3.12/site-packages/dbcounter.py:115}}
May 26 10:30:39.365959 np0000001406 neutron-periodic-workers[91932]: DEBUG dbcounter [-] [91932] Writing DB stats neutron:SELECT=3 {{(pid=91932) stat_writer /opt/stack/data/venv/lib/python3.12/site-packages/dbcounter.py:115}}
May 26 10:30:58.422436 np0000001406 neutron-periodic-workers[91944]: DEBUG neutron.db.agents_db [None req-a3158627-fb4b-4c09-b28e-0fb6a7e9e793 None None] Agent healthcheck: found 0 active agents {{(pid=91944) agent_health_check /opt/stack/neutron/neutron/db/agents_db.py:322}}
May 26 10:30:58.422436 np0000001406 neutron-periodic-workers[91944]: DEBUG oslo.service.backend._threading.loopingcall [None req-a3158627-fb4b-4c09-b28e-0fb6a7e9e793 None None] Fixed interval looping call 'neutron.plugins.ml2.plugin.AgentDbMixin.agent_health_check' sleeping for 36.99 seconds {{(pid=91944) _run_loop /opt/stack/data/venv/lib/python3.12/site-packages/oslo_service/backend/_threading/loopingcall.py:125}}
May 26 10:31:06.363068 np0000001406 neutron-periodic-workers[91932]: DEBUG oslo.service.backend._threading.loopingcall [None req-cff496c3-54f5-4e26-aa99-60aeebb1bbba None None] Fixed interval looping call 'neutron.plugins.ml2.plugin.DhcpAgentSchedulerDbMixin.remove_networks_from_down_agents' sleeping for 36.99 seconds {{(pid=91932) _run_loop /opt/stack/data/venv/lib/python3.12/site-packages/oslo_service/backend/_threading/loopingcall.py:125}}
May 26 10:31:08.421201 np0000001406 neutron-periodic-workers[91944]: DEBUG dbcounter [-] [91944] Writing DB stats neutron:SELECT=1 {{(pid=91944) stat_writer /opt/stack/data/venv/lib/python3.12/site-packages/dbcounter.py:115}}
May 26 10:31:11.435041 np0000001406 neutron-periodic-workers[91964]: DEBUG oslo.service.backend._threading.loopingcall [None req-1b73d32f-1f63-448a-8a7b-38a31c191fcc None None] Fixed interval looping call 'neutron.db.quota.driver_nolock.DbQuotaNoLockDriver._remove_expired_reservations' sleeping for 120.00 seconds {{(pid=91964) _run_loop /opt/stack/data/venv/lib/python3.12/site-packages/oslo_service/backend/_threading/loopingcall.py:125}}
May 26 10:31:16.363120 np0000001406 neutron-periodic-workers[91932]: DEBUG dbcounter [-] [91932] Writing DB stats neutron:SELECT=3 {{(pid=91932) stat_writer /opt/stack/data/venv/lib/python3.12/site-packages/dbcounter.py:115}}
May 26 10:31:21.434176 np0000001406 neutron-periodic-workers[91964]: DEBUG dbcounter [-] [91964] Writing DB stats neutron:DELETE=1 {{(pid=91964) stat_writer /opt/stack/data/venv/lib/python3.12/site-packages/dbcounter.py:115}}
May 26 10:31:35.417700 np0000001406 neutron-periodic-workers[91944]: DEBUG neutron.db.agents_db [None req-a3158627-fb4b-4c09-b28e-0fb6a7e9e793 None None] Agent healthcheck: found 0 active agents {{(pid=91944) agent_health_check /opt/stack/neutron/neutron/db/agents_db.py:322}}
May 26 10:31:35.418106 np0000001406 neutron-periodic-workers[91944]: DEBUG oslo.service.backend._threading.loopingcall [None req-a3158627-fb4b-4c09-b28e-0fb6a7e9e793 None None] Fixed interval looping call 'neutron.plugins.ml2.plugin.AgentDbMixin.agent_health_check' sleeping for 36.99 seconds {{(pid=91944) _run_loop /opt/stack/data/venv/lib/python3.12/site-packages/oslo_service/backend/_threading/loopingcall.py:125}}
May 26 10:31:43.361975 np0000001406 neutron-periodic-workers[91932]: DEBUG oslo.service.backend._threading.loopingcall [None req-cff496c3-54f5-4e26-aa99-60aeebb1bbba None None] Fixed interval looping call 'neutron.plugins.ml2.plugin.DhcpAgentSchedulerDbMixin.remove_networks_from_down_agents' sleeping for 36.99 seconds {{(pid=91932) _run_loop /opt/stack/data/venv/lib/python3.12/site-packages/oslo_service/backend/_threading/loopingcall.py:125}}
May 26 10:31:45.415885 np0000001406 neutron-periodic-workers[91944]: DEBUG dbcounter [-] [91944] Writing DB stats neutron:SELECT=1 {{(pid=91944) stat_writer /opt/stack/data/venv/lib/python3.12/site-packages/dbcounter.py:115}}
May 26 10:31:53.360531 np0000001406 neutron-periodic-workers[91932]: DEBUG dbcounter [-] [91932] Writing DB stats neutron:SELECT=3 {{(pid=91932) stat_writer /opt/stack/data/venv/lib/python3.12/site-packages/dbcounter.py:115}}
May 26 10:32:12.414095 np0000001406 neutron-periodic-workers[91944]: DEBUG neutron.db.agents_db [None req-a3158627-fb4b-4c09-b28e-0fb6a7e9e793 None None] Agent healthcheck: found 0 active agents {{(pid=91944) agent_health_check /opt/stack/neutron/neutron/db/agents_db.py:322}}
May 26 10:32:12.414095 np0000001406 neutron-periodic-workers[91944]: DEBUG oslo.service.backend._threading.loopingcall [None req-a3158627-fb4b-4c09-b28e-0fb6a7e9e793 None None] Fixed interval looping call 'neutron.plugins.ml2.plugin.AgentDbMixin.agent_health_check' sleeping for 36.99 seconds {{(pid=91944) _run_loop /opt/stack/data/venv/lib/python3.12/site-packages/oslo_service/backend/_threading/loopingcall.py:125}}
May 26 10:32:20.358018 np0000001406 neutron-periodic-workers[91932]: DEBUG oslo.service.backend._threading.loopingcall [None req-cff496c3-54f5-4e26-aa99-60aeebb1bbba None None] Fixed interval looping call 'neutron.plugins.ml2.plugin.DhcpAgentSchedulerDbMixin.remove_networks_from_down_agents' sleeping for 36.99 seconds {{(pid=91932) _run_loop /opt/stack/data/venv/lib/python3.12/site-packages/oslo_service/backend/_threading/loopingcall.py:125}}
May 26 10:32:22.412469 np0000001406 neutron-periodic-workers[91944]: DEBUG dbcounter [-] [91944] Writing DB stats neutron:SELECT=1 {{(pid=91944) stat_writer /opt/stack/data/venv/lib/python3.12/site-packages/dbcounter.py:115}}
May 26 10:32:30.357202 np0000001406 neutron-periodic-workers[91932]: DEBUG dbcounter [-] [91932] Writing DB stats neutron:SELECT=3 {{(pid=91932) stat_writer /opt/stack/data/venv/lib/python3.12/site-packages/dbcounter.py:115}}
May 26 10:32:49.409751 np0000001406 neutron-periodic-workers[91944]: DEBUG neutron.db.agents_db [None req-a3158627-fb4b-4c09-b28e-0fb6a7e9e793 None None] Agent healthcheck: found 0 active agents {{(pid=91944) agent_health_check /opt/stack/neutron/neutron/db/agents_db.py:322}}
May 26 10:32:49.409751 np0000001406 neutron-periodic-workers[91944]: DEBUG oslo.service.backend._threading.loopingcall [None req-a3158627-fb4b-4c09-b28e-0fb6a7e9e793 None None] Fixed interval looping call 'neutron.plugins.ml2.plugin.AgentDbMixin.agent_health_check' sleeping for 37.00 seconds {{(pid=91944) _run_loop /opt/stack/data/venv/lib/python3.12/site-packages/oslo_service/backend/_threading/loopingcall.py:125}}
May 26 10:32:57.363854 np0000001406 neutron-periodic-workers[91932]: DEBUG oslo.service.backend._threading.loopingcall [None req-cff496c3-54f5-4e26-aa99-60aeebb1bbba None None] Fixed interval looping call 'neutron.plugins.ml2.plugin.DhcpAgentSchedulerDbMixin.remove_networks_from_down_agents' sleeping for 36.99 seconds {{(pid=91932) _run_loop /opt/stack/data/venv/lib/python3.12/site-packages/oslo_service/backend/_threading/loopingcall.py:125}}
May 26 10:32:59.410660 np0000001406 neutron-periodic-workers[91944]: DEBUG dbcounter [-] [91944] Writing DB stats neutron:SELECT=1 {{(pid=91944) stat_writer /opt/stack/data/venv/lib/python3.12/site-packages/dbcounter.py:115}}
May 26 10:33:07.362618 np0000001406 neutron-periodic-workers[91932]: DEBUG dbcounter [-] [91932] Writing DB stats neutron:SELECT=3 {{(pid=91932) stat_writer /opt/stack/data/venv/lib/python3.12/site-packages/dbcounter.py:115}}
May 26 10:33:11.441489 np0000001406 neutron-periodic-workers[91964]: DEBUG oslo.service.backend._threading.loopingcall [None req-1b73d32f-1f63-448a-8a7b-38a31c191fcc None None] Fixed interval looping call 'neutron.db.quota.driver_nolock.DbQuotaNoLockDriver._remove_expired_reservations' sleeping for 120.00 seconds {{(pid=91964) _run_loop /opt/stack/data/venv/lib/python3.12/site-packages/oslo_service/backend/_threading/loopingcall.py:125}}
May 26 10:33:21.438752 np0000001406 neutron-periodic-workers[91964]: DEBUG dbcounter [-] [91964] Writing DB stats neutron:DELETE=1 {{(pid=91964) stat_writer /opt/stack/data/venv/lib/python3.12/site-packages/dbcounter.py:115}}
May 26 10:33:26.429211 np0000001406 neutron-periodic-workers[91944]: DEBUG neutron.db.agents_db [None req-a3158627-fb4b-4c09-b28e-0fb6a7e9e793 None None] Agent healthcheck: found 0 active agents {{(pid=91944) agent_health_check /opt/stack/neutron/neutron/db/agents_db.py:322}}
May 26 10:33:26.429910 np0000001406 neutron-periodic-workers[91944]: DEBUG oslo.service.backend._threading.loopingcall [None req-a3158627-fb4b-4c09-b28e-0fb6a7e9e793 None None] Fixed interval looping call 'neutron.plugins.ml2.plugin.AgentDbMixin.agent_health_check' sleeping for 36.98 seconds {{(pid=91944) _run_loop /opt/stack/data/venv/lib/python3.12/site-packages/oslo_service/backend/_threading/loopingcall.py:125}}
May 26 10:33:34.369374 np0000001406 neutron-periodic-workers[91932]: DEBUG oslo.service.backend._threading.loopingcall [None req-cff496c3-54f5-4e26-aa99-60aeebb1bbba None None] Fixed interval looping call 'neutron.plugins.ml2.plugin.DhcpAgentSchedulerDbMixin.remove_networks_from_down_agents' sleeping for 36.98 seconds {{(pid=91932) _run_loop /opt/stack/data/venv/lib/python3.12/site-packages/oslo_service/backend/_threading/loopingcall.py:125}}
May 26 10:33:36.416964 np0000001406 neutron-periodic-workers[91944]: DEBUG dbcounter [-] [91944] Writing DB stats neutron:SELECT=1 {{(pid=91944) stat_writer /opt/stack/data/venv/lib/python3.12/site-packages/dbcounter.py:115}}
May 26 10:33:44.370044 np0000001406 neutron-periodic-workers[91932]: DEBUG dbcounter [-] [91932] Writing DB stats neutron:SELECT=3 {{(pid=91932) stat_writer /opt/stack/data/venv/lib/python3.12/site-packages/dbcounter.py:115}}
May 26 10:34:03.418726 np0000001406 neutron-periodic-workers[91944]: DEBUG neutron.db.agents_db [None req-a3158627-fb4b-4c09-b28e-0fb6a7e9e793 None None] Agent healthcheck: found 0 active agents {{(pid=91944) agent_health_check /opt/stack/neutron/neutron/db/agents_db.py:322}}
May 26 10:34:03.419143 np0000001406 neutron-periodic-workers[91944]: DEBUG oslo.service.backend._threading.loopingcall [None req-a3158627-fb4b-4c09-b28e-0fb6a7e9e793 None None] Fixed interval looping call 'neutron.plugins.ml2.plugin.AgentDbMixin.agent_health_check' sleeping for 36.99 seconds {{(pid=91944) _run_loop /opt/stack/data/venv/lib/python3.12/site-packages/oslo_service/backend/_threading/loopingcall.py:125}}
May 26 10:34:11.368501 np0000001406 neutron-periodic-workers[91932]: DEBUG oslo.service.backend._threading.loopingcall [None req-cff496c3-54f5-4e26-aa99-60aeebb1bbba None None] Fixed interval looping call 'neutron.plugins.ml2.plugin.DhcpAgentSchedulerDbMixin.remove_networks_from_down_agents' sleeping for 36.98 seconds {{(pid=91932) _run_loop /opt/stack/data/venv/lib/python3.12/site-packages/oslo_service/backend/_threading/loopingcall.py:125}}
May 26 10:34:13.418215 np0000001406 neutron-periodic-workers[91944]: DEBUG dbcounter [-] [91944] Writing DB stats neutron:SELECT=1 {{(pid=91944) stat_writer /opt/stack/data/venv/lib/python3.12/site-packages/dbcounter.py:115}}
May 26 10:34:21.370065 np0000001406 neutron-periodic-workers[91932]: DEBUG dbcounter [-] [91932] Writing DB stats neutron:SELECT=3 {{(pid=91932) stat_writer /opt/stack/data/venv/lib/python3.12/site-packages/dbcounter.py:115}}
May 26 10:34:40.412395 np0000001406 neutron-periodic-workers[91944]: DEBUG neutron.db.agents_db [None req-a3158627-fb4b-4c09-b28e-0fb6a7e9e793 None None] Agent healthcheck: found 0 active agents {{(pid=91944) agent_health_check /opt/stack/neutron/neutron/db/agents_db.py:322}}
May 26 10:34:40.412686 np0000001406 neutron-periodic-workers[91944]: DEBUG oslo.service.backend._threading.loopingcall [None req-a3158627-fb4b-4c09-b28e-0fb6a7e9e793 None None] Fixed interval looping call 'neutron.plugins.ml2.plugin.AgentDbMixin.agent_health_check' sleeping for 37.00 seconds {{(pid=91944) _run_loop /opt/stack/data/venv/lib/python3.12/site-packages/oslo_service/backend/_threading/loopingcall.py:125}}
May 26 10:34:48.353962 np0000001406 neutron-periodic-workers[91932]: DEBUG oslo.service.backend._threading.loopingcall [None req-cff496c3-54f5-4e26-aa99-60aeebb1bbba None None] Fixed interval looping call 'neutron.plugins.ml2.plugin.DhcpAgentSchedulerDbMixin.remove_networks_from_down_agents' sleeping for 36.99 seconds {{(pid=91932) _run_loop /opt/stack/data/venv/lib/python3.12/site-packages/oslo_service/backend/_threading/loopingcall.py:125}}
May 26 10:34:50.419490 np0000001406 neutron-periodic-workers[91944]: DEBUG dbcounter [-] [91944] Writing DB stats neutron:SELECT=1 {{(pid=91944) stat_writer /opt/stack/data/venv/lib/python3.12/site-packages/dbcounter.py:115}}
May 26 10:34:58.355017 np0000001406 neutron-periodic-workers[91932]: DEBUG dbcounter [-] [91932] Writing DB stats neutron:SELECT=3 {{(pid=91932) stat_writer /opt/stack/data/venv/lib/python3.12/site-packages/dbcounter.py:115}}
May 26 10:35:11.442786 np0000001406 neutron-periodic-workers[91964]: DEBUG oslo.service.backend._threading.loopingcall [None req-1b73d32f-1f63-448a-8a7b-38a31c191fcc None None] Fixed interval looping call 'neutron.db.quota.driver_nolock.DbQuotaNoLockDriver._remove_expired_reservations' sleeping for 120.00 seconds {{(pid=91964) _run_loop /opt/stack/data/venv/lib/python3.12/site-packages/oslo_service/backend/_threading/loopingcall.py:125}}
May 26 10:35:17.416280 np0000001406 neutron-periodic-workers[91944]: DEBUG neutron.db.agents_db [None req-a3158627-fb4b-4c09-b28e-0fb6a7e9e793 None None] Agent healthcheck: found 0 active agents {{(pid=91944) agent_health_check /opt/stack/neutron/neutron/db/agents_db.py:322}}
May 26 10:35:17.417251 np0000001406 neutron-periodic-workers[91944]: DEBUG oslo.service.backend._threading.loopingcall [None req-a3158627-fb4b-4c09-b28e-0fb6a7e9e793 None None] Fixed interval looping call 'neutron.plugins.ml2.plugin.AgentDbMixin.agent_health_check' sleeping for 37.00 seconds {{(pid=91944) _run_loop /opt/stack/data/venv/lib/python3.12/site-packages/oslo_service/backend/_threading/loopingcall.py:125}}
May 26 10:35:18.387014 np0000001406 neutron-periodic-workers[91924]: DEBUG oslo.service.backend._threading.loopingcall [None req-a511a344-6fbd-4298-ba36-c55df8e67a6d None None] Fixed interval looping call 'neutron.services.ovn_l3.plugin.L3_NAT_dbonly_mixin._clean_garbage' sleeping for 299.99 seconds {{(pid=91924) _run_loop /opt/stack/data/venv/lib/python3.12/site-packages/oslo_service/backend/_threading/loopingcall.py:125}}
May 26 10:35:21.442380 np0000001406 neutron-periodic-workers[91964]: DEBUG dbcounter [-] [91964] Writing DB stats neutron:DELETE=1 {{(pid=91964) stat_writer /opt/stack/data/venv/lib/python3.12/site-packages/dbcounter.py:115}}
May 26 10:35:25.353861 np0000001406 neutron-periodic-workers[91932]: DEBUG oslo.service.backend._threading.loopingcall [None req-cff496c3-54f5-4e26-aa99-60aeebb1bbba None None] Fixed interval looping call 'neutron.plugins.ml2.plugin.DhcpAgentSchedulerDbMixin.remove_networks_from_down_agents' sleeping for 36.99 seconds {{(pid=91932) _run_loop /opt/stack/data/venv/lib/python3.12/site-packages/oslo_service/backend/_threading/loopingcall.py:125}}
May 26 10:35:27.415340 np0000001406 neutron-periodic-workers[91944]: DEBUG dbcounter [-] [91944] Writing DB stats neutron:SELECT=1 {{(pid=91944) stat_writer /opt/stack/data/venv/lib/python3.12/site-packages/dbcounter.py:115}}
May 26 10:35:28.382342 np0000001406 neutron-periodic-workers[91924]: DEBUG dbcounter [-] [91924] Writing DB stats neutron:SELECT=1 {{(pid=91924) stat_writer /opt/stack/data/venv/lib/python3.12/site-packages/dbcounter.py:115}}
May 26 10:35:35.353656 np0000001406 neutron-periodic-workers[91932]: DEBUG dbcounter [-] [91932] Writing DB stats neutron:SELECT=3 {{(pid=91932) stat_writer /opt/stack/data/venv/lib/python3.12/site-packages/dbcounter.py:115}}
