May 26 10:28:53.722380 np0000001406 devstack@placement-api.service[92283]: [pid: 92283|app: 0|req: 81/239] 10.4.3.43 () {68 vars in 1492 bytes} [Tue May 26 10:28:53 2026] GET /placement/allocations/c7d9f7fe-888b-4e39-bc6d-dd24e397858e => generated 258 bytes in 12 msecs (HTTP/1.1 200) 8 headers in 296 bytes (1 switches on core 0)
May 26 10:28:53.762221 np0000001406 devstack@placement-api.service[92285]: DEBUG placement.requestlog [req-1f5c3584-7aa8-4658-b60d-fb30a9b30d36 req-8ebd5b5a-d4be-4eb5-8c16-c463444f6558 None None] Starting request: 10.4.3.43 "GET /placement/allocations/59565958-3e05-4eb6-ba93-39d632e68451" {{(pid=92285) __call__ /opt/stack/placement/placement/requestlog.py:55}}
May 26 10:28:53.775678 np0000001406 devstack@placement-api.service[92285]: INFO placement.requestlog [req-1f5c3584-7aa8-4658-b60d-fb30a9b30d36 req-8ebd5b5a-d4be-4eb5-8c16-c463444f6558 service nova] 10.4.3.43 "GET /placement/allocations/59565958-3e05-4eb6-ba93-39d632e68451" status: 200 len: 258 microversion: 1.28
May 26 10:28:53.775678 np0000001406 devstack@placement-api.service[92285]: [pid: 92285|app: 0|req: 82/240] 10.4.3.43 () {68 vars in 1492 bytes} [Tue May 26 10:28:53 2026] GET /placement/allocations/59565958-3e05-4eb6-ba93-39d632e68451 => generated 258 bytes in 13 msecs (HTTP/1.1 200) 8 headers in 296 bytes (1 switches on core 0)
May 26 10:28:53.822389 np0000001406 devstack@placement-api.service[92283]: DEBUG placement.requestlog [req-1f5c3584-7aa8-4658-b60d-fb30a9b30d36 req-388b7da4-e8a7-49a9-a585-6234357b9456 None None] Starting request: 10.4.3.43 "GET /placement/allocations/f69922a5-71a8-42cb-889a-99920b3d61fb" {{(pid=92283) __call__ /opt/stack/placement/placement/requestlog.py:55}}
May 26 10:28:53.839354 np0000001406 devstack@placement-api.service[92283]: INFO placement.requestlog [req-1f5c3584-7aa8-4658-b60d-fb30a9b30d36 req-388b7da4-e8a7-49a9-a585-6234357b9456 service nova] 10.4.3.43 "GET /placement/allocations/f69922a5-71a8-42cb-889a-99920b3d61fb" status: 200 len: 244 microversion: 1.28
May 26 10:28:53.840127 np0000001406 devstack@placement-api.service[92283]: [pid: 92283|app: 0|req: 82/241] 10.4.3.43 () {68 vars in 1492 bytes} [Tue May 26 10:28:53 2026] GET /placement/allocations/f69922a5-71a8-42cb-889a-99920b3d61fb => generated 244 bytes in 20 msecs (HTTP/1.1 200) 8 headers in 296 bytes (1 switches on core 0)
May 26 10:28:53.845856 np0000001406 devstack@placement-api.service[92284]: INFO placement.requestlog [req-ffdb850c-69a6-4451-8a58-5caba6021a91 req-eb8aa3b9-1028-4603-a45e-0dc489b1b084 service nova] 10.4.3.43 "GET /placement/allocations/59565958-3e05-4eb6-ba93-39d632e68451" status: 200 len: 258 microversion: 1.28
May 26 10:28:53.845856 np0000001406 devstack@placement-api.service[92284]: [pid: 92284|app: 0|req: 78/242] 10.4.3.43 () {68 vars in 1494 bytes} [Tue May 26 10:28:53 2026] GET /placement/allocations/59565958-3e05-4eb6-ba93-39d632e68451 => generated 258 bytes in 305 msecs (HTTP/1.1 200) 8 headers in 296 bytes (1 switches on core 0)
May 26 10:28:53.886134 np0000001406 devstack@placement-api.service[92285]: DEBUG placement.requestlog [req-1f5c3584-7aa8-4658-b60d-fb30a9b30d36 req-421f04ee-60b8-4c3a-966b-08714bcf70fe None None] Starting request: 10.4.3.43 "GET /placement/allocations/e81ffa4c-94b3-4731-8c3c-df6c1f769ff9" {{(pid=92285) __call__ /opt/stack/placement/placement/requestlog.py:55}}
May 26 10:28:53.892862 np0000001406 devstack@placement-api.service[92283]: DEBUG placement.requestlog [req-ffdb850c-69a6-4451-8a58-5caba6021a91 req-46240600-f26b-423d-939c-7683e7503f62 None None] Starting request: 10.4.3.43 "GET /placement/allocations/59565958-3e05-4eb6-ba93-39d632e68451" {{(pid=92283) __call__ /opt/stack/placement/placement/requestlog.py:55}}
May 26 10:28:53.896021 np0000001406 devstack@placement-api.service[92285]: INFO placement.requestlog [req-1f5c3584-7aa8-4658-b60d-fb30a9b30d36 req-421f04ee-60b8-4c3a-966b-08714bcf70fe service nova] 10.4.3.43 "GET /placement/allocations/e81ffa4c-94b3-4731-8c3c-df6c1f769ff9" status: 200 len: 258 microversion: 1.28
May 26 10:28:53.896021 np0000001406 devstack@placement-api.service[92285]: [pid: 92285|app: 0|req: 83/243] 10.4.3.43 () {68 vars in 1492 bytes} [Tue May 26 10:28:53 2026] GET /placement/allocations/e81ffa4c-94b3-4731-8c3c-df6c1f769ff9 => generated 258 bytes in 10 msecs (HTTP/1.1 200) 8 headers in 296 bytes (1 switches on core 0)
May 26 10:28:53.901614 np0000001406 devstack@placement-api.service[92283]: INFO placement.requestlog [req-ffdb850c-69a6-4451-8a58-5caba6021a91 req-46240600-f26b-423d-939c-7683e7503f62 service nova] 10.4.3.43 "GET /placement/allocations/59565958-3e05-4eb6-ba93-39d632e68451" status: 200 len: 258 microversion: 1.28
May 26 10:28:53.901981 np0000001406 devstack@placement-api.service[92283]: [pid: 92283|app: 0|req: 83/244] 10.4.3.43 () {68 vars in 1494 bytes} [Tue May 26 10:28:53 2026] GET /placement/allocations/59565958-3e05-4eb6-ba93-39d632e68451 => generated 258 bytes in 9 msecs (HTTP/1.1 200) 8 headers in 296 bytes (1 switches on core 0)
May 26 10:28:53.921961 np0000001406 devstack@placement-api.service[92284]: DEBUG placement.requestlog [None req-da74b3fa-3402-47f7-97c1-cbc6bf383d8d None None] Starting request: 10.4.3.43 "GET /placement/resource_providers/77dbbbb5-2d39-402b-a4b9-2dffe82c2513/aggregates" {{(pid=92284) __call__ /opt/stack/placement/placement/requestlog.py:55}}
May 26 10:28:53.930337 np0000001406 devstack@placement-api.service[92284]: INFO placement.requestlog [None req-da74b3fa-3402-47f7-97c1-cbc6bf383d8d service placement] 10.4.3.43 "GET /placement/resource_providers/77dbbbb5-2d39-402b-a4b9-2dffe82c2513/aggregates" status: 404 len: 235 microversion: 1.1
May 26 10:28:53.930337 np0000001406 devstack@placement-api.service[92284]: [pid: 92284|app: 0|req: 79/245] 10.4.3.43 () {66 vars in 1467 bytes} [Tue May 26 10:28:53 2026] GET /placement/resource_providers/77dbbbb5-2d39-402b-a4b9-2dffe82c2513/aggregates => generated 235 bytes in 8 msecs (HTTP/1.1 404) 5 headers in 202 bytes (1 switches on core 0)
May 26 10:28:53.954438 np0000001406 devstack@placement-api.service[92285]: DEBUG placement.requestlog [req-1f5c3584-7aa8-4658-b60d-fb30a9b30d36 req-d863f462-1fa8-4056-b18b-cb66288ed44d None None] Starting request: 10.4.3.43 "GET /placement/allocations/b6fef82e-e8bc-45ea-baee-e6677133fb0e" {{(pid=92285) __call__ /opt/stack/placement/placement/requestlog.py:55}}
May 26 10:28:53.958194 np0000001406 devstack@placement-api.service[92283]: DEBUG placement.requestlog [req-ffdb850c-69a6-4451-8a58-5caba6021a91 req-f0f9f1df-ef65-4705-83ef-6a3692fb908e None None] Starting request: 10.4.3.43 "GET /placement/allocations/a1684244-bcf1-4e6e-b0ae-d3439916342c" {{(pid=92283) __call__ /opt/stack/placement/placement/requestlog.py:55}}
May 26 10:28:53.969889 np0000001406 devstack@placement-api.service[92285]: INFO placement.requestlog [req-1f5c3584-7aa8-4658-b60d-fb30a9b30d36 req-d863f462-1fa8-4056-b18b-cb66288ed44d service nova] 10.4.3.43 "GET /placement/allocations/b6fef82e-e8bc-45ea-baee-e6677133fb0e" status: 200 len: 258 microversion: 1.28
May 26 10:28:53.969889 np0000001406 devstack@placement-api.service[92285]: [pid: 92285|app: 0|req: 84/246] 10.4.3.43 () {68 vars in 1492 bytes} [Tue May 26 10:28:53 2026] GET /placement/allocations/b6fef82e-e8bc-45ea-baee-e6677133fb0e => generated 258 bytes in 16 msecs (HTTP/1.1 200) 8 headers in 296 bytes (1 switches on core 0)
May 26 10:28:53.974179 np0000001406 devstack@placement-api.service[92283]: INFO placement.requestlog [req-ffdb850c-69a6-4451-8a58-5caba6021a91 req-f0f9f1df-ef65-4705-83ef-6a3692fb908e service nova] 10.4.3.43 "GET /placement/allocations/a1684244-bcf1-4e6e-b0ae-d3439916342c" status: 200 len: 19 microversion: 1.28
May 26 10:28:53.974411 np0000001406 devstack@placement-api.service[92283]: [pid: 92283|app: 0|req: 84/247] 10.4.3.43 () {68 vars in 1494 bytes} [Tue May 26 10:28:53 2026] GET /placement/allocations/a1684244-bcf1-4e6e-b0ae-d3439916342c => generated 19 bytes in 16 msecs (HTTP/1.1 200) 8 headers in 295 bytes (1 switches on core 0)
May 26 10:28:53.976955 np0000001406 devstack@placement-api.service[92284]: DEBUG placement.requestlog [None req-db9dcf96-55c6-43c6-b870-8c1b1a929cb9 None None] Starting request: 10.4.3.43 "DELETE /placement/resource_providers/77dbbbb5-2d39-402b-a4b9-2dffe82c2513" {{(pid=92284) __call__ /opt/stack/placement/placement/requestlog.py:55}}
May 26 10:28:53.992686 np0000001406 devstack@placement-api.service[92284]: DEBUG placement.wsgi_wrapper [None req-db9dcf96-55c6-43c6-b870-8c1b1a929cb9 service placement] Placement API returning an error response: No resource provider with uuid 77dbbbb5-2d39-402b-a4b9-2dffe82c2513 found for delete {{(pid=92284) call_func /opt/stack/placement/placement/wsgi_wrapper.py:31}}
May 26 10:28:53.993765 np0000001406 devstack@placement-api.service[92284]: INFO placement.requestlog [None req-db9dcf96-55c6-43c6-b870-8c1b1a929cb9 service placement] 10.4.3.43 "DELETE /placement/resource_providers/77dbbbb5-2d39-402b-a4b9-2dffe82c2513" status: 404 len: 246 microversion: 1.1
May 26 10:28:53.994664 np0000001406 devstack@placement-api.service[92284]: [pid: 92284|app: 0|req: 80/248] 10.4.3.43 () {68 vars in 1456 bytes} [Tue May 26 10:28:53 2026] DELETE /placement/resource_providers/77dbbbb5-2d39-402b-a4b9-2dffe82c2513 => generated 246 bytes in 17 msecs (HTTP/1.1 404) 6 headers in 231 bytes (1 switches on core 0)
May 26 10:28:54.021125 np0000001406 devstack@placement-api.service[92285]: DEBUG placement.requestlog [req-ffdb850c-69a6-4451-8a58-5caba6021a91 req-b8f945ad-a6cd-4f97-ab46-84ff543c079d None None] Starting request: 10.4.3.43 "POST /placement/allocations" {{(pid=92285) __call__ /opt/stack/placement/placement/requestlog.py:55}}
May 26 10:28:54.085304 np0000001406 devstack@placement-api.service[92285]: DEBUG placement.handlers.allocation [req-ffdb850c-69a6-4451-8a58-5caba6021a91 req-b8f945ad-a6cd-4f97-ab46-84ff543c079d service nova] Successfully wrote allocations [, , , , , ] {{(pid=92285) _update_consumers_and_create_allocations /opt/stack/placement/placement/handlers/allocation.py:572}}
May 26 10:28:54.088560 np0000001406 devstack@placement-api.service[92285]: INFO placement.requestlog [req-ffdb850c-69a6-4451-8a58-5caba6021a91 req-b8f945ad-a6cd-4f97-ab46-84ff543c079d service nova] 10.4.3.43 "POST /placement/allocations" status: 204 len: 0 microversion: 1.28
May 26 10:28:54.088560 np0000001406 devstack@placement-api.service[92285]: [pid: 92285|app: 0|req: 85/249] 10.4.3.43 () {72 vars in 1437 bytes} [Tue May 26 10:28:54 2026] POST /placement/allocations => generated 0 bytes in 67 msecs (HTTP/1.1 204) 5 headers in 199 bytes (1 switches on core 0)
May 26 10:28:54.258225 np0000001406 devstack@placement-api.service[92283]: DEBUG placement.requestlog [req-ffdb850c-69a6-4451-8a58-5caba6021a91 req-5cf17db7-7e6c-4dc0-ab23-ca8fc7e0288b None None] Starting request: 10.4.3.43 "GET /placement/allocation_candidates?limit=1000&resources=DISK_GB%3A1%2CMEMORY_MB%3A256%2CVCPU%3A1&root_required=%21COMPUTE_STATUS_DISABLED" {{(pid=92283) __call__ /opt/stack/placement/placement/requestlog.py:55}}
May 26 10:28:54.276516 np0000001406 devstack@placement-api.service[92283]: DEBUG placement.objects.research_context [req-ffdb850c-69a6-4451-8a58-5caba6021a91 req-5cf17db7-7e6c-4dc0-ab23-ca8fc7e0288b service nova] getting providers with 1 DISK_GB {{(pid=92283) __init__ /opt/stack/placement/placement/objects/research_context.py:137}}
May 26 10:28:54.280625 np0000001406 devstack@placement-api.service[92283]: DEBUG placement.objects.research_context [req-ffdb850c-69a6-4451-8a58-5caba6021a91 req-5cf17db7-7e6c-4dc0-ab23-ca8fc7e0288b service nova] getting providers with 256 MEMORY_MB {{(pid=92283) __init__ /opt/stack/placement/placement/objects/research_context.py:137}}
May 26 10:28:54.283978 np0000001406 devstack@placement-api.service[92283]: DEBUG placement.objects.research_context [req-ffdb850c-69a6-4451-8a58-5caba6021a91 req-5cf17db7-7e6c-4dc0-ab23-ca8fc7e0288b service nova] getting providers with 1 VCPU {{(pid=92283) __init__ /opt/stack/placement/placement/objects/research_context.py:137}}
May 26 10:28:54.286803 np0000001406 devstack@placement-api.service[92283]: DEBUG placement.objects.research_context [req-ffdb850c-69a6-4451-8a58-5caba6021a91 req-5cf17db7-7e6c-4dc0-ab23-ca8fc7e0288b service nova] found 1 providers with available 1 DISK_GB {{(pid=92283) get_provider_ids_matching /opt/stack/placement/placement/objects/research_context.py:563}}
May 26 10:28:54.286904 np0000001406 devstack@placement-api.service[92283]: DEBUG placement.objects.research_context [req-ffdb850c-69a6-4451-8a58-5caba6021a91 req-5cf17db7-7e6c-4dc0-ab23-ca8fc7e0288b service nova] found 1 providers with available 256 MEMORY_MB {{(pid=92283) get_provider_ids_matching /opt/stack/placement/placement/objects/research_context.py:563}}
May 26 10:28:54.286992 np0000001406 devstack@placement-api.service[92283]: DEBUG placement.objects.research_context [req-ffdb850c-69a6-4451-8a58-5caba6021a91 req-5cf17db7-7e6c-4dc0-ab23-ca8fc7e0288b service nova] found 1 providers after filtering by previous result {{(pid=92283) get_provider_ids_matching /opt/stack/placement/placement/objects/research_context.py:594}}
May 26 10:28:54.287082 np0000001406 devstack@placement-api.service[92283]: DEBUG placement.objects.research_context [req-ffdb850c-69a6-4451-8a58-5caba6021a91 req-5cf17db7-7e6c-4dc0-ab23-ca8fc7e0288b service nova] found 1 providers with available 1 VCPU {{(pid=92283) get_provider_ids_matching /opt/stack/placement/placement/objects/research_context.py:563}}
May 26 10:28:54.287161 np0000001406 devstack@placement-api.service[92283]: DEBUG placement.objects.research_context [req-ffdb850c-69a6-4451-8a58-5caba6021a91 req-5cf17db7-7e6c-4dc0-ab23-ca8fc7e0288b service nova] found 1 providers after filtering by previous result {{(pid=92283) get_provider_ids_matching /opt/stack/placement/placement/objects/research_context.py:594}}
May 26 10:28:54.293354 np0000001406 devstack@placement-api.service[92283]: DEBUG placement.objects.allocation_candidate [req-ffdb850c-69a6-4451-8a58-5caba6021a91 req-5cf17db7-7e6c-4dc0-ab23-ca8fc7e0288b service nova] RequestGroup(use_same_provider=False, resources={DISK_GB:1, MEMORY_MB:256, VCPU:1}, traits=(), aggregates=[]) (suffix '') returned 1 matches {{(pid=92283) _get_by_requests /opt/stack/placement/placement/objects/allocation_candidate.py:158}}
May 26 10:28:54.293523 np0000001406 devstack@placement-api.service[92283]: DEBUG placement.objects.allocation_candidate [req-ffdb850c-69a6-4451-8a58-5caba6021a91 req-5cf17db7-7e6c-4dc0-ab23-ca8fc7e0288b service nova] Merging candidates yields 1 allocation requests and 1 provider summaries {{(pid=92283) _merge_candidates /opt/stack/placement/placement/objects/allocation_candidate.py:908}}
May 26 10:28:54.294478 np0000001406 devstack@placement-api.service[92283]: INFO placement.requestlog [req-ffdb850c-69a6-4451-8a58-5caba6021a91 req-5cf17db7-7e6c-4dc0-ab23-ca8fc7e0288b service nova] 10.4.3.43 "GET /placement/allocation_candidates?limit=1000&resources=DISK_GB%3A1%2CMEMORY_MB%3A256%2CVCPU%3A1&root_required=%21COMPUTE_STATUS_DISABLED" status: 200 len: 2492 microversion: 1.36
May 26 10:28:54.294677 np0000001406 devstack@placement-api.service[92283]: [pid: 92283|app: 0|req: 85/250] 10.4.3.43 () {68 vars in 1618 bytes} [Tue May 26 10:28:54 2026] GET /placement/allocation_candidates?limit=1000&resources=DISK_GB%3A1%2CMEMORY_MB%3A256%2CVCPU%3A1&root_required=%21COMPUTE_STATUS_DISABLED => generated 2492 bytes in 37 msecs (HTTP/1.1 200) 8 headers in 297 bytes (1 switches on core 0)
May 26 10:28:54.350541 np0000001406 devstack@placement-api.service[92284]: DEBUG placement.requestlog [req-ffdb850c-69a6-4451-8a58-5caba6021a91 req-fd728084-6fd2-459b-ad4b-0444dafe1818 None None] Starting request: 10.4.3.43 "GET /placement/allocations/59565958-3e05-4eb6-ba93-39d632e68451" {{(pid=92284) __call__ /opt/stack/placement/placement/requestlog.py:55}}
May 26 10:28:54.355554 np0000001406 devstack@placement-api.service[92284]: INFO placement.requestlog [req-ffdb850c-69a6-4451-8a58-5caba6021a91 req-fd728084-6fd2-459b-ad4b-0444dafe1818 service nova] 10.4.3.43 "GET /placement/allocations/59565958-3e05-4eb6-ba93-39d632e68451" status: 200 len: 19 microversion: 1.28
May 26 10:28:54.355763 np0000001406 devstack@placement-api.service[92284]: [pid: 92284|app: 0|req: 81/251] 10.4.3.43 () {68 vars in 1494 bytes} [Tue May 26 10:28:54 2026] GET /placement/allocations/59565958-3e05-4eb6-ba93-39d632e68451 => generated 19 bytes in 6 msecs (HTTP/1.1 200) 8 headers in 295 bytes (1 switches on core 0)
May 26 10:28:54.404198 np0000001406 devstack@placement-api.service[92285]: DEBUG placement.requestlog [req-ffdb850c-69a6-4451-8a58-5caba6021a91 req-79615069-1991-4676-8a36-5e9be1e58aa8 None None] Starting request: 10.4.3.43 "PUT /placement/allocations/59565958-3e05-4eb6-ba93-39d632e68451" {{(pid=92285) __call__ /opt/stack/placement/placement/requestlog.py:55}}
May 26 10:28:54.442468 np0000001406 devstack@placement-api.service[92285]: DEBUG placement.handlers.allocation [req-ffdb850c-69a6-4451-8a58-5caba6021a91 req-79615069-1991-4676-8a36-5e9be1e58aa8 service nova] Successfully wrote allocations [, , ] {{(pid=92285) _update_consumers_and_create_allocations /opt/stack/placement/placement/handlers/allocation.py:462}}
May 26 10:28:54.445281 np0000001406 devstack@placement-api.service[92285]: INFO placement.requestlog [req-ffdb850c-69a6-4451-8a58-5caba6021a91 req-79615069-1991-4676-8a36-5e9be1e58aa8 service nova] 10.4.3.43 "PUT /placement/allocations/59565958-3e05-4eb6-ba93-39d632e68451" status: 204 len: 0 microversion: 1.36
May 26 10:28:54.445572 np0000001406 devstack@placement-api.service[92285]: [pid: 92285|app: 0|req: 86/252] 10.4.3.43 () {72 vars in 1547 bytes} [Tue May 26 10:28:54 2026] PUT /placement/allocations/59565958-3e05-4eb6-ba93-39d632e68451 => generated 0 bytes in 41 msecs (HTTP/1.1 204) 5 headers in 199 bytes (1 switches on core 0)
May 26 10:28:55.670678 np0000001406 devstack@placement-api.service[92283]: DEBUG placement.requestlog [req-ffdb850c-69a6-4451-8a58-5caba6021a91 req-73ec3467-6d98-413e-bf49-6e9e4a827978 None None] Starting request: 10.4.3.43 "GET /placement/allocations/59565958-3e05-4eb6-ba93-39d632e68451" {{(pid=92283) __call__ /opt/stack/placement/placement/requestlog.py:55}}
May 26 10:28:55.680829 np0000001406 devstack@placement-api.service[92283]: INFO placement.requestlog [req-ffdb850c-69a6-4451-8a58-5caba6021a91 req-73ec3467-6d98-413e-bf49-6e9e4a827978 service nova] 10.4.3.43 "GET /placement/allocations/59565958-3e05-4eb6-ba93-39d632e68451" status: 200 len: 258 microversion: 1.28
May 26 10:28:55.681261 np0000001406 devstack@placement-api.service[92283]: [pid: 92283|app: 0|req: 86/253] 10.4.3.43 () {68 vars in 1492 bytes} [Tue May 26 10:28:55 2026] GET /placement/allocations/59565958-3e05-4eb6-ba93-39d632e68451 => generated 258 bytes in 10 msecs (HTTP/1.1 200) 8 headers in 296 bytes (1 switches on core 0)
May 26 10:28:56.013970 np0000001406 devstack@placement-api.service[92284]: DEBUG placement.requestlog [req-7bd1f041-3d45-40f0-a4f8-74264cb85334 req-94d4156b-12ec-49ff-b005-e273b237ce23 None None] Starting request: 10.4.3.43 "GET /placement/allocation_candidates?limit=1000&resources=DISK_GB%3A1%2CMEMORY_MB%3A192%2CVCPU%3A1&root_required=%21COMPUTE_STATUS_DISABLED" {{(pid=92284) __call__ /opt/stack/placement/placement/requestlog.py:55}}
May 26 10:28:56.035179 np0000001406 devstack@placement-api.service[92284]: DEBUG placement.objects.research_context [req-7bd1f041-3d45-40f0-a4f8-74264cb85334 req-94d4156b-12ec-49ff-b005-e273b237ce23 service nova] getting providers with 1 DISK_GB {{(pid=92284) __init__ /opt/stack/placement/placement/objects/research_context.py:137}}
May 26 10:28:56.039675 np0000001406 devstack@placement-api.service[92284]: DEBUG placement.objects.research_context [req-7bd1f041-3d45-40f0-a4f8-74264cb85334 req-94d4156b-12ec-49ff-b005-e273b237ce23 service nova] getting providers with 192 MEMORY_MB {{(pid=92284) __init__ /opt/stack/placement/placement/objects/research_context.py:137}}
May 26 10:28:56.043583 np0000001406 devstack@placement-api.service[92284]: DEBUG placement.objects.research_context [req-7bd1f041-3d45-40f0-a4f8-74264cb85334 req-94d4156b-12ec-49ff-b005-e273b237ce23 service nova] getting providers with 1 VCPU {{(pid=92284) __init__ /opt/stack/placement/placement/objects/research_context.py:137}}
May 26 10:28:56.046990 np0000001406 devstack@placement-api.service[92284]: DEBUG placement.objects.research_context [req-7bd1f041-3d45-40f0-a4f8-74264cb85334 req-94d4156b-12ec-49ff-b005-e273b237ce23 service nova] found 1 providers with available 1 DISK_GB {{(pid=92284) get_provider_ids_matching /opt/stack/placement/placement/objects/research_context.py:563}}
May 26 10:28:56.047137 np0000001406 devstack@placement-api.service[92284]: DEBUG placement.objects.research_context [req-7bd1f041-3d45-40f0-a4f8-74264cb85334 req-94d4156b-12ec-49ff-b005-e273b237ce23 service nova] found 1 providers with available 192 MEMORY_MB {{(pid=92284) get_provider_ids_matching /opt/stack/placement/placement/objects/research_context.py:563}}
May 26 10:28:56.047656 np0000001406 devstack@placement-api.service[92284]: DEBUG placement.objects.research_context [req-7bd1f041-3d45-40f0-a4f8-74264cb85334 req-94d4156b-12ec-49ff-b005-e273b237ce23 service nova] found 1 providers after filtering by previous result {{(pid=92284) get_provider_ids_matching /opt/stack/placement/placement/objects/research_context.py:594}}
May 26 10:28:56.047796 np0000001406 devstack@placement-api.service[92284]: DEBUG placement.objects.research_context [req-7bd1f041-3d45-40f0-a4f8-74264cb85334 req-94d4156b-12ec-49ff-b005-e273b237ce23 service nova] found 1 providers with available 1 VCPU {{(pid=92284) get_provider_ids_matching /opt/stack/placement/placement/objects/research_context.py:563}}
May 26 10:28:56.047926 np0000001406 devstack@placement-api.service[92284]: DEBUG placement.objects.research_context [req-7bd1f041-3d45-40f0-a4f8-74264cb85334 req-94d4156b-12ec-49ff-b005-e273b237ce23 service nova] found 1 providers after filtering by previous result {{(pid=92284) get_provider_ids_matching /opt/stack/placement/placement/objects/research_context.py:594}}
May 26 10:28:56.055676 np0000001406 devstack@placement-api.service[92284]: DEBUG placement.objects.allocation_candidate [req-7bd1f041-3d45-40f0-a4f8-74264cb85334 req-94d4156b-12ec-49ff-b005-e273b237ce23 service nova] RequestGroup(use_same_provider=False, resources={DISK_GB:1, MEMORY_MB:192, VCPU:1}, traits=(), aggregates=[]) (suffix '') returned 1 matches {{(pid=92284) _get_by_requests /opt/stack/placement/placement/objects/allocation_candidate.py:158}}
May 26 10:28:56.055892 np0000001406 devstack@placement-api.service[92284]: DEBUG placement.objects.allocation_candidate [req-7bd1f041-3d45-40f0-a4f8-74264cb85334 req-94d4156b-12ec-49ff-b005-e273b237ce23 service nova] Merging candidates yields 1 allocation requests and 1 provider summaries {{(pid=92284) _merge_candidates /opt/stack/placement/placement/objects/allocation_candidate.py:908}}
May 26 10:28:56.057034 np0000001406 devstack@placement-api.service[92284]: INFO placement.requestlog [req-7bd1f041-3d45-40f0-a4f8-74264cb85334 req-94d4156b-12ec-49ff-b005-e273b237ce23 service nova] 10.4.3.43 "GET /placement/allocation_candidates?limit=1000&resources=DISK_GB%3A1%2CMEMORY_MB%3A192%2CVCPU%3A1&root_required=%21COMPUTE_STATUS_DISABLED" status: 200 len: 2493 microversion: 1.36
May 26 10:28:56.057288 np0000001406 devstack@placement-api.service[92284]: [pid: 92284|app: 0|req: 82/254] 10.4.3.43 () {68 vars in 1618 bytes} [Tue May 26 10:28:56 2026] GET /placement/allocation_candidates?limit=1000&resources=DISK_GB%3A1%2CMEMORY_MB%3A192%2CVCPU%3A1&root_required=%21COMPUTE_STATUS_DISABLED => generated 2493 bytes in 43 msecs (HTTP/1.1 200) 8 headers in 297 bytes (1 switches on core 0)
May 26 10:28:56.102590 np0000001406 devstack@placement-api.service[92285]: DEBUG placement.requestlog [req-7bd1f041-3d45-40f0-a4f8-74264cb85334 req-90545977-c639-4e15-a64d-04628c9f3a31 None None] Starting request: 10.4.3.43 "GET /placement/allocations/f4a3e2ec-09a9-4e52-9ef4-bf3b95051224" {{(pid=92285) __call__ /opt/stack/placement/placement/requestlog.py:55}}
May 26 10:28:56.108139 np0000001406 devstack@placement-api.service[92285]: INFO placement.requestlog [req-7bd1f041-3d45-40f0-a4f8-74264cb85334 req-90545977-c639-4e15-a64d-04628c9f3a31 service nova] 10.4.3.43 "GET /placement/allocations/f4a3e2ec-09a9-4e52-9ef4-bf3b95051224" status: 200 len: 19 microversion: 1.28
May 26 10:28:56.108307 np0000001406 devstack@placement-api.service[92285]: [pid: 92285|app: 0|req: 87/255] 10.4.3.43 () {68 vars in 1494 bytes} [Tue May 26 10:28:56 2026] GET /placement/allocations/f4a3e2ec-09a9-4e52-9ef4-bf3b95051224 => generated 19 bytes in 6 msecs (HTTP/1.1 200) 8 headers in 295 bytes (1 switches on core 0)
May 26 10:28:56.137354 np0000001406 devstack@placement-api.service[92283]: DEBUG placement.requestlog [req-7bd1f041-3d45-40f0-a4f8-74264cb85334 req-78b9bb36-9a1d-4886-90dd-ef5ff10b7906 None None] Starting request: 10.4.3.43 "PUT /placement/allocations/f4a3e2ec-09a9-4e52-9ef4-bf3b95051224" {{(pid=92283) __call__ /opt/stack/placement/placement/requestlog.py:55}}
May 26 10:28:56.179168 np0000001406 devstack@placement-api.service[92283]: DEBUG placement.handlers.allocation [req-7bd1f041-3d45-40f0-a4f8-74264cb85334 req-78b9bb36-9a1d-4886-90dd-ef5ff10b7906 service nova] Successfully wrote allocations [, , ] {{(pid=92283) _update_consumers_and_create_allocations /opt/stack/placement/placement/handlers/allocation.py:462}}
May 26 10:28:56.181582 np0000001406 devstack@placement-api.service[92283]: INFO placement.requestlog [req-7bd1f041-3d45-40f0-a4f8-74264cb85334 req-78b9bb36-9a1d-4886-90dd-ef5ff10b7906 service nova] 10.4.3.43 "PUT /placement/allocations/f4a3e2ec-09a9-4e52-9ef4-bf3b95051224" status: 204 len: 0 microversion: 1.36
May 26 10:28:56.181582 np0000001406 devstack@placement-api.service[92283]: [pid: 92283|app: 0|req: 87/256] 10.4.3.43 () {72 vars in 1547 bytes} [Tue May 26 10:28:56 2026] PUT /placement/allocations/f4a3e2ec-09a9-4e52-9ef4-bf3b95051224 => generated 0 bytes in 44 msecs (HTTP/1.1 204) 5 headers in 199 bytes (1 switches on core 0)
May 26 10:28:56.743847 np0000001406 devstack@placement-api.service[92284]: DEBUG placement.requestlog [req-ffdb850c-69a6-4451-8a58-5caba6021a91 req-b10e74e3-5877-4c8a-8916-f0365a189ec2 None None] Starting request: 10.4.3.43 "GET /placement/resource_providers/d7945dda-890f-4b74-9c23-90291474fd8a/allocations" {{(pid=92284) __call__ /opt/stack/placement/placement/requestlog.py:55}}
May 26 10:28:56.761849 np0000001406 devstack@placement-api.service[92284]: INFO placement.requestlog [req-ffdb850c-69a6-4451-8a58-5caba6021a91 req-b10e74e3-5877-4c8a-8916-f0365a189ec2 service nova] 10.4.3.43 "GET /placement/resource_providers/d7945dda-890f-4b74-9c23-90291474fd8a/allocations" status: 200 len: 739 microversion: 1.0
May 26 10:28:56.762213 np0000001406 devstack@placement-api.service[92284]: [pid: 92284|app: 0|req: 83/257] 10.4.3.43 () {66 vars in 1505 bytes} [Tue May 26 10:28:56 2026] GET /placement/resource_providers/d7945dda-890f-4b74-9c23-90291474fd8a/allocations => generated 739 bytes in 18 msecs (HTTP/1.1 200) 6 headers in 224 bytes (1 switches on core 0)
May 26 10:28:56.795446 np0000001406 devstack@placement-api.service[92285]: DEBUG placement.requestlog [req-ffdb850c-69a6-4451-8a58-5caba6021a91 req-9e6236a4-9f14-42d0-9928-1ec4ee1dc672 None None] Starting request: 10.4.3.43 "GET /placement/allocations/c7d9f7fe-888b-4e39-bc6d-dd24e397858e" {{(pid=92285) __call__ /opt/stack/placement/placement/requestlog.py:55}}
May 26 10:28:56.803150 np0000001406 devstack@placement-api.service[92285]: INFO placement.requestlog [req-ffdb850c-69a6-4451-8a58-5caba6021a91 req-9e6236a4-9f14-42d0-9928-1ec4ee1dc672 service nova] 10.4.3.43 "GET /placement/allocations/c7d9f7fe-888b-4e39-bc6d-dd24e397858e" status: 200 len: 258 microversion: 1.28
May 26 10:28:56.803318 np0000001406 devstack@placement-api.service[92285]: [pid: 92285|app: 0|req: 88/258] 10.4.3.43 () {68 vars in 1492 bytes} [Tue May 26 10:28:56 2026] GET /placement/allocations/c7d9f7fe-888b-4e39-bc6d-dd24e397858e => generated 258 bytes in 8 msecs (HTTP/1.1 200) 8 headers in 296 bytes (1 switches on core 0)
May 26 10:28:56.831588 np0000001406 devstack@placement-api.service[92283]: DEBUG placement.requestlog [req-66e9b595-ce00-48b0-ac78-cb07f2868fba req-c90e6969-ab44-49f8-bbfb-e1058ede3ae1 None None] Starting request: 10.4.3.43 "GET /placement/allocation_candidates?limit=1000&resources=DISK_GB%3A1%2CMEMORY_MB%3A192%2CVCPU%3A1&root_required=%21COMPUTE_STATUS_DISABLED" {{(pid=92283) __call__ /opt/stack/placement/placement/requestlog.py:55}}
May 26 10:28:56.839794 np0000001406 devstack@placement-api.service[92284]: DEBUG placement.requestlog [req-ffdb850c-69a6-4451-8a58-5caba6021a91 req-d53fb451-1ac5-415b-954b-c3fab7621cf5 None None] Starting request: 10.4.3.43 "GET /placement/allocations/f4a3e2ec-09a9-4e52-9ef4-bf3b95051224" {{(pid=92284) __call__ /opt/stack/placement/placement/requestlog.py:55}}
May 26 10:28:56.864218 np0000001406 devstack@placement-api.service[92284]: INFO placement.requestlog [req-ffdb850c-69a6-4451-8a58-5caba6021a91 req-d53fb451-1ac5-415b-954b-c3fab7621cf5 service nova] 10.4.3.43 "GET /placement/allocations/f4a3e2ec-09a9-4e52-9ef4-bf3b95051224" status: 200 len: 258 microversion: 1.28
May 26 10:28:56.864558 np0000001406 devstack@placement-api.service[92284]: [pid: 92284|app: 0|req: 84/259] 10.4.3.43 () {68 vars in 1492 bytes} [Tue May 26 10:28:56 2026] GET /placement/allocations/f4a3e2ec-09a9-4e52-9ef4-bf3b95051224 => generated 258 bytes in 28 msecs (HTTP/1.1 200) 8 headers in 296 bytes (1 switches on core 0)
May 26 10:28:56.868054 np0000001406 devstack@placement-api.service[92283]: DEBUG placement.objects.research_context [req-66e9b595-ce00-48b0-ac78-cb07f2868fba req-c90e6969-ab44-49f8-bbfb-e1058ede3ae1 service nova] getting providers with 1 DISK_GB {{(pid=92283) __init__ /opt/stack/placement/placement/objects/research_context.py:137}}
May 26 10:28:56.872453 np0000001406 devstack@placement-api.service[92283]: DEBUG placement.objects.research_context [req-66e9b595-ce00-48b0-ac78-cb07f2868fba req-c90e6969-ab44-49f8-bbfb-e1058ede3ae1 service nova] getting providers with 192 MEMORY_MB {{(pid=92283) __init__ /opt/stack/placement/placement/objects/research_context.py:137}}
May 26 10:28:56.873771 np0000001406 devstack@placement-api.service[92283]: DEBUG placement.objects.research_context [req-66e9b595-ce00-48b0-ac78-cb07f2868fba req-c90e6969-ab44-49f8-bbfb-e1058ede3ae1 service nova] getting providers with 1 VCPU {{(pid=92283) __init__ /opt/stack/placement/placement/objects/research_context.py:137}}
May 26 10:28:56.876277 np0000001406 devstack@placement-api.service[92283]: DEBUG placement.objects.research_context [req-66e9b595-ce00-48b0-ac78-cb07f2868fba req-c90e6969-ab44-49f8-bbfb-e1058ede3ae1 service nova] found 1 providers with available 1 DISK_GB {{(pid=92283) get_provider_ids_matching /opt/stack/placement/placement/objects/research_context.py:563}}
May 26 10:28:56.876379 np0000001406 devstack@placement-api.service[92283]: DEBUG placement.objects.research_context [req-66e9b595-ce00-48b0-ac78-cb07f2868fba req-c90e6969-ab44-49f8-bbfb-e1058ede3ae1 service nova] found 1 providers with available 192 MEMORY_MB {{(pid=92283) get_provider_ids_matching /opt/stack/placement/placement/objects/research_context.py:563}}
May 26 10:28:56.876497 np0000001406 devstack@placement-api.service[92283]: DEBUG placement.objects.research_context [req-66e9b595-ce00-48b0-ac78-cb07f2868fba req-c90e6969-ab44-49f8-bbfb-e1058ede3ae1 service nova] found 1 providers after filtering by previous result {{(pid=92283) get_provider_ids_matching /opt/stack/placement/placement/objects/research_context.py:594}}
May 26 10:28:56.876594 np0000001406 devstack@placement-api.service[92283]: DEBUG placement.objects.research_context [req-66e9b595-ce00-48b0-ac78-cb07f2868fba req-c90e6969-ab44-49f8-bbfb-e1058ede3ae1 service nova] found 1 providers with available 1 VCPU {{(pid=92283) get_provider_ids_matching /opt/stack/placement/placement/objects/research_context.py:563}}
May 26 10:28:56.876699 np0000001406 devstack@placement-api.service[92283]: DEBUG placement.objects.research_context [req-66e9b595-ce00-48b0-ac78-cb07f2868fba req-c90e6969-ab44-49f8-bbfb-e1058ede3ae1 service nova] found 1 providers after filtering by previous result {{(pid=92283) get_provider_ids_matching /opt/stack/placement/placement/objects/research_context.py:594}}
May 26 10:28:56.883210 np0000001406 devstack@placement-api.service[92283]: DEBUG placement.objects.allocation_candidate [req-66e9b595-ce00-48b0-ac78-cb07f2868fba req-c90e6969-ab44-49f8-bbfb-e1058ede3ae1 service nova] RequestGroup(use_same_provider=False, resources={DISK_GB:1, MEMORY_MB:192, VCPU:1}, traits=(), aggregates=[]) (suffix '') returned 1 matches {{(pid=92283) _get_by_requests /opt/stack/placement/placement/objects/allocation_candidate.py:158}}
May 26 10:28:56.883311 np0000001406 devstack@placement-api.service[92283]: DEBUG placement.objects.allocation_candidate [req-66e9b595-ce00-48b0-ac78-cb07f2868fba req-c90e6969-ab44-49f8-bbfb-e1058ede3ae1 service nova] Merging candidates yields 1 allocation requests and 1 provider summaries {{(pid=92283) _merge_candidates /opt/stack/placement/placement/objects/allocation_candidate.py:908}}
May 26 10:28:56.884391 np0000001406 devstack@placement-api.service[92283]: INFO placement.requestlog [req-66e9b595-ce00-48b0-ac78-cb07f2868fba req-c90e6969-ab44-49f8-bbfb-e1058ede3ae1 service nova] 10.4.3.43 "GET /placement/allocation_candidates?limit=1000&resources=DISK_GB%3A1%2CMEMORY_MB%3A192%2CVCPU%3A1&root_required=%21COMPUTE_STATUS_DISABLED" status: 200 len: 2493 microversion: 1.36
May 26 10:28:56.884625 np0000001406 devstack@placement-api.service[92283]: [pid: 92283|app: 0|req: 88/260] 10.4.3.43 () {68 vars in 1618 bytes} [Tue May 26 10:28:56 2026] GET /placement/allocation_candidates?limit=1000&resources=DISK_GB%3A1%2CMEMORY_MB%3A192%2CVCPU%3A1&root_required=%21COMPUTE_STATUS_DISABLED => generated 2493 bytes in 54 msecs (HTTP/1.1 200) 8 headers in 297 bytes (1 switches on core 0)
May 26 10:28:56.902665 np0000001406 devstack@placement-api.service[92285]: DEBUG placement.requestlog [req-ffdb850c-69a6-4451-8a58-5caba6021a91 req-3157dd4c-ef4f-4c00-a463-18ba82e93565 None None] Starting request: 10.4.3.43 "GET /placement/allocations/59565958-3e05-4eb6-ba93-39d632e68451" {{(pid=92285) __call__ /opt/stack/placement/placement/requestlog.py:55}}
May 26 10:28:56.914401 np0000001406 devstack@placement-api.service[92285]: INFO placement.requestlog [req-ffdb850c-69a6-4451-8a58-5caba6021a91 req-3157dd4c-ef4f-4c00-a463-18ba82e93565 service nova] 10.4.3.43 "GET /placement/allocations/59565958-3e05-4eb6-ba93-39d632e68451" status: 200 len: 258 microversion: 1.28
May 26 10:28:56.914681 np0000001406 devstack@placement-api.service[92285]: [pid: 92285|app: 0|req: 89/261] 10.4.3.43 () {68 vars in 1492 bytes} [Tue May 26 10:28:56 2026] GET /placement/allocations/59565958-3e05-4eb6-ba93-39d632e68451 => generated 258 bytes in 12 msecs (HTTP/1.1 200) 8 headers in 296 bytes (1 switches on core 0)
May 26 10:28:56.947603 np0000001406 devstack@placement-api.service[92284]: DEBUG placement.requestlog [req-66e9b595-ce00-48b0-ac78-cb07f2868fba req-f54908b4-f932-45dc-9b8b-31e797d0ea72 None None] Starting request: 10.4.3.43 "GET /placement/allocations/560e43d8-6821-4312-9fe3-81d62ccc59cf" {{(pid=92284) __call__ /opt/stack/placement/placement/requestlog.py:55}}
May 26 10:28:56.953114 np0000001406 devstack@placement-api.service[92283]: DEBUG placement.requestlog [req-ffdb850c-69a6-4451-8a58-5caba6021a91 req-d078c288-af1a-4b6a-a433-506cfc881b39 None None] Starting request: 10.4.3.43 "GET /placement/allocations/f69922a5-71a8-42cb-889a-99920b3d61fb" {{(pid=92283) __call__ /opt/stack/placement/placement/requestlog.py:55}}
May 26 10:28:56.955412 np0000001406 devstack@placement-api.service[92284]: INFO placement.requestlog [req-66e9b595-ce00-48b0-ac78-cb07f2868fba req-f54908b4-f932-45dc-9b8b-31e797d0ea72 service nova] 10.4.3.43 "GET /placement/allocations/560e43d8-6821-4312-9fe3-81d62ccc59cf" status: 200 len: 19 microversion: 1.28
May 26 10:28:56.955649 np0000001406 devstack@placement-api.service[92284]: [pid: 92284|app: 0|req: 85/262] 10.4.3.43 () {68 vars in 1494 bytes} [Tue May 26 10:28:56 2026] GET /placement/allocations/560e43d8-6821-4312-9fe3-81d62ccc59cf => generated 19 bytes in 8 msecs (HTTP/1.1 200) 8 headers in 295 bytes (1 switches on core 0)
May 26 10:28:56.961056 np0000001406 devstack@placement-api.service[92283]: INFO placement.requestlog [req-ffdb850c-69a6-4451-8a58-5caba6021a91 req-d078c288-af1a-4b6a-a433-506cfc881b39 service nova] 10.4.3.43 "GET /placement/allocations/f69922a5-71a8-42cb-889a-99920b3d61fb" status: 200 len: 244 microversion: 1.28
May 26 10:28:56.961277 np0000001406 devstack@placement-api.service[92283]: [pid: 92283|app: 0|req: 89/263] 10.4.3.43 () {68 vars in 1492 bytes} [Tue May 26 10:28:56 2026] GET /placement/allocations/f69922a5-71a8-42cb-889a-99920b3d61fb => generated 244 bytes in 8 msecs (HTTP/1.1 200) 8 headers in 296 bytes (1 switches on core 0)
May 26 10:28:56.995195 np0000001406 devstack@placement-api.service[92285]: DEBUG placement.requestlog [req-66e9b595-ce00-48b0-ac78-cb07f2868fba req-9fc78b45-e723-42c2-8e62-7d4b0bdc5b43 None None] Starting request: 10.4.3.43 "PUT /placement/allocations/560e43d8-6821-4312-9fe3-81d62ccc59cf" {{(pid=92285) __call__ /opt/stack/placement/placement/requestlog.py:55}}
May 26 10:28:56.996141 np0000001406 devstack@placement-api.service[92284]: DEBUG placement.requestlog [req-ffdb850c-69a6-4451-8a58-5caba6021a91 req-e0ae617f-b469-4372-8cc3-e2008c225015 None None] Starting request: 10.4.3.43 "GET /placement/allocations/e81ffa4c-94b3-4731-8c3c-df6c1f769ff9" {{(pid=92284) __call__ /opt/stack/placement/placement/requestlog.py:55}}
May 26 10:28:57.003799 np0000001406 devstack@placement-api.service[92284]: INFO placement.requestlog [req-ffdb850c-69a6-4451-8a58-5caba6021a91 req-e0ae617f-b469-4372-8cc3-e2008c225015 service nova] 10.4.3.43 "GET /placement/allocations/e81ffa4c-94b3-4731-8c3c-df6c1f769ff9" status: 200 len: 258 microversion: 1.28
May 26 10:28:57.004202 np0000001406 devstack@placement-api.service[92284]: [pid: 92284|app: 0|req: 86/264] 10.4.3.43 () {68 vars in 1492 bytes} [Tue May 26 10:28:56 2026] GET /placement/allocations/e81ffa4c-94b3-4731-8c3c-df6c1f769ff9 => generated 258 bytes in 8 msecs (HTTP/1.1 200) 8 headers in 296 bytes (1 switches on core 0)
May 26 10:28:57.039161 np0000001406 devstack@placement-api.service[92283]: DEBUG placement.requestlog [req-ffdb850c-69a6-4451-8a58-5caba6021a91 req-78bb536f-f26b-4cac-8a26-ece9440b19eb None None] Starting request: 10.4.3.43 "GET /placement/allocations/b6fef82e-e8bc-45ea-baee-e6677133fb0e" {{(pid=92283) __call__ /opt/stack/placement/placement/requestlog.py:55}}
May 26 10:28:57.043408 np0000001406 devstack@placement-api.service[92285]: DEBUG placement.handlers.allocation [req-66e9b595-ce00-48b0-ac78-cb07f2868fba req-9fc78b45-e723-42c2-8e62-7d4b0bdc5b43 service nova] Successfully wrote allocations [, , ] {{(pid=92285) _update_consumers_and_create_allocations /opt/stack/placement/placement/handlers/allocation.py:462}}
May 26 10:28:57.046075 np0000001406 devstack@placement-api.service[92285]: INFO placement.requestlog [req-66e9b595-ce00-48b0-ac78-cb07f2868fba req-9fc78b45-e723-42c2-8e62-7d4b0bdc5b43 service nova] 10.4.3.43 "PUT /placement/allocations/560e43d8-6821-4312-9fe3-81d62ccc59cf" status: 204 len: 0 microversion: 1.36
May 26 10:28:57.046347 np0000001406 devstack@placement-api.service[92285]: [pid: 92285|app: 0|req: 90/265] 10.4.3.43 () {72 vars in 1547 bytes} [Tue May 26 10:28:56 2026] PUT /placement/allocations/560e43d8-6821-4312-9fe3-81d62ccc59cf => generated 0 bytes in 51 msecs (HTTP/1.1 204) 5 headers in 199 bytes (1 switches on core 0)
May 26 10:28:57.047340 np0000001406 devstack@placement-api.service[92283]: INFO placement.requestlog [req-ffdb850c-69a6-4451-8a58-5caba6021a91 req-78bb536f-f26b-4cac-8a26-ece9440b19eb service nova] 10.4.3.43 "GET /placement/allocations/b6fef82e-e8bc-45ea-baee-e6677133fb0e" status: 200 len: 258 microversion: 1.28
May 26 10:28:57.047556 np0000001406 devstack@placement-api.service[92283]: [pid: 92283|app: 0|req: 90/266] 10.4.3.43 () {68 vars in 1492 bytes} [Tue May 26 10:28:57 2026] GET /placement/allocations/b6fef82e-e8bc-45ea-baee-e6677133fb0e => generated 258 bytes in 8 msecs (HTTP/1.1 200) 8 headers in 296 bytes (1 switches on core 0)
May 26 10:28:57.086610 np0000001406 devstack@placement-api.service[92284]: DEBUG placement.requestlog [req-ffdb850c-69a6-4451-8a58-5caba6021a91 req-31e2b053-39f8-400b-908b-d01cdffb499a None None] Starting request: 10.4.3.43 "GET /placement/allocations/a1684244-bcf1-4e6e-b0ae-d3439916342c" {{(pid=92284) __call__ /opt/stack/placement/placement/requestlog.py:55}}
May 26 10:28:57.095867 np0000001406 devstack@placement-api.service[92284]: INFO placement.requestlog [req-ffdb850c-69a6-4451-8a58-5caba6021a91 req-31e2b053-39f8-400b-908b-d01cdffb499a service nova] 10.4.3.43 "GET /placement/allocations/a1684244-bcf1-4e6e-b0ae-d3439916342c" status: 200 len: 258 microversion: 1.28
May 26 10:28:57.096106 np0000001406 devstack@placement-api.service[92284]: [pid: 92284|app: 0|req: 87/267] 10.4.3.43 () {68 vars in 1492 bytes} [Tue May 26 10:28:57 2026] GET /placement/allocations/a1684244-bcf1-4e6e-b0ae-d3439916342c => generated 258 bytes in 10 msecs (HTTP/1.1 200) 8 headers in 296 bytes (2 switches on core 0)
May 26 10:28:57.625083 np0000001406 devstack@placement-api.service[92285]: DEBUG placement.requestlog [req-7bd1f041-3d45-40f0-a4f8-74264cb85334 req-3259723c-a5ae-4411-b8c6-b7be2e3214dd None None] Starting request: 10.4.3.43 "GET /placement/allocations/f4a3e2ec-09a9-4e52-9ef4-bf3b95051224" {{(pid=92285) __call__ /opt/stack/placement/placement/requestlog.py:55}}
May 26 10:28:57.634057 np0000001406 devstack@placement-api.service[92285]: INFO placement.requestlog [req-7bd1f041-3d45-40f0-a4f8-74264cb85334 req-3259723c-a5ae-4411-b8c6-b7be2e3214dd service nova] 10.4.3.43 "GET /placement/allocations/f4a3e2ec-09a9-4e52-9ef4-bf3b95051224" status: 200 len: 258 microversion: 1.28
May 26 10:28:57.634297 np0000001406 devstack@placement-api.service[92285]: [pid: 92285|app: 0|req: 91/268] 10.4.3.43 () {68 vars in 1492 bytes} [Tue May 26 10:28:57 2026] GET /placement/allocations/f4a3e2ec-09a9-4e52-9ef4-bf3b95051224 => generated 258 bytes in 9 msecs (HTTP/1.1 200) 8 headers in 296 bytes (1 switches on core 0)
May 26 10:28:58.449878 np0000001406 devstack@placement-api.service[92283]: DEBUG placement.requestlog [req-66e9b595-ce00-48b0-ac78-cb07f2868fba req-6bad1feb-ad34-488d-9a8a-2092dfcbe46b None None] Starting request: 10.4.3.43 "GET /placement/allocations/560e43d8-6821-4312-9fe3-81d62ccc59cf" {{(pid=92283) __call__ /opt/stack/placement/placement/requestlog.py:55}}
May 26 10:28:58.469279 np0000001406 devstack@placement-api.service[92283]: INFO placement.requestlog [req-66e9b595-ce00-48b0-ac78-cb07f2868fba req-6bad1feb-ad34-488d-9a8a-2092dfcbe46b service nova] 10.4.3.43 "GET /placement/allocations/560e43d8-6821-4312-9fe3-81d62ccc59cf" status: 200 len: 258 microversion: 1.28
May 26 10:28:58.469566 np0000001406 devstack@placement-api.service[92283]: [pid: 92283|app: 0|req: 91/269] 10.4.3.43 () {68 vars in 1492 bytes} [Tue May 26 10:28:58 2026] GET /placement/allocations/560e43d8-6821-4312-9fe3-81d62ccc59cf => generated 258 bytes in 20 msecs (HTTP/1.1 200) 8 headers in 296 bytes (1 switches on core 0)
May 26 10:28:59.175912 np0000001406 devstack@placement-api.service[92284]: DEBUG placement.requestlog [req-7bd1f041-3d45-40f0-a4f8-74264cb85334 req-2a246212-96ec-49e0-a70b-c84b3ec39ac9 None None] Starting request: 10.4.3.43 "GET /placement/resource_providers/d7945dda-890f-4b74-9c23-90291474fd8a/allocations" {{(pid=92284) __call__ /opt/stack/placement/placement/requestlog.py:55}}
May 26 10:28:59.187921 np0000001406 devstack@placement-api.service[92284]: INFO placement.requestlog [req-7bd1f041-3d45-40f0-a4f8-74264cb85334 req-2a246212-96ec-49e0-a70b-c84b3ec39ac9 service nova] 10.4.3.43 "GET /placement/resource_providers/d7945dda-890f-4b74-9c23-90291474fd8a/allocations" status: 200 len: 839 microversion: 1.0
May 26 10:28:59.188105 np0000001406 devstack@placement-api.service[92284]: [pid: 92284|app: 0|req: 88/270] 10.4.3.43 () {66 vars in 1505 bytes} [Tue May 26 10:28:59 2026] GET /placement/resource_providers/d7945dda-890f-4b74-9c23-90291474fd8a/allocations => generated 839 bytes in 12 msecs (HTTP/1.1 200) 6 headers in 224 bytes (1 switches on core 0)
May 26 10:28:59.221595 np0000001406 devstack@placement-api.service[92285]: DEBUG placement.requestlog [req-7bd1f041-3d45-40f0-a4f8-74264cb85334 req-f2aea557-12f5-457a-ae8d-b32adb379304 None None] Starting request: 10.4.3.43 "GET /placement/allocations/c7d9f7fe-888b-4e39-bc6d-dd24e397858e" {{(pid=92285) __call__ /opt/stack/placement/placement/requestlog.py:55}}
May 26 10:28:59.230806 np0000001406 devstack@placement-api.service[92285]: INFO placement.requestlog [req-7bd1f041-3d45-40f0-a4f8-74264cb85334 req-f2aea557-12f5-457a-ae8d-b32adb379304 service nova] 10.4.3.43 "GET /placement/allocations/c7d9f7fe-888b-4e39-bc6d-dd24e397858e" status: 200 len: 258 microversion: 1.28
May 26 10:28:59.231013 np0000001406 devstack@placement-api.service[92285]: [pid: 92285|app: 0|req: 92/271] 10.4.3.43 () {68 vars in 1492 bytes} [Tue May 26 10:28:59 2026] GET /placement/allocations/c7d9f7fe-888b-4e39-bc6d-dd24e397858e => generated 258 bytes in 9 msecs (HTTP/1.1 200) 8 headers in 296 bytes (1 switches on core 0)
May 26 10:28:59.289250 np0000001406 devstack@placement-api.service[92283]: DEBUG placement.requestlog [req-7bd1f041-3d45-40f0-a4f8-74264cb85334 req-f384f226-d88c-4036-90fa-19f4d0aab109 None None] Starting request: 10.4.3.43 "GET /placement/allocations/560e43d8-6821-4312-9fe3-81d62ccc59cf" {{(pid=92283) __call__ /opt/stack/placement/placement/requestlog.py:55}}
May 26 10:28:59.299034 np0000001406 devstack@placement-api.service[92283]: INFO placement.requestlog [req-7bd1f041-3d45-40f0-a4f8-74264cb85334 req-f384f226-d88c-4036-90fa-19f4d0aab109 service nova] 10.4.3.43 "GET /placement/allocations/560e43d8-6821-4312-9fe3-81d62ccc59cf" status: 200 len: 258 microversion: 1.28
May 26 10:28:59.299320 np0000001406 devstack@placement-api.service[92283]: [pid: 92283|app: 0|req: 92/272] 10.4.3.43 () {68 vars in 1492 bytes} [Tue May 26 10:28:59 2026] GET /placement/allocations/560e43d8-6821-4312-9fe3-81d62ccc59cf => generated 258 bytes in 10 msecs (HTTP/1.1 200) 8 headers in 296 bytes (1 switches on core 0)
May 26 10:28:59.339676 np0000001406 devstack@placement-api.service[92284]: DEBUG placement.requestlog [req-7bd1f041-3d45-40f0-a4f8-74264cb85334 req-4b0b06f0-f998-44cb-b8fa-21fb6324e0c1 None None] Starting request: 10.4.3.43 "GET /placement/allocations/e81ffa4c-94b3-4731-8c3c-df6c1f769ff9" {{(pid=92284) __call__ /opt/stack/placement/placement/requestlog.py:55}}
May 26 10:28:59.347565 np0000001406 devstack@placement-api.service[92284]: INFO placement.requestlog [req-7bd1f041-3d45-40f0-a4f8-74264cb85334 req-4b0b06f0-f998-44cb-b8fa-21fb6324e0c1 service nova] 10.4.3.43 "GET /placement/allocations/e81ffa4c-94b3-4731-8c3c-df6c1f769ff9" status: 200 len: 258 microversion: 1.28
May 26 10:28:59.347839 np0000001406 devstack@placement-api.service[92284]: [pid: 92284|app: 0|req: 89/273] 10.4.3.43 () {68 vars in 1492 bytes} [Tue May 26 10:28:59 2026] GET /placement/allocations/e81ffa4c-94b3-4731-8c3c-df6c1f769ff9 => generated 258 bytes in 11 msecs (HTTP/1.1 200) 8 headers in 296 bytes (1 switches on core 0)
May 26 10:28:59.366276 np0000001406 devstack@placement-api.service[92285]: DEBUG placement.requestlog [None req-8a69e2e4-f881-4c6e-9e4c-810209d991ea None None] Starting request: 10.4.3.43 "GET /placement/resource_providers/81d396ca-fadd-4cd7-b373-1ac9350f1db1/aggregates" {{(pid=92285) __call__ /opt/stack/placement/placement/requestlog.py:55}}
May 26 10:28:59.372383 np0000001406 devstack@placement-api.service[92285]: INFO placement.requestlog [None req-8a69e2e4-f881-4c6e-9e4c-810209d991ea service placement] 10.4.3.43 "GET /placement/resource_providers/81d396ca-fadd-4cd7-b373-1ac9350f1db1/aggregates" status: 404 len: 235 microversion: 1.1
May 26 10:28:59.372683 np0000001406 devstack@placement-api.service[92285]: [pid: 92285|app: 0|req: 93/274] 10.4.3.43 () {66 vars in 1467 bytes} [Tue May 26 10:28:59 2026] GET /placement/resource_providers/81d396ca-fadd-4cd7-b373-1ac9350f1db1/aggregates => generated 235 bytes in 7 msecs (HTTP/1.1 404) 5 headers in 202 bytes (2 switches on core 0)
May 26 10:28:59.380507 np0000001406 devstack@placement-api.service[92283]: DEBUG placement.requestlog [req-7bd1f041-3d45-40f0-a4f8-74264cb85334 req-552cc2fb-5797-409b-a26d-955e41a4d2c1 None None] Starting request: 10.4.3.43 "GET /placement/allocations/f4a3e2ec-09a9-4e52-9ef4-bf3b95051224" {{(pid=92283) __call__ /opt/stack/placement/placement/requestlog.py:55}}
May 26 10:28:59.391552 np0000001406 devstack@placement-api.service[92283]: INFO placement.requestlog [req-7bd1f041-3d45-40f0-a4f8-74264cb85334 req-552cc2fb-5797-409b-a26d-955e41a4d2c1 service nova] 10.4.3.43 "GET /placement/allocations/f4a3e2ec-09a9-4e52-9ef4-bf3b95051224" status: 200 len: 258 microversion: 1.28
May 26 10:28:59.391926 np0000001406 devstack@placement-api.service[92283]: [pid: 92283|app: 0|req: 93/275] 10.4.3.43 () {68 vars in 1492 bytes} [Tue May 26 10:28:59 2026] GET /placement/allocations/f4a3e2ec-09a9-4e52-9ef4-bf3b95051224 => generated 258 bytes in 11 msecs (HTTP/1.1 200) 8 headers in 296 bytes (1 switches on core 0)
