Aug 18 14:45:00.917644 np0000007664 systemd[1]: Starting devstack@n-api-meta.service - Devstack devstack@n-api-meta.service...
Aug 18 14:45:00.923089 np0000007664 devstack@n-api-meta.service[96084]: [uWSGI] getting INI configuration from /etc/nova/nova-metadata-uwsgi.ini
Aug 18 14:45:00.925270 np0000007664 devstack@n-api-meta.service[96084]: *** Starting uWSGI 2.0.24-debian (64bit) on [Tue Aug 18 14:45:00 2026] ***
Aug 18 14:45:00.925270 np0000007664 devstack@n-api-meta.service[96084]: compiled with version: 13.2.0 on 17 April 2024 16:23:48
Aug 18 14:45:00.925270 np0000007664 devstack@n-api-meta.service[96084]: os: Linux-6.8.0-100-generic #100-Ubuntu SMP PREEMPT_DYNAMIC Tue Jan 13 16:40:06 UTC 2026
Aug 18 14:45:00.925270 np0000007664 devstack@n-api-meta.service[96084]: nodename: np0000007664
Aug 18 14:45:00.925270 np0000007664 devstack@n-api-meta.service[96084]: machine: x86_64
Aug 18 14:45:00.925270 np0000007664 devstack@n-api-meta.service[96084]: clock source: unix
Aug 18 14:45:00.925270 np0000007664 devstack@n-api-meta.service[96084]: pcre jit disabled
Aug 18 14:45:00.925270 np0000007664 devstack@n-api-meta.service[96084]: detected number of CPU cores: 16
Aug 18 14:45:00.925270 np0000007664 devstack@n-api-meta.service[96084]: current working directory: /
Aug 18 14:45:00.925270 np0000007664 devstack@n-api-meta.service[96084]: detected binary path: /usr/bin/uwsgi-core
Aug 18 14:45:00.925270 np0000007664 devstack@n-api-meta.service[96084]: your processes number limit is 257052
Aug 18 14:45:00.925270 np0000007664 devstack@n-api-meta.service[96084]: your memory page size is 4096 bytes
Aug 18 14:45:00.925270 np0000007664 devstack@n-api-meta.service[96084]: detected max file descriptor number: 2048
Aug 18 14:45:00.925577 np0000007664 devstack@n-api-meta.service[96084]: lock engine: pthread robust mutexes
Aug 18 14:45:00.925577 np0000007664 devstack@n-api-meta.service[96084]: thunder lock: enabled
Aug 18 14:45:00.925702 np0000007664 devstack@n-api-meta.service[96084]: uWSGI http bound on 0.0.0.0:8775 fd 5
Aug 18 14:45:00.925734 np0000007664 devstack@n-api-meta.service[96084]: uwsgi socket 0 bound to TCP address 127.0.0.1:37715 (port auto-assigned) fd 4
Aug 18 14:45:00.925758 np0000007664 devstack@n-api-meta.service[96084]: Python version: 3.12.3 (main, Jun 19 2026, 12:46:00) [GCC 13.3.0]
Aug 18 14:45:00.925758 np0000007664 devstack@n-api-meta.service[96084]: PEP 405 virtualenv detected: /opt/stack/data/venv
Aug 18 14:45:00.925758 np0000007664 devstack@n-api-meta.service[96084]: Set PythonHome to /opt/stack/data/venv
Aug 18 14:45:00.957506 np0000007664 devstack@n-api-meta.service[96084]: Python main interpreter initialized at 0x7a4d1a8a4668
Aug 18 14:45:00.957506 np0000007664 devstack@n-api-meta.service[96084]: python threads support enabled
Aug 18 14:45:00.957506 np0000007664 devstack@n-api-meta.service[96084]: your server socket listen backlog is limited to 100 connections
Aug 18 14:45:00.957594 np0000007664 devstack@n-api-meta.service[96084]: your mercy for graceful operations on workers is 80 seconds
Aug 18 14:45:00.958020 np0000007664 devstack@n-api-meta.service[96084]: mapped 671795 bytes (656 KB) for 4 cores
Aug 18 14:45:00.958211 np0000007664 devstack@n-api-meta.service[96084]: *** Operational MODE: preforking ***
Aug 18 14:45:00.958560 np0000007664 devstack@n-api-meta.service[96084]: *** uWSGI is running in multiple interpreter mode ***
Aug 18 14:45:00.958560 np0000007664 devstack@n-api-meta.service[96084]: spawned uWSGI master process (pid: 96084)
Aug 18 14:45:00.958612 np0000007664 systemd[1]: Started devstack@n-api-meta.service - Devstack devstack@n-api-meta.service.
Aug 18 14:45:00.959113 np0000007664 devstack@n-api-meta.service[96084]: spawned uWSGI worker 1 (pid: 96087, cores: 1)
Aug 18 14:45:00.959883 np0000007664 devstack@n-api-meta.service[96084]: spawned uWSGI worker 2 (pid: 96088, cores: 1)
Aug 18 14:45:00.960481 np0000007664 devstack@n-api-meta.service[96084]: spawned uWSGI worker 3 (pid: 96090, cores: 1)
Aug 18 14:45:00.961095 np0000007664 devstack@n-api-meta.service[96084]: spawned uWSGI worker 4 (pid: 96092, cores: 1)
Aug 18 14:45:00.961648 np0000007664 devstack@n-api-meta.service[96084]: spawned uWSGI http 1 (pid: 96093)
Aug 18 14:45:00.961648 np0000007664 devstack@n-api-meta.service[96084]: running "unix_signal:15 gracefully_kill_them_all" (master-start)...
Aug 18 14:45:02.573924 np0000007664 devstack@n-api-meta.service[96087]: INFO dbcounter [None req-a27f3748-4105-40be-b9c5-3dfd8eead791 None None] Registered counter for database nova_api
Aug 18 14:45:02.618592 np0000007664 devstack@n-api-meta.service[96087]: DEBUG oslo_db.sqlalchemy.engines [None req-a27f3748-4105-40be-b9c5-3dfd8eead791 None None] MySQL server mode set to STRICT_TRANS_TABLES,STRICT_ALL_TABLES,NO_ZERO_IN_DATE,NO_ZERO_DATE,ERROR_FOR_DIVISION_BY_ZERO,TRADITIONAL,NO_ENGINE_SUBSTITUTION {{(pid=96087) _check_effective_sql_mode /opt/stack/data/venv/lib/python3.12/site-packages/oslo_db/sqlalchemy/engines.py:325}}
Aug 18 14:45:02.638957 np0000007664 devstack@n-api-meta.service[96090]: INFO dbcounter [None req-b8870761-feda-447f-97b9-e95321fca2ba None None] Registered counter for database nova_api
Aug 18 14:45:02.647970 np0000007664 devstack@n-api-meta.service[96087]: DEBUG dbcounter [-] [96087] Writer thread running {{(pid=96087) stat_writer /opt/stack/data/venv/lib/python3.12/site-packages/dbcounter.py:102}}
Aug 18 14:45:02.650336 np0000007664 devstack@n-api-meta.service[96087]: DEBUG nova.context [None req-a27f3748-4105-40be-b9c5-3dfd8eead791 None None] Found 2 cells: 00000000-0000-0000-0000-000000000000(cell0),4233ea37-1fa6-4589-8aec-3cc6a19c8157(cell1) {{(pid=96087) load_cells /opt/stack/nova/nova/context.py:509}}
Aug 18 14:45:02.650576 np0000007664 devstack@n-api-meta.service[96087]: INFO nova.utils [None req-a27f3748-4105-40be-b9c5-3dfd8eead791 None None] The cell worker thread pool MainProcess.cell_worker is initialized
Aug 18 14:45:02.652450 np0000007664 devstack@n-api-meta.service[96087]: DEBUG oslo_concurrency.lockutils [None req-a27f3748-4105-40be-b9c5-3dfd8eead791 None None] Acquiring lock "00000000-0000-0000-0000-000000000000" by "nova.context.set_target_cell..get_or_set_cached_cell_and_set_connections" {{(pid=96087) inner /opt/stack/data/venv/lib/python3.12/site-packages/oslo_concurrency/lockutils.py:512}}
Aug 18 14:45:02.652624 np0000007664 devstack@n-api-meta.service[96087]: DEBUG oslo_concurrency.lockutils [None req-a27f3748-4105-40be-b9c5-3dfd8eead791 None None] Lock "00000000-0000-0000-0000-000000000000" acquired by "nova.context.set_target_cell..get_or_set_cached_cell_and_set_connections" :: waited 0.000s {{(pid=96087) inner /opt/stack/data/venv/lib/python3.12/site-packages/oslo_concurrency/lockutils.py:525}}
Aug 18 14:45:02.653004 np0000007664 devstack@n-api-meta.service[96087]: DEBUG oslo_concurrency.lockutils [None req-a27f3748-4105-40be-b9c5-3dfd8eead791 None None] Lock "00000000-0000-0000-0000-000000000000" "released" by "nova.context.set_target_cell..get_or_set_cached_cell_and_set_connections" :: held 0.000s {{(pid=96087) inner /opt/stack/data/venv/lib/python3.12/site-packages/oslo_concurrency/lockutils.py:544}}
Aug 18 14:45:02.653684 np0000007664 devstack@n-api-meta.service[96087]: DEBUG oslo_concurrency.lockutils [None req-a27f3748-4105-40be-b9c5-3dfd8eead791 None None] Acquiring lock "4233ea37-1fa6-4589-8aec-3cc6a19c8157" by "nova.context.set_target_cell..get_or_set_cached_cell_and_set_connections" {{(pid=96087) inner /opt/stack/data/venv/lib/python3.12/site-packages/oslo_concurrency/lockutils.py:512}}
Aug 18 14:45:02.653819 np0000007664 devstack@n-api-meta.service[96087]: DEBUG oslo_concurrency.lockutils [None req-a27f3748-4105-40be-b9c5-3dfd8eead791 None None] Lock "4233ea37-1fa6-4589-8aec-3cc6a19c8157" acquired by "nova.context.set_target_cell..get_or_set_cached_cell_and_set_connections" :: waited 0.000s {{(pid=96087) inner /opt/stack/data/venv/lib/python3.12/site-packages/oslo_concurrency/lockutils.py:525}}
Aug 18 14:45:02.654139 np0000007664 devstack@n-api-meta.service[96092]: INFO dbcounter [None req-356d9756-9006-4b7d-87fd-e6adf50ae4d4 None None] Registered counter for database nova_api
Aug 18 14:45:02.654626 np0000007664 devstack@n-api-meta.service[96087]: DEBUG oslo_concurrency.lockutils [None req-a27f3748-4105-40be-b9c5-3dfd8eead791 None None] Lock "4233ea37-1fa6-4589-8aec-3cc6a19c8157" "released" by "nova.context.set_target_cell..get_or_set_cached_cell_and_set_connections" :: held 0.001s {{(pid=96087) inner /opt/stack/data/venv/lib/python3.12/site-packages/oslo_concurrency/lockutils.py:544}}
Aug 18 14:45:02.656386 np0000007664 devstack@n-api-meta.service[96087]: INFO dbcounter [None req-a27f3748-4105-40be-b9c5-3dfd8eead791 None None] Registered counter for database nova_cell0
Aug 18 14:45:02.658974 np0000007664 devstack@n-api-meta.service[96087]: INFO dbcounter [None req-a27f3748-4105-40be-b9c5-3dfd8eead791 None None] Registered counter for database nova_cell1
Aug 18 14:45:02.659974 np0000007664 devstack@n-api-meta.service[96088]: INFO dbcounter [None req-4a991475-db39-41c0-bf75-68b07f9b071f None None] Registered counter for database nova_api
Aug 18 14:45:02.684541 np0000007664 devstack@n-api-meta.service[96090]: DEBUG oslo_db.sqlalchemy.engines [None req-b8870761-feda-447f-97b9-e95321fca2ba None None] MySQL server mode set to STRICT_TRANS_TABLES,STRICT_ALL_TABLES,NO_ZERO_IN_DATE,NO_ZERO_DATE,ERROR_FOR_DIVISION_BY_ZERO,TRADITIONAL,NO_ENGINE_SUBSTITUTION {{(pid=96090) _check_effective_sql_mode /opt/stack/data/venv/lib/python3.12/site-packages/oslo_db/sqlalchemy/engines.py:325}}
Aug 18 14:45:02.697736 np0000007664 devstack@n-api-meta.service[96092]: DEBUG oslo_db.sqlalchemy.engines [None req-356d9756-9006-4b7d-87fd-e6adf50ae4d4 None None] MySQL server mode set to STRICT_TRANS_TABLES,STRICT_ALL_TABLES,NO_ZERO_IN_DATE,NO_ZERO_DATE,ERROR_FOR_DIVISION_BY_ZERO,TRADITIONAL,NO_ENGINE_SUBSTITUTION {{(pid=96092) _check_effective_sql_mode /opt/stack/data/venv/lib/python3.12/site-packages/oslo_db/sqlalchemy/engines.py:325}}
Aug 18 14:45:02.703325 np0000007664 devstack@n-api-meta.service[96087]: DEBUG oslo_db.sqlalchemy.engines [None req-a27f3748-4105-40be-b9c5-3dfd8eead791 None None] MySQL server mode set to STRICT_TRANS_TABLES,STRICT_ALL_TABLES,NO_ZERO_IN_DATE,NO_ZERO_DATE,ERROR_FOR_DIVISION_BY_ZERO,TRADITIONAL,NO_ENGINE_SUBSTITUTION {{(pid=96087) _check_effective_sql_mode /opt/stack/data/venv/lib/python3.12/site-packages/oslo_db/sqlalchemy/engines.py:325}}
Aug 18 14:45:02.705088 np0000007664 devstack@n-api-meta.service[96087]: DEBUG oslo_db.sqlalchemy.engines [None req-a27f3748-4105-40be-b9c5-3dfd8eead791 None None] MySQL server mode set to STRICT_TRANS_TABLES,STRICT_ALL_TABLES,NO_ZERO_IN_DATE,NO_ZERO_DATE,ERROR_FOR_DIVISION_BY_ZERO,TRADITIONAL,NO_ENGINE_SUBSTITUTION {{(pid=96087) _check_effective_sql_mode /opt/stack/data/venv/lib/python3.12/site-packages/oslo_db/sqlalchemy/engines.py:325}}
Aug 18 14:45:02.707577 np0000007664 devstack@n-api-meta.service[96088]: DEBUG oslo_db.sqlalchemy.engines [None req-4a991475-db39-41c0-bf75-68b07f9b071f None None] MySQL server mode set to STRICT_TRANS_TABLES,STRICT_ALL_TABLES,NO_ZERO_IN_DATE,NO_ZERO_DATE,ERROR_FOR_DIVISION_BY_ZERO,TRADITIONAL,NO_ENGINE_SUBSTITUTION {{(pid=96088) _check_effective_sql_mode /opt/stack/data/venv/lib/python3.12/site-packages/oslo_db/sqlalchemy/engines.py:325}}
Aug 18 14:45:02.713213 np0000007664 devstack@n-api-meta.service[96090]: DEBUG dbcounter [-] [96090] Writer thread running {{(pid=96090) stat_writer /opt/stack/data/venv/lib/python3.12/site-packages/dbcounter.py:102}}
Aug 18 14:45:02.715555 np0000007664 devstack@n-api-meta.service[96090]: DEBUG nova.context [None req-b8870761-feda-447f-97b9-e95321fca2ba None None] Found 2 cells: 00000000-0000-0000-0000-000000000000(cell0),4233ea37-1fa6-4589-8aec-3cc6a19c8157(cell1) {{(pid=96090) load_cells /opt/stack/nova/nova/context.py:509}}
Aug 18 14:45:02.715816 np0000007664 devstack@n-api-meta.service[96090]: INFO nova.utils [None req-b8870761-feda-447f-97b9-e95321fca2ba None None] The cell worker thread pool MainProcess.cell_worker is initialized
Aug 18 14:45:02.717765 np0000007664 devstack@n-api-meta.service[96090]: DEBUG oslo_concurrency.lockutils [None req-b8870761-feda-447f-97b9-e95321fca2ba None None] Acquiring lock "00000000-0000-0000-0000-000000000000" by "nova.context.set_target_cell..get_or_set_cached_cell_and_set_connections" {{(pid=96090) inner /opt/stack/data/venv/lib/python3.12/site-packages/oslo_concurrency/lockutils.py:512}}
Aug 18 14:45:02.717958 np0000007664 devstack@n-api-meta.service[96090]: DEBUG oslo_concurrency.lockutils [None req-b8870761-feda-447f-97b9-e95321fca2ba None None] Lock "00000000-0000-0000-0000-000000000000" acquired by "nova.context.set_target_cell..get_or_set_cached_cell_and_set_connections" :: waited 0.000s {{(pid=96090) inner /opt/stack/data/venv/lib/python3.12/site-packages/oslo_concurrency/lockutils.py:525}}
Aug 18 14:45:02.718333 np0000007664 devstack@n-api-meta.service[96090]: DEBUG oslo_concurrency.lockutils [None req-b8870761-feda-447f-97b9-e95321fca2ba None None] Lock "00000000-0000-0000-0000-000000000000" "released" by "nova.context.set_target_cell..get_or_set_cached_cell_and_set_connections" :: held 0.000s {{(pid=96090) inner /opt/stack/data/venv/lib/python3.12/site-packages/oslo_concurrency/lockutils.py:544}}
Aug 18 14:45:02.718929 np0000007664 devstack@n-api-meta.service[96090]: DEBUG oslo_concurrency.lockutils [None req-b8870761-feda-447f-97b9-e95321fca2ba None None] Acquiring lock "4233ea37-1fa6-4589-8aec-3cc6a19c8157" by "nova.context.set_target_cell..get_or_set_cached_cell_and_set_connections" {{(pid=96090) inner /opt/stack/data/venv/lib/python3.12/site-packages/oslo_concurrency/lockutils.py:512}}
Aug 18 14:45:02.720350 np0000007664 devstack@n-api-meta.service[96090]: INFO dbcounter [None req-b8870761-feda-447f-97b9-e95321fca2ba None None] Registered counter for database nova_cell0
Aug 18 14:45:02.721300 np0000007664 devstack@n-api-meta.service[96090]: DEBUG oslo_concurrency.lockutils [None req-b8870761-feda-447f-97b9-e95321fca2ba None None] Lock "4233ea37-1fa6-4589-8aec-3cc6a19c8157" acquired by "nova.context.set_target_cell..get_or_set_cached_cell_and_set_connections" :: waited 0.001s {{(pid=96090) inner /opt/stack/data/venv/lib/python3.12/site-packages/oslo_concurrency/lockutils.py:525}}
Aug 18 14:45:02.722355 np0000007664 devstack@n-api-meta.service[96090]: DEBUG oslo_concurrency.lockutils [None req-b8870761-feda-447f-97b9-e95321fca2ba None None] Lock "4233ea37-1fa6-4589-8aec-3cc6a19c8157" "released" by "nova.context.set_target_cell..get_or_set_cached_cell_and_set_connections" :: held 0.002s {{(pid=96090) inner /opt/stack/data/venv/lib/python3.12/site-packages/oslo_concurrency/lockutils.py:544}}
Aug 18 14:45:02.724278 np0000007664 devstack@n-api-meta.service[96090]: INFO dbcounter [None req-b8870761-feda-447f-97b9-e95321fca2ba None None] Registered counter for database nova_cell1
Aug 18 14:45:02.725792 np0000007664 devstack@n-api-meta.service[96092]: DEBUG dbcounter [-] [96092] Writer thread running {{(pid=96092) stat_writer /opt/stack/data/venv/lib/python3.12/site-packages/dbcounter.py:102}}
Aug 18 14:45:02.728267 np0000007664 devstack@n-api-meta.service[96092]: DEBUG nova.context [None req-356d9756-9006-4b7d-87fd-e6adf50ae4d4 None None] Found 2 cells: 00000000-0000-0000-0000-000000000000(cell0),4233ea37-1fa6-4589-8aec-3cc6a19c8157(cell1) {{(pid=96092) load_cells /opt/stack/nova/nova/context.py:509}}
Aug 18 14:45:02.728513 np0000007664 devstack@n-api-meta.service[96092]: INFO nova.utils [None req-356d9756-9006-4b7d-87fd-e6adf50ae4d4 None None] The cell worker thread pool MainProcess.cell_worker is initialized
Aug 18 14:45:02.730177 np0000007664 devstack@n-api-meta.service[96092]: DEBUG oslo_concurrency.lockutils [None req-356d9756-9006-4b7d-87fd-e6adf50ae4d4 None None] Acquiring lock "00000000-0000-0000-0000-000000000000" by "nova.context.set_target_cell..get_or_set_cached_cell_and_set_connections" {{(pid=96092) inner /opt/stack/data/venv/lib/python3.12/site-packages/oslo_concurrency/lockutils.py:512}}
Aug 18 14:45:02.730242 np0000007664 devstack@n-api-meta.service[96092]: DEBUG oslo_concurrency.lockutils [None req-356d9756-9006-4b7d-87fd-e6adf50ae4d4 None None] Lock "00000000-0000-0000-0000-000000000000" acquired by "nova.context.set_target_cell..get_or_set_cached_cell_and_set_connections" :: waited 0.000s {{(pid=96092) inner /opt/stack/data/venv/lib/python3.12/site-packages/oslo_concurrency/lockutils.py:525}}
Aug 18 14:45:02.730567 np0000007664 devstack@n-api-meta.service[96092]: DEBUG oslo_concurrency.lockutils [None req-356d9756-9006-4b7d-87fd-e6adf50ae4d4 None None] Lock "00000000-0000-0000-0000-000000000000" "released" by "nova.context.set_target_cell..get_or_set_cached_cell_and_set_connections" :: held 0.000s {{(pid=96092) inner /opt/stack/data/venv/lib/python3.12/site-packages/oslo_concurrency/lockutils.py:544}}
Aug 18 14:45:02.731275 np0000007664 devstack@n-api-meta.service[96092]: DEBUG oslo_concurrency.lockutils [None req-356d9756-9006-4b7d-87fd-e6adf50ae4d4 None None] Acquiring lock "4233ea37-1fa6-4589-8aec-3cc6a19c8157" by "nova.context.set_target_cell..get_or_set_cached_cell_and_set_connections" {{(pid=96092) inner /opt/stack/data/venv/lib/python3.12/site-packages/oslo_concurrency/lockutils.py:512}}
Aug 18 14:45:02.731452 np0000007664 devstack@n-api-meta.service[96092]: DEBUG oslo_concurrency.lockutils [None req-356d9756-9006-4b7d-87fd-e6adf50ae4d4 None None] Lock "4233ea37-1fa6-4589-8aec-3cc6a19c8157" acquired by "nova.context.set_target_cell..get_or_set_cached_cell_and_set_connections" :: waited 0.000s {{(pid=96092) inner /opt/stack/data/venv/lib/python3.12/site-packages/oslo_concurrency/lockutils.py:525}}
Aug 18 14:45:02.732204 np0000007664 devstack@n-api-meta.service[96092]: DEBUG oslo_concurrency.lockutils [None req-356d9756-9006-4b7d-87fd-e6adf50ae4d4 None None] Lock "4233ea37-1fa6-4589-8aec-3cc6a19c8157" "released" by "nova.context.set_target_cell..get_or_set_cached_cell_and_set_connections" :: held 0.001s {{(pid=96092) inner /opt/stack/data/venv/lib/python3.12/site-packages/oslo_concurrency/lockutils.py:544}}
Aug 18 14:45:02.735330 np0000007664 devstack@n-api-meta.service[96092]: INFO dbcounter [None req-356d9756-9006-4b7d-87fd-e6adf50ae4d4 None None] Registered counter for database nova_cell0
Aug 18 14:45:02.737008 np0000007664 devstack@n-api-meta.service[96092]: INFO dbcounter [None req-356d9756-9006-4b7d-87fd-e6adf50ae4d4 None None] Registered counter for database nova_cell1
Aug 18 14:45:02.737957 np0000007664 devstack@n-api-meta.service[96088]: DEBUG dbcounter [-] [96088] Writer thread running {{(pid=96088) stat_writer /opt/stack/data/venv/lib/python3.12/site-packages/dbcounter.py:102}}
Aug 18 14:45:02.740520 np0000007664 devstack@n-api-meta.service[96088]: DEBUG nova.context [None req-4a991475-db39-41c0-bf75-68b07f9b071f None None] Found 2 cells: 00000000-0000-0000-0000-000000000000(cell0),4233ea37-1fa6-4589-8aec-3cc6a19c8157(cell1) {{(pid=96088) load_cells /opt/stack/nova/nova/context.py:509}}
Aug 18 14:45:02.740865 np0000007664 devstack@n-api-meta.service[96088]: INFO nova.utils [None req-4a991475-db39-41c0-bf75-68b07f9b071f None None] The cell worker thread pool MainProcess.cell_worker is initialized
Aug 18 14:45:02.742619 np0000007664 devstack@n-api-meta.service[96088]: DEBUG oslo_concurrency.lockutils [None req-4a991475-db39-41c0-bf75-68b07f9b071f None None] Acquiring lock "00000000-0000-0000-0000-000000000000" by "nova.context.set_target_cell..get_or_set_cached_cell_and_set_connections" {{(pid=96088) inner /opt/stack/data/venv/lib/python3.12/site-packages/oslo_concurrency/lockutils.py:512}}
Aug 18 14:45:02.742914 np0000007664 devstack@n-api-meta.service[96088]: DEBUG oslo_concurrency.lockutils [None req-4a991475-db39-41c0-bf75-68b07f9b071f None None] Lock "00000000-0000-0000-0000-000000000000" acquired by "nova.context.set_target_cell..get_or_set_cached_cell_and_set_connections" :: waited 0.000s {{(pid=96088) inner /opt/stack/data/venv/lib/python3.12/site-packages/oslo_concurrency/lockutils.py:525}}
Aug 18 14:45:02.743261 np0000007664 devstack@n-api-meta.service[96088]: DEBUG oslo_concurrency.lockutils [None req-4a991475-db39-41c0-bf75-68b07f9b071f None None] Lock "00000000-0000-0000-0000-000000000000" "released" by "nova.context.set_target_cell..get_or_set_cached_cell_and_set_connections" :: held 0.000s {{(pid=96088) inner /opt/stack/data/venv/lib/python3.12/site-packages/oslo_concurrency/lockutils.py:544}}
Aug 18 14:45:02.743892 np0000007664 devstack@n-api-meta.service[96088]: DEBUG oslo_concurrency.lockutils [None req-4a991475-db39-41c0-bf75-68b07f9b071f None None] Acquiring lock "4233ea37-1fa6-4589-8aec-3cc6a19c8157" by "nova.context.set_target_cell..get_or_set_cached_cell_and_set_connections" {{(pid=96088) inner /opt/stack/data/venv/lib/python3.12/site-packages/oslo_concurrency/lockutils.py:512}}
Aug 18 14:45:02.744029 np0000007664 devstack@n-api-meta.service[96088]: DEBUG oslo_concurrency.lockutils [None req-4a991475-db39-41c0-bf75-68b07f9b071f None None] Lock "4233ea37-1fa6-4589-8aec-3cc6a19c8157" acquired by "nova.context.set_target_cell..get_or_set_cached_cell_and_set_connections" :: waited 0.000s {{(pid=96088) inner /opt/stack/data/venv/lib/python3.12/site-packages/oslo_concurrency/lockutils.py:525}}
Aug 18 14:45:02.744873 np0000007664 devstack@n-api-meta.service[96088]: DEBUG oslo_concurrency.lockutils [None req-4a991475-db39-41c0-bf75-68b07f9b071f None None] Lock "4233ea37-1fa6-4589-8aec-3cc6a19c8157" "released" by "nova.context.set_target_cell..get_or_set_cached_cell_and_set_connections" :: held 0.001s {{(pid=96088) inner /opt/stack/data/venv/lib/python3.12/site-packages/oslo_concurrency/lockutils.py:544}}
Aug 18 14:45:02.746617 np0000007664 devstack@n-api-meta.service[96088]: INFO dbcounter [None req-4a991475-db39-41c0-bf75-68b07f9b071f None None] Registered counter for database nova_cell0
Aug 18 14:45:02.749955 np0000007664 devstack@n-api-meta.service[96088]: INFO dbcounter [None req-4a991475-db39-41c0-bf75-68b07f9b071f None None] Registered counter for database nova_cell1
Aug 18 14:45:02.768360 np0000007664 devstack@n-api-meta.service[96090]: DEBUG oslo_db.sqlalchemy.engines [None req-b8870761-feda-447f-97b9-e95321fca2ba None None] MySQL server mode set to STRICT_TRANS_TABLES,STRICT_ALL_TABLES,NO_ZERO_IN_DATE,NO_ZERO_DATE,ERROR_FOR_DIVISION_BY_ZERO,TRADITIONAL,NO_ENGINE_SUBSTITUTION {{(pid=96090) _check_effective_sql_mode /opt/stack/data/venv/lib/python3.12/site-packages/oslo_db/sqlalchemy/engines.py:325}}
Aug 18 14:45:02.792372 np0000007664 devstack@n-api-meta.service[96087]: DEBUG dbcounter [-] [96087] Writer thread running {{(pid=96087) stat_writer /opt/stack/data/venv/lib/python3.12/site-packages/dbcounter.py:102}}
Aug 18 14:45:02.795936 np0000007664 devstack@n-api-meta.service[96088]: DEBUG oslo_db.sqlalchemy.engines [None req-4a991475-db39-41c0-bf75-68b07f9b071f None None] MySQL server mode set to STRICT_TRANS_TABLES,STRICT_ALL_TABLES,NO_ZERO_IN_DATE,NO_ZERO_DATE,ERROR_FOR_DIVISION_BY_ZERO,TRADITIONAL,NO_ENGINE_SUBSTITUTION {{(pid=96088) _check_effective_sql_mode /opt/stack/data/venv/lib/python3.12/site-packages/oslo_db/sqlalchemy/engines.py:325}}
Aug 18 14:45:02.797458 np0000007664 devstack@n-api-meta.service[96087]: DEBUG dbcounter [-] [96087] Writer thread running {{(pid=96087) stat_writer /opt/stack/data/venv/lib/python3.12/site-packages/dbcounter.py:102}}
Aug 18 14:45:02.799216 np0000007664 devstack@n-api-meta.service[96090]: DEBUG oslo_db.sqlalchemy.engines [None req-b8870761-feda-447f-97b9-e95321fca2ba None None] MySQL server mode set to STRICT_TRANS_TABLES,STRICT_ALL_TABLES,NO_ZERO_IN_DATE,NO_ZERO_DATE,ERROR_FOR_DIVISION_BY_ZERO,TRADITIONAL,NO_ENGINE_SUBSTITUTION {{(pid=96090) _check_effective_sql_mode /opt/stack/data/venv/lib/python3.12/site-packages/oslo_db/sqlalchemy/engines.py:325}}
Aug 18 14:45:02.799416 np0000007664 devstack@n-api-meta.service[96092]: DEBUG oslo_db.sqlalchemy.engines [None req-356d9756-9006-4b7d-87fd-e6adf50ae4d4 None None] MySQL server mode set to STRICT_TRANS_TABLES,STRICT_ALL_TABLES,NO_ZERO_IN_DATE,NO_ZERO_DATE,ERROR_FOR_DIVISION_BY_ZERO,TRADITIONAL,NO_ENGINE_SUBSTITUTION {{(pid=96092) _check_effective_sql_mode /opt/stack/data/venv/lib/python3.12/site-packages/oslo_db/sqlalchemy/engines.py:325}}
Aug 18 14:45:02.802114 np0000007664 devstack@n-api-meta.service[96087]: INFO dbcounter [None req-a27f3748-4105-40be-b9c5-3dfd8eead791 None None] Registered counter for database nova_cell0
Aug 18 14:45:02.803029 np0000007664 devstack@n-api-meta.service[96092]: DEBUG oslo_db.sqlalchemy.engines [None req-356d9756-9006-4b7d-87fd-e6adf50ae4d4 None None] MySQL server mode set to STRICT_TRANS_TABLES,STRICT_ALL_TABLES,NO_ZERO_IN_DATE,NO_ZERO_DATE,ERROR_FOR_DIVISION_BY_ZERO,TRADITIONAL,NO_ENGINE_SUBSTITUTION {{(pid=96092) _check_effective_sql_mode /opt/stack/data/venv/lib/python3.12/site-packages/oslo_db/sqlalchemy/engines.py:325}}
Aug 18 14:45:02.812006 np0000007664 devstack@n-api-meta.service[96088]: DEBUG oslo_db.sqlalchemy.engines [None req-4a991475-db39-41c0-bf75-68b07f9b071f None None] MySQL server mode set to STRICT_TRANS_TABLES,STRICT_ALL_TABLES,NO_ZERO_IN_DATE,NO_ZERO_DATE,ERROR_FOR_DIVISION_BY_ZERO,TRADITIONAL,NO_ENGINE_SUBSTITUTION {{(pid=96088) _check_effective_sql_mode /opt/stack/data/venv/lib/python3.12/site-packages/oslo_db/sqlalchemy/engines.py:325}}
Aug 18 14:45:02.839948 np0000007664 devstack@n-api-meta.service[96087]: DEBUG oslo_db.sqlalchemy.engines [None req-a27f3748-4105-40be-b9c5-3dfd8eead791 None None] MySQL server mode set to STRICT_TRANS_TABLES,STRICT_ALL_TABLES,NO_ZERO_IN_DATE,NO_ZERO_DATE,ERROR_FOR_DIVISION_BY_ZERO,TRADITIONAL,NO_ENGINE_SUBSTITUTION {{(pid=96087) _check_effective_sql_mode /opt/stack/data/venv/lib/python3.12/site-packages/oslo_db/sqlalchemy/engines.py:325}}
Aug 18 14:45:02.846106 np0000007664 devstack@n-api-meta.service[96087]: DEBUG dbcounter [-] [96087] Writer thread running {{(pid=96087) stat_writer /opt/stack/data/venv/lib/python3.12/site-packages/dbcounter.py:102}}
Aug 18 14:45:02.860369 np0000007664 devstack@n-api-meta.service[96090]: DEBUG dbcounter [-] [96090] Writer thread running {{(pid=96090) stat_writer /opt/stack/data/venv/lib/python3.12/site-packages/dbcounter.py:102}}
Aug 18 14:45:02.866385 np0000007664 devstack@n-api-meta.service[96090]: DEBUG dbcounter [-] [96090] Writer thread running {{(pid=96090) stat_writer /opt/stack/data/venv/lib/python3.12/site-packages/dbcounter.py:102}}
Aug 18 14:45:02.869906 np0000007664 devstack@n-api-meta.service[96090]: INFO dbcounter [None req-b8870761-feda-447f-97b9-e95321fca2ba None None] Registered counter for database nova_cell0
Aug 18 14:45:02.880958 np0000007664 devstack@n-api-meta.service[96092]: DEBUG dbcounter [-] [96092] Writer thread running {{(pid=96092) stat_writer /opt/stack/data/venv/lib/python3.12/site-packages/dbcounter.py:102}}
Aug 18 14:45:02.885352 np0000007664 devstack@n-api-meta.service[96092]: DEBUG dbcounter [-] [96092] Writer thread running {{(pid=96092) stat_writer /opt/stack/data/venv/lib/python3.12/site-packages/dbcounter.py:102}}
Aug 18 14:45:02.886645 np0000007664 devstack@n-api-meta.service[96088]: DEBUG dbcounter [-] [96088] Writer thread running {{(pid=96088) stat_writer /opt/stack/data/venv/lib/python3.12/site-packages/dbcounter.py:102}}
Aug 18 14:45:02.887041 np0000007664 devstack@n-api-meta.service[96087]: WARNING nova.api.metadata.handler [None req-a27f3748-4105-40be-b9c5-3dfd8eead791 None None] metadata_proxy_shared_secret is not configured, the metadata information returned by the proxy cannot be trusted
Aug 18 14:45:02.888970 np0000007664 devstack@n-api-meta.service[96087]: DEBUG nova.api.openstack.wsgi_app [None req-a27f3748-4105-40be-b9c5-3dfd8eead791 None None] ******************************************************************************** {{(pid=96087) log_opt_values /opt/stack/data/venv/lib/python3.12/site-packages/oslo_config/cfg.py:3533}}
Aug 18 14:45:02.889117 np0000007664 devstack@n-api-meta.service[96087]: DEBUG nova.api.openstack.wsgi_app [None req-a27f3748-4105-40be-b9c5-3dfd8eead791 None None] Configuration options gathered from: {{(pid=96087) log_opt_values /opt/stack/data/venv/lib/python3.12/site-packages/oslo_config/cfg.py:3534}}
Aug 18 14:45:02.889162 np0000007664 devstack@n-api-meta.service[96092]: INFO dbcounter [None req-356d9756-9006-4b7d-87fd-e6adf50ae4d4 None None] Registered counter for database nova_cell0
Aug 18 14:45:02.889271 np0000007664 devstack@n-api-meta.service[96087]: DEBUG nova.api.openstack.wsgi_app [None req-a27f3748-4105-40be-b9c5-3dfd8eead791 None None] command line args: [] {{(pid=96087) log_opt_values /opt/stack/data/venv/lib/python3.12/site-packages/oslo_config/cfg.py:3535}}
Aug 18 14:45:02.889519 np0000007664 devstack@n-api-meta.service[96087]: DEBUG nova.api.openstack.wsgi_app [None req-a27f3748-4105-40be-b9c5-3dfd8eead791 None None] config files: ['/etc/nova/api-paste.ini', '/etc/nova/nova.conf'] {{(pid=96087) log_opt_values /opt/stack/data/venv/lib/python3.12/site-packages/oslo_config/cfg.py:3536}}
Aug 18 14:45:02.889655 np0000007664 devstack@n-api-meta.service[96087]: DEBUG nova.api.openstack.wsgi_app [None req-a27f3748-4105-40be-b9c5-3dfd8eead791 None None] ================================================================================ {{(pid=96087) log_opt_values /opt/stack/data/venv/lib/python3.12/site-packages/oslo_config/cfg.py:3541}}
Aug 18 14:45:02.889856 np0000007664 devstack@n-api-meta.service[96087]: DEBUG nova.api.openstack.wsgi_app [None req-a27f3748-4105-40be-b9c5-3dfd8eead791 None None] allow_resize_to_same_host = True {{(pid=96087) log_opt_values /opt/stack/data/venv/lib/python3.12/site-packages/oslo_config/cfg.py:3549}}
Aug 18 14:45:02.890003 np0000007664 devstack@n-api-meta.service[96087]: DEBUG nova.api.openstack.wsgi_app [None req-a27f3748-4105-40be-b9c5-3dfd8eead791 None None] arq_binding_timeout = 300 {{(pid=96087) log_opt_values /opt/stack/data/venv/lib/python3.12/site-packages/oslo_config/cfg.py:3549}}
Aug 18 14:45:02.890154 np0000007664 devstack@n-api-meta.service[96087]: DEBUG nova.api.openstack.wsgi_app [None req-a27f3748-4105-40be-b9c5-3dfd8eead791 None None] block_device_allocate_retries = 60 {{(pid=96087) log_opt_values /opt/stack/data/venv/lib/python3.12/site-packages/oslo_config/cfg.py:3549}}
Aug 18 14:45:02.890326 np0000007664 devstack@n-api-meta.service[96087]: DEBUG nova.api.openstack.wsgi_app [None req-a27f3748-4105-40be-b9c5-3dfd8eead791 None None] block_device_allocate_retries_interval = 3 {{(pid=96087) log_opt_values /opt/stack/data/venv/lib/python3.12/site-packages/oslo_config/cfg.py:3549}}
Aug 18 14:45:02.890479 np0000007664 devstack@n-api-meta.service[96087]: DEBUG nova.api.openstack.wsgi_app [None req-a27f3748-4105-40be-b9c5-3dfd8eead791 None None] cell_worker_thread_pool_size = 5 {{(pid=96087) log_opt_values /opt/stack/data/venv/lib/python3.12/site-packages/oslo_config/cfg.py:3549}}
Aug 18 14:45:02.890635 np0000007664 devstack@n-api-meta.service[96087]: DEBUG nova.api.openstack.wsgi_app [None req-a27f3748-4105-40be-b9c5-3dfd8eead791 None None] cert = self.pem {{(pid=96087) log_opt_values /opt/stack/data/venv/lib/python3.12/site-packages/oslo_config/cfg.py:3549}}
Aug 18 14:45:02.890786 np0000007664 devstack@n-api-meta.service[96087]: DEBUG nova.api.openstack.wsgi_app [None req-a27f3748-4105-40be-b9c5-3dfd8eead791 None None] compute_driver = libvirt.LibvirtDriver {{(pid=96087) log_opt_values /opt/stack/data/venv/lib/python3.12/site-packages/oslo_config/cfg.py:3549}}
Aug 18 14:45:02.890934 np0000007664 devstack@n-api-meta.service[96087]: DEBUG nova.api.openstack.wsgi_app [None req-a27f3748-4105-40be-b9c5-3dfd8eead791 None None] compute_monitors = [] {{(pid=96087) log_opt_values /opt/stack/data/venv/lib/python3.12/site-packages/oslo_config/cfg.py:3549}}
Aug 18 14:45:02.891090 np0000007664 devstack@n-api-meta.service[96087]: DEBUG nova.api.openstack.wsgi_app [None req-a27f3748-4105-40be-b9c5-3dfd8eead791 None None] concurrency_backend = auto {{(pid=96087) log_opt_values /opt/stack/data/venv/lib/python3.12/site-packages/oslo_config/cfg.py:3549}}
Aug 18 14:45:02.891630 np0000007664 devstack@n-api-meta.service[96087]: DEBUG nova.api.openstack.wsgi_app [None req-a27f3748-4105-40be-b9c5-3dfd8eead791 None None] config_dir = [] {{(pid=96087) log_opt_values /opt/stack/data/venv/lib/python3.12/site-packages/oslo_config/cfg.py:3549}}
Aug 18 14:45:02.891630 np0000007664 devstack@n-api-meta.service[96087]: DEBUG nova.api.openstack.wsgi_app [None req-a27f3748-4105-40be-b9c5-3dfd8eead791 None None] config_drive_format = iso9660 {{(pid=96087) log_opt_values /opt/stack/data/venv/lib/python3.12/site-packages/oslo_config/cfg.py:3549}}
Aug 18 14:45:02.891630 np0000007664 devstack@n-api-meta.service[96087]: DEBUG nova.api.openstack.wsgi_app [None req-a27f3748-4105-40be-b9c5-3dfd8eead791 None None] config_file = ['/etc/nova/api-paste.ini', '/etc/nova/nova.conf'] {{(pid=96087) log_opt_values /opt/stack/data/venv/lib/python3.12/site-packages/oslo_config/cfg.py:3549}}
Aug 18 14:45:02.891734 np0000007664 devstack@n-api-meta.service[96087]: DEBUG nova.api.openstack.wsgi_app [None req-a27f3748-4105-40be-b9c5-3dfd8eead791 None None] config_source = [] {{(pid=96087) log_opt_values /opt/stack/data/venv/lib/python3.12/site-packages/oslo_config/cfg.py:3549}}
Aug 18 14:45:02.891863 np0000007664 devstack@n-api-meta.service[96087]: DEBUG nova.api.openstack.wsgi_app [None req-a27f3748-4105-40be-b9c5-3dfd8eead791 None None] console_host = np0000007664 {{(pid=96087) log_opt_values /opt/stack/data/venv/lib/python3.12/site-packages/oslo_config/cfg.py:3549}}
Aug 18 14:45:02.891926 np0000007664 devstack@n-api-meta.service[96088]: DEBUG dbcounter [-] [96088] Writer thread running {{(pid=96088) stat_writer /opt/stack/data/venv/lib/python3.12/site-packages/dbcounter.py:102}}
Aug 18 14:45:02.892049 np0000007664 devstack@n-api-meta.service[96087]: DEBUG nova.api.openstack.wsgi_app [None req-a27f3748-4105-40be-b9c5-3dfd8eead791 None None] control_exchange = nova {{(pid=96087) log_opt_values /opt/stack/data/venv/lib/python3.12/site-packages/oslo_config/cfg.py:3549}}
Aug 18 14:45:02.892195 np0000007664 devstack@n-api-meta.service[96087]: DEBUG nova.api.openstack.wsgi_app [None req-a27f3748-4105-40be-b9c5-3dfd8eead791 None None] cpu_allocation_ratio = None {{(pid=96087) log_opt_values /opt/stack/data/venv/lib/python3.12/site-packages/oslo_config/cfg.py:3549}}
Aug 18 14:45:02.892339 np0000007664 devstack@n-api-meta.service[96087]: DEBUG nova.api.openstack.wsgi_app [None req-a27f3748-4105-40be-b9c5-3dfd8eead791 None None] daemon = False {{(pid=96087) log_opt_values /opt/stack/data/venv/lib/python3.12/site-packages/oslo_config/cfg.py:3549}}
Aug 18 14:45:02.892465 np0000007664 devstack@n-api-meta.service[96087]: DEBUG nova.api.openstack.wsgi_app [None req-a27f3748-4105-40be-b9c5-3dfd8eead791 None None] debug = True {{(pid=96087) log_opt_values /opt/stack/data/venv/lib/python3.12/site-packages/oslo_config/cfg.py:3549}}
Aug 18 14:45:02.892574 np0000007664 devstack@n-api-meta.service[96087]: DEBUG nova.api.openstack.wsgi_app [None req-a27f3748-4105-40be-b9c5-3dfd8eead791 None None] default_access_ip_network_name = None {{(pid=96087) log_opt_values /opt/stack/data/venv/lib/python3.12/site-packages/oslo_config/cfg.py:3549}}
Aug 18 14:45:02.892695 np0000007664 devstack@n-api-meta.service[96087]: DEBUG nova.api.openstack.wsgi_app [None req-a27f3748-4105-40be-b9c5-3dfd8eead791 None None] default_availability_zone = nova {{(pid=96087) log_opt_values /opt/stack/data/venv/lib/python3.12/site-packages/oslo_config/cfg.py:3549}}
Aug 18 14:45:02.892834 np0000007664 devstack@n-api-meta.service[96087]: DEBUG nova.api.openstack.wsgi_app [None req-a27f3748-4105-40be-b9c5-3dfd8eead791 None None] default_ephemeral_format = ext4 {{(pid=96087) log_opt_values /opt/stack/data/venv/lib/python3.12/site-packages/oslo_config/cfg.py:3549}}
Aug 18 14:45:02.892956 np0000007664 devstack@n-api-meta.service[96087]: DEBUG nova.api.openstack.wsgi_app [None req-a27f3748-4105-40be-b9c5-3dfd8eead791 None None] default_green_pool_size = 1000 {{(pid=96087) log_opt_values /opt/stack/data/venv/lib/python3.12/site-packages/oslo_config/cfg.py:3549}}
Aug 18 14:45:02.893135 np0000007664 devstack@n-api-meta.service[96087]: DEBUG nova.api.openstack.wsgi_app [None req-a27f3748-4105-40be-b9c5-3dfd8eead791 None None] default_log_levels = ['amqp=WARN', 'boto=WARN', 'sqlalchemy=WARN', 'suds=INFO', 'oslo.messaging=INFO', 'oslo_messaging=INFO', 'iso8601=WARN', 'requests.packages.urllib3.connectionpool=WARN', 'urllib3.connectionpool=WARN', 'websocket=WARN', 'requests.packages.urllib3.util.retry=WARN', 'urllib3.util.retry=WARN', 'keystonemiddleware=WARN', 'routes.middleware=WARN', 'stevedore=WARN', 'taskflow=WARN', 'keystoneauth=WARN', 'oslo.cache=INFO', 'oslo_policy=INFO', 'dogpile.core.dogpile=INFO', 'glanceclient=WARN', 'oslo.privsep.daemon=INFO'] {{(pid=96087) log_opt_values /opt/stack/data/venv/lib/python3.12/site-packages/oslo_config/cfg.py:3549}}
Aug 18 14:45:02.893263 np0000007664 devstack@n-api-meta.service[96087]: DEBUG nova.api.openstack.wsgi_app [None req-a27f3748-4105-40be-b9c5-3dfd8eead791 None None] default_schedule_zone = None {{(pid=96087) log_opt_values /opt/stack/data/venv/lib/python3.12/site-packages/oslo_config/cfg.py:3549}}
Aug 18 14:45:02.893423 np0000007664 devstack@n-api-meta.service[96087]: DEBUG nova.api.openstack.wsgi_app [None req-a27f3748-4105-40be-b9c5-3dfd8eead791 None None] default_thread_pool_size = 10 {{(pid=96087) log_opt_values /opt/stack/data/venv/lib/python3.12/site-packages/oslo_config/cfg.py:3549}}
Aug 18 14:45:02.893540 np0000007664 devstack@n-api-meta.service[96087]: DEBUG nova.api.openstack.wsgi_app [None req-a27f3748-4105-40be-b9c5-3dfd8eead791 None None] disk_allocation_ratio = None {{(pid=96087) log_opt_values /opt/stack/data/venv/lib/python3.12/site-packages/oslo_config/cfg.py:3549}}
Aug 18 14:45:02.893670 np0000007664 devstack@n-api-meta.service[96087]: DEBUG nova.api.openstack.wsgi_app [None req-a27f3748-4105-40be-b9c5-3dfd8eead791 None None] enable_new_services = True {{(pid=96087) log_opt_values /opt/stack/data/venv/lib/python3.12/site-packages/oslo_config/cfg.py:3549}}
Aug 18 14:45:02.894257 np0000007664 devstack@n-api-meta.service[96087]: DEBUG nova.api.openstack.wsgi_app [None req-a27f3748-4105-40be-b9c5-3dfd8eead791 None None] flat_injected = False {{(pid=96087) log_opt_values /opt/stack/data/venv/lib/python3.12/site-packages/oslo_config/cfg.py:3549}}
Aug 18 14:45:02.894257 np0000007664 devstack@n-api-meta.service[96087]: DEBUG nova.api.openstack.wsgi_app [None req-a27f3748-4105-40be-b9c5-3dfd8eead791 None None] force_config_drive = True {{(pid=96087) log_opt_values /opt/stack/data/venv/lib/python3.12/site-packages/oslo_config/cfg.py:3549}}
Aug 18 14:45:02.894257 np0000007664 devstack@n-api-meta.service[96087]: DEBUG nova.api.openstack.wsgi_app [None req-a27f3748-4105-40be-b9c5-3dfd8eead791 None None] force_raw_images = True {{(pid=96087) log_opt_values /opt/stack/data/venv/lib/python3.12/site-packages/oslo_config/cfg.py:3549}}
Aug 18 14:45:02.894257 np0000007664 devstack@n-api-meta.service[96087]: DEBUG nova.api.openstack.wsgi_app [None req-a27f3748-4105-40be-b9c5-3dfd8eead791 None None] graceful_shutdown_timeout = 5 {{(pid=96087) log_opt_values /opt/stack/data/venv/lib/python3.12/site-packages/oslo_config/cfg.py:3549}}
Aug 18 14:45:02.894257 np0000007664 devstack@n-api-meta.service[96087]: DEBUG nova.api.openstack.wsgi_app [None req-a27f3748-4105-40be-b9c5-3dfd8eead791 None None] heal_instance_info_cache_interval = -1 {{(pid=96087) log_opt_values /opt/stack/data/venv/lib/python3.12/site-packages/oslo_config/cfg.py:3549}}
Aug 18 14:45:02.894467 np0000007664 devstack@n-api-meta.service[96087]: DEBUG nova.api.openstack.wsgi_app [None req-a27f3748-4105-40be-b9c5-3dfd8eead791 None None] host = np0000007664 {{(pid=96087) log_opt_values /opt/stack/data/venv/lib/python3.12/site-packages/oslo_config/cfg.py:3549}}
Aug 18 14:45:02.894614 np0000007664 devstack@n-api-meta.service[96087]: DEBUG nova.api.openstack.wsgi_app [None req-a27f3748-4105-40be-b9c5-3dfd8eead791 None None] initial_cpu_allocation_ratio = 4.0 {{(pid=96087) log_opt_values /opt/stack/data/venv/lib/python3.12/site-packages/oslo_config/cfg.py:3549}}
Aug 18 14:45:02.894729 np0000007664 devstack@n-api-meta.service[96087]: DEBUG nova.api.openstack.wsgi_app [None req-a27f3748-4105-40be-b9c5-3dfd8eead791 None None] initial_disk_allocation_ratio = 1.0 {{(pid=96087) log_opt_values /opt/stack/data/venv/lib/python3.12/site-packages/oslo_config/cfg.py:3549}}
Aug 18 14:45:02.894767 np0000007664 devstack@n-api-meta.service[96088]: INFO dbcounter [None req-4a991475-db39-41c0-bf75-68b07f9b071f None None] Registered counter for database nova_cell0
Aug 18 14:45:02.894869 np0000007664 devstack@n-api-meta.service[96087]: DEBUG nova.api.openstack.wsgi_app [None req-a27f3748-4105-40be-b9c5-3dfd8eead791 None None] initial_ram_allocation_ratio = 1.0 {{(pid=96087) log_opt_values /opt/stack/data/venv/lib/python3.12/site-packages/oslo_config/cfg.py:3549}}
Aug 18 14:45:02.895049 np0000007664 devstack@n-api-meta.service[96087]: DEBUG nova.api.openstack.wsgi_app [None req-a27f3748-4105-40be-b9c5-3dfd8eead791 None None] injected_network_template = /opt/stack/nova/nova/virt/interfaces.template {{(pid=96087) log_opt_values /opt/stack/data/venv/lib/python3.12/site-packages/oslo_config/cfg.py:3549}}
Aug 18 14:45:02.895166 np0000007664 devstack@n-api-meta.service[96087]: DEBUG nova.api.openstack.wsgi_app [None req-a27f3748-4105-40be-b9c5-3dfd8eead791 None None] instance_build_timeout = 0 {{(pid=96087) log_opt_values /opt/stack/data/venv/lib/python3.12/site-packages/oslo_config/cfg.py:3549}}
Aug 18 14:45:02.895302 np0000007664 devstack@n-api-meta.service[96087]: DEBUG nova.api.openstack.wsgi_app [None req-a27f3748-4105-40be-b9c5-3dfd8eead791 None None] instance_delete_interval = 300 {{(pid=96087) log_opt_values /opt/stack/data/venv/lib/python3.12/site-packages/oslo_config/cfg.py:3549}}
Aug 18 14:45:02.895443 np0000007664 devstack@n-api-meta.service[96087]: DEBUG nova.api.openstack.wsgi_app [None req-a27f3748-4105-40be-b9c5-3dfd8eead791 None None] instance_format = [instance: %(uuid)s] {{(pid=96087) log_opt_values /opt/stack/data/venv/lib/python3.12/site-packages/oslo_config/cfg.py:3549}}
Aug 18 14:45:02.895575 np0000007664 devstack@n-api-meta.service[96087]: DEBUG nova.api.openstack.wsgi_app [None req-a27f3748-4105-40be-b9c5-3dfd8eead791 None None] instance_name_template = instance-%08x {{(pid=96087) log_opt_values /opt/stack/data/venv/lib/python3.12/site-packages/oslo_config/cfg.py:3549}}
Aug 18 14:45:02.895689 np0000007664 devstack@n-api-meta.service[96087]: DEBUG nova.api.openstack.wsgi_app [None req-a27f3748-4105-40be-b9c5-3dfd8eead791 None None] instance_usage_audit = False {{(pid=96087) log_opt_values /opt/stack/data/venv/lib/python3.12/site-packages/oslo_config/cfg.py:3549}}
Aug 18 14:45:02.895813 np0000007664 devstack@n-api-meta.service[96087]: DEBUG nova.api.openstack.wsgi_app [None req-a27f3748-4105-40be-b9c5-3dfd8eead791 None None] instance_usage_audit_period = month {{(pid=96087) log_opt_values /opt/stack/data/venv/lib/python3.12/site-packages/oslo_config/cfg.py:3549}}
Aug 18 14:45:02.895940 np0000007664 devstack@n-api-meta.service[96087]: DEBUG nova.api.openstack.wsgi_app [None req-a27f3748-4105-40be-b9c5-3dfd8eead791 None None] instance_uuid_format = [instance: %(uuid)s] {{(pid=96087) log_opt_values /opt/stack/data/venv/lib/python3.12/site-packages/oslo_config/cfg.py:3549}}
Aug 18 14:45:02.896064 np0000007664 devstack@n-api-meta.service[96087]: DEBUG nova.api.openstack.wsgi_app [None req-a27f3748-4105-40be-b9c5-3dfd8eead791 None None] instances_path = /opt/stack/data/nova/instances {{(pid=96087) log_opt_values /opt/stack/data/venv/lib/python3.12/site-packages/oslo_config/cfg.py:3549}}
Aug 18 14:45:02.896181 np0000007664 devstack@n-api-meta.service[96087]: DEBUG nova.api.openstack.wsgi_app [None req-a27f3748-4105-40be-b9c5-3dfd8eead791 None None] internal_service_availability_zone = internal {{(pid=96087) log_opt_values /opt/stack/data/venv/lib/python3.12/site-packages/oslo_config/cfg.py:3549}}
Aug 18 14:45:02.896336 np0000007664 devstack@n-api-meta.service[96087]: DEBUG nova.api.openstack.wsgi_app [None req-a27f3748-4105-40be-b9c5-3dfd8eead791 None None] key = None {{(pid=96087) log_opt_values /opt/stack/data/venv/lib/python3.12/site-packages/oslo_config/cfg.py:3549}}
Aug 18 14:45:02.896458 np0000007664 devstack@n-api-meta.service[96087]: DEBUG nova.api.openstack.wsgi_app [None req-a27f3748-4105-40be-b9c5-3dfd8eead791 None None] live_migration_retry_count = 30 {{(pid=96087) log_opt_values /opt/stack/data/venv/lib/python3.12/site-packages/oslo_config/cfg.py:3549}}
Aug 18 14:45:02.896600 np0000007664 devstack@n-api-meta.service[96087]: DEBUG nova.api.openstack.wsgi_app [None req-a27f3748-4105-40be-b9c5-3dfd8eead791 None None] log_color = False {{(pid=96087) log_opt_values /opt/stack/data/venv/lib/python3.12/site-packages/oslo_config/cfg.py:3549}}
Aug 18 14:45:02.896729 np0000007664 devstack@n-api-meta.service[96087]: DEBUG nova.api.openstack.wsgi_app [None req-a27f3748-4105-40be-b9c5-3dfd8eead791 None None] log_config_append = None {{(pid=96087) log_opt_values /opt/stack/data/venv/lib/python3.12/site-packages/oslo_config/cfg.py:3549}}
Aug 18 14:45:02.896873 np0000007664 devstack@n-api-meta.service[96087]: DEBUG nova.api.openstack.wsgi_app [None req-a27f3748-4105-40be-b9c5-3dfd8eead791 None None] log_date_format = %Y-%m-%d %H:%M:%S {{(pid=96087) log_opt_values /opt/stack/data/venv/lib/python3.12/site-packages/oslo_config/cfg.py:3549}}
Aug 18 14:45:02.897007 np0000007664 devstack@n-api-meta.service[96087]: DEBUG nova.api.openstack.wsgi_app [None req-a27f3748-4105-40be-b9c5-3dfd8eead791 None None] log_dir = None {{(pid=96087) log_opt_values /opt/stack/data/venv/lib/python3.12/site-packages/oslo_config/cfg.py:3549}}
Aug 18 14:45:02.897118 np0000007664 devstack@n-api-meta.service[96087]: DEBUG nova.api.openstack.wsgi_app [None req-a27f3748-4105-40be-b9c5-3dfd8eead791 None None] log_file = None {{(pid=96087) log_opt_values /opt/stack/data/venv/lib/python3.12/site-packages/oslo_config/cfg.py:3549}}
Aug 18 14:45:02.897244 np0000007664 devstack@n-api-meta.service[96087]: DEBUG nova.api.openstack.wsgi_app [None req-a27f3748-4105-40be-b9c5-3dfd8eead791 None None] log_options = True {{(pid=96087) log_opt_values /opt/stack/data/venv/lib/python3.12/site-packages/oslo_config/cfg.py:3549}}
Aug 18 14:45:02.897482 np0000007664 devstack@n-api-meta.service[96087]: DEBUG nova.api.openstack.wsgi_app [None req-a27f3748-4105-40be-b9c5-3dfd8eead791 None None] log_rotate_interval = 1 {{(pid=96087) log_opt_values /opt/stack/data/venv/lib/python3.12/site-packages/oslo_config/cfg.py:3549}}
Aug 18 14:45:02.898225 np0000007664 devstack@n-api-meta.service[96087]: DEBUG nova.api.openstack.wsgi_app [None req-a27f3748-4105-40be-b9c5-3dfd8eead791 None None] log_rotate_interval_type = days {{(pid=96087) log_opt_values /opt/stack/data/venv/lib/python3.12/site-packages/oslo_config/cfg.py:3549}}
Aug 18 14:45:02.898225 np0000007664 devstack@n-api-meta.service[96087]: DEBUG nova.api.openstack.wsgi_app [None req-a27f3748-4105-40be-b9c5-3dfd8eead791 None None] log_rotation_type = none {{(pid=96087) log_opt_values /opt/stack/data/venv/lib/python3.12/site-packages/oslo_config/cfg.py:3549}}
Aug 18 14:45:02.898225 np0000007664 devstack@n-api-meta.service[96087]: DEBUG nova.api.openstack.wsgi_app [None req-a27f3748-4105-40be-b9c5-3dfd8eead791 None None] logging_context_format_string = %(color)s%(levelname)s %(name)s [%(global_request_id)s %(request_id)s %(project_name)s %(user_name)s%(color)s] %(instance)s%(color)s%(message)s {{(pid=96087) log_opt_values /opt/stack/data/venv/lib/python3.12/site-packages/oslo_config/cfg.py:3549}}
Aug 18 14:45:02.898225 np0000007664 devstack@n-api-meta.service[96087]: DEBUG nova.api.openstack.wsgi_app [None req-a27f3748-4105-40be-b9c5-3dfd8eead791 None None] logging_debug_format_suffix = {{(pid=%(process)d) %(funcName)s %(pathname)s:%(lineno)d}} {{(pid=96087) log_opt_values /opt/stack/data/venv/lib/python3.12/site-packages/oslo_config/cfg.py:3549}}
Aug 18 14:45:02.898225 np0000007664 devstack@n-api-meta.service[96087]: DEBUG nova.api.openstack.wsgi_app [None req-a27f3748-4105-40be-b9c5-3dfd8eead791 None None] logging_default_format_string = %(color)s%(levelname)s %(name)s [-%(color)s] %(instance)s%(color)s%(message)s {{(pid=96087) log_opt_values /opt/stack/data/venv/lib/python3.12/site-packages/oslo_config/cfg.py:3549}}
Aug 18 14:45:02.898398 np0000007664 devstack@n-api-meta.service[96087]: DEBUG nova.api.openstack.wsgi_app [None req-a27f3748-4105-40be-b9c5-3dfd8eead791 None None] logging_exception_prefix = ERROR %(name)s %(instance)s {{(pid=96087) log_opt_values /opt/stack/data/venv/lib/python3.12/site-packages/oslo_config/cfg.py:3549}}
Aug 18 14:45:02.898455 np0000007664 devstack@n-api-meta.service[96087]: DEBUG nova.api.openstack.wsgi_app [None req-a27f3748-4105-40be-b9c5-3dfd8eead791 None None] logging_user_identity_format = %(user)s %(project)s %(domain)s %(system_scope)s %(user_domain)s %(project_domain)s {{(pid=96087) log_opt_values /opt/stack/data/venv/lib/python3.12/site-packages/oslo_config/cfg.py:3549}}
Aug 18 14:45:02.898595 np0000007664 devstack@n-api-meta.service[96087]: DEBUG nova.api.openstack.wsgi_app [None req-a27f3748-4105-40be-b9c5-3dfd8eead791 None None] long_rpc_timeout = 1800 {{(pid=96087) log_opt_values /opt/stack/data/venv/lib/python3.12/site-packages/oslo_config/cfg.py:3549}}
Aug 18 14:45:02.898738 np0000007664 devstack@n-api-meta.service[96087]: DEBUG nova.api.openstack.wsgi_app [None req-a27f3748-4105-40be-b9c5-3dfd8eead791 None None] manager_shutdown_timeout = 160 {{(pid=96087) log_opt_values /opt/stack/data/venv/lib/python3.12/site-packages/oslo_config/cfg.py:3549}}
