Jun 17 18:56:56.732619 np0000003086 devstack@g-api.service[102223]: [pid: 102223|app: 0|req: 46/132] 127.0.0.1 () {40 vars in 838 bytes} [Wed Jun 17 18:56:56 2026] GET /v2/images/97726793-67d8-4e8c-9fc6-cc28d27b287d => generated 649 bytes in 9 msecs (HTTP/1.1 200) 4 headers in 157 bytes (1 switches on core 0)
Jun 17 18:56:57.742677 np0000003086 devstack@g-api.service[102224]: DEBUG glance.api.middleware.version_negotiation [None req-41699569-1855-43f1-9fda-aa44d1580f3a tempest-VolumesActionsTest-572531924 tempest-VolumesActionsTest-572531924-project-member] Determining version of request: GET /v2/images/97726793-67d8-4e8c-9fc6-cc28d27b287d Accept: application/json {{(pid=102224) process_request /opt/stack/glance/glance/api/middleware/version_negotiation.py:44}}
Jun 17 18:56:57.743167 np0000003086 devstack@g-api.service[102224]: DEBUG glance.api.middleware.version_negotiation [None req-41699569-1855-43f1-9fda-aa44d1580f3a tempest-VolumesActionsTest-572531924 tempest-VolumesActionsTest-572531924-project-member] Using url versioning {{(pid=102224) process_request /opt/stack/glance/glance/api/middleware/version_negotiation.py:57}}
Jun 17 18:56:57.743167 np0000003086 devstack@g-api.service[102224]: DEBUG glance.api.middleware.version_negotiation [None req-41699569-1855-43f1-9fda-aa44d1580f3a tempest-VolumesActionsTest-572531924 tempest-VolumesActionsTest-572531924-project-member] Matched version: v2 {{(pid=102224) process_request /opt/stack/glance/glance/api/middleware/version_negotiation.py:69}}
Jun 17 18:56:57.743167 np0000003086 devstack@g-api.service[102224]: DEBUG glance.api.middleware.version_negotiation [None req-41699569-1855-43f1-9fda-aa44d1580f3a tempest-VolumesActionsTest-572531924 tempest-VolumesActionsTest-572531924-project-member] new path /v2/images/97726793-67d8-4e8c-9fc6-cc28d27b287d {{(pid=102224) process_request /opt/stack/glance/glance/api/middleware/version_negotiation.py:70}}
Jun 17 18:56:57.756285 np0000003086 devstack@g-api.service[102224]: [pid: 102224|app: 0|req: 44/133] 127.0.0.1 () {40 vars in 838 bytes} [Wed Jun 17 18:56:57 2026] GET /v2/images/97726793-67d8-4e8c-9fc6-cc28d27b287d => generated 649 bytes in 14 msecs (HTTP/1.1 200) 4 headers in 157 bytes (1 switches on core 0)
Jun 17 18:56:58.074850 np0000003086 devstack@g-api.service[102225]: DEBUG glance.api.middleware.version_negotiation [None req-c015b80a-cfae-4ea4-8593-92647b50fb53 tempest-VolumesActionsTest-572531924 tempest-VolumesActionsTest-572531924-project-member] Determining version of request: PUT /v2/images/97726793-67d8-4e8c-9fc6-cc28d27b287d/file Accept: */* {{(pid=102225) process_request /opt/stack/glance/glance/api/middleware/version_negotiation.py:44}}
Jun 17 18:56:58.075333 np0000003086 devstack@g-api.service[102225]: DEBUG glance.api.middleware.version_negotiation [None req-c015b80a-cfae-4ea4-8593-92647b50fb53 tempest-VolumesActionsTest-572531924 tempest-VolumesActionsTest-572531924-project-member] Using url versioning {{(pid=102225) process_request /opt/stack/glance/glance/api/middleware/version_negotiation.py:57}}
Jun 17 18:56:58.075333 np0000003086 devstack@g-api.service[102225]: DEBUG glance.api.middleware.version_negotiation [None req-c015b80a-cfae-4ea4-8593-92647b50fb53 tempest-VolumesActionsTest-572531924 tempest-VolumesActionsTest-572531924-project-member] Matched version: v2 {{(pid=102225) process_request /opt/stack/glance/glance/api/middleware/version_negotiation.py:69}}
Jun 17 18:56:58.075513 np0000003086 devstack@g-api.service[102225]: DEBUG glance.api.middleware.version_negotiation [None req-c015b80a-cfae-4ea4-8593-92647b50fb53 tempest-VolumesActionsTest-572531924 tempest-VolumesActionsTest-572531924-project-member] new path /v2/images/97726793-67d8-4e8c-9fc6-cc28d27b287d/file {{(pid=102225) process_request /opt/stack/glance/glance/api/middleware/version_negotiation.py:70}}
Jun 17 18:56:58.660386 np0000003086 devstack@g-api.service[102225]: INFO glance.api.v2.image_data [None req-fc981da4-0149-4061-88a3-6e9677e9e028 tempest-VolumesActionsTest-572531924 tempest-VolumesActionsTest-572531924-project-member] Unable to create trust: no such option collect_timing in group [keystone_authtoken] Use the existing user token.
Jun 17 18:56:58.763864 np0000003086 devstack@g-api.service[102223]: DEBUG glance.api.middleware.version_negotiation [None req-a771d872-f46b-438f-9b9b-82852c0b5b16 tempest-VolumesActionsTest-572531924 tempest-VolumesActionsTest-572531924-project-member] Determining version of request: GET /v2/images/97726793-67d8-4e8c-9fc6-cc28d27b287d Accept: application/json {{(pid=102223) process_request /opt/stack/glance/glance/api/middleware/version_negotiation.py:44}}
Jun 17 18:56:58.764293 np0000003086 devstack@g-api.service[102223]: DEBUG glance.api.middleware.version_negotiation [None req-a771d872-f46b-438f-9b9b-82852c0b5b16 tempest-VolumesActionsTest-572531924 tempest-VolumesActionsTest-572531924-project-member] Using url versioning {{(pid=102223) process_request /opt/stack/glance/glance/api/middleware/version_negotiation.py:57}}
Jun 17 18:56:58.764293 np0000003086 devstack@g-api.service[102223]: DEBUG glance.api.middleware.version_negotiation [None req-a771d872-f46b-438f-9b9b-82852c0b5b16 tempest-VolumesActionsTest-572531924 tempest-VolumesActionsTest-572531924-project-member] Matched version: v2 {{(pid=102223) process_request /opt/stack/glance/glance/api/middleware/version_negotiation.py:69}}
Jun 17 18:56:58.764370 np0000003086 devstack@g-api.service[102223]: DEBUG glance.api.middleware.version_negotiation [None req-a771d872-f46b-438f-9b9b-82852c0b5b16 tempest-VolumesActionsTest-572531924 tempest-VolumesActionsTest-572531924-project-member] new path /v2/images/97726793-67d8-4e8c-9fc6-cc28d27b287d {{(pid=102223) process_request /opt/stack/glance/glance/api/middleware/version_negotiation.py:70}}
Jun 17 18:56:58.772864 np0000003086 devstack@g-api.service[102223]: [pid: 102223|app: 0|req: 47/134] 127.0.0.1 () {40 vars in 838 bytes} [Wed Jun 17 18:56:58 2026] GET /v2/images/97726793-67d8-4e8c-9fc6-cc28d27b287d => generated 649 bytes in 9 msecs (HTTP/1.1 200) 4 headers in 157 bytes (1 switches on core 0)
Jun 17 18:56:59.257100 np0000003086 devstack@g-api.service[102225]: DEBUG glance.location [None req-fc981da4-0149-4061-88a3-6e9677e9e028 tempest-VolumesActionsTest-572531924 tempest-VolumesActionsTest-572531924-project-member] Enabling in-flight format inspection for raw {{(pid=102225) set_data /opt/stack/glance/glance/location.py:616}}
Jun 17 18:56:59.257100 np0000003086 devstack@g-api.service[102225]: DEBUG glance_store.backend [None req-fc981da4-0149-4061-88a3-6e9677e9e028 tempest-VolumesActionsTest-572531924 tempest-VolumesActionsTest-572531924-project-member] Attempting to import store swift {{(pid=102225) _load_store /opt/stack/data/venv/lib/python3.12/site-packages/glance_store/backend.py:215}}
Jun 17 18:56:59.257100 np0000003086 devstack@g-api.service[102225]: DEBUG glance_store.capabilities [None req-fc981da4-0149-4061-88a3-6e9677e9e028 tempest-VolumesActionsTest-572531924 tempest-VolumesActionsTest-572531924-project-member] Store glance_store._drivers.swift.store.SingleTenantStore doesn't support updating dynamic storage capabilities. Please overwrite 'update_capabilities' method of the store to implement updating logics if needed. {{(pid=102225) update_capabilities /opt/stack/data/venv/lib/python3.12/site-packages/glance_store/capabilities.py:91}}
Jun 17 18:56:59.257100 np0000003086 devstack@g-api.service[102225]: DEBUG glance_store.driver [None req-fc981da4-0149-4061-88a3-6e9677e9e028 tempest-VolumesActionsTest-572531924 tempest-VolumesActionsTest-572531924-project-member] Late loading location class glance_store._drivers.swift.store.StoreLocation {{(pid=102225) get_store_location_class /opt/stack/data/venv/lib/python3.12/site-packages/glance_store/driver.py:134}}
Jun 17 18:56:59.257557 np0000003086 devstack@g-api.service[102225]: DEBUG glance_store.location [None req-fc981da4-0149-4061-88a3-6e9677e9e028 tempest-VolumesActionsTest-572531924 tempest-VolumesActionsTest-572531924-project-member] Registering scheme swift+https with {'store': , 'location_class': , 'store_entry': 'swift'} {{(pid=102225) register_scheme_map /opt/stack/data/venv/lib/python3.12/site-packages/glance_store/location.py:146}}
Jun 17 18:56:59.257557 np0000003086 devstack@g-api.service[102225]: DEBUG glance_store.location [None req-fc981da4-0149-4061-88a3-6e9677e9e028 tempest-VolumesActionsTest-572531924 tempest-VolumesActionsTest-572531924-project-member] Registering scheme swift+https with {'store': , 'location_class': , 'store_entry': 'swift'} {{(pid=102225) register_scheme_map /opt/stack/data/venv/lib/python3.12/site-packages/glance_store/location.py:146}}
Jun 17 18:56:59.257557 np0000003086 devstack@g-api.service[102225]: DEBUG glance_store.location [None req-fc981da4-0149-4061-88a3-6e9677e9e028 tempest-VolumesActionsTest-572531924 tempest-VolumesActionsTest-572531924-project-member] Registering scheme swift with {'store': , 'location_class': , 'store_entry': 'swift'} {{(pid=102225) register_scheme_map /opt/stack/data/venv/lib/python3.12/site-packages/glance_store/location.py:146}}
Jun 17 18:56:59.257786 np0000003086 devstack@g-api.service[102225]: DEBUG glance_store.location [None req-fc981da4-0149-4061-88a3-6e9677e9e028 tempest-VolumesActionsTest-572531924 tempest-VolumesActionsTest-572531924-project-member] Registering scheme swift+https with {'store': , 'location_class': , 'store_entry': 'swift'} {{(pid=102225) register_scheme_map /opt/stack/data/venv/lib/python3.12/site-packages/glance_store/location.py:146}}
Jun 17 18:56:59.257786 np0000003086 devstack@g-api.service[102225]: DEBUG glance_store.location [None req-fc981da4-0149-4061-88a3-6e9677e9e028 tempest-VolumesActionsTest-572531924 tempest-VolumesActionsTest-572531924-project-member] Registering scheme swift with {'store': , 'location_class': , 'store_entry': 'swift'} {{(pid=102225) register_scheme_map /opt/stack/data/venv/lib/python3.12/site-packages/glance_store/location.py:146}}
Jun 17 18:56:59.257786 np0000003086 devstack@g-api.service[102225]: DEBUG glance_store.location [None req-fc981da4-0149-4061-88a3-6e9677e9e028 tempest-VolumesActionsTest-572531924 tempest-VolumesActionsTest-572531924-project-member] Registering scheme swift+http with {'store': , 'location_class': , 'store_entry': 'swift'} {{(pid=102225) register_scheme_map /opt/stack/data/venv/lib/python3.12/site-packages/glance_store/location.py:146}}
Jun 17 18:56:59.257974 np0000003086 devstack@g-api.service[102225]: DEBUG glance_store.location [None req-fc981da4-0149-4061-88a3-6e9677e9e028 tempest-VolumesActionsTest-572531924 tempest-VolumesActionsTest-572531924-project-member] Registering scheme swift+https with {'store': , 'location_class': , 'store_entry': 'swift'} {{(pid=102225) register_scheme_map /opt/stack/data/venv/lib/python3.12/site-packages/glance_store/location.py:146}}
Jun 17 18:56:59.257974 np0000003086 devstack@g-api.service[102225]: DEBUG glance_store.location [None req-fc981da4-0149-4061-88a3-6e9677e9e028 tempest-VolumesActionsTest-572531924 tempest-VolumesActionsTest-572531924-project-member] Registering scheme swift with {'store': , 'location_class': , 'store_entry': 'swift'} {{(pid=102225) register_scheme_map /opt/stack/data/venv/lib/python3.12/site-packages/glance_store/location.py:146}}
Jun 17 18:56:59.257974 np0000003086 devstack@g-api.service[102225]: DEBUG glance_store.location [None req-fc981da4-0149-4061-88a3-6e9677e9e028 tempest-VolumesActionsTest-572531924 tempest-VolumesActionsTest-572531924-project-member] Registering scheme swift+http with {'store': , 'location_class': , 'store_entry': 'swift'} {{(pid=102225) register_scheme_map /opt/stack/data/venv/lib/python3.12/site-packages/glance_store/location.py:146}}
Jun 17 18:56:59.258229 np0000003086 devstack@g-api.service[102225]: DEBUG glance_store.location [None req-fc981da4-0149-4061-88a3-6e9677e9e028 tempest-VolumesActionsTest-572531924 tempest-VolumesActionsTest-572531924-project-member] Registering scheme swift+config with {'store': , 'location_class': , 'store_entry': 'swift'} {{(pid=102225) register_scheme_map /opt/stack/data/venv/lib/python3.12/site-packages/glance_store/location.py:146}}
Jun 17 18:56:59.663046 np0000003086 devstack@g-api.service[102225]: DEBUG swiftclient [None req-fc981da4-0149-4061-88a3-6e9677e9e028 tempest-VolumesActionsTest-572531924 tempest-VolumesActionsTest-572531924-project-member] REQ: curl -i https://10.4.3.105:8080/v1/AUTH_24c1271700e2424796509ccf6b31b87f/glance -I -H "X-Auth-Token: gAAAAABqMu37PVh0..." {{(pid=102225) http_log /opt/stack/data/venv/lib/python3.12/site-packages/swiftclient/client.py:160}}
Jun 17 18:56:59.663046 np0000003086 devstack@g-api.service[102225]: DEBUG swiftclient [None req-fc981da4-0149-4061-88a3-6e9677e9e028 tempest-VolumesActionsTest-572531924 tempest-VolumesActionsTest-572531924-project-member] RESP STATUS: 204 No Content {{(pid=102225) http_log /opt/stack/data/venv/lib/python3.12/site-packages/swiftclient/client.py:161}}
Jun 17 18:56:59.663046 np0000003086 devstack@g-api.service[102225]: DEBUG swiftclient [None req-fc981da4-0149-4061-88a3-6e9677e9e028 tempest-VolumesActionsTest-572531924 tempest-VolumesActionsTest-572531924-project-member] RESP HEADERS: {'Date': 'Wed, 17 Jun 2026 18:56:59 GMT', 'Server': 'Apache/2.4.58 (Ubuntu)', 'Content-Type': 'text/plain; charset=utf-8', 'X-Container-Object-Count': '5', 'X-Container-Bytes-Used': '86048768', 'X-Timestamp': '1781722381.17614', 'Last-Modified': 'Wed, 17 Jun 2026 18:53:02 GMT', 'Accept-Ranges': 'bytes', 'X-Storage-Policy': 'Policy-0', 'X-Container-Sharding': 'False', 'Vary': 'Accept', 'X-Trans-Id': 'tx3925a99a2cde4fab90696-006a32edfb', 'X-Openstack-Request-Id': 'tx3925a99a2cde4fab90696-006a32edfb', 'Connection': 'close'} {{(pid=102225) http_log /opt/stack/data/venv/lib/python3.12/site-packages/swiftclient/client.py:162}}
Jun 17 18:56:59.663046 np0000003086 devstack@g-api.service[102225]: DEBUG glance_store._drivers.swift.store [None req-fc981da4-0149-4061-88a3-6e9677e9e028 tempest-VolumesActionsTest-572531924 tempest-VolumesActionsTest-572531924-project-member] Adding image object '97726793-67d8-4e8c-9fc6-cc28d27b287d' to Swift {{(pid=102225) add /opt/stack/data/venv/lib/python3.12/site-packages/glance_store/_drivers/swift/store.py:970}}
Jun 17 18:56:59.663302 np0000003086 devstack@g-api.service[102225]: DEBUG glance_store._drivers.swift.store [None req-fc981da4-0149-4061-88a3-6e9677e9e028 tempest-VolumesActionsTest-572531924 tempest-VolumesActionsTest-572531924-project-member] Cannot determine image size because it is either not provided in the request or chunked-transfer encoding is used. Adding image as a segmented object to Swift. {{(pid=102225) add /opt/stack/data/venv/lib/python3.12/site-packages/glance_store/_drivers/swift/store.py:994}}
Jun 17 18:56:59.667640 np0000003086 devstack@g-api.service[102225]: DEBUG oslo_utils.imageutils.format_inspector [None req-fc981da4-0149-4061-88a3-6e9677e9e028 tempest-VolumesActionsTest-572531924 tempest-VolumesActionsTest-572531924-project-member] Format inspector for vmdk does not match, excluding from consideration (Signature KDMV not found: b'\x00\x00\x00\x00') {{(pid=102225) _process_chunk /opt/stack/data/venv/lib/python3.12/site-packages/oslo_utils/imageutils/format_inspector.py:1758}}
Jun 17 18:56:59.669743 np0000003086 devstack@g-api.service[102225]: DEBUG oslo_utils.imageutils.format_inspector [None req-fc981da4-0149-4061-88a3-6e9677e9e028 tempest-VolumesActionsTest-572531924 tempest-VolumesActionsTest-572531924-project-member] Format inspector for vhdx does not match, excluding from consideration (Region signature not found at 30000) {{(pid=102225) _process_chunk /opt/stack/data/venv/lib/python3.12/site-packages/oslo_utils/imageutils/format_inspector.py:1758}}
Jun 17 18:56:59.786501 np0000003086 devstack@g-api.service[102224]: DEBUG glance.api.middleware.version_negotiation [None req-f9a25f8b-98f2-4ee7-b251-a907a1363406 tempest-VolumesActionsTest-572531924 tempest-VolumesActionsTest-572531924-project-member] Determining version of request: GET /v2/images/97726793-67d8-4e8c-9fc6-cc28d27b287d Accept: application/json {{(pid=102224) process_request /opt/stack/glance/glance/api/middleware/version_negotiation.py:44}}
Jun 17 18:56:59.786501 np0000003086 devstack@g-api.service[102224]: DEBUG glance.api.middleware.version_negotiation [None req-f9a25f8b-98f2-4ee7-b251-a907a1363406 tempest-VolumesActionsTest-572531924 tempest-VolumesActionsTest-572531924-project-member] Using url versioning {{(pid=102224) process_request /opt/stack/glance/glance/api/middleware/version_negotiation.py:57}}
Jun 17 18:56:59.786827 np0000003086 devstack@g-api.service[102224]: DEBUG glance.api.middleware.version_negotiation [None req-f9a25f8b-98f2-4ee7-b251-a907a1363406 tempest-VolumesActionsTest-572531924 tempest-VolumesActionsTest-572531924-project-member] Matched version: v2 {{(pid=102224) process_request /opt/stack/glance/glance/api/middleware/version_negotiation.py:69}}
Jun 17 18:56:59.786827 np0000003086 devstack@g-api.service[102224]: DEBUG glance.api.middleware.version_negotiation [None req-f9a25f8b-98f2-4ee7-b251-a907a1363406 tempest-VolumesActionsTest-572531924 tempest-VolumesActionsTest-572531924-project-member] new path /v2/images/97726793-67d8-4e8c-9fc6-cc28d27b287d {{(pid=102224) process_request /opt/stack/glance/glance/api/middleware/version_negotiation.py:70}}
Jun 17 18:56:59.797441 np0000003086 devstack@g-api.service[102224]: [pid: 102224|app: 0|req: 45/135] 127.0.0.1 () {40 vars in 838 bytes} [Wed Jun 17 18:56:59 2026] GET /v2/images/97726793-67d8-4e8c-9fc6-cc28d27b287d => generated 649 bytes in 12 msecs (HTTP/1.1 200) 4 headers in 157 bytes (1 switches on core 0)
Jun 17 18:57:00.812427 np0000003086 devstack@g-api.service[102223]: DEBUG glance.api.middleware.version_negotiation [None req-2aebf9dd-29f0-48e5-adf7-61551cc659fa tempest-VolumesActionsTest-572531924 tempest-VolumesActionsTest-572531924-project-member] Determining version of request: GET /v2/images/97726793-67d8-4e8c-9fc6-cc28d27b287d Accept: application/json {{(pid=102223) process_request /opt/stack/glance/glance/api/middleware/version_negotiation.py:44}}
Jun 17 18:57:00.812427 np0000003086 devstack@g-api.service[102223]: DEBUG glance.api.middleware.version_negotiation [None req-2aebf9dd-29f0-48e5-adf7-61551cc659fa tempest-VolumesActionsTest-572531924 tempest-VolumesActionsTest-572531924-project-member] Using url versioning {{(pid=102223) process_request /opt/stack/glance/glance/api/middleware/version_negotiation.py:57}}
Jun 17 18:57:00.812427 np0000003086 devstack@g-api.service[102223]: DEBUG glance.api.middleware.version_negotiation [None req-2aebf9dd-29f0-48e5-adf7-61551cc659fa tempest-VolumesActionsTest-572531924 tempest-VolumesActionsTest-572531924-project-member] Matched version: v2 {{(pid=102223) process_request /opt/stack/glance/glance/api/middleware/version_negotiation.py:69}}
Jun 17 18:57:00.812427 np0000003086 devstack@g-api.service[102223]: DEBUG glance.api.middleware.version_negotiation [None req-2aebf9dd-29f0-48e5-adf7-61551cc659fa tempest-VolumesActionsTest-572531924 tempest-VolumesActionsTest-572531924-project-member] new path /v2/images/97726793-67d8-4e8c-9fc6-cc28d27b287d {{(pid=102223) process_request /opt/stack/glance/glance/api/middleware/version_negotiation.py:70}}
Jun 17 18:57:00.825799 np0000003086 devstack@g-api.service[102223]: [pid: 102223|app: 0|req: 48/136] 127.0.0.1 () {40 vars in 838 bytes} [Wed Jun 17 18:57:00 2026] GET /v2/images/97726793-67d8-4e8c-9fc6-cc28d27b287d => generated 649 bytes in 13 msecs (HTTP/1.1 200) 4 headers in 157 bytes (1 switches on core 0)
Jun 17 18:57:01.631650 np0000003086 devstack@g-api.service[102225]: DEBUG swiftclient [None req-fc981da4-0149-4061-88a3-6e9677e9e028 tempest-VolumesActionsTest-572531924 tempest-VolumesActionsTest-572531924-project-member] REQ: curl -i https://10.4.3.105:8080/v1/AUTH_24c1271700e2424796509ccf6b31b87f/glance/97726793-67d8-4e8c-9fc6-cc28d27b287d-00001 -X PUT -H "X-Auth-Token: gAAAAABqMu37PVh0..." {{(pid=102225) http_log /opt/stack/data/venv/lib/python3.12/site-packages/swiftclient/client.py:160}}
Jun 17 18:57:01.631913 np0000003086 devstack@g-api.service[102225]: DEBUG swiftclient [None req-fc981da4-0149-4061-88a3-6e9677e9e028 tempest-VolumesActionsTest-572531924 tempest-VolumesActionsTest-572531924-project-member] RESP STATUS: 201 Created {{(pid=102225) http_log /opt/stack/data/venv/lib/python3.12/site-packages/swiftclient/client.py:161}}
Jun 17 18:57:01.631967 np0000003086 devstack@g-api.service[102225]: DEBUG swiftclient [None req-fc981da4-0149-4061-88a3-6e9677e9e028 tempest-VolumesActionsTest-572531924 tempest-VolumesActionsTest-572531924-project-member] RESP HEADERS: {'Date': 'Wed, 17 Jun 2026 18:57:01 GMT', 'Server': 'Apache/2.4.58 (Ubuntu)', 'Content-Type': 'text/html; charset=UTF-8', 'Content-Length': '0', 'Etag': 'eda9a9889837ac4bc81d6387d92c1bec', 'Last-Modified': 'Wed, 17 Jun 2026 18:57:00 GMT', 'X-Trans-Id': 'tx243981fe83c74867a38dc-006a32edfb', 'X-Openstack-Request-Id': 'tx243981fe83c74867a38dc-006a32edfb', 'Connection': 'close'} {{(pid=102225) http_log /opt/stack/data/venv/lib/python3.12/site-packages/swiftclient/client.py:162}}
Jun 17 18:57:01.632044 np0000003086 devstack@g-api.service[102225]: DEBUG glance_store._drivers.swift.store [None req-fc981da4-0149-4061-88a3-6e9677e9e028 tempest-VolumesActionsTest-572531924 tempest-VolumesActionsTest-572531924-project-member] Wrote chunk 97726793-67d8-4e8c-9fc6-cc28d27b287d-00001 (1/?) of length 204800000 to Swift returning MD5 of content: eda9a9889837ac4bc81d6387d92c1bec {{(pid=102225) add /opt/stack/data/venv/lib/python3.12/site-packages/glance_store/_drivers/swift/store.py:1059}}
Jun 17 18:57:01.837896 np0000003086 devstack@g-api.service[102224]: DEBUG glance.api.middleware.version_negotiation [None req-e467adbb-7eaf-48ef-af9b-07f789f42f79 tempest-VolumesActionsTest-572531924 tempest-VolumesActionsTest-572531924-project-member] Determining version of request: GET /v2/images/97726793-67d8-4e8c-9fc6-cc28d27b287d Accept: application/json {{(pid=102224) process_request /opt/stack/glance/glance/api/middleware/version_negotiation.py:44}}
Jun 17 18:57:01.838291 np0000003086 devstack@g-api.service[102224]: DEBUG glance.api.middleware.version_negotiation [None req-e467adbb-7eaf-48ef-af9b-07f789f42f79 tempest-VolumesActionsTest-572531924 tempest-VolumesActionsTest-572531924-project-member] Using url versioning {{(pid=102224) process_request /opt/stack/glance/glance/api/middleware/version_negotiation.py:57}}
Jun 17 18:57:01.838291 np0000003086 devstack@g-api.service[102224]: DEBUG glance.api.middleware.version_negotiation [None req-e467adbb-7eaf-48ef-af9b-07f789f42f79 tempest-VolumesActionsTest-572531924 tempest-VolumesActionsTest-572531924-project-member] Matched version: v2 {{(pid=102224) process_request /opt/stack/glance/glance/api/middleware/version_negotiation.py:69}}
Jun 17 18:57:01.838349 np0000003086 devstack@g-api.service[102224]: DEBUG glance.api.middleware.version_negotiation [None req-e467adbb-7eaf-48ef-af9b-07f789f42f79 tempest-VolumesActionsTest-572531924 tempest-VolumesActionsTest-572531924-project-member] new path /v2/images/97726793-67d8-4e8c-9fc6-cc28d27b287d {{(pid=102224) process_request /opt/stack/glance/glance/api/middleware/version_negotiation.py:70}}
Jun 17 18:57:01.852570 np0000003086 devstack@g-api.service[102224]: [pid: 102224|app: 0|req: 46/137] 127.0.0.1 () {40 vars in 838 bytes} [Wed Jun 17 18:57:01 2026] GET /v2/images/97726793-67d8-4e8c-9fc6-cc28d27b287d => generated 649 bytes in 15 msecs (HTTP/1.1 200) 4 headers in 157 bytes (1 switches on core 0)
Jun 17 18:57:02.866447 np0000003086 devstack@g-api.service[102223]: DEBUG glance.api.middleware.version_negotiation [None req-cc72c6ff-bcd5-4b6c-ab31-a8c5dc54a27f tempest-VolumesActionsTest-572531924 tempest-VolumesActionsTest-572531924-project-member] Determining version of request: GET /v2/images/97726793-67d8-4e8c-9fc6-cc28d27b287d Accept: application/json {{(pid=102223) process_request /opt/stack/glance/glance/api/middleware/version_negotiation.py:44}}
Jun 17 18:57:02.866447 np0000003086 devstack@g-api.service[102223]: DEBUG glance.api.middleware.version_negotiation [None req-cc72c6ff-bcd5-4b6c-ab31-a8c5dc54a27f tempest-VolumesActionsTest-572531924 tempest-VolumesActionsTest-572531924-project-member] Using url versioning {{(pid=102223) process_request /opt/stack/glance/glance/api/middleware/version_negotiation.py:57}}
Jun 17 18:57:02.866447 np0000003086 devstack@g-api.service[102223]: DEBUG glance.api.middleware.version_negotiation [None req-cc72c6ff-bcd5-4b6c-ab31-a8c5dc54a27f tempest-VolumesActionsTest-572531924 tempest-VolumesActionsTest-572531924-project-member] Matched version: v2 {{(pid=102223) process_request /opt/stack/glance/glance/api/middleware/version_negotiation.py:69}}
Jun 17 18:57:02.866447 np0000003086 devstack@g-api.service[102223]: DEBUG glance.api.middleware.version_negotiation [None req-cc72c6ff-bcd5-4b6c-ab31-a8c5dc54a27f tempest-VolumesActionsTest-572531924 tempest-VolumesActionsTest-572531924-project-member] new path /v2/images/97726793-67d8-4e8c-9fc6-cc28d27b287d {{(pid=102223) process_request /opt/stack/glance/glance/api/middleware/version_negotiation.py:70}}
Jun 17 18:57:02.884381 np0000003086 devstack@g-api.service[102223]: [pid: 102223|app: 0|req: 49/138] 127.0.0.1 () {40 vars in 838 bytes} [Wed Jun 17 18:57:02 2026] GET /v2/images/97726793-67d8-4e8c-9fc6-cc28d27b287d => generated 649 bytes in 19 msecs (HTTP/1.1 200) 4 headers in 157 bytes (1 switches on core 0)
Jun 17 18:57:03.606980 np0000003086 devstack@g-api.service[102225]: DEBUG swiftclient [None req-fc981da4-0149-4061-88a3-6e9677e9e028 tempest-VolumesActionsTest-572531924 tempest-VolumesActionsTest-572531924-project-member] REQ: curl -i https://10.4.3.105:8080/v1/AUTH_24c1271700e2424796509ccf6b31b87f/glance/97726793-67d8-4e8c-9fc6-cc28d27b287d-00002 -X PUT -H "X-Auth-Token: gAAAAABqMu37PVh0..." {{(pid=102225) http_log /opt/stack/data/venv/lib/python3.12/site-packages/swiftclient/client.py:160}}
Jun 17 18:57:03.607275 np0000003086 devstack@g-api.service[102225]: DEBUG swiftclient [None req-fc981da4-0149-4061-88a3-6e9677e9e028 tempest-VolumesActionsTest-572531924 tempest-VolumesActionsTest-572531924-project-member] RESP STATUS: 201 Created {{(pid=102225) http_log /opt/stack/data/venv/lib/python3.12/site-packages/swiftclient/client.py:161}}
Jun 17 18:57:03.607412 np0000003086 devstack@g-api.service[102225]: DEBUG swiftclient [None req-fc981da4-0149-4061-88a3-6e9677e9e028 tempest-VolumesActionsTest-572531924 tempest-VolumesActionsTest-572531924-project-member] RESP HEADERS: {'Date': 'Wed, 17 Jun 2026 18:57:03 GMT', 'Server': 'Apache/2.4.58 (Ubuntu)', 'Content-Type': 'text/html; charset=UTF-8', 'Content-Length': '0', 'Etag': 'eda9a9889837ac4bc81d6387d92c1bec', 'Last-Modified': 'Wed, 17 Jun 2026 18:57:02 GMT', 'X-Trans-Id': 'txb76ece2cf1a54a608a9dc-006a32edfd', 'X-Openstack-Request-Id': 'txb76ece2cf1a54a608a9dc-006a32edfd', 'Connection': 'close'} {{(pid=102225) http_log /opt/stack/data/venv/lib/python3.12/site-packages/swiftclient/client.py:162}}
Jun 17 18:57:03.607575 np0000003086 devstack@g-api.service[102225]: DEBUG glance_store._drivers.swift.store [None req-fc981da4-0149-4061-88a3-6e9677e9e028 tempest-VolumesActionsTest-572531924 tempest-VolumesActionsTest-572531924-project-member] Wrote chunk 97726793-67d8-4e8c-9fc6-cc28d27b287d-00002 (2/?) of length 204800000 to Swift returning MD5 of content: eda9a9889837ac4bc81d6387d92c1bec {{(pid=102225) add /opt/stack/data/venv/lib/python3.12/site-packages/glance_store/_drivers/swift/store.py:1059}}
Jun 17 18:57:03.899753 np0000003086 devstack@g-api.service[102224]: DEBUG glance.api.middleware.version_negotiation [None req-6b7217f3-d751-4399-a52d-ac43ede2c5bd tempest-VolumesActionsTest-572531924 tempest-VolumesActionsTest-572531924-project-member] Determining version of request: GET /v2/images/97726793-67d8-4e8c-9fc6-cc28d27b287d Accept: application/json {{(pid=102224) process_request /opt/stack/glance/glance/api/middleware/version_negotiation.py:44}}
Jun 17 18:57:03.900220 np0000003086 devstack@g-api.service[102224]: DEBUG glance.api.middleware.version_negotiation [None req-6b7217f3-d751-4399-a52d-ac43ede2c5bd tempest-VolumesActionsTest-572531924 tempest-VolumesActionsTest-572531924-project-member] Using url versioning {{(pid=102224) process_request /opt/stack/glance/glance/api/middleware/version_negotiation.py:57}}
Jun 17 18:57:03.900220 np0000003086 devstack@g-api.service[102224]: DEBUG glance.api.middleware.version_negotiation [None req-6b7217f3-d751-4399-a52d-ac43ede2c5bd tempest-VolumesActionsTest-572531924 tempest-VolumesActionsTest-572531924-project-member] Matched version: v2 {{(pid=102224) process_request /opt/stack/glance/glance/api/middleware/version_negotiation.py:69}}
Jun 17 18:57:03.902703 np0000003086 devstack@g-api.service[102224]: DEBUG glance.api.middleware.version_negotiation [None req-6b7217f3-d751-4399-a52d-ac43ede2c5bd tempest-VolumesActionsTest-572531924 tempest-VolumesActionsTest-572531924-project-member] new path /v2/images/97726793-67d8-4e8c-9fc6-cc28d27b287d {{(pid=102224) process_request /opt/stack/glance/glance/api/middleware/version_negotiation.py:70}}
Jun 17 18:57:03.925663 np0000003086 devstack@g-api.service[102224]: [pid: 102224|app: 0|req: 47/139] 127.0.0.1 () {40 vars in 838 bytes} [Wed Jun 17 18:57:03 2026] GET /v2/images/97726793-67d8-4e8c-9fc6-cc28d27b287d => generated 649 bytes in 24 msecs (HTTP/1.1 200) 4 headers in 157 bytes (1 switches on core 0)
Jun 17 18:57:04.933989 np0000003086 devstack@g-api.service[102223]: DEBUG glance.api.middleware.version_negotiation [None req-9e8f0010-50f5-410e-8c3f-3eaf82f3d425 tempest-VolumesActionsTest-572531924 tempest-VolumesActionsTest-572531924-project-member] Determining version of request: GET /v2/images/97726793-67d8-4e8c-9fc6-cc28d27b287d Accept: application/json {{(pid=102223) process_request /opt/stack/glance/glance/api/middleware/version_negotiation.py:44}}
Jun 17 18:57:04.933989 np0000003086 devstack@g-api.service[102223]: DEBUG glance.api.middleware.version_negotiation [None req-9e8f0010-50f5-410e-8c3f-3eaf82f3d425 tempest-VolumesActionsTest-572531924 tempest-VolumesActionsTest-572531924-project-member] Using url versioning {{(pid=102223) process_request /opt/stack/glance/glance/api/middleware/version_negotiation.py:57}}
Jun 17 18:57:04.934383 np0000003086 devstack@g-api.service[102223]: DEBUG glance.api.middleware.version_negotiation [None req-9e8f0010-50f5-410e-8c3f-3eaf82f3d425 tempest-VolumesActionsTest-572531924 tempest-VolumesActionsTest-572531924-project-member] Matched version: v2 {{(pid=102223) process_request /opt/stack/glance/glance/api/middleware/version_negotiation.py:69}}
Jun 17 18:57:04.934383 np0000003086 devstack@g-api.service[102223]: DEBUG glance.api.middleware.version_negotiation [None req-9e8f0010-50f5-410e-8c3f-3eaf82f3d425 tempest-VolumesActionsTest-572531924 tempest-VolumesActionsTest-572531924-project-member] new path /v2/images/97726793-67d8-4e8c-9fc6-cc28d27b287d {{(pid=102223) process_request /opt/stack/glance/glance/api/middleware/version_negotiation.py:70}}
Jun 17 18:57:04.988521 np0000003086 devstack@g-api.service[102223]: [pid: 102223|app: 0|req: 50/140] 127.0.0.1 () {40 vars in 838 bytes} [Wed Jun 17 18:57:04 2026] GET /v2/images/97726793-67d8-4e8c-9fc6-cc28d27b287d => generated 649 bytes in 56 msecs (HTTP/1.1 200) 4 headers in 157 bytes (1 switches on core 0)
Jun 17 18:57:05.705996 np0000003086 devstack@g-api.service[102225]: DEBUG swiftclient [None req-fc981da4-0149-4061-88a3-6e9677e9e028 tempest-VolumesActionsTest-572531924 tempest-VolumesActionsTest-572531924-project-member] REQ: curl -i https://10.4.3.105:8080/v1/AUTH_24c1271700e2424796509ccf6b31b87f/glance/97726793-67d8-4e8c-9fc6-cc28d27b287d-00003 -X PUT -H "X-Auth-Token: gAAAAABqMu37PVh0..." {{(pid=102225) http_log /opt/stack/data/venv/lib/python3.12/site-packages/swiftclient/client.py:160}}
Jun 17 18:57:05.706320 np0000003086 devstack@g-api.service[102225]: DEBUG swiftclient [None req-fc981da4-0149-4061-88a3-6e9677e9e028 tempest-VolumesActionsTest-572531924 tempest-VolumesActionsTest-572531924-project-member] RESP STATUS: 201 Created {{(pid=102225) http_log /opt/stack/data/venv/lib/python3.12/site-packages/swiftclient/client.py:161}}
Jun 17 18:57:05.706407 np0000003086 devstack@g-api.service[102225]: DEBUG swiftclient [None req-fc981da4-0149-4061-88a3-6e9677e9e028 tempest-VolumesActionsTest-572531924 tempest-VolumesActionsTest-572531924-project-member] RESP HEADERS: {'Date': 'Wed, 17 Jun 2026 18:57:05 GMT', 'Server': 'Apache/2.4.58 (Ubuntu)', 'Content-Type': 'text/html; charset=UTF-8', 'Content-Length': '0', 'Etag': 'eda9a9889837ac4bc81d6387d92c1bec', 'Last-Modified': 'Wed, 17 Jun 2026 18:57:04 GMT', 'X-Trans-Id': 'tx2fe3475b2f0b48be9087e-006a32edff', 'X-Openstack-Request-Id': 'tx2fe3475b2f0b48be9087e-006a32edff', 'Connection': 'close'} {{(pid=102225) http_log /opt/stack/data/venv/lib/python3.12/site-packages/swiftclient/client.py:162}}
Jun 17 18:57:05.706562 np0000003086 devstack@g-api.service[102225]: DEBUG glance_store._drivers.swift.store [None req-fc981da4-0149-4061-88a3-6e9677e9e028 tempest-VolumesActionsTest-572531924 tempest-VolumesActionsTest-572531924-project-member] Wrote chunk 97726793-67d8-4e8c-9fc6-cc28d27b287d-00003 (3/?) of length 204800000 to Swift returning MD5 of content: eda9a9889837ac4bc81d6387d92c1bec {{(pid=102225) add /opt/stack/data/venv/lib/python3.12/site-packages/glance_store/_drivers/swift/store.py:1059}}
Jun 17 18:57:05.999312 np0000003086 devstack@g-api.service[102224]: DEBUG glance.api.middleware.version_negotiation [None req-55988f99-9986-42af-b3df-2a254e0cd4be tempest-VolumesActionsTest-572531924 tempest-VolumesActionsTest-572531924-project-member] Determining version of request: GET /v2/images/97726793-67d8-4e8c-9fc6-cc28d27b287d Accept: application/json {{(pid=102224) process_request /opt/stack/glance/glance/api/middleware/version_negotiation.py:44}}
Jun 17 18:57:06.001386 np0000003086 devstack@g-api.service[102224]: DEBUG glance.api.middleware.version_negotiation [None req-55988f99-9986-42af-b3df-2a254e0cd4be tempest-VolumesActionsTest-572531924 tempest-VolumesActionsTest-572531924-project-member] Using url versioning {{(pid=102224) process_request /opt/stack/glance/glance/api/middleware/version_negotiation.py:57}}
Jun 17 18:57:06.001386 np0000003086 devstack@g-api.service[102224]: DEBUG glance.api.middleware.version_negotiation [None req-55988f99-9986-42af-b3df-2a254e0cd4be tempest-VolumesActionsTest-572531924 tempest-VolumesActionsTest-572531924-project-member] Matched version: v2 {{(pid=102224) process_request /opt/stack/glance/glance/api/middleware/version_negotiation.py:69}}
Jun 17 18:57:06.001386 np0000003086 devstack@g-api.service[102224]: DEBUG glance.api.middleware.version_negotiation [None req-55988f99-9986-42af-b3df-2a254e0cd4be tempest-VolumesActionsTest-572531924 tempest-VolumesActionsTest-572531924-project-member] new path /v2/images/97726793-67d8-4e8c-9fc6-cc28d27b287d {{(pid=102224) process_request /opt/stack/glance/glance/api/middleware/version_negotiation.py:70}}
Jun 17 18:57:06.014286 np0000003086 devstack@g-api.service[102224]: [pid: 102224|app: 0|req: 48/141] 127.0.0.1 () {40 vars in 838 bytes} [Wed Jun 17 18:57:05 2026] GET /v2/images/97726793-67d8-4e8c-9fc6-cc28d27b287d => generated 649 bytes in 15 msecs (HTTP/1.1 200) 4 headers in 157 bytes (1 switches on core 0)
Jun 17 18:57:07.028119 np0000003086 devstack@g-api.service[102223]: DEBUG glance.api.middleware.version_negotiation [None req-420ccf6d-9332-4635-b61a-184f878393de tempest-VolumesActionsTest-572531924 tempest-VolumesActionsTest-572531924-project-member] Determining version of request: GET /v2/images/97726793-67d8-4e8c-9fc6-cc28d27b287d Accept: application/json {{(pid=102223) process_request /opt/stack/glance/glance/api/middleware/version_negotiation.py:44}}
Jun 17 18:57:07.028466 np0000003086 devstack@g-api.service[102223]: DEBUG glance.api.middleware.version_negotiation [None req-420ccf6d-9332-4635-b61a-184f878393de tempest-VolumesActionsTest-572531924 tempest-VolumesActionsTest-572531924-project-member] Using url versioning {{(pid=102223) process_request /opt/stack/glance/glance/api/middleware/version_negotiation.py:57}}
Jun 17 18:57:07.028466 np0000003086 devstack@g-api.service[102223]: DEBUG glance.api.middleware.version_negotiation [None req-420ccf6d-9332-4635-b61a-184f878393de tempest-VolumesActionsTest-572531924 tempest-VolumesActionsTest-572531924-project-member] Matched version: v2 {{(pid=102223) process_request /opt/stack/glance/glance/api/middleware/version_negotiation.py:69}}
Jun 17 18:57:07.028561 np0000003086 devstack@g-api.service[102223]: DEBUG glance.api.middleware.version_negotiation [None req-420ccf6d-9332-4635-b61a-184f878393de tempest-VolumesActionsTest-572531924 tempest-VolumesActionsTest-572531924-project-member] new path /v2/images/97726793-67d8-4e8c-9fc6-cc28d27b287d {{(pid=102223) process_request /opt/stack/glance/glance/api/middleware/version_negotiation.py:70}}
Jun 17 18:57:07.043154 np0000003086 devstack@g-api.service[102223]: [pid: 102223|app: 0|req: 51/142] 127.0.0.1 () {40 vars in 838 bytes} [Wed Jun 17 18:57:07 2026] GET /v2/images/97726793-67d8-4e8c-9fc6-cc28d27b287d => generated 649 bytes in 15 msecs (HTTP/1.1 200) 4 headers in 157 bytes (1 switches on core 0)
Jun 17 18:57:07.803813 np0000003086 devstack@g-api.service[102225]: DEBUG swiftclient [None req-fc981da4-0149-4061-88a3-6e9677e9e028 tempest-VolumesActionsTest-572531924 tempest-VolumesActionsTest-572531924-project-member] REQ: curl -i https://10.4.3.105:8080/v1/AUTH_24c1271700e2424796509ccf6b31b87f/glance/97726793-67d8-4e8c-9fc6-cc28d27b287d-00004 -X PUT -H "X-Auth-Token: gAAAAABqMu37PVh0..." {{(pid=102225) http_log /opt/stack/data/venv/lib/python3.12/site-packages/swiftclient/client.py:160}}
Jun 17 18:57:07.803813 np0000003086 devstack@g-api.service[102225]: DEBUG swiftclient [None req-fc981da4-0149-4061-88a3-6e9677e9e028 tempest-VolumesActionsTest-572531924 tempest-VolumesActionsTest-572531924-project-member] RESP STATUS: 201 Created {{(pid=102225) http_log /opt/stack/data/venv/lib/python3.12/site-packages/swiftclient/client.py:161}}
Jun 17 18:57:07.803813 np0000003086 devstack@g-api.service[102225]: DEBUG swiftclient [None req-fc981da4-0149-4061-88a3-6e9677e9e028 tempest-VolumesActionsTest-572531924 tempest-VolumesActionsTest-572531924-project-member] RESP HEADERS: {'Date': 'Wed, 17 Jun 2026 18:57:07 GMT', 'Server': 'Apache/2.4.58 (Ubuntu)', 'Content-Type': 'text/html; charset=UTF-8', 'Content-Length': '0', 'Etag': 'eda9a9889837ac4bc81d6387d92c1bec', 'Last-Modified': 'Wed, 17 Jun 2026 18:57:06 GMT', 'X-Trans-Id': 'tx5a9d02c27499481dbaf04-006a32ee01', 'X-Openstack-Request-Id': 'tx5a9d02c27499481dbaf04-006a32ee01', 'Connection': 'close'} {{(pid=102225) http_log /opt/stack/data/venv/lib/python3.12/site-packages/swiftclient/client.py:162}}
Jun 17 18:57:07.803813 np0000003086 devstack@g-api.service[102225]: DEBUG glance_store._drivers.swift.store [None req-fc981da4-0149-4061-88a3-6e9677e9e028 tempest-VolumesActionsTest-572531924 tempest-VolumesActionsTest-572531924-project-member] Wrote chunk 97726793-67d8-4e8c-9fc6-cc28d27b287d-00004 (4/?) of length 204800000 to Swift returning MD5 of content: eda9a9889837ac4bc81d6387d92c1bec {{(pid=102225) add /opt/stack/data/venv/lib/python3.12/site-packages/glance_store/_drivers/swift/store.py:1059}}
Jun 17 18:57:08.054949 np0000003086 devstack@g-api.service[102224]: DEBUG glance.api.middleware.version_negotiation [None req-be705fa3-e116-43e3-8e7e-c8109d680b9c tempest-VolumesActionsTest-572531924 tempest-VolumesActionsTest-572531924-project-member] Determining version of request: GET /v2/images/97726793-67d8-4e8c-9fc6-cc28d27b287d Accept: application/json {{(pid=102224) process_request /opt/stack/glance/glance/api/middleware/version_negotiation.py:44}}
Jun 17 18:57:08.055457 np0000003086 devstack@g-api.service[102224]: DEBUG glance.api.middleware.version_negotiation [None req-be705fa3-e116-43e3-8e7e-c8109d680b9c tempest-VolumesActionsTest-572531924 tempest-VolumesActionsTest-572531924-project-member] Using url versioning {{(pid=102224) process_request /opt/stack/glance/glance/api/middleware/version_negotiation.py:57}}
Jun 17 18:57:08.055457 np0000003086 devstack@g-api.service[102224]: DEBUG glance.api.middleware.version_negotiation [None req-be705fa3-e116-43e3-8e7e-c8109d680b9c tempest-VolumesActionsTest-572531924 tempest-VolumesActionsTest-572531924-project-member] Matched version: v2 {{(pid=102224) process_request /opt/stack/glance/glance/api/middleware/version_negotiation.py:69}}
Jun 17 18:57:08.055583 np0000003086 devstack@g-api.service[102224]: DEBUG glance.api.middleware.version_negotiation [None req-be705fa3-e116-43e3-8e7e-c8109d680b9c tempest-VolumesActionsTest-572531924 tempest-VolumesActionsTest-572531924-project-member] new path /v2/images/97726793-67d8-4e8c-9fc6-cc28d27b287d {{(pid=102224) process_request /opt/stack/glance/glance/api/middleware/version_negotiation.py:70}}
Jun 17 18:57:08.074430 np0000003086 devstack@g-api.service[102224]: [pid: 102224|app: 0|req: 49/143] 127.0.0.1 () {40 vars in 838 bytes} [Wed Jun 17 18:57:08 2026] GET /v2/images/97726793-67d8-4e8c-9fc6-cc28d27b287d => generated 649 bytes in 19 msecs (HTTP/1.1 200) 4 headers in 157 bytes (1 switches on core 0)
Jun 17 18:57:09.087364 np0000003086 devstack@g-api.service[102223]: DEBUG glance.api.middleware.version_negotiation [None req-ddd38f52-698c-40b2-830d-e8b412228266 tempest-VolumesActionsTest-572531924 tempest-VolumesActionsTest-572531924-project-member] Determining version of request: GET /v2/images/97726793-67d8-4e8c-9fc6-cc28d27b287d Accept: application/json {{(pid=102223) process_request /opt/stack/glance/glance/api/middleware/version_negotiation.py:44}}
Jun 17 18:57:09.087763 np0000003086 devstack@g-api.service[102223]: DEBUG glance.api.middleware.version_negotiation [None req-ddd38f52-698c-40b2-830d-e8b412228266 tempest-VolumesActionsTest-572531924 tempest-VolumesActionsTest-572531924-project-member] Using url versioning {{(pid=102223) process_request /opt/stack/glance/glance/api/middleware/version_negotiation.py:57}}
Jun 17 18:57:09.087763 np0000003086 devstack@g-api.service[102223]: DEBUG glance.api.middleware.version_negotiation [None req-ddd38f52-698c-40b2-830d-e8b412228266 tempest-VolumesActionsTest-572531924 tempest-VolumesActionsTest-572531924-project-member] Matched version: v2 {{(pid=102223) process_request /opt/stack/glance/glance/api/middleware/version_negotiation.py:69}}
Jun 17 18:57:09.087828 np0000003086 devstack@g-api.service[102223]: DEBUG glance.api.middleware.version_negotiation [None req-ddd38f52-698c-40b2-830d-e8b412228266 tempest-VolumesActionsTest-572531924 tempest-VolumesActionsTest-572531924-project-member] new path /v2/images/97726793-67d8-4e8c-9fc6-cc28d27b287d {{(pid=102223) process_request /opt/stack/glance/glance/api/middleware/version_negotiation.py:70}}
Jun 17 18:57:09.110922 np0000003086 devstack@g-api.service[102223]: [pid: 102223|app: 0|req: 52/144] 127.0.0.1 () {40 vars in 838 bytes} [Wed Jun 17 18:57:09 2026] GET /v2/images/97726793-67d8-4e8c-9fc6-cc28d27b287d => generated 649 bytes in 24 msecs (HTTP/1.1 200) 4 headers in 157 bytes (1 switches on core 0)
Jun 17 18:57:09.250893 np0000003086 devstack@g-api.service[102225]: DEBUG dbcounter [-] [102225] Writing DB stats glance:SELECT=29,glance:INSERT=1,glance:UPDATE=1 {{(pid=102225) stat_writer /opt/stack/data/venv/lib/python3.12/site-packages/dbcounter.py:115}}
Jun 17 18:57:09.816999 np0000003086 devstack@g-api.service[102225]: DEBUG swiftclient [None req-fc981da4-0149-4061-88a3-6e9677e9e028 tempest-VolumesActionsTest-572531924 tempest-VolumesActionsTest-572531924-project-member] REQ: curl -i https://10.4.3.105:8080/v1/AUTH_24c1271700e2424796509ccf6b31b87f/glance/97726793-67d8-4e8c-9fc6-cc28d27b287d-00005 -X PUT -H "X-Auth-Token: gAAAAABqMu37PVh0..." {{(pid=102225) http_log /opt/stack/data/venv/lib/python3.12/site-packages/swiftclient/client.py:160}}
Jun 17 18:57:09.817191 np0000003086 devstack@g-api.service[102225]: DEBUG swiftclient [None req-fc981da4-0149-4061-88a3-6e9677e9e028 tempest-VolumesActionsTest-572531924 tempest-VolumesActionsTest-572531924-project-member] RESP STATUS: 201 Created {{(pid=102225) http_log /opt/stack/data/venv/lib/python3.12/site-packages/swiftclient/client.py:161}}
Jun 17 18:57:09.817257 np0000003086 devstack@g-api.service[102225]: DEBUG swiftclient [None req-fc981da4-0149-4061-88a3-6e9677e9e028 tempest-VolumesActionsTest-572531924 tempest-VolumesActionsTest-572531924-project-member] RESP HEADERS: {'Date': 'Wed, 17 Jun 2026 18:57:09 GMT', 'Server': 'Apache/2.4.58 (Ubuntu)', 'Content-Type': 'text/html; charset=UTF-8', 'Content-Length': '0', 'Etag': 'eda9a9889837ac4bc81d6387d92c1bec', 'Last-Modified': 'Wed, 17 Jun 2026 18:57:08 GMT', 'X-Trans-Id': 'tx5f019a84ec424f51b1a64-006a32ee03', 'X-Openstack-Request-Id': 'tx5f019a84ec424f51b1a64-006a32ee03', 'Connection': 'close'} {{(pid=102225) http_log /opt/stack/data/venv/lib/python3.12/site-packages/swiftclient/client.py:162}}
Jun 17 18:57:09.817348 np0000003086 devstack@g-api.service[102225]: DEBUG glance_store._drivers.swift.store [None req-fc981da4-0149-4061-88a3-6e9677e9e028 tempest-VolumesActionsTest-572531924 tempest-VolumesActionsTest-572531924-project-member] Wrote chunk 97726793-67d8-4e8c-9fc6-cc28d27b287d-00005 (5/?) of length 204800000 to Swift returning MD5 of content: eda9a9889837ac4bc81d6387d92c1bec {{(pid=102225) add /opt/stack/data/venv/lib/python3.12/site-packages/glance_store/_drivers/swift/store.py:1059}}
Jun 17 18:57:10.127173 np0000003086 devstack@g-api.service[102224]: DEBUG glance.api.middleware.version_negotiation [None req-1408638b-ebe3-49da-a528-e7ca525ae4a0 tempest-VolumesActionsTest-572531924 tempest-VolumesActionsTest-572531924-project-member] Determining version of request: GET /v2/images/97726793-67d8-4e8c-9fc6-cc28d27b287d Accept: application/json {{(pid=102224) process_request /opt/stack/glance/glance/api/middleware/version_negotiation.py:44}}
Jun 17 18:57:10.127173 np0000003086 devstack@g-api.service[102224]: DEBUG glance.api.middleware.version_negotiation [None req-1408638b-ebe3-49da-a528-e7ca525ae4a0 tempest-VolumesActionsTest-572531924 tempest-VolumesActionsTest-572531924-project-member] Using url versioning {{(pid=102224) process_request /opt/stack/glance/glance/api/middleware/version_negotiation.py:57}}
Jun 17 18:57:10.127173 np0000003086 devstack@g-api.service[102224]: DEBUG glance.api.middleware.version_negotiation [None req-1408638b-ebe3-49da-a528-e7ca525ae4a0 tempest-VolumesActionsTest-572531924 tempest-VolumesActionsTest-572531924-project-member] Matched version: v2 {{(pid=102224) process_request /opt/stack/glance/glance/api/middleware/version_negotiation.py:69}}
Jun 17 18:57:10.127173 np0000003086 devstack@g-api.service[102224]: DEBUG glance.api.middleware.version_negotiation [None req-1408638b-ebe3-49da-a528-e7ca525ae4a0 tempest-VolumesActionsTest-572531924 tempest-VolumesActionsTest-572531924-project-member] new path /v2/images/97726793-67d8-4e8c-9fc6-cc28d27b287d {{(pid=102224) process_request /opt/stack/glance/glance/api/middleware/version_negotiation.py:70}}
Jun 17 18:57:10.154671 np0000003086 devstack@g-api.service[102224]: [pid: 102224|app: 0|req: 50/145] 127.0.0.1 () {40 vars in 838 bytes} [Wed Jun 17 18:57:10 2026] GET /v2/images/97726793-67d8-4e8c-9fc6-cc28d27b287d => generated 649 bytes in 28 msecs (HTTP/1.1 200) 4 headers in 157 bytes (1 switches on core 0)
Jun 17 18:57:10.389607 np0000003086 devstack@g-api.service[102225]: DEBUG swiftclient [None req-fc981da4-0149-4061-88a3-6e9677e9e028 tempest-VolumesActionsTest-572531924 tempest-VolumesActionsTest-572531924-project-member] REQ: curl -i https://10.4.3.105:8080/v1/AUTH_24c1271700e2424796509ccf6b31b87f/glance/97726793-67d8-4e8c-9fc6-cc28d27b287d-00006 -X PUT -H "X-Auth-Token: gAAAAABqMu37PVh0..." {{(pid=102225) http_log /opt/stack/data/venv/lib/python3.12/site-packages/swiftclient/client.py:160}}
Jun 17 18:57:10.389933 np0000003086 devstack@g-api.service[102225]: DEBUG swiftclient [None req-fc981da4-0149-4061-88a3-6e9677e9e028 tempest-VolumesActionsTest-572531924 tempest-VolumesActionsTest-572531924-project-member] RESP STATUS: 201 Created {{(pid=102225) http_log /opt/stack/data/venv/lib/python3.12/site-packages/swiftclient/client.py:161}}
Jun 17 18:57:10.389933 np0000003086 devstack@g-api.service[102225]: DEBUG swiftclient [None req-fc981da4-0149-4061-88a3-6e9677e9e028 tempest-VolumesActionsTest-572531924 tempest-VolumesActionsTest-572531924-project-member] RESP HEADERS: {'Date': 'Wed, 17 Jun 2026 18:57:10 GMT', 'Server': 'Apache/2.4.58 (Ubuntu)', 'Content-Type': 'text/html; charset=UTF-8', 'Content-Length': '0', 'Etag': '708761f3b8777ec77058e63da08eeeb6', 'Last-Modified': 'Wed, 17 Jun 2026 18:57:10 GMT', 'X-Trans-Id': 'txbd41d720fd5144b5a59ff-006a32ee05', 'X-Openstack-Request-Id': 'txbd41d720fd5144b5a59ff-006a32ee05', 'Connection': 'close'} {{(pid=102225) http_log /opt/stack/data/venv/lib/python3.12/site-packages/swiftclient/client.py:162}}
Jun 17 18:57:10.390201 np0000003086 devstack@g-api.service[102225]: DEBUG glance_store._drivers.swift.store [None req-fc981da4-0149-4061-88a3-6e9677e9e028 tempest-VolumesActionsTest-572531924 tempest-VolumesActionsTest-572531924-project-member] Wrote chunk 97726793-67d8-4e8c-9fc6-cc28d27b287d-00006 (6/?) of length 49741824 to Swift returning MD5 of content: 708761f3b8777ec77058e63da08eeeb6 {{(pid=102225) add /opt/stack/data/venv/lib/python3.12/site-packages/glance_store/_drivers/swift/store.py:1059}}
